74.6.67.155 - - [13/Oct/2006:03:14:13 +0000] "GET /Montviron/H_bergement--120.html HTTP/1.1" 200 25939 "" "Mozilla/5.0 (compatible; Yahoo! Slurp; http://help.yahoo.com/help/us/ysearch/slurp)"
74.6.71.166 - - [13/Oct/2006:03:49:27 +0000] "GET /Montviron--57.html HTTP/1.1" 200 24825 "" "Mozilla/5.0 (compatible; Yahoo! Slurp; http://help.yahoo.com/help/us/ysearch/slurp)"
74.6.69.23 - - [13/Oct/2006:03:50:21 +0000] "GET /Montviron/H_bergement--120.html HTTP/1.1" 200 28951 "" "Mozilla/5.0 (compatible; Yahoo! Slurp; http://help.yahoo.com/help/us/ysearch/slurp)"
74.6.71.166 - - [13/Oct/2006:04:51:32 +0000] "GET /Montviron--57.html HTTP/1.1" 200 24825 "" "Mozilla/5.0 (compatible; Yahoo! Slurp; http://help.yahoo.com/help/us/ysearch/slurp)"
74.6.68.143 - - [13/Oct/2006:04:52:24 +0000] "GET /Montviron/H_bergement--120.html HTTP/1.1" 200 32646 "" "Mozilla/5.0 (compatible; Yahoo! Slurp; http://help.yahoo.com/help/us/ysearch/slurp)"
74.6.68.118 - - [13/Oct/2006:04:58:29 +0000] "GET /Montviron/H_bergement--120.html HTTP/1.1" 200 24904 "" "Mozilla/5.0 (compatible; Yahoo! Slurp; http://help.yahoo.com/help/us/ysearch/slurp)"
66.249.65.13 - - [13/Oct/2006:06:17:52 +0000] "GET /Montviron--57.html HTTP/1.1" 200 24825 "" "Mozilla/5.0 (compatible; Googlebot/2.1; +http://www.google.com/bot.html)"
74.6.71.166 - - [13/Oct/2006:06:20:33 +0000] "GET /Montviron--57.html HTTP/1.1" 200 24825 "" "Mozilla/5.0 (compatible; Yahoo! Slurp; http://help.yahoo.com/help/us/ysearch/slurp)"
74.6.70.249 - - [13/Oct/2006:06:21:30 +0000] "GET /Montviron/H_bergement--120.html HTTP/1.1" 200 29398 "" "Mozilla/5.0 (compatible; Yahoo! Slurp; http://help.yahoo.com/help/us/ysearch/slurp)"
74.6.71.166 - - [13/Oct/2006:07:14:42 +0000] "GET /Montviron--57.html HTTP/1.1" 200 24825 "" "Mozilla/5.0 (compatible; Yahoo! Slurp; http://help.yahoo.com/help/us/ysearch/slurp)"
74.6.66.56 - - [13/Oct/2006:07:15:22 +0000] "GET /Montviron/H_bergement--120.html HTTP/1.1" 200 25910 "" "Mozilla/5.0 (compatible; Yahoo! Slurp; http://help.yahoo.com/help/us/ysearch/slurp)"
66.249.65.13 - - [13/Oct/2006:07:42:04 +0000] "GET /Montviron--57.html HTTP/1.1" 200 24825 "" "Mozilla/5.0 (compatible; Googlebot/2.1; +http://www.google.com/bot.html)"
74.6.71.166 - - [13/Oct/2006:07:44:11 +0000] "GET /Montviron--57.html HTTP/1.1" 200 24825 "" "Mozilla/5.0 (compatible; Yahoo! Slurp; http://help.yahoo.com/help/us/ysearch/slurp)"
74.6.73.98 - - [13/Oct/2006:07:44:35 +0000] "GET /Montviron/H_bergement--120.html HTTP/1.1" 200 29023 "" "Mozilla/5.0 (compatible; Yahoo! Slurp; http://help.yahoo.com/help/us/ysearch/slurp)"
74.6.71.166 - - [13/Oct/2006:08:02:27 +0000] "GET /Montviron--57.html HTTP/1.1" 200 24825 "" "Mozilla/5.0 (compatible; Yahoo! Slurp; http://help.yahoo.com/help/us/ysearch/slurp)"
74.6.70.92 - - [13/Oct/2006:08:02:57 +0000] "GET /Montviron/H_bergement--120.html HTTP/1.1" 200 32591 "" "Mozilla/5.0 (compatible; Yahoo! Slurp; http://help.yahoo.com/help/us/ysearch/slurp)"
74.6.69.123 - - [13/Oct/2006:08:06:43 +0000] "GET /Montviron/H_bergement--120.html HTTP/1.1" 200 30608 "" "Mozilla/5.0 (compatible; Yahoo! Slurp; http://help.yahoo.com/help/us/ysearch/slurp)"
74.6.71.166 - - [13/Oct/2006:08:21:14 +0000] "GET /Montviron--57.html HTTP/1.1" 200 24825 "" "Mozilla/5.0 (compatible; Yahoo! Slurp; http://help.yahoo.com/help/us/ysearch/slurp)"
74.6.74.59 - - [13/Oct/2006:08:21:33 +0000] "GET /Montviron/H_bergement--120.html HTTP/1.1" 200 25936 "" "Mozilla/5.0 (compatible; Yahoo! Slurp; http://help.yahoo.com/help/us/ysearch/slurp)"
81.80.106.155 - - [13/Oct/2006:09:19:53 +0000] "GET /Montviron--57.html HTTP/1.1" 200 24825 "http://www.portedelabaie.com" "Mozilla/4.0 (compatible; MSIE 6.0; Windows NT 5.1; SV1; .NET CLR 1.1.4322)"
81.80.106.155 - - [13/Oct/2006:09:20:01 +0000] "GET /Montviron/Loisirs--118.html HTTP/1.1" 200 9586 "http://www.montviron.com/" "Mozilla/4.0 (compatible; MSIE 6.0; Windows NT 5.1; SV1; .NET CLR 1.1.4322)"
81.80.106.155 - - [13/Oct/2006:09:20:14 +0000] "GET /Montviron/Loisirs--118.html HTTP/1.1" 200 9586 "http://www.montviron.com/fr/loisirs.html" "Mozilla/4.0 (compatible; MSIE 6.0; Windows NT 5.1; SV1; .NET CLR 1.1.4322)"
81.80.106.155 - - [13/Oct/2006:09:30:19 +0000] "GET /Montviron/Loisirs--118.html HTTP/1.1" 200 9586 "http://www.montviron.com/fr/loisirs.html" "Mozilla/4.0 (compatible; MSIE 6.0; Windows NT 5.1; SV1; .NET CLR 1.1.4322)"
81.80.106.155 - - [13/Oct/2006:09:30:23 +0000] "GET /Montviron/Loisirs/christine--240.html HTTP/1.1" 200 575 "http://www.montviron.com/fr/loisirs.html" "Mozilla/4.0 (compatible; MSIE 6.0; Windows NT 5.1; SV1; .NET CLR 1.1.4322)"
81.80.106.155 - - [13/Oct/2006:09:30:22 +0000] "GET /Montviron/Loisirs/christine--240.html HTTP/1.1" 200 11494 "http://www.montviron.com/fr/loisirs.html" "Mozilla/4.0 (compatible; MSIE 6.0; Windows NT 5.1; SV1; .NET CLR 1.1.4322)"
81.80.106.155 - - [13/Oct/2006:09:30:33 +0000] "GET /Montviron/Loisirs/christine--240.html HTTP/1.1" 200 11494 "" "Mozilla/4.0 (compatible; MSIE 6.0; Windows NT 5.1; SV1; .NET CLR 1.1.4322)"
81.80.106.155 - - [13/Oct/2006:09:31:25 +0000] "GET /Montviron/Loisirs--118.html HTTP/1.1" 200 9586 "http://www.montviron.com/fr/loisirs/christine.html" "Mozilla/4.0 (compatible; MSIE 6.0; Windows NT 5.1; SV1; .NET CLR 1.1.4322)"
81.80.106.155 - - [13/Oct/2006:09:31:31 +0000] "GET /Montviron/Loisirs/christine--240.html HTTP/1.1" 200 11494 "http://www.montviron.com/fr/loisirs.html" "Mozilla/4.0 (compatible; MSIE 6.0; Windows NT 5.1; SV1; .NET CLR 1.1.4322)"
81.80.106.155 - - [13/Oct/2006:09:32:31 +0000] "GET /Montviron/Loisirs--118.html HTTP/1.1" 200 9586 "http://www.montviron.com/fr/loisirs/christine.html" "Mozilla/4.0 (compatible; MSIE 6.0; Windows NT 5.1; SV1; .NET CLR 1.1.4322)"
81.80.106.155 - - [13/Oct/2006:09:32:33 +0000] "GET /Montviron/Loisirs/christine--240.html HTTP/1.1" 200 11494 "http://www.montviron.com/fr/loisirs.html" "Mozilla/4.0 (compatible; MSIE 6.0; Windows NT 5.1; SV1; .NET CLR 1.1.4322)"
74.6.71.166 - - [13/Oct/2006:09:48:04 +0000] "GET /Montviron--57.html HTTP/1.1" 200 24825 "" "Mozilla/5.0 (compatible; Yahoo! Slurp; http://help.yahoo.com/help/us/ysearch/slurp)"
74.6.69.109 - - [13/Oct/2006:09:48:27 +0000] "GET /Montviron/H_bergement--120.html HTTP/1.1" 200 29012 "" "Mozilla/5.0 (compatible; Yahoo! Slurp; http://help.yahoo.com/help/us/ysearch/slurp)"
81.80.106.155 - - [13/Oct/2006:09:50:23 +0000] "GET /Montviron/Loisirs--118.html HTTP/1.1" 200 9488 "" "Mozilla/4.0 (compatible; MSIE 6.0; Windows NT 5.1; SV1; .NET CLR 1.1.4322)"
81.80.106.155 - - [13/Oct/2006:09:50:30 +0000] "GET /Montviron/Loisirs--118.html HTTP/1.1" 200 9488 "http://www.montviron.com/fr/loisirs" "Mozilla/4.0 (compatible; MSIE 6.0; Windows NT 5.1; SV1; .NET CLR 1.1.4322)"
81.80.106.155 - - [13/Oct/2006:09:50:40 +0000] "GET /Montviron/Loisirs--118.html HTTP/1.1" 200 9488 "http://www.montviron.com/fr/loisirs.html" "Mozilla/4.0 (compatible; MSIE 6.0; Windows NT 5.1; SV1; .NET CLR 1.1.4322)"
81.80.106.155 - - [13/Oct/2006:09:55:49 +0000] "GET /Montviron/Loisirs--118.html HTTP/1.1" 200 9488 "" "Mozilla/4.0 (compatible; MSIE 6.0; Windows NT 5.1; SV1; .NET CLR 1.1.4322)"
81.80.106.155 - - [13/Oct/2006:09:55:55 +0000] "GET /Montviron/Loisirs--118.html HTTP/1.1" 200 9488 "http://www.montviron.com/index.php?id=251" "Mozilla/4.0 (compatible; MSIE 6.0; Windows NT 5.1; SV1; .NET CLR 1.1.4322)"
81.80.106.155 - - [13/Oct/2006:09:58:44 +0000] "GET /Montviron/Loisirs--118.html HTTP/1.1" 200 9488 "http://www.montviron.com/fr/loisirs.html" "Mozilla/4.0 (compatible; MSIE 6.0; Windows NT 5.1; SV1; .NET CLR 1.1.4322)"
81.80.106.155 - - [13/Oct/2006:09:58:54 +0000] "GET /Montviron/Loisirs--118.html HTTP/1.1" 200 9488 "http://www.montviron.com/fr/loisirs.html" "Mozilla/4.0 (compatible; MSIE 6.0; Windows NT 5.1; SV1; .NET CLR 1.1.4322)"
81.80.106.155 - - [13/Oct/2006:09:59:21 +0000] "GET /Montviron/Loisirs--118.html HTTP/1.1" 200 9488 "http://www.montviron.com/fr/loisirs.html" "Mozilla/4.0 (compatible; MSIE 6.0; Windows NT 5.1; SV1; .NET CLR 1.1.4322)"
81.80.106.155 - - [13/Oct/2006:09:59:21 +0000] "GET /Montviron/Loisirs--118.html HTTP/1.1" 200 9488 "http://www.montviron.com/fr/loisirs.html" "Mozilla/4.0 (compatible; MSIE 6.0; Windows NT 5.1; SV1; .NET CLR 1.1.4322)"
74.6.71.166 - - [13/Oct/2006:10:00:57 +0000] "GET /Montviron--57.html HTTP/1.1" 200 24825 "" "Mozilla/5.0 (compatible; Yahoo! Slurp; http://help.yahoo.com/help/us/ysearch/slurp)"
74.6.71.240 - - [13/Oct/2006:10:00:59 +0000] "GET /Montviron/H_bergement--120.html HTTP/1.1" 200 25955 "" "Mozilla/5.0 (compatible; Yahoo! Slurp; http://help.yahoo.com/help/us/ysearch/slurp)"
81.80.106.155 - - [13/Oct/2006:10:12:37 +0000] "GET /Montviron/Loisirs--118.html HTTP/1.1" 200 9488 "http://www.montviron.com/fr/loisirs.html" "Mozilla/4.0 (compatible; MSIE 6.0; Windows NT 5.1; SV1; .NET CLR 1.1.4322)"
81.80.106.155 - - [13/Oct/2006:10:12:46 +0000] "GET /Montviron/Loisirs--118.html HTTP/1.1" 200 9488 "http://www.montviron.com/fr/loisirs.html" "Mozilla/4.0 (compatible; MSIE 6.0; Windows NT 5.1; SV1; .NET CLR 1.1.4322)"
81.80.106.155 - - [13/Oct/2006:10:12:54 +0000] "GET /Montviron/Loisirs--118.html HTTP/1.1" 200 9488 "http://www.montviron.com/fr/loisirs.html" "Mozilla/4.0 (compatible; MSIE 6.0; Windows NT 5.1; SV1; .NET CLR 1.1.4322)"
81.80.106.155 - - [13/Oct/2006:10:15:51 +0000] "GET /Montviron/Loisirs--118.html HTTP/1.1" 200 9488 "http://www.montviron.com/fr/loisirs.html" "Mozilla/4.0 (compatible; MSIE 6.0; Windows NT 5.1; SV1; .NET CLR 1.1.4322)"
81.80.106.155 - - [13/Oct/2006:10:15:56 +0000] "GET /Montviron/Loisirs--118.html HTTP/1.1" 200 9488 "http://www.montviron.com/fr/loisirs.html" "Mozilla/4.0 (compatible; MSIE 6.0; Windows NT 5.1; SV1; .NET CLR 1.1.4322)"
81.80.106.155 - - [13/Oct/2006:10:19:11 +0000] "GET /Montviron/Loisirs--118.html HTTP/1.1" 200 9488 "http://www.montviron.com/fr/loisirs.html" "Mozilla/4.0 (compatible; MSIE 6.0; Windows NT 5.1; SV1; .NET CLR 1.1.4322)"
81.80.106.155 - - [13/Oct/2006:10:19:16 +0000] "GET /Montviron/Loisirs--118.html HTTP/1.1" 200 9488 "http://www.montviron.com/fr/loisirs.html" "Mozilla/4.0 (compatible; MSIE 6.0; Windows NT 5.1; SV1; .NET CLR 1.1.4322)"
81.80.106.155 - - [13/Oct/2006:10:19:39 +0000] "GET /Montviron/Loisirs/Christine--251.html HTTP/1.1" 200 10812 "" "Mozilla/4.0 (compatible; MSIE 6.0; Windows NT 5.1; SV1; .NET CLR 1.1.4322)"
81.80.106.155 - - [13/Oct/2006:10:31:28 +0000] "GET /Montviron/Loisirs/Christine--251.html HTTP/1.1" 200 11678 "" "Mozilla/4.0 (compatible; MSIE 6.0; Windows NT 5.1; SV1; .NET CLR 1.1.4322)"
81.80.106.155 - - [13/Oct/2006:10:32:19 +0000] "GET /Montviron/Loisirs/Christine--251.html HTTP/1.1" 200 11705 "" "Mozilla/4.0 (compatible; MSIE 6.0; Windows NT 5.1; SV1; .NET CLR 1.1.4322)"
81.80.106.155 - - [13/Oct/2006:10:42:31 +0000] "GET /Montviron/Loisirs/Christine--251.html HTTP/1.1" 200 11741 "" "Mozilla/4.0 (compatible; MSIE 6.0; Windows NT 5.1; SV1; .NET CLR 1.1.4322)"
81.80.106.155 - - [13/Oct/2006:10:45:22 +0000] "GET /Montviron/Loisirs/Christine--251.html HTTP/1.1" 200 11717 "" "Mozilla/4.0 (compatible; MSIE 6.0; Windows NT 5.1; SV1; .NET CLR 1.1.4322)"
81.80.106.155 - - [13/Oct/2006:10:51:41 +0000] "GET /Montviron/Loisirs/Christine--251.html HTTP/1.1" 200 11366 "" "Mozilla/4.0 (compatible; MSIE 6.0; Windows NT 5.1; SV1; .NET CLR 1.1.4322)"
81.80.106.155 - - [13/Oct/2006:10:55:15 +0000] "GET /Montviron/Loisirs/Christine--251.html HTTP/1.1" 200 11717 "" "Mozilla/4.0 (compatible; MSIE 6.0; Windows NT 5.1; SV1; .NET CLR 1.1.4322)"
66.249.65.13 - - [13/Oct/2006:10:56:27 +0000] "GET /Montviron--57.html HTTP/1.1" 200 24825 "" "Mozilla/5.0 (compatible; Googlebot/2.1; +http://www.google.com/bot.html)"
81.80.106.155 - - [13/Oct/2006:10:57:58 +0000] "GET /Montviron/Loisirs/Christine--251.html HTTP/1.1" 200 11554 "" "Mozilla/4.0 (compatible; MSIE 6.0; Windows NT 5.1; SV1; .NET CLR 1.1.4322)"
81.80.106.155 - - [13/Oct/2006:11:00:37 +0000] "GET /Montviron/Loisirs/Christine--251.html HTTP/1.1" 200 11885 "" "Mozilla/4.0 (compatible; MSIE 6.0; Windows NT 5.1; SV1; .NET CLR 1.1.4322)"
81.80.106.155 - - [13/Oct/2006:11:03:26 +0000] "GET /Montviron/Loisirs/Christine--251.html HTTP/1.1" 200 11896 "" "Mozilla/4.0 (compatible; MSIE 6.0; Windows NT 5.1; SV1; .NET CLR 1.1.4322)"
81.80.106.155 - - [13/Oct/2006:11:16:40 +0000] "GET /Montviron/Loisirs/Christine--251.html HTTP/1.1" 200 11896 "" "Mozilla/4.0 (compatible; MSIE 6.0; Windows NT 5.1; SV1; .NET CLR 1.1.4322)"
81.80.106.155 - - [13/Oct/2006:11:24:02 +0000] "GET /Montviron/Loisirs/Christine--251.html HTTP/1.1" 200 11896 "" "Mozilla/4.0 (compatible; MSIE 6.0; Windows NT 5.1; SV1; .NET CLR 1.1.4322)"
81.80.106.155 - - [13/Oct/2006:11:24:34 +0000] "GET /Montviron/Loisirs/Christine--251.html HTTP/1.1" 200 11920 "" "Mozilla/4.0 (compatible; MSIE 6.0; Windows NT 5.1; SV1; .NET CLR 1.1.4322)"
81.80.106.155 - - [13/Oct/2006:11:25:07 +0000] "GET /Montviron/Loisirs/Christine--251.html HTTP/1.1" 200 11896 "" "Mozilla/4.0 (compatible; MSIE 6.0; Windows NT 5.1; SV1; .NET CLR 1.1.4322)"
81.80.106.155 - - [13/Oct/2006:11:25:51 +0000] "GET /Montviron/Loisirs/Christine--251.html HTTP/1.1" 200 11896 "" "Mozilla/4.0 (compatible; MSIE 6.0; Windows NT 5.1; SV1; .NET CLR 1.1.4322)"
81.80.106.155 - - [13/Oct/2006:11:26:26 +0000] "GET /Montviron/Loisirs/Christine--251.html HTTP/1.1" 200 11896 "" "Mozilla/4.0 (compatible; MSIE 6.0; Windows NT 5.1; SV1; .NET CLR 1.1.4322)"
81.80.106.155 - - [13/Oct/2006:11:27:05 +0000] "GET /Montviron/Loisirs/Christine--251.html HTTP/1.1" 200 11452 "" "Mozilla/4.0 (compatible; MSIE 6.0; Windows NT 5.1; SV1; .NET CLR 1.1.4322)"
81.80.106.155 - - [13/Oct/2006:11:27:55 +0000] "GET /Montviron/Loisirs/Christine--251.html HTTP/1.1" 200 11287 "" "Mozilla/4.0 (compatible; MSIE 6.0; Windows NT 5.1; SV1; .NET CLR 1.1.4322)"
81.80.106.155 - - [13/Oct/2006:11:29:23 +0000] "GET /Montviron/Loisirs/Christine--251.html HTTP/1.1" 200 11287 "" "Mozilla/4.0 (compatible; MSIE 6.0; Windows NT 5.1; SV1; .NET CLR 1.1.4322)"
81.80.106.155 - - [13/Oct/2006:11:31:03 +0000] "GET /Montviron/Loisirs/Christine/Mondial_de_l_automobile--260.html HTTP/1.1" 200 9504 "" "Mozilla/4.0 (compatible; MSIE 6.0; Windows NT 5.1; SV1; .NET CLR 1.1.4322)"
81.80.106.155 - - [13/Oct/2006:11:32:45 +0000] "GET /Montviron/Loisirs/Christine--251.html HTTP/1.1" 200 11287 "" "Mozilla/4.0 (compatible; MSIE 6.0; Windows NT 5.1; SV1; .NET CLR 1.1.4322)"
81.80.106.155 - - [13/Oct/2006:11:33:24 +0000] "GET /Montviron/Loisirs/Christine--251.html HTTP/1.1" 200 11319 "" "Mozilla/4.0 (compatible; MSIE 6.0; Windows NT 5.1; SV1; .NET CLR 1.1.4322)"
81.80.106.155 - - [13/Oct/2006:11:35:31 +0000] "GET /Montviron/Loisirs/Christine/Mondial_de_l_automobile--260.html HTTP/1.1" 200 10880 "" "Mozilla/4.0 (compatible; MSIE 6.0; Windows NT 5.1; SV1; .NET CLR 1.1.4322)"
64.242.88.50 - - [13/Oct/2006:11:37:14 +0000] "GET /Montviron--57.html HTTP/1.1" 200 24825 "" "Mozilla/4.0 compatible ZyBorg/1.0 Dead Link Checker (wn.dlc@looksmart.net; http://www.WISEnutbot.com)"
81.80.106.155 - - [13/Oct/2006:11:38:10 +0000] "GET /Montviron/Loisirs/Christine--251.html HTTP/1.1" 200 11397 "" "Mozilla/4.0 (compatible; MSIE 6.0; Windows NT 5.1; SV1; .NET CLR 1.1.4322)"
81.80.106.155 - - [13/Oct/2006:11:38:16 +0000] "GET /Montviron/Loisirs/Christine/Mondial_de_l_automobile--260.html HTTP/1.1" 200 10880 "http://www.montviron.com/index.php?id=251" "Mozilla/4.0 (compatible; MSIE 6.0; Windows NT 5.1; SV1; .NET CLR 1.1.4322)"
74.6.71.166 - - [13/Oct/2006:11:38:45 +0000] "GET /Montviron--57.html HTTP/1.1" 200 24825 "" "Mozilla/5.0 (compatible; Yahoo! Slurp; http://help.yahoo.com/help/us/ysearch/slurp)"
74.6.66.35 - - [13/Oct/2006:11:38:46 +0000] "GET /Montviron/H_bergement--120.html HTTP/1.1" 200 25944 "" "Mozilla/5.0 (compatible; Yahoo! Slurp; http://help.yahoo.com/help/us/ysearch/slurp)"
81.80.106.155 - - [13/Oct/2006:11:39:24 +0000] "GET /Montviron/Loisirs/Christine/Mondial_de_l_automobile--260.html HTTP/1.1" 200 10880 "http://www.montviron.com/index.php?id=251" "Mozilla/4.0 (compatible; MSIE 6.0; Windows NT 5.1; SV1; .NET CLR 1.1.4322)"
81.80.106.155 - - [13/Oct/2006:11:39:38 +0000] "GET /Montviron/Loisirs/Christine--251.html HTTP/1.1" 200 11475 "" "Mozilla/4.0 (compatible; MSIE 6.0; Windows NT 5.1; SV1; .NET CLR 1.1.4322)"
81.80.106.155 - - [13/Oct/2006:11:40:09 +0000] "GET /Montviron/Loisirs/Christine--251.html HTTP/1.1" 200 11475 "" "Mozilla/4.0 (compatible; MSIE 6.0; Windows NT 5.1; SV1; .NET CLR 1.1.4322)"
81.80.106.155 - - [13/Oct/2006:11:40:32 +0000] "GET /Montviron/Loisirs/Christine--251.html HTTP/1.1" 200 11475 "" "Mozilla/4.0 (compatible; MSIE 6.0; Windows NT 5.1; SV1; .NET CLR 1.1.4322)"
81.80.106.155 - - [13/Oct/2006:11:40:49 +0000] "GET /Montviron/Loisirs/Christine--251.html HTTP/1.1" 200 11475 "" "Mozilla/4.0 (compatible; MSIE 6.0; Windows NT 5.1; SV1; .NET CLR 1.1.4322)"
81.80.106.155 - - [13/Oct/2006:11:41:20 +0000] "GET /Montviron/Loisirs/Christine--251.html HTTP/1.1" 200 11475 "" "Mozilla/4.0 (compatible; MSIE 6.0; Windows NT 5.1; SV1; .NET CLR 1.1.4322)"
81.80.106.155 - - [13/Oct/2006:11:41:58 +0000] "GET /Montviron/Loisirs/Christine--251.html HTTP/1.1" 200 11475 "" "Mozilla/4.0 (compatible; MSIE 6.0; Windows NT 5.1; SV1; .NET CLR 1.1.4322)"
81.80.106.155 - - [13/Oct/2006:11:43:37 +0000] "GET /Montviron/Loisirs/Christine/Mondial_de_l_automobile--260.html HTTP/1.1" 200 10880 "http://www.montviron.com/index.php?id=251" "Mozilla/4.0 (compatible; MSIE 6.0; Windows NT 5.1; SV1; .NET CLR 1.1.4322)"
81.80.106.155 - - [13/Oct/2006:11:43:46 +0000] "GET /Montviron/Loisirs/Christine--251.html HTTP/1.1" 200 11475 "" "Mozilla/4.0 (compatible; MSIE 6.0; Windows NT 5.1; SV1; .NET CLR 1.1.4322)"
81.80.106.155 - - [13/Oct/2006:11:43:55 +0000] "GET /Montviron/Loisirs/Christine--251.html HTTP/1.1" 200 11475 "" "Mozilla/4.0 (compatible; MSIE 6.0; Windows NT 5.1; SV1; .NET CLR 1.1.4322)"
74.6.67.222 - - [13/Oct/2006:11:44:25 +0000] "GET /Montviron/H_bergement--120.html HTTP/1.1" 200 25040 "" "Mozilla/5.0 (compatible; Yahoo! Slurp; http://help.yahoo.com/help/us/ysearch/slurp)"
81.80.106.155 - - [13/Oct/2006:11:44:31 +0000] "GET /Montviron/Loisirs/Christine--251.html HTTP/1.1" 200 11475 "" "Mozilla/5.0 (X11; U; Linux i686; fr; rv:1.8.0.6) Gecko/20060728 Firefox/1.5.0.6"
81.80.106.155 - - [13/Oct/2006:11:45:15 +0000] "GET /Montviron/Loisirs/Christine--251.html HTTP/1.1" 200 11475 "" "Mozilla/5.0 (X11; U; Linux i686; fr; rv:1.8.0.6) Gecko/20060728 Firefox/1.5.0.6"
81.80.106.155 - - [13/Oct/2006:11:45:26 +0000] "GET /Montviron/Loisirs/Christine--251.html HTTP/1.1" 200 11475 "" "Mozilla/4.0 (compatible; MSIE 6.0; Windows NT 5.1; SV1; .NET CLR 1.1.4322)"
81.80.106.155 - - [13/Oct/2006:11:46:45 +0000] "GET /Montviron/Loisirs/Christine--251.html HTTP/1.1" 200 11475 "" "Mozilla/5.0 (X11; U; Linux i686; fr; rv:1.8.0.6) Gecko/20060728 Firefox/1.5.0.6"
81.80.106.155 - - [13/Oct/2006:11:46:54 +0000] "GET /Montviron/Loisirs/Christine--251.html HTTP/1.1" 200 11475 "" "Mozilla/4.0 (compatible; MSIE 6.0; Windows NT 5.1; SV1; .NET CLR 1.1.4322)"
81.80.106.155 - - [13/Oct/2006:11:47:20 +0000] "GET /Montviron/Loisirs/Christine--251.html HTTP/1.1" 200 11475 "" "Mozilla/5.0 (X11; U; Linux i686; fr; rv:1.8.0.6) Gecko/20060728 Firefox/1.5.0.6"
81.80.106.155 - - [13/Oct/2006:11:47:36 +0000] "GET /Montviron/Loisirs/Christine--251.html HTTP/1.1" 200 11475 "" "Mozilla/4.0 (compatible; MSIE 6.0; Windows NT 5.1; SV1; .NET CLR 1.1.4322)"
74.6.71.166 - - [13/Oct/2006:13:32:45 +0000] "GET /Montviron--57.html HTTP/1.1" 200 24825 "" "Mozilla/5.0 (compatible; Yahoo! Slurp; http://help.yahoo.com/help/us/ysearch/slurp)"
74.6.69.21 - - [13/Oct/2006:13:33:12 +0000] "GET /Montviron/Calendrier--117.html HTTP/1.1" 200 15498 "" "Mozilla/5.0 (compatible; Yahoo! Slurp; http://help.yahoo.com/help/us/ysearch/slurp)"
74.6.68.137 - - [13/Oct/2006:13:44:34 +0000] "GET /Montviron/Calendrier--117.html HTTP/1.1" 200 10434 "" "Mozilla/5.0 (compatible; Yahoo! Slurp; http://help.yahoo.com/help/us/ysearch/slurp)"
74.6.71.166 - - [13/Oct/2006:14:25:43 +0000] "GET /Montviron--57.html HTTP/1.1" 200 24770 "" "Mozilla/5.0 (compatible; Yahoo! Slurp; http://help.yahoo.com/help/us/ysearch/slurp)"
72.30.252.109 - - [13/Oct/2006:14:25:56 +0000] "GET /Montviron/H_bergement--120.html HTTP/1.1" 200 34239 "" "Mozilla/5.0 (compatible; Yahoo! Slurp; http://help.yahoo.com/help/us/ysearch/slurp)"
74.6.67.234 - - [13/Oct/2006:14:37:25 +0000] "GET /Montviron/H_bergement--120.html HTTP/1.1" 200 24841 "" "Mozilla/5.0 (compatible; Yahoo! Slurp; http://help.yahoo.com/help/us/ysearch/slurp)"
72.30.226.151 - - [13/Oct/2006:14:40:10 +0000] "GET /Montviron/H_bergement--120.html HTTP/1.1" 200 34239 "" "Mozilla/5.0 (compatible; Yahoo! Slurp; http://help.yahoo.com/help/us/ysearch/slurp)"
86.221.183.50 - - [13/Oct/2006:15:35:22 +0000] "GET /Montviron/Loisirs/Christine/Mondial_de_l_automobile--260.html HTTP/1.1" 200 10825 "http://www.portedelabaie.com/typo3/sysext/viewpage/view/frameset.php?&id=260" "Mozilla/4.0 (compatible; MSIE 6.0; Windows NT 5.1; Wanadoo 6.2)"
86.221.183.50 - - [13/Oct/2006:15:36:22 +0000] "GET /Montviron--57.html HTTP/1.1" 200 24740 "http://www.portedelabaie.com" "Mozilla/4.0 (compatible; MSIE 6.0; Windows NT 5.1; Wanadoo 6.2)"
86.221.183.50 - - [13/Oct/2006:15:36:32 +0000] "GET /Montviron/D_couvrir--122.html HTTP/1.1" 200 9439 "http://www.montviron.com/" "Mozilla/4.0 (compatible; MSIE 6.0; Windows NT 5.1; Wanadoo 6.2)"
86.221.183.50 - - [13/Oct/2006:15:36:37 +0000] "GET /Montviron/Tourisme--121.html HTTP/1.1" 200 9436 "http://www.montviron.com/fr/decouvrir.html" "Mozilla/4.0 (compatible; MSIE 6.0; Windows NT 5.1; Wanadoo 6.2)"
86.221.183.50 - - [13/Oct/2006:15:36:41 +0000] "GET /Montviron/H_bergement--120.html HTTP/1.1" 200 27068 "http://www.montviron.com/fr/tourisme.html" "Mozilla/4.0 (compatible; MSIE 6.0; Windows NT 5.1; Wanadoo 6.2)"
86.221.183.50 - - [13/Oct/2006:15:36:53 +0000] "GET /Montviron/Vie_Pratique--119.html HTTP/1.1" 200 10818 "http://www.montviron.com/no_cache/fr/hebergement.html" "Mozilla/4.0 (compatible; MSIE 6.0; Windows NT 5.1; Wanadoo 6.2)"
86.221.183.50 - - [13/Oct/2006:15:37:07 +0000] "GET /Montviron/Loisirs--118.html HTTP/1.1" 200 9433 "http://www.montviron.com/fr/vie-pratique.html" "Mozilla/4.0 (compatible; MSIE 6.0; Windows NT 5.1; Wanadoo 6.2)"
86.221.183.50 - - [13/Oct/2006:15:37:12 +0000] "GET /Montviron/Calendrier--117.html HTTP/1.1" 200 15395 "http://www.montviron.com/fr/loisirs.html" "Mozilla/4.0 (compatible; MSIE 6.0; Windows NT 5.1; Wanadoo 6.2)"
86.221.183.50 - - [13/Oct/2006:15:37:27 +0000] "GET /Montviron/Plan_du_Site--234.html HTTP/1.1" 200 10188 "http://www.montviron.com/fr/calendrier.html" "Mozilla/4.0 (compatible; MSIE 6.0; Windows NT 5.1; Wanadoo 6.2)"
86.221.183.50 - - [13/Oct/2006:15:37:30 +0000] "GET /Montviron/Loisirs--118.html HTTP/1.1" 200 9433 "http://www.montviron.com/fr/plan-du-site.html" "Mozilla/4.0 (compatible; MSIE 6.0; Windows NT 5.1; Wanadoo 6.2)"
195.6.234.141 - - [13/Oct/2006:16:42:45 +0000] "GET /Montviron--57.html HTTP/1.1" 200 24740 "http://www.google.fr/search?hl=fr&q=MONTVIRON&btnG=Recherche+Google&meta=" "Mozilla/4.0 (compatible; MSIE 6.0; Windows NT 5.1; SV1; .NET CLR 1.1.4322)"
195.6.234.141 - - [13/Oct/2006:16:43:25 +0000] "GET /Montviron/Tourisme--121.html HTTP/1.1" 200 9436 "http://www.montviron.com/" "Mozilla/4.0 (compatible; MSIE 6.0; Windows NT 5.1; SV1; .NET CLR 1.1.4322)"
195.6.234.141 - - [13/Oct/2006:16:43:32 +0000] "GET /Montviron/D_couvrir--122.html HTTP/1.1" 200 9439 "http://www.montviron.com/fr/tourisme.html" "Mozilla/4.0 (compatible; MSIE 6.0; Windows NT 5.1; SV1; .NET CLR 1.1.4322)"
195.6.234.141 - - [13/Oct/2006:16:43:39 +0000] "GET /Montviron/Plan_du_Site--234.html HTTP/1.1" 200 10188 "http://www.montviron.com/fr/decouvrir.html" "Mozilla/4.0 (compatible; MSIE 6.0; Windows NT 5.1; SV1; .NET CLR 1.1.4322)"
195.6.234.141 - - [13/Oct/2006:16:43:42 +0000] "GET /Montviron/D_couvrir--122.html HTTP/1.1" 200 9439 "http://www.montviron.com/fr/plan-du-site.html" "Mozilla/4.0 (compatible; MSIE 6.0; Windows NT 5.1; SV1; .NET CLR 1.1.4322)"
195.6.234.141 - - [13/Oct/2006:16:43:44 +0000] "GET /Montviron/Tourisme--121.html HTTP/1.1" 200 9436 "http://www.montviron.com/fr/decouvrir.html" "Mozilla/4.0 (compatible; MSIE 6.0; Windows NT 5.1; SV1; .NET CLR 1.1.4322)"
195.6.234.141 - - [13/Oct/2006:16:43:51 +0000] "GET /Montviron/H_bergement--120.html HTTP/1.1" 200 27068 "http://www.montviron.com/fr/tourisme.html" "Mozilla/4.0 (compatible; MSIE 6.0; Windows NT 5.1; SV1; .NET CLR 1.1.4322)"
195.6.234.141 - - [13/Oct/2006:16:44:01 +0000] "GET /Montviron/H_bergement--120.html HTTP/1.1" 200 28968 "http://www.montviron.com/no_cache/fr/hebergement.html" "Mozilla/4.0 (compatible; MSIE 6.0; Windows NT 5.1; SV1; .NET CLR 1.1.4322)"
195.6.234.141 - - [13/Oct/2006:16:44:21 +0000] "GET /Montviron/H_bergement--120.html HTTP/1.1" 200 28968 "http://www.montviron.com/no_cache/fr/hebergement.html?tx_travelguide_pi1%5Bscat%5D=6&tx_travelguide_pi1%5Bsloc%5D=3" "Mozilla/4.0 (compatible; MSIE 6.0; Windows NT 5.1; SV1; .NET CLR 1.1.4322)"
74.6.71.166 - - [13/Oct/2006:17:00:27 +0000] "GET /Montviron--57.html HTTP/1.1" 200 24770 "" "Mozilla/5.0 (compatible; Yahoo! Slurp; http://help.yahoo.com/help/us/ysearch/slurp)"
74.6.69.19 - - [13/Oct/2006:17:00:30 +0000] "GET /Montviron--57.html HTTP/1.1" 200 24770 "" "Mozilla/5.0 (compatible; Yahoo! Slurp; http://help.yahoo.com/help/us/ysearch/slurp)"
82.255.232.91 - - [13/Oct/2006:17:08:43 +0000] "GET /Montviron--57.html HTTP/1.1" 200 24770 "" "Mozilla/5.0 (Windows; U; Windows NT 5.1; fr; rv:1.8.0.7) Gecko/20060909 Firefox/1.5.0.7"
82.255.232.91 - - [13/Oct/2006:17:08:44 +0000] "GET /Montviron--57.html HTTP/1.1" 200 24770 "" "Mozilla/5.0 (Windows; U; Windows NT 5.1; fr; rv:1.8.0.7) Gecko/20060909 Firefox/1.5.0.7"
74.6.71.166 - - [13/Oct/2006:17:25:11 +0000] "GET /Montviron--57.html HTTP/1.1" 200 24770 "" "Mozilla/5.0 (compatible; Yahoo! Slurp; http://help.yahoo.com/help/us/ysearch/slurp)"
74.6.74.59 - - [13/Oct/2006:17:25:20 +0000] "GET /Montviron/H_bergement--120.html HTTP/1.1" 200 28944 "" "Mozilla/5.0 (compatible; Yahoo! Slurp; http://help.yahoo.com/help/us/ysearch/slurp)"
74.6.71.166 - - [13/Oct/2006:18:50:26 +0000] "GET /Montviron--57.html HTTP/1.1" 200 24770 "" "Mozilla/5.0 (compatible; Yahoo! Slurp; http://help.yahoo.com/help/us/ysearch/slurp)"
74.6.71.177 - - [13/Oct/2006:18:50:28 +0000] "GET /Montviron/H_bergement--120.html HTTP/1.1" 200 28934 "" "Mozilla/5.0 (compatible; Yahoo! Slurp; http://help.yahoo.com/help/us/ysearch/slurp)"
74.6.71.166 - - [13/Oct/2006:19:36:39 +0000] "GET /Montviron--57.html HTTP/1.1" 200 24770 "" "Mozilla/5.0 (compatible; Yahoo! Slurp; http://help.yahoo.com/help/us/ysearch/slurp)"
74.6.67.102 - - [13/Oct/2006:19:37:09 +0000] "GET /Montviron/H_bergement--120.html HTTP/1.1" 200 25919 "" "Mozilla/5.0 (compatible; Yahoo! Slurp; http://help.yahoo.com/help/us/ysearch/slurp)"
74.6.71.166 - - [13/Oct/2006:22:41:29 +0000] "GET /Montviron--57.html HTTP/1.1" 200 24770 "" "Mozilla/5.0 (compatible; Yahoo! Slurp; http://help.yahoo.com/help/us/ysearch/slurp)"
74.6.71.151 - - [13/Oct/2006:22:41:35 +0000] "GET /Montviron/H_bergement--120.html HTTP/1.1" 200 28981 "" "Mozilla/5.0 (compatible; Yahoo! Slurp; http://help.yahoo.com/help/us/ysearch/slurp)"
72.30.177.165 - - [13/Oct/2006:23:29:32 +0000] "GET /Montviron--57.html HTTP/1.1" 200 24770 "" "Mozilla/5.0 (compatible; Yahoo! Slurp; http://help.yahoo.com/help/us/ysearch/slurp)"
74.6.68.153 - - [13/Oct/2006:23:29:59 +0000] "GET /Montviron/H_bergement--120.html HTTP/1.1" 200 29004 "" "Mozilla/5.0 (compatible; Yahoo! Slurp; http://help.yahoo.com/help/us/ysearch/slurp)"
74.6.71.166 - - [14/Oct/2006:01:43:01 +0000] "GET /Montviron--57.html HTTP/1.1" 200 24770 "" "Mozilla/5.0 (compatible; Yahoo! Slurp; http://help.yahoo.com/help/us/ysearch/slurp)"
74.6.73.220 - - [14/Oct/2006:01:43:14 +0000] "GET /Montviron/Calendrier--117.html HTTP/1.1" 200 10384 "" "Mozilla/5.0 (compatible; Yahoo! Slurp; http://help.yahoo.com/help/us/ysearch/slurp)"
74.6.71.166 - - [14/Oct/2006:02:26:37 +0000] "GET /Montviron--57.html HTTP/1.1" 200 24770 "" "Mozilla/5.0 (compatible; Yahoo! Slurp; http://help.yahoo.com/help/us/ysearch/slurp)"
74.6.73.231 - - [14/Oct/2006:02:26:54 +0000] "GET /Montviron/Calendrier--117.html HTTP/1.1" 200 10440 "" "Mozilla/5.0 (compatible; Yahoo! Slurp; http://help.yahoo.com/help/us/ysearch/slurp)"
212.95.252.16 - - [14/Oct/2006:03:19:01 +0000] "GET /Montviron--57.html HTTP/1.1" 200 24770 "" "Mozilla/4.0 (compatible; MSIE 6.0; Windows NT 5.1)"
74.6.71.166 - - [14/Oct/2006:04:37:53 +0000] "GET /Montviron--57.html HTTP/1.1" 200 24770 "" "Mozilla/5.0 (compatible; Yahoo! Slurp; http://help.yahoo.com/help/us/ysearch/slurp)"
74.6.68.225 - - [14/Oct/2006:04:38:04 +0000] "GET /Montviron/H_bergement--120.html HTTP/1.1" 200 25889 "" "Mozilla/5.0 (compatible; Yahoo! Slurp; http://help.yahoo.com/help/us/ysearch/slurp)"
74.6.71.166 - - [14/Oct/2006:05:55:04 +0000] "GET /Montviron--57.html HTTP/1.1" 200 24770 "" "Mozilla/5.0 (compatible; Yahoo! Slurp; http://help.yahoo.com/help/us/ysearch/slurp)"
74.6.66.35 - - [14/Oct/2006:05:55:07 +0000] "GET /Montviron/H_bergement--120.html HTTP/1.1" 200 34378 "" "Mozilla/5.0 (compatible; Yahoo! Slurp; http://help.yahoo.com/help/us/ysearch/slurp)"
74.6.71.166 - - [14/Oct/2006:06:19:05 +0000] "GET /Montviron--57.html HTTP/1.1" 200 24770 "" "Mozilla/5.0 (compatible; Yahoo! Slurp; http://help.yahoo.com/help/us/ysearch/slurp)"
74.6.68.155 - - [14/Oct/2006:06:19:28 +0000] "GET /Montviron/H_bergement--120.html HTTP/1.1" 200 42375 "" "Mozilla/5.0 (compatible; Yahoo! Slurp; http://help.yahoo.com/help/us/ysearch/slurp)"
74.6.71.166 - - [14/Oct/2006:06:52:51 +0000] "GET /Montviron--57.html HTTP/1.1" 200 24770 "" "Mozilla/5.0 (compatible; Yahoo! Slurp; http://help.yahoo.com/help/us/ysearch/slurp)"
72.30.226.151 - - [14/Oct/2006:06:52:59 +0000] "GET /Montviron/H_bergement--120.html HTTP/1.1" 200 32549 "" "Mozilla/5.0 (compatible; Yahoo! Slurp; http://help.yahoo.com/help/us/ysearch/slurp)"
74.6.71.166 - - [14/Oct/2006:07:10:43 +0000] "GET /Montviron--57.html HTTP/1.1" 200 24770 "" "Mozilla/5.0 (compatible; Yahoo! Slurp; http://help.yahoo.com/help/us/ysearch/slurp)"
72.30.252.108 - - [14/Oct/2006:07:11:01 +0000] "GET /Montviron/H_bergement--120.html HTTP/1.1" 200 32604 "" "Mozilla/5.0 (compatible; Yahoo! Slurp; http://help.yahoo.com/help/us/ysearch/slurp)"
74.6.71.166 - - [14/Oct/2006:07:27:04 +0000] "GET /Montviron--57.html HTTP/1.1" 200 24770 "" "Mozilla/5.0 (compatible; Yahoo! Slurp; http://help.yahoo.com/help/us/ysearch/slurp)"
74.6.71.82 - - [14/Oct/2006:07:27:15 +0000] "GET /Montviron/H_bergement--120.html HTTP/1.1" 200 30622 "" "Mozilla/5.0 (compatible; Yahoo! Slurp; http://help.yahoo.com/help/us/ysearch/slurp)"
74.6.71.166 - - [14/Oct/2006:07:48:08 +0000] "GET /Montviron--57.html HTTP/1.1" 200 24770 "" "Mozilla/5.0 (compatible; Yahoo! Slurp; http://help.yahoo.com/help/us/ysearch/slurp)"
74.6.68.201 - - [14/Oct/2006:07:48:36 +0000] "GET /Montviron/Calendrier--117.html HTTP/1.1" 200 10400 "" "Mozilla/5.0 (compatible; Yahoo! Slurp; http://help.yahoo.com/help/us/ysearch/slurp)"
72.30.177.165 - - [14/Oct/2006:11:50:40 +0000] "GET /Montviron--57.html HTTP/1.1" 200 24770 "" "Mozilla/5.0 (compatible; Yahoo! Slurp; http://help.yahoo.com/help/us/ysearch/slurp)"
74.6.67.167 - - [14/Oct/2006:11:50:43 +0000] "GET /Montviron/H_bergement--120.html HTTP/1.1" 200 28931 "" "Mozilla/5.0 (compatible; Yahoo! Slurp; http://help.yahoo.com/help/us/ysearch/slurp)"
74.6.71.166 - - [14/Oct/2006:12:51:15 +0000] "GET /Montviron--57.html HTTP/1.1" 200 24770 "" "Mozilla/5.0 (compatible; Yahoo! Slurp; http://help.yahoo.com/help/us/ysearch/slurp)"
74.6.67.72 - - [14/Oct/2006:12:51:19 +0000] "GET /Montviron/Calendrier--117.html HTTP/1.1" 200 10402 "" "Mozilla/5.0 (compatible; Yahoo! Slurp; http://help.yahoo.com/help/us/ysearch/slurp)"
74.6.71.241 - - [14/Oct/2006:12:57:29 +0000] "GET /Montviron/H_bergement--120.html HTTP/1.1" 200 32549 "" "Mozilla/5.0 (compatible; Yahoo! Slurp; http://help.yahoo.com/help/us/ysearch/slurp)"
74.6.71.166 - - [14/Oct/2006:15:07:26 +0000] "GET /Montviron--57.html HTTP/1.1" 200 24770 "" "Mozilla/5.0 (compatible; Yahoo! Slurp; http://help.yahoo.com/help/us/ysearch/slurp)"
74.6.74.225 - - [14/Oct/2006:15:07:39 +0000] "GET /Montviron/H_bergement--120.html HTTP/1.1" 200 29187 "" "Mozilla/5.0 (compatible; Yahoo! Slurp; http://help.yahoo.com/help/us/ysearch/slurp)"
74.6.71.166 - - [14/Oct/2006:16:51:02 +0000] "GET /Montviron--57.html HTTP/1.1" 200 24770 "" "Mozilla/5.0 (compatible; Yahoo! Slurp; http://help.yahoo.com/help/us/ysearch/slurp)"
74.6.68.13 - - [14/Oct/2006:16:51:21 +0000] "GET /Montviron/Plan_du_Site--234.html HTTP/1.1" 200 10201 "" "Mozilla/5.0 (compatible; Yahoo! Slurp; http://help.yahoo.com/help/us/ysearch/slurp)"
74.6.71.166 - - [14/Oct/2006:17:14:30 +0000] "GET /Montviron--57.html HTTP/1.1" 200 24770 "" "Mozilla/5.0 (compatible; Yahoo! Slurp; http://help.yahoo.com/help/us/ysearch/slurp)"
74.6.68.153 - - [14/Oct/2006:17:14:33 +0000] "GET /Montviron/H_bergement--120.html HTTP/1.1" 200 29269 "" "Mozilla/5.0 (compatible; Yahoo! Slurp; http://help.yahoo.com/help/us/ysearch/slurp)"
74.6.71.166 - - [14/Oct/2006:18:24:04 +0000] "GET /Montviron--57.html HTTP/1.1" 200 24770 "" "Mozilla/5.0 (compatible; Yahoo! Slurp; http://help.yahoo.com/help/us/ysearch/slurp)"
74.6.71.166 - - [14/Oct/2006:20:00:41 +0000] "GET /Montviron--57.html HTTP/1.1" 200 24783 "" "Mozilla/5.0 (compatible; Yahoo! Slurp; http://help.yahoo.com/help/us/ysearch/slurp)"
74.6.71.172 - - [14/Oct/2006:20:00:43 +0000] "GET /Montviron/H_bergement--120.html HTTP/1.1" 200 29048 "" "Mozilla/5.0 (compatible; Yahoo! Slurp; http://help.yahoo.com/help/us/ysearch/slurp)"
74.6.71.166 - - [14/Oct/2006:20:39:52 +0000] "GET /Montviron--57.html HTTP/1.1" 200 24783 "" "Mozilla/5.0 (compatible; Yahoo! Slurp; http://help.yahoo.com/help/us/ysearch/slurp)"
74.6.71.166 - - [14/Oct/2006:21:21:08 +0000] "GET /Montviron--57.html HTTP/1.1" 200 24783 "" "Mozilla/5.0 (compatible; Yahoo! Slurp; http://help.yahoo.com/help/us/ysearch/slurp)"
72.30.226.153 - - [14/Oct/2006:21:21:09 +0000] "GET /Montviron/H_bergement--120.html HTTP/1.1" 200 44282 "" "Mozilla/5.0 (compatible; Yahoo! Slurp; http://help.yahoo.com/help/us/ysearch/slurp)"
74.6.71.166 - - [14/Oct/2006:22:02:47 +0000] "GET /Montviron--57.html HTTP/1.1" 200 24783 "" "Mozilla/5.0 (compatible; Yahoo! Slurp; http://help.yahoo.com/help/us/ysearch/slurp)"
74.6.69.172 - - [14/Oct/2006:22:03:04 +0000] "GET /Montviron/H_bergement--120.html HTTP/1.1" 200 29207 "" "Mozilla/5.0 (compatible; Yahoo! Slurp; http://help.yahoo.com/help/us/ysearch/slurp)"
195.93.102.67 - - [14/Oct/2006:23:27:41 +0000] "GET /Montviron/Calendrier--117.html HTTP/1.1" 200 15408 "http://www.aolrecherche.aol.fr/rech?enc=iso&p=lb&q=groupe%20de%20musique%20Marinade" "Mozilla/4.0 (compatible; MSIE 6.0; AOL 9.0; Windows NT 5.1; SV1; .NET CLR 1.1.4322)"
74.6.71.166 - - [15/Oct/2006:02:58:15 +0000] "GET /Montviron--57.html HTTP/1.1" 200 24783 "" "Mozilla/5.0 (compatible; Yahoo! Slurp; http://help.yahoo.com/help/us/ysearch/slurp)"
72.30.177.216 - - [15/Oct/2006:02:58:23 +0000] "GET /Montviron/H_bergement--120.html HTTP/1.1" 200 28936 "" "Mozilla/5.0 (compatible; Yahoo! Slurp; http://help.yahoo.com/help/us/ysearch/slurp)"
74.6.71.166 - - [15/Oct/2006:03:50:37 +0000] "GET /Montviron--57.html HTTP/1.1" 200 24783 "" "Mozilla/5.0 (compatible; Yahoo! Slurp; http://help.yahoo.com/help/us/ysearch/slurp)"
74.6.72.156 - - [15/Oct/2006:03:50:39 +0000] "GET /Montviron/H_bergement--120.html HTTP/1.1" 200 27081 "" "Mozilla/5.0 (compatible; Yahoo! Slurp; http://help.yahoo.com/help/us/ysearch/slurp)"
72.30.252.90 - - [15/Oct/2006:04:08:10 +0000] "GET /Montviron/H_bergement--120.html HTTP/1.1" 200 29048 "" "Mozilla/5.0 (compatible; Yahoo! Slurp; http://help.yahoo.com/help/us/ysearch/slurp)"
74.6.71.166 - - [15/Oct/2006:05:29:26 +0000] "GET /Montviron--57.html HTTP/1.1" 200 24783 "" "Mozilla/5.0 (compatible; Yahoo! Slurp; http://help.yahoo.com/help/us/ysearch/slurp)"
74.6.70.237 - - [15/Oct/2006:05:29:31 +0000] "GET /Montviron/H_bergement--120.html HTTP/1.1" 200 30714 "" "Mozilla/5.0 (compatible; Yahoo! Slurp; http://help.yahoo.com/help/us/ysearch/slurp)"
74.6.71.159 - - [15/Oct/2006:05:41:43 +0000] "GET /Montviron/Calendrier--117.html HTTP/1.1" 200 15406 "" "Mozilla/5.0 (compatible; Yahoo! Slurp; http://help.yahoo.com/help/us/ysearch/slurp)"
74.6.71.166 - - [15/Oct/2006:07:07:26 +0000] "GET /Montviron--57.html HTTP/1.1" 200 24783 "" "Mozilla/5.0 (compatible; Yahoo! Slurp; http://help.yahoo.com/help/us/ysearch/slurp)"
72.30.226.144 - - [15/Oct/2006:07:07:28 +0000] "GET /Montviron/H_bergement--120.html HTTP/1.1" 200 25991 "" "Mozilla/5.0 (compatible; Yahoo! Slurp; http://help.yahoo.com/help/us/ysearch/slurp)"
66.249.65.13 - - [15/Oct/2006:10:07:21 +0000] "GET /Montviron--57.html HTTP/1.1" 200 24783 "" "Mozilla/5.0 (compatible; Googlebot/2.1; +http://www.google.com/bot.html)"
74.6.71.166 - - [15/Oct/2006:10:31:35 +0000] "GET /Montviron--57.html HTTP/1.1" 200 24783 "" "Mozilla/5.0 (compatible; Yahoo! Slurp; http://help.yahoo.com/help/us/ysearch/slurp)"
74.6.73.254 - - [15/Oct/2006:10:31:37 +0000] "GET /Montviron/H_bergement--120.html HTTP/1.1" 200 29244 "" "Mozilla/5.0 (compatible; Yahoo! Slurp; http://help.yahoo.com/help/us/ysearch/slurp)"
74.6.68.142 - - [15/Oct/2006:10:39:38 +0000] "GET /Montviron/H_bergement--120.html HTTP/1.1" 200 24846 "" "Mozilla/5.0 (compatible; Yahoo! Slurp; http://help.yahoo.com/help/us/ysearch/slurp)"
74.6.71.166 - - [15/Oct/2006:11:26:58 +0000] "GET /Montviron--57.html HTTP/1.1" 200 24783 "" "Mozilla/5.0 (compatible; Yahoo! Slurp; http://help.yahoo.com/help/us/ysearch/slurp)"
74.6.68.49 - - [15/Oct/2006:11:26:59 +0000] "GET /Montviron/H_bergement--120.html HTTP/1.1" 200 25949 "" "Mozilla/5.0 (compatible; Yahoo! Slurp; http://help.yahoo.com/help/us/ysearch/slurp)"
195.93.102.8 - - [15/Oct/2006:16:08:50 +0000] "GET /Montviron/Vie_Pratique--119.html HTTP/1.1" 200 10831 "" "Mozilla/4.0 (compatible; MSIE 6.0; AOL 9.0; Windows NT 5.1)"
74.6.71.166 - - [15/Oct/2006:16:32:45 +0000] "GET /Montviron--57.html HTTP/1.1" 200 24783 "" "Mozilla/5.0 (compatible; Yahoo! Slurp; http://help.yahoo.com/help/us/ysearch/slurp)"
74.6.73.184 - - [15/Oct/2006:16:32:46 +0000] "GET /Montviron/H_bergement--120.html HTTP/1.1" 200 41771 "" "Mozilla/5.0 (compatible; Yahoo! Slurp; http://help.yahoo.com/help/us/ysearch/slurp)"
86.220.55.82 - - [15/Oct/2006:20:01:32 +0000] "GET /Montviron--57.html HTTP/1.1" 200 24753 "http://www.google.fr/search?hl=fr&q=montviron&meta=" "Mozilla/4.0 (compatible; MSIE 6.0; Windows NT 5.1; SV1; Every Toolbar; Orange 7.4 ; NaviWoo1.1)"
74.6.71.166 - - [15/Oct/2006:20:55:39 +0000] "GET /Montviron--57.html HTTP/1.1" 200 24753 "" "Mozilla/5.0 (compatible; Yahoo! Slurp; http://help.yahoo.com/help/us/ysearch/slurp)"
74.6.69.223 - - [15/Oct/2006:20:55:43 +0000] "GET /Montviron/H_bergement--120.html HTTP/1.1" 200 29083 "" "Mozilla/5.0 (compatible; Yahoo! Slurp; http://help.yahoo.com/help/us/ysearch/slurp)"
64.246.165.200 - - [15/Oct/2006:23:00:21 +0000] "GET /Montviron--57.html HTTP/1.1" 200 24753 "http://www.whois.sc/" "SurveyBot/2.3 (Whois Source)"
64.246.165.200 - - [15/Oct/2006:23:00:22 +0000] "GET /Montviron--57.html HTTP/1.1" 200 24753 "http://www.whois.sc/montviron.com" "SurveyBot/2.3 (Whois Source)"
74.6.71.166 - - [16/Oct/2006:00:54:57 +0000] "GET /Montviron--57.html HTTP/1.1" 200 24753 "" "Mozilla/5.0 (compatible; Yahoo! Slurp; http://help.yahoo.com/help/us/ysearch/slurp)"
74.6.69.19 - - [16/Oct/2006:00:55:28 +0000] "GET /Montviron--57.html HTTP/1.1" 200 24753 "" "Mozilla/5.0 (compatible; Yahoo! Slurp; http://help.yahoo.com/help/us/ysearch/slurp)"
74.6.71.166 - - [16/Oct/2006:11:06:23 +0000] "GET /Montviron--57.html HTTP/1.1" 200 24783 "" "Mozilla/5.0 (compatible; Yahoo! Slurp; http://help.yahoo.com/help/us/ysearch/slurp)"
74.6.70.178 - - [16/Oct/2006:11:06:37 +0000] "GET /Montviron/Calendrier--117.html HTTP/1.1" 200 10391 "" "Mozilla/5.0 (compatible; Yahoo! Slurp; http://help.yahoo.com/help/us/ysearch/slurp)"
157.82.254.45 - - [16/Oct/2006:11:20:28 +0000] "GET /Montviron--57.html HTTP/1.1" 200 24783 "" "Shim-Crawler(Mozilla-compatible; http://www.logos.ic.i.u-tokyo.ac.jp/crawler/; crawl@logos.ic.i.u-tokyo.ac.jp)"
157.82.254.45 - - [16/Oct/2006:11:21:30 +0000] "GET /Montviron--57.html HTTP/1.1" 200 24783 "" "Shim-Crawler(Mozilla-compatible; http://www.logos.ic.i.u-tokyo.ac.jp/crawler/; crawl@logos.ic.i.u-tokyo.ac.jp)"
66.249.65.13 - - [16/Oct/2006:14:02:47 +0000] "GET /Montviron--57.html HTTP/1.1" 200 24783 "" "Mozilla/5.0 (compatible; Googlebot/2.1; +http://www.google.com/bot.html)"
207.46.98.131 - - [16/Oct/2006:18:16:07 +0000] "GET /Montviron--57.html HTTP/1.1" 200 24783 "" "msnbot/1.0 (+http://search.msn.com/msnbot.htm)"
207.46.98.131 - - [16/Oct/2006:18:16:09 +0000] "GET /Montviron--57.html HTTP/1.1" 200 24783 "" "msnbot/1.0 (+http://search.msn.com/msnbot.htm)"
207.46.98.131 - - [16/Oct/2006:19:26:26 +0000] "GET /Montviron/D_couvrir--122.html HTTP/1.1" 200 9452 "" "msnbot/1.0 (+http://search.msn.com/msnbot.htm)"
207.46.98.131 - - [16/Oct/2006:19:32:48 +0000] "GET /Montviron/Loisirs--118.html HTTP/1.1" 200 9446 "" "msnbot/1.0 (+http://search.msn.com/msnbot.htm)"
207.46.98.131 - - [16/Oct/2006:19:33:05 +0000] "GET /Montviron/H_bergement--120.html HTTP/1.1" 200 27081 "" "msnbot/1.0 (+http://search.msn.com/msnbot.htm)"
207.46.98.131 - - [16/Oct/2006:19:33:42 +0000] "GET /Montviron/Calendrier--117.html HTTP/1.1" 200 15448 "" "msnbot/1.0 (+http://search.msn.com/msnbot.htm)"
207.46.98.129 - - [16/Oct/2006:20:03:45 +0000] "GET /Montviron--57.html HTTP/1.1" 200 24783 "" "msnbot/1.0 (+http://search.msn.com/msnbot.htm)"
207.46.98.129 - - [16/Oct/2006:20:03:47 +0000] "GET /Montviron/Calendrier--117.html HTTP/1.1" 200 10380 "" "msnbot/1.0 (+http://search.msn.com/msnbot.htm)"
207.46.98.129 - - [16/Oct/2006:20:06:34 +0000] "GET /Montviron/Calendrier--117.html HTTP/1.1" 200 10442 "" "msnbot/1.0 (+http://search.msn.com/msnbot.htm)"
207.46.98.131 - - [16/Oct/2006:20:07:40 +0000] "GET /Montviron--57.html HTTP/1.1" 200 24783 "" "msnbot/1.0 (+http://search.msn.com/msnbot.htm)"
207.46.98.131 - - [16/Oct/2006:20:07:41 +0000] "GET /Montviron/Plan_du_Site--234.html HTTP/1.1" 200 10201 "" "msnbot/1.0 (+http://search.msn.com/msnbot.htm)"
207.46.98.133 - - [16/Oct/2006:20:23:36 +0000] "GET /Montviron--57.html HTTP/1.1" 200 24783 "" "msnbot/1.0 (+http://search.msn.com/msnbot.htm)"
207.46.98.133 - - [16/Oct/2006:20:23:37 +0000] "GET /Montviron/Vie_Pratique--119.html HTTP/1.1" 200 10831 "" "msnbot/1.0 (+http://search.msn.com/msnbot.htm)"
207.46.98.133 - - [16/Oct/2006:20:34:47 +0000] "GET /Montviron/Tourisme--121.html HTTP/1.1" 200 9449 "" "msnbot/1.0 (+http://search.msn.com/msnbot.htm)"
207.46.98.131 - - [16/Oct/2006:20:53:09 +0000] "GET /Montviron--57.html HTTP/1.1" 200 24783 "" "msnbot/1.0 (+http://search.msn.com/msnbot.htm)"
207.46.98.133 - - [16/Oct/2006:21:02:18 +0000] "GET /Montviron/H_bergement--120.html HTTP/1.1" 200 27081 "" "msnbot/1.0 (+http://search.msn.com/msnbot.htm)"
207.46.98.131 - - [16/Oct/2006:21:10:13 +0000] "GET /Montviron/H_bergement--120.html HTTP/1.1" 200 30622 "" "msnbot/1.0 (+http://search.msn.com/msnbot.htm)"
207.46.98.131 - - [16/Oct/2006:21:10:14 +0000] "GET /Montviron/H_bergement--120.html HTTP/1.1" 200 27081 "" "msnbot/1.0 (+http://search.msn.com/msnbot.htm)"
207.46.98.131 - - [16/Oct/2006:21:10:14 +0000] "GET /Montviron/H_bergement--120.html HTTP/1.1" 200 29269 "" "msnbot/1.0 (+http://search.msn.com/msnbot.htm)"
207.46.98.131 - - [16/Oct/2006:21:11:05 +0000] "GET /Montviron/H_bergement--120.html HTTP/1.1" 200 29080 "" "msnbot/1.0 (+http://search.msn.com/msnbot.htm)"
207.46.98.131 - - [16/Oct/2006:21:11:06 +0000] "GET /Montviron/H_bergement--120.html HTTP/1.1" 200 29083 "" "msnbot/1.0 (+http://search.msn.com/msnbot.htm)"
207.46.98.131 - - [16/Oct/2006:21:11:05 +0000] "GET /Montviron/H_bergement--120.html HTTP/1.1" 200 33948 "" "msnbot/1.0 (+http://search.msn.com/msnbot.htm)"
207.46.98.131 - - [16/Oct/2006:21:11:08 +0000] "GET /Montviron/H_bergement--120.html HTTP/1.1" 200 28909 "" "msnbot/1.0 (+http://search.msn.com/msnbot.htm)"
207.46.98.131 - - [16/Oct/2006:21:11:08 +0000] "GET /Montviron/H_bergement--120.html HTTP/1.1" 200 28905 "" "msnbot/1.0 (+http://search.msn.com/msnbot.htm)"
207.46.98.131 - - [16/Oct/2006:21:11:08 +0000] "GET /Montviron/H_bergement--120.html HTTP/1.1" 200 28981 "" "msnbot/1.0 (+http://search.msn.com/msnbot.htm)"
207.46.98.131 - - [16/Oct/2006:21:11:18 +0000] "GET /Montviron/H_bergement--120.html HTTP/1.1" 200 28935 "" "msnbot/1.0 (+http://search.msn.com/msnbot.htm)"
207.46.98.131 - - [16/Oct/2006:21:11:18 +0000] "GET /Montviron/H_bergement--120.html HTTP/1.1" 200 29207 "" "msnbot/1.0 (+http://search.msn.com/msnbot.htm)"
207.46.98.131 - - [16/Oct/2006:21:11:24 +0000] "GET /Montviron/H_bergement--120.html HTTP/1.1" 200 32549 "" "msnbot/1.0 (+http://search.msn.com/msnbot.htm)"
207.46.98.131 - - [16/Oct/2006:21:11:35 +0000] "GET /Montviron/H_bergement--120.html HTTP/1.1" 200 28957 "" "msnbot/1.0 (+http://search.msn.com/msnbot.htm)"
207.46.98.133 - - [16/Oct/2006:21:19:05 +0000] "GET /Montviron/Calendrier--117.html HTTP/1.1" 200 10383 "" "msnbot/1.0 (+http://search.msn.com/msnbot.htm)"
207.46.98.129 - - [16/Oct/2006:21:39:44 +0000] "GET /Montviron/H_bergement--120.html HTTP/1.1" 200 32604 "" "msnbot/1.0 (+http://search.msn.com/msnbot.htm)"
207.46.98.129 - - [16/Oct/2006:21:39:53 +0000] "GET /Montviron/H_bergement--120.html HTTP/1.1" 200 37375 "" "msnbot/1.0 (+http://search.msn.com/msnbot.htm)"
207.46.98.129 - - [16/Oct/2006:21:44:06 +0000] "GET /Montviron/H_bergement--120.html HTTP/1.1" 200 30714 "" "msnbot/1.0 (+http://search.msn.com/msnbot.htm)"
207.46.98.129 - - [16/Oct/2006:21:44:08 +0000] "GET /Montviron/H_bergement--120.html HTTP/1.1" 200 34238 "" "msnbot/1.0 (+http://search.msn.com/msnbot.htm)"
207.46.98.129 - - [16/Oct/2006:21:44:30 +0000] "GET /Montviron/H_bergement--120.html HTTP/1.1" 200 27081 "" "msnbot/1.0 (+http://search.msn.com/msnbot.htm)"
207.46.98.129 - - [16/Oct/2006:21:44:32 +0000] "GET /Montviron/H_bergement--120.html HTTP/1.1" 200 34378 "" "msnbot/1.0 (+http://search.msn.com/msnbot.htm)"
207.46.98.129 - - [16/Oct/2006:21:44:36 +0000] "GET /Montviron/H_bergement--120.html HTTP/1.1" 200 29048 "" "msnbot/1.0 (+http://search.msn.com/msnbot.htm)"
207.46.98.129 - - [16/Oct/2006:21:44:39 +0000] "GET /Montviron/H_bergement--120.html HTTP/1.1" 200 28947 "" "msnbot/1.0 (+http://search.msn.com/msnbot.htm)"
207.46.98.129 - - [16/Oct/2006:21:44:40 +0000] "GET /Montviron/H_bergement--120.html HTTP/1.1" 200 28914 "" "msnbot/1.0 (+http://search.msn.com/msnbot.htm)"
207.46.98.129 - - [16/Oct/2006:21:44:41 +0000] "GET /Montviron/H_bergement--120.html HTTP/1.1" 200 30981 "" "msnbot/1.0 (+http://search.msn.com/msnbot.htm)"
207.46.98.129 - - [16/Oct/2006:21:44:51 +0000] "GET /Montviron/H_bergement--120.html HTTP/1.1" 200 42375 "" "msnbot/1.0 (+http://search.msn.com/msnbot.htm)"
207.46.98.129 - - [16/Oct/2006:21:44:51 +0000] "GET /Montviron/H_bergement--120.html HTTP/1.1" 200 29356 "" "msnbot/1.0 (+http://search.msn.com/msnbot.htm)"
207.46.98.129 - - [16/Oct/2006:21:44:57 +0000] "GET /Montviron/H_bergement--120.html HTTP/1.1" 200 29073 "" "msnbot/1.0 (+http://search.msn.com/msnbot.htm)"
207.46.98.129 - - [16/Oct/2006:21:44:57 +0000] "GET /Montviron/H_bergement--120.html HTTP/1.1" 200 44282 "" "msnbot/1.0 (+http://search.msn.com/msnbot.htm)"
207.46.98.129 - - [16/Oct/2006:21:44:57 +0000] "GET /Montviron/H_bergement--120.html HTTP/1.1" 200 29117 "" "msnbot/1.0 (+http://search.msn.com/msnbot.htm)"
207.46.98.129 - - [16/Oct/2006:21:46:41 +0000] "GET /Montviron/H_bergement--120.html HTTP/1.1" 200 29063 "" "msnbot/1.0 (+http://search.msn.com/msnbot.htm)"
207.46.98.129 - - [16/Oct/2006:21:46:41 +0000] "GET /Montviron/H_bergement--120.html HTTP/1.1" 200 30554 "" "msnbot/1.0 (+http://search.msn.com/msnbot.htm)"
207.46.98.129 - - [16/Oct/2006:21:46:48 +0000] "GET /Montviron/H_bergement--120.html HTTP/1.1" 200 28936 "" "msnbot/1.0 (+http://search.msn.com/msnbot.htm)"
207.46.98.129 - - [16/Oct/2006:21:46:48 +0000] "GET /Montviron/H_bergement--120.html HTTP/1.1" 200 30566 "" "msnbot/1.0 (+http://search.msn.com/msnbot.htm)"
207.46.98.129 - - [16/Oct/2006:21:46:54 +0000] "GET /Montviron/H_bergement--120.html HTTP/1.1" 200 34252 "" "msnbot/1.0 (+http://search.msn.com/msnbot.htm)"
207.46.98.129 - - [16/Oct/2006:21:46:54 +0000] "GET /Montviron/H_bergement--120.html HTTP/1.1" 200 29208 "" "msnbot/1.0 (+http://search.msn.com/msnbot.htm)"
207.46.98.129 - - [16/Oct/2006:21:46:57 +0000] "GET /Montviron/H_bergement--120.html HTTP/1.1" 200 28931 "" "msnbot/1.0 (+http://search.msn.com/msnbot.htm)"
207.46.98.129 - - [16/Oct/2006:21:46:57 +0000] "GET /Montviron/H_bergement--120.html HTTP/1.1" 200 27081 "" "msnbot/1.0 (+http://search.msn.com/msnbot.htm)"
207.46.98.129 - - [16/Oct/2006:21:47:01 +0000] "GET /Montviron/H_bergement--120.html HTTP/1.1" 200 41771 "" "msnbot/1.0 (+http://search.msn.com/msnbot.htm)"
207.46.98.129 - - [16/Oct/2006:21:47:32 +0000] "GET /Montviron/H_bergement--120.html HTTP/1.1" 200 30844 "" "msnbot/1.0 (+http://search.msn.com/msnbot.htm)"
207.46.98.129 - - [16/Oct/2006:21:47:37 +0000] "GET /Montviron/H_bergement--120.html HTTP/1.1" 200 31090 "" "msnbot/1.0 (+http://search.msn.com/msnbot.htm)"
207.46.98.129 - - [16/Oct/2006:21:47:39 +0000] "GET /Montviron/H_bergement--120.html HTTP/1.1" 200 28975 "" "msnbot/1.0 (+http://search.msn.com/msnbot.htm)"
207.46.98.131 - - [16/Oct/2006:22:00:29 +0000] "GET /Montviron/Actualit_s--182.html HTTP/1.1" 200 10510 "" "msnbot/1.0 (+http://search.msn.com/msnbot.htm)"
66.249.65.115 - - [16/Oct/2006:22:21:03 +0000] "GET /Montviron/Loisirs--118.html HTTP/1.1" 200 9446 "" "Mozilla/5.0 (compatible; Googlebot/2.1; +http://www.google.com/bot.html)"
