66.249.65.67 - - [09/Oct/2006:19:25:47 +0000] "GET /Gen_ts/Calendrier--105.html HTTP/1.1" 200 10243 "" "Mozilla/5.0 (compatible; Googlebot/2.1; +http://www.google.com/bot.html)"
66.249.65.67 - - [09/Oct/2006:22:04:09 +0000] "GET /Gen_ts/Calendrier--105.html HTTP/1.1" 200 10244 "" "Mozilla/5.0 (compatible; Googlebot/2.1; +http://www.google.com/bot.html)"
66.249.65.67 - - [09/Oct/2006:22:22:26 +0000] "GET /Gen_ts/Calendrier--105.html HTTP/1.1" 200 10242 "" "Mozilla/5.0 (compatible; Googlebot/2.1; +http://www.google.com/bot.html)"
66.249.65.67 - - [09/Oct/2006:23:11:11 +0000] "GET /Gen_ts/H_bergement--108.html HTTP/1.1" 200 37177 "" "Mozilla/5.0 (compatible; Googlebot/2.1; +http://www.google.com/bot.html)"
66.249.65.67 - - [09/Oct/2006:23:17:17 +0000] "GET /Gen_ts/Calendrier--105.html HTTP/1.1" 200 10182 "" "Mozilla/5.0 (compatible; Googlebot/2.1; +http://www.google.com/bot.html)"
66.249.65.67 - - [10/Oct/2006:00:30:43 +0000] "GET /Gen_ts/Calendrier--105.html HTTP/1.1" 200 15262 "" "Mozilla/5.0 (compatible; Googlebot/2.1; +http://www.google.com/bot.html)"
66.249.65.67 - - [10/Oct/2006:01:06:57 +0000] "GET /Gen_ts/Actualit_s--180.html HTTP/1.1" 200 10363 "" "Mozilla/5.0 (compatible; Googlebot/2.1; +http://www.google.com/bot.html)"
66.249.65.67 - - [10/Oct/2006:01:19:11 +0000] "GET /Gen_ts/H_bergement--108.html HTTP/1.1" 200 42177 "" "Mozilla/5.0 (compatible; Googlebot/2.1; +http://www.google.com/bot.html)"
207.46.98.73 - - [10/Oct/2006:03:24:03 +0000] "GET /Gen_ts/Tourisme--109.html HTTP/1.1" 200 9251 "" "msnbot/1.0 (+http://search.msn.com/msnbot.htm)"
207.46.98.73 - - [10/Oct/2006:03:49:25 +0000] "GET /Gen_ts/Calendrier--105.html HTTP/1.1" 200 15226 "" "msnbot/1.0 (+http://search.msn.com/msnbot.htm)"
207.46.98.73 - - [10/Oct/2006:03:49:52 +0000] "GET /Gen_ts/Vie_Pratique--107.html HTTP/1.1" 200 9263 "" "msnbot/1.0 (+http://search.msn.com/msnbot.htm)"
66.249.65.67 - - [10/Oct/2006:04:02:43 +0000] "GET /Gen_ts/H_bergement--108.html HTTP/1.1" 200 28919 "" "Mozilla/5.0 (compatible; Googlebot/2.1; +http://www.google.com/bot.html)"
64.246.165.150 - - [10/Oct/2006:04:03:56 +0000] "GET /Gen_ts--59.html HTTP/1.1" 200 38251 "http://www.whois.sc/" "SurveyBot/2.3 (Whois Source)"
64.246.165.150 - - [10/Oct/2006:04:03:58 +0000] "GET /Gen_ts--59.html HTTP/1.1" 200 38251 "http://www.whois.sc/ville-genets.com" "SurveyBot/2.3 (Whois Source)"
65.54.188.92 - - [10/Oct/2006:04:46:54 +0000] "GET /Gen_ts--59.html HTTP/1.1" 200 38251 "" "msnbot/1.0 (+http://search.msn.com/msnbot.htm)"
65.54.188.92 - - [10/Oct/2006:04:46:55 +0000] "GET /Gen_ts/Tourisme--109.html HTTP/1.1" 200 9251 "" "msnbot/1.0 (+http://search.msn.com/msnbot.htm)"
65.54.188.92 - - [10/Oct/2006:04:51:28 +0000] "GET /Gen_ts/Calendrier--105.html HTTP/1.1" 200 15262 "" "msnbot/1.0 (+http://search.msn.com/msnbot.htm)"
66.249.65.67 - - [10/Oct/2006:04:54:54 +0000] "GET /Gen_ts/Calendrier--105.html HTTP/1.1" 200 15262 "" "Mozilla/5.0 (compatible; Googlebot/2.1; +http://www.google.com/bot.html)"
65.54.188.92 - - [10/Oct/2006:04:55:25 +0000] "GET /Gen_ts/H_bergement--108.html HTTP/1.1" 200 26883 "" "msnbot/1.0 (+http://search.msn.com/msnbot.htm)"
66.249.65.67 - - [10/Oct/2006:04:59:16 +0000] "GET /Gen_ts/Actualit_s--180.html HTTP/1.1" 200 10363 "" "Mozilla/5.0 (compatible; Googlebot/2.1; +http://www.google.com/bot.html)"
65.54.188.92 - - [10/Oct/2006:05:03:38 +0000] "GET /Gen_ts/Calendrier--105.html HTTP/1.1" 200 10242 "" "msnbot/1.0 (+http://search.msn.com/msnbot.htm)"
65.54.188.94 - - [10/Oct/2006:05:17:53 +0000] "GET /Gen_ts--59.html HTTP/1.1" 200 38251 "" "msnbot/1.0 (+http://search.msn.com/msnbot.htm)"
65.54.188.94 - - [10/Oct/2006:05:17:54 +0000] "GET /Gen_ts/Calendrier--105.html HTTP/1.1" 200 15226 "" "msnbot/1.0 (+http://search.msn.com/msnbot.htm)"
65.54.188.94 - - [10/Oct/2006:05:23:43 +0000] "GET /Gen_ts/Actualit_s--180.html HTTP/1.1" 200 10363 "" "msnbot/1.0 (+http://search.msn.com/msnbot.htm)"
65.54.188.94 - - [10/Oct/2006:05:23:43 +0000] "GET /Gen_ts/Vie_Pratique--107.html HTTP/1.1" 200 9263 "" "msnbot/1.0 (+http://search.msn.com/msnbot.htm)"
65.54.188.93 - - [10/Oct/2006:05:26:37 +0000] "GET /Gen_ts--59.html HTTP/1.1" 200 38251 "" "msnbot/1.0 (+http://search.msn.com/msnbot.htm)"
65.54.188.93 - - [10/Oct/2006:05:26:38 +0000] "GET /Gen_ts/D_couvrir--110.html HTTP/1.1" 200 9254 "" "msnbot/1.0 (+http://search.msn.com/msnbot.htm)"
65.54.188.93 - - [10/Oct/2006:05:27:39 +0000] "GET /Gen_ts/Loisirs--106.html HTTP/1.1" 200 9248 "" "msnbot/1.0 (+http://search.msn.com/msnbot.htm)"
65.54.188.94 - - [10/Oct/2006:05:34:35 +0000] "GET /Gen_ts/Calendrier--105.html HTTP/1.1" 200 10244 "" "msnbot/1.0 (+http://search.msn.com/msnbot.htm)"
65.54.188.94 - - [10/Oct/2006:05:34:37 +0000] "GET /Gen_ts/Calendrier--105.html HTTP/1.1" 200 10202 "" "msnbot/1.0 (+http://search.msn.com/msnbot.htm)"
65.54.188.93 - - [10/Oct/2006:05:42:10 +0000] "GET /Gen_ts/Calendrier--105.html HTTP/1.1" 200 10194 "" "msnbot/1.0 (+http://search.msn.com/msnbot.htm)"
65.54.188.93 - - [10/Oct/2006:05:42:09 +0000] "GET /Gen_ts/Calendrier--105.html HTTP/1.1" 200 10243 "" "msnbot/1.0 (+http://search.msn.com/msnbot.htm)"
65.54.188.93 - - [10/Oct/2006:05:42:10 +0000] "GET /Gen_ts/Calendrier--105.html HTTP/1.1" 200 10224 "" "msnbot/1.0 (+http://search.msn.com/msnbot.htm)"
207.46.98.75 - - [10/Oct/2006:06:13:26 +0000] "GET /Gen_ts/H_bergement--108.html HTTP/1.1" 200 26883 "" "msnbot/1.0 (+http://search.msn.com/msnbot.htm)"
207.46.98.75 - - [10/Oct/2006:06:14:18 +0000] "GET /Gen_ts/Loisirs--106.html HTTP/1.1" 200 9248 "" "msnbot/1.0 (+http://search.msn.com/msnbot.htm)"
66.249.65.67 - - [10/Oct/2006:06:17:37 +0000] "GET /Gen_ts/H_bergement--108.html HTTP/1.1" 200 28737 "" "Mozilla/5.0 (compatible; Googlebot/2.1; +http://www.google.com/bot.html)"
66.249.65.67 - - [10/Oct/2006:06:21:58 +0000] "GET /Gen_ts/H_bergement--108.html HTTP/1.1" 200 28737 "" "Mozilla/5.0 (compatible; Googlebot/2.1; +http://www.google.com/bot.html)"
65.54.188.92 - - [10/Oct/2006:06:45:43 +0000] "GET /Gen_ts/H_bergement--108.html HTTP/1.1" 200 28885 "" "msnbot/1.0 (+http://search.msn.com/msnbot.htm)"
65.54.188.92 - - [10/Oct/2006:06:45:43 +0000] "GET /Gen_ts/H_bergement--108.html HTTP/1.1" 200 29009 "" "msnbot/1.0 (+http://search.msn.com/msnbot.htm)"
65.54.188.92 - - [10/Oct/2006:06:45:43 +0000] "GET /Gen_ts/H_bergement--108.html HTTP/1.1" 200 33750 "" "msnbot/1.0 (+http://search.msn.com/msnbot.htm)"
65.54.188.92 - - [10/Oct/2006:06:46:43 +0000] "GET /Gen_ts/H_bergement--108.html HTTP/1.1" 200 28882 "" "msnbot/1.0 (+http://search.msn.com/msnbot.htm)"
65.54.188.92 - - [10/Oct/2006:06:46:43 +0000] "GET /Gen_ts/H_bergement--108.html HTTP/1.1" 200 28783 "" "msnbot/1.0 (+http://search.msn.com/msnbot.htm)"
65.54.188.92 - - [10/Oct/2006:06:46:43 +0000] "GET /Gen_ts/H_bergement--108.html HTTP/1.1" 200 29071 "" "msnbot/1.0 (+http://search.msn.com/msnbot.htm)"
65.54.188.92 - - [10/Oct/2006:06:47:43 +0000] "GET /Gen_ts/H_bergement--108.html HTTP/1.1" 200 28737 "" "msnbot/1.0 (+http://search.msn.com/msnbot.htm)"
65.54.188.92 - - [10/Oct/2006:06:47:43 +0000] "GET /Gen_ts/H_bergement--108.html HTTP/1.1" 200 28732 "" "msnbot/1.0 (+http://search.msn.com/msnbot.htm)"
65.54.188.92 - - [10/Oct/2006:06:47:43 +0000] "GET /Gen_ts/H_bergement--108.html HTTP/1.1" 200 28989 "" "msnbot/1.0 (+http://search.msn.com/msnbot.htm)"
65.54.188.92 - - [10/Oct/2006:06:48:42 +0000] "GET /Gen_ts/H_bergement--108.html HTTP/1.1" 200 28737 "" "msnbot/1.0 (+http://search.msn.com/msnbot.htm)"
65.54.188.92 - - [10/Oct/2006:06:49:00 +0000] "GET /Gen_ts/H_bergement--108.html HTTP/1.1" 200 30424 "" "msnbot/1.0 (+http://search.msn.com/msnbot.htm)"
65.54.188.91 - - [10/Oct/2006:08:13:13 +0000] "GET /Gen_ts--59.html HTTP/1.1" 200 38251 "" "msnbot/1.0 (+http://search.msn.com/msnbot.htm)"
65.54.188.91 - - [10/Oct/2006:08:13:14 +0000] "GET /Gen_ts/H_bergement--108.html HTTP/1.1" 200 32351 "" "msnbot/1.0 (+http://search.msn.com/msnbot.htm)"
65.54.188.91 - - [10/Oct/2006:08:13:33 +0000] "GET /Gen_ts/H_bergement--108.html HTTP/1.1" 200 28759 "" "msnbot/1.0 (+http://search.msn.com/msnbot.htm)"
65.54.188.93 - - [10/Oct/2006:09:03:39 +0000] "GET /Gen_ts--59.html HTTP/1.1" 200 38251 "" "msnbot/1.0 (+http://search.msn.com/msnbot.htm)"
65.54.188.93 - - [10/Oct/2006:09:03:39 +0000] "GET /Gen_ts--59.html HTTP/1.1" 200 38251 "" "msnbot/1.0 (+http://search.msn.com/msnbot.htm)"
65.54.188.93 - - [10/Oct/2006:09:03:39 +0000] "GET /Gen_ts--59.html HTTP/1.1" 200 38251 "" "msnbot/1.0 (+http://search.msn.com/msnbot.htm)"
65.54.188.93 - - [10/Oct/2006:09:03:41 +0000] "GET /Gen_ts/H_bergement--108.html HTTP/1.1" 200 28733 "" "msnbot/1.0 (+http://search.msn.com/msnbot.htm)"
65.54.188.93 - - [10/Oct/2006:09:03:41 +0000] "GET /Gen_ts/H_bergement--108.html HTTP/1.1" 200 37177 "" "msnbot/1.0 (+http://search.msn.com/msnbot.htm)"
65.54.188.93 - - [10/Oct/2006:09:03:41 +0000] "GET /Gen_ts/H_bergement--108.html HTTP/1.1" 200 29010 "" "msnbot/1.0 (+http://search.msn.com/msnbot.htm)"
65.54.188.93 - - [10/Oct/2006:09:04:37 +0000] "GET /Gen_ts/H_bergement--108.html HTTP/1.1" 200 30892 "" "msnbot/1.0 (+http://search.msn.com/msnbot.htm)"
65.54.188.93 - - [10/Oct/2006:09:04:37 +0000] "GET /Gen_ts/H_bergement--108.html HTTP/1.1" 200 34180 "" "msnbot/1.0 (+http://search.msn.com/msnbot.htm)"
65.54.188.93 - - [10/Oct/2006:09:04:37 +0000] "GET /Gen_ts/H_bergement--108.html HTTP/1.1" 200 44084 "" "msnbot/1.0 (+http://search.msn.com/msnbot.htm)"
65.54.188.93 - - [10/Oct/2006:09:05:36 +0000] "GET /Gen_ts/H_bergement--108.html HTTP/1.1" 200 28777 "" "msnbot/1.0 (+http://search.msn.com/msnbot.htm)"
65.54.188.93 - - [10/Oct/2006:09:05:36 +0000] "GET /Gen_ts/H_bergement--108.html HTTP/1.1" 200 42177 "" "msnbot/1.0 (+http://search.msn.com/msnbot.htm)"
65.54.188.93 - - [10/Oct/2006:09:05:36 +0000] "GET /Gen_ts/H_bergement--108.html HTTP/1.1" 200 32406 "" "msnbot/1.0 (+http://search.msn.com/msnbot.htm)"
65.54.188.93 - - [10/Oct/2006:09:06:05 +0000] "GET /Gen_ts/H_bergement--108.html HTTP/1.1" 200 28716 "" "msnbot/1.0 (+http://search.msn.com/msnbot.htm)"
65.54.188.93 - - [10/Oct/2006:09:06:05 +0000] "GET /Gen_ts/H_bergement--108.html HTTP/1.1" 200 34054 "" "msnbot/1.0 (+http://search.msn.com/msnbot.htm)"
65.54.188.93 - - [10/Oct/2006:09:06:38 +0000] "GET /Gen_ts/H_bergement--108.html HTTP/1.1" 200 28850 "" "msnbot/1.0 (+http://search.msn.com/msnbot.htm)"
65.54.188.93 - - [10/Oct/2006:09:06:38 +0000] "GET /Gen_ts/H_bergement--108.html HTTP/1.1" 200 28738 "" "msnbot/1.0 (+http://search.msn.com/msnbot.htm)"
65.54.188.93 - - [10/Oct/2006:09:06:54 +0000] "GET /Gen_ts/H_bergement--108.html HTTP/1.1" 200 28749 "" "msnbot/1.0 (+http://search.msn.com/msnbot.htm)"
65.54.188.93 - - [10/Oct/2006:09:06:54 +0000] "GET /Gen_ts/H_bergement--108.html HTTP/1.1" 200 30356 "" "msnbot/1.0 (+http://search.msn.com/msnbot.htm)"
66.249.66.37 - - [10/Oct/2006:09:07:18 +0000] "GET /Gen_ts/Calendrier--105.html HTTP/1.1" 200 10202 "" "Mozilla/5.0 (compatible; Googlebot/2.1; +http://www.google.com/bot.html)"
65.54.188.93 - - [10/Oct/2006:09:07:20 +0000] "GET /Gen_ts/H_bergement--108.html HTTP/1.1" 200 30368 "" "msnbot/1.0 (+http://search.msn.com/msnbot.htm)"
65.54.188.93 - - [10/Oct/2006:09:07:29 +0000] "GET /Gen_ts/H_bergement--108.html HTTP/1.1" 200 34040 "" "msnbot/1.0 (+http://search.msn.com/msnbot.htm)"
65.54.188.93 - - [10/Oct/2006:09:07:49 +0000] "GET /Gen_ts/H_bergement--108.html HTTP/1.1" 200 30516 "" "msnbot/1.0 (+http://search.msn.com/msnbot.htm)"
65.54.188.93 - - [10/Oct/2006:09:08:04 +0000] "GET /Gen_ts/H_bergement--108.html HTTP/1.1" 200 30646 "" "msnbot/1.0 (+http://search.msn.com/msnbot.htm)"
66.249.66.37 - - [10/Oct/2006:09:29:04 +0000] "GET /Gen_ts/Calendrier--105.html HTTP/1.1" 200 11076 "" "Mozilla/5.0 (compatible; Googlebot/2.1; +http://www.google.com/bot.html)"
81.80.106.155 - - [10/Oct/2006:09:40:24 +0000] "GET /Gen_ts--59.html HTTP/1.1" 200 38251 "" "Mozilla/4.0 (compatible; MSIE 6.0; Windows NT 5.1; SV1)"
81.80.106.155 - - [10/Oct/2006:09:46:42 +0000] "GET /Gen_ts--59.html HTTP/1.1" 200 38251 "" "Mozilla/4.0 (compatible; MSIE 6.0; Windows NT 5.1; SV1)"
81.80.106.155 - - [10/Oct/2006:09:48:51 +0000] "GET /Gen_ts/Loisirs--106.html HTTP/1.1" 200 9248 "http://www.ville-genets.com/index.php?id=232" "Mozilla/4.0 (compatible; MSIE 6.0; Windows NT 5.1; SV1)"
66.249.66.37 - - [10/Oct/2006:09:55:14 +0000] "GET /Gen_ts/Calendrier--105.html HTTP/1.1" 200 10182 "" "Mozilla/5.0 (compatible; Googlebot/2.1; +http://www.google.com/bot.html)"
81.80.106.155 - - [10/Oct/2006:10:00:28 +0000] "GET /Gen_ts/Loisirs--106.html HTTP/1.1" 200 9635 "http://www.ville-genets.com/fr/loisirs.html" "Mozilla/4.0 (compatible; MSIE 6.0; Windows NT 5.1; SV1)"
81.80.106.155 - - [10/Oct/2006:10:05:21 +0000] "GET /Gen_ts/Loisirs--106.html HTTP/1.1" 200 10405 "" "Mozilla/4.0 (compatible; MSIE 6.0; Windows NT 5.1; SV1)"
66.249.66.37 - - [10/Oct/2006:10:21:26 +0000] "GET /Gen_ts/Calendrier--105.html HTTP/1.1" 200 10276 "" "Mozilla/5.0 (compatible; Googlebot/2.1; +http://www.google.com/bot.html)"
81.80.106.155 - - [10/Oct/2006:10:26:02 +0000] "GET /Gen_ts/Loisirs--106.html HTTP/1.1" 200 10085 "http://www.ville-genets.com/fr/loisirs.html" "Mozilla/4.0 (compatible; MSIE 6.0; Windows NT 5.1; SV1)"
81.80.106.155 - - [10/Oct/2006:10:28:32 +0000] "GET /Gen_ts/Loisirs--106.html HTTP/1.1" 200 10109 "http://www.ville-genets.com/fr/loisirs.html" "Mozilla/4.0 (compatible; MSIE 6.0; Windows NT 5.1; SV1)"
81.80.106.155 - - [10/Oct/2006:10:31:34 +0000] "GET /Gen_ts/Loisirs--106.html HTTP/1.1" 200 10085 "http://www.ville-genets.com/fr/loisirs.html" "Mozilla/4.0 (compatible; MSIE 6.0; Windows NT 5.1; SV1)"
80.161.90.71 - - [10/Oct/2006:10:35:04 +0000] "GET /Gen_ts--59.html HTTP/1.1" 200 38181 "http://www.portedelabaie.com/" "Mozilla/5.0 (Windows; U; Windows NT 5.1; da-DK; rv:1.7.12) Gecko/20050919 Firefox/1.0.7"
80.161.90.71 - - [10/Oct/2006:10:35:10 +0000] "GET /Gen_ts--59.html HTTP/1.1" 200 38181 "" "Mozilla/5.0 (Windows; U; Windows NT 5.1; da-DK; rv:1.7.12) Gecko/20050919 Firefox/1.0.7"
81.80.106.155 - - [10/Oct/2006:11:12:42 +0000] "GET /Gen_ts/Loisirs--106.html HTTP/1.1" 200 10199 "http://www.ville-genets.com/fr/loisirs.html" "Mozilla/4.0 (compatible; MSIE 6.0; Windows NT 5.1; SV1)"
81.80.106.155 - - [10/Oct/2006:11:13:01 +0000] "GET /Gen_ts/Loisirs--106.html HTTP/1.1" 200 10199 "http://www.ville-genets.com/fr/loisirs.html" "Mozilla/4.0 (compatible; MSIE 6.0; Windows NT 5.1; SV1)"
81.80.106.155 - - [10/Oct/2006:11:14:16 +0000] "GET /Gen_ts/Loisirs--106.html HTTP/1.1" 200 10601 "http://www.ville-genets.com/fr/loisirs.html" "Mozilla/4.0 (compatible; MSIE 6.0; Windows NT 5.1; SV1)"
81.80.106.155 - - [10/Oct/2006:11:18:16 +0000] "GET /Gen_ts/Loisirs--106.html HTTP/1.1" 200 10601 "http://www.ville-genets.com/fr/loisirs.html" "Mozilla/4.0 (compatible; MSIE 6.0; Windows NT 5.1; SV1)"
81.80.106.155 - - [10/Oct/2006:11:19:44 +0000] "GET /Gen_ts/Loisirs--106.html HTTP/1.1" 200 10603 "http://www.ville-genets.com/fr/loisirs.html" "Mozilla/4.0 (compatible; MSIE 6.0; Windows NT 5.1; SV1)"
81.80.106.155 - - [10/Oct/2006:11:23:17 +0000] "GET /Gen_ts/Loisirs--106.html HTTP/1.1" 200 11495 "http://www.ville-genets.com/fr/loisirs.html" "Mozilla/4.0 (compatible; MSIE 6.0; Windows NT 5.1; SV1)"
81.80.106.155 - - [10/Oct/2006:11:27:20 +0000] "GET /Gen_ts/Vie_Pratique--107.html HTTP/1.1" 200 9263 "http://www.ville-genets.com/fr/loisirs.html" "Mozilla/4.0 (compatible; MSIE 6.0; Windows NT 5.1; SV1)"
81.80.106.155 - - [10/Oct/2006:11:27:27 +0000] "GET /Gen_ts/Vie_Pratique--107.html HTTP/1.1" 200 9263 "http://www.ville-genets.com/fr/loisirs.html" "Mozilla/4.0 (compatible; MSIE 6.0; Windows NT 5.1; SV1)"
81.80.106.155 - - [10/Oct/2006:11:27:46 +0000] "GET /Gen_ts/Loisirs--106.html HTTP/1.1" 200 10653 "http://www.ville-genets.com/fr/vie-pratique.html" "Mozilla/4.0 (compatible; MSIE 6.0; Windows NT 5.1; SV1)"
81.80.106.155 - - [10/Oct/2006:11:27:59 +0000] "GET /Gen_ts/Vie_Pratique--107.html HTTP/1.1" 200 9263 "http://www.ville-genets.com/fr/loisirs.html" "Mozilla/4.0 (compatible; MSIE 6.0; Windows NT 5.1; SV1)"
81.80.106.155 - - [10/Oct/2006:11:34:32 +0000] "GET /Gen_ts/Loisirs--106.html HTTP/1.1" 200 10653 "http://www.ville-genets.com/fr/vie-pratique.html" "Mozilla/4.0 (compatible; MSIE 6.0; Windows NT 5.1; SV1)"
81.80.106.155 - - [10/Oct/2006:11:34:41 +0000] "GET /Gen_ts/Vie_Pratique--107.html HTTP/1.1" 200 9263 "http://www.ville-genets.com/fr/loisirs.html" "Mozilla/4.0 (compatible; MSIE 6.0; Windows NT 5.1; SV1)"
66.249.66.37 - - [10/Oct/2006:11:39:08 +0000] "GET /Gen_ts/H_bergement--108.html HTTP/1.1" 200 30424 "" "Mozilla/5.0 (compatible; Googlebot/2.1; +http://www.google.com/bot.html)"
81.80.106.155 - - [10/Oct/2006:11:41:58 +0000] "GET /Gen_ts/Vie_Pratique--107.html HTTP/1.1" 200 9263 "http://www.ville-genets.com/fr/loisirs.html" "Mozilla/4.0 (compatible; MSIE 6.0; Windows NT 5.1; SV1)"
81.80.106.155 - - [10/Oct/2006:11:42:15 +0000] "GET /Gen_ts/Tourisme--109.html HTTP/1.1" 200 9251 "http://www.ville-genets.com/fr/vie-pratique.html" "Mozilla/4.0 (compatible; MSIE 6.0; Windows NT 5.1; SV1)"
81.80.106.155 - - [10/Oct/2006:11:42:20 +0000] "GET /Gen_ts/Loisirs--106.html HTTP/1.1" 200 10653 "http://www.ville-genets.com/fr/tourisme.html" "Mozilla/4.0 (compatible; MSIE 6.0; Windows NT 5.1; SV1)"
81.80.106.155 - - [10/Oct/2006:11:48:21 +0000] "GET /Gen_ts/Loisirs--106.html HTTP/1.1" 200 11896 "http://www.ville-genets.com/fr/tourisme.html" "Mozilla/4.0 (compatible; MSIE 6.0; Windows NT 5.1; SV1)"
81.80.106.155 - - [10/Oct/2006:11:50:11 +0000] "GET /Gen_ts/Loisirs--106.html HTTP/1.1" 200 11896 "http://www.ville-genets.com/fr/tourisme.html" "Mozilla/4.0 (compatible; MSIE 6.0; Windows NT 5.1; SV1)"
81.80.106.155 - - [10/Oct/2006:11:52:30 +0000] "GET /Gen_ts/Loisirs--106.html HTTP/1.1" 200 11733 "http://www.ville-genets.com/fr/tourisme.html" "Mozilla/4.0 (compatible; MSIE 6.0; Windows NT 5.1; SV1)"
81.80.106.155 - - [10/Oct/2006:11:53:59 +0000] "GET /Gen_ts/Loisirs--106.html HTTP/1.1" 200 11757 "http://www.ville-genets.com/fr/tourisme.html" "Mozilla/4.0 (compatible; MSIE 6.0; Windows NT 5.1; SV1)"
81.80.106.155 - - [10/Oct/2006:11:59:53 +0000] "GET /Gen_ts/Loisirs--106.html HTTP/1.1" 200 9248 "http://www.ville-genets.com/fr/tourisme.html" "Mozilla/4.0 (compatible; MSIE 6.0; Windows NT 5.1; SV1)"
65.54.188.93 - - [10/Oct/2006:16:11:51 +0000] "GET /Gen_ts--59.html HTTP/1.1" 200 38181 "" "msnbot/1.0 (+http://search.msn.com/msnbot.htm)"
65.54.188.93 - - [10/Oct/2006:21:08:30 +0000] "GET /Gen_ts--59.html HTTP/1.1" 200 38181 "" "msnbot/1.0 (+http://search.msn.com/msnbot.htm)"
83.158.70.25 - - [11/Oct/2006:01:35:46 +0000] "GET /Gen_ts--59.html HTTP/1.1" 200 38181 "http://www.portedelabaie.com/fr/loisirs.html" "Mozilla/5.0 (Windows; U; Windows NT 5.1; fr; rv:1.8.0.7) Gecko/20060909 Firefox/1.5.0.7"
83.158.70.25 - - [11/Oct/2006:01:35:48 +0000] "GET /Gen_ts--59.html HTTP/1.1" 200 38181 "" "Mozilla/5.0 (Windows; U; Windows NT 5.1; fr; rv:1.8.0.7) Gecko/20060909 Firefox/1.5.0.7"
65.54.188.93 - - [11/Oct/2006:01:51:06 +0000] "GET /Gen_ts--59.html HTTP/1.1" 200 38181 "" "msnbot/1.0 (+http://search.msn.com/msnbot.htm)"
208.17.184.59 - - [11/Oct/2006:09:02:10 +0000] "GET /Gen_ts--59.html HTTP/1.1" 200 38181 "-" "Mozilla/5.0 (X11; U; Linux i686; en-US; rv:1.7.12) Gecko/20050922 Fedora/1.0.7-1.1.fc4 Firefox/1.0.7"
208.17.184.59 - - [11/Oct/2006:09:02:11 +0000] "GET /Gen_ts--59.html HTTP/1.1" 200 38181 "" "Mozilla/5.0 (X11; U; Linux i686; en-US; rv:1.7.12) Gecko/20050922 Fedora/1.0.7-1.1.fc4 Firefox/1.0.7"
208.17.184.59 - - [11/Oct/2006:09:02:12 +0000] "GET /Gen_ts--59.html HTTP/1.1" 200 38181 "http://www.ville-genets.com/" "Mozilla/5.0 (X11; U; Linux i686; en-US; rv:1.7.12) Gecko/20050922 Fedora/1.0.7-1.1.fc4 Firefox/1.0.7"
208.17.184.59 - - [11/Oct/2006:09:02:13 +0000] "GET /Gen_ts/D_couvrir--110.html HTTP/1.1" 200 9254 "http://www.ville-genets.com/" "Mozilla/5.0 (X11; U; Linux i686; en-US; rv:1.7.12) Gecko/20050922 Fedora/1.0.7-1.1.fc4 Firefox/1.0.7"
208.17.184.59 - - [11/Oct/2006:09:02:14 +0000] "GET /Gen_ts/Tourisme--109.html HTTP/1.1" 200 9251 "http://www.ville-genets.com/" "Mozilla/5.0 (X11; U; Linux i686; en-US; rv:1.7.12) Gecko/20050922 Fedora/1.0.7-1.1.fc4 Firefox/1.0.7"
81.242.196.226 - - [11/Oct/2006:10:01:45 +0000] "GET /Gen_ts--59.html HTTP/1.1" 200 38181 "http://www.google.be/search?hl=fr&q=tombelaine+l%C3%A9gende&meta=" "Mozilla/4.0 (compatible; MSIE 6.0; Windows NT 5.1; SV1; Crazy Browser 2.0.1)"
81.242.196.226 - - [11/Oct/2006:10:04:15 +0000] "GET /Gen_ts/Tourisme--109.html HTTP/1.1" 200 9251 "http://www.ville-genets.com/" "Mozilla/4.0 (compatible; MSIE 6.0; Windows NT 5.1; SV1; Crazy Browser 2.0.1)"
81.242.196.226 - - [11/Oct/2006:10:04:18 +0000] "GET /Gen_ts/Tourisme--109.html HTTP/1.1" 200 9251 "http://www.ville-genets.com/fr/tourisme.html" "Mozilla/4.0 (compatible; MSIE 6.0; Windows NT 5.1; SV1; Crazy Browser 2.0.1)"
81.242.196.226 - - [11/Oct/2006:10:04:19 +0000] "GET /Gen_ts/D_couvrir--110.html HTTP/1.1" 200 9254 "http://www.ville-genets.com/fr/tourisme.html" "Mozilla/4.0 (compatible; MSIE 6.0; Windows NT 5.1; SV1; Crazy Browser 2.0.1)"
81.242.196.226 - - [11/Oct/2006:10:04:22 +0000] "GET /Gen_ts--59.html HTTP/1.1" 200 38181 "http://www.google.be/search?hl=fr&q=tombelaine+l%C3%A9gende&meta=" "Mozilla/4.0 (compatible; MSIE 6.0; Windows NT 5.1; SV1; Crazy Browser 2.0.1)"
60.28.17.51 - - [11/Oct/2006:10:44:08 +0000] "GET /Gen_ts--59.html HTTP/1.1" 200 38267 "" "Baiduspider+(+http://www.baidu.com/search/spider.htm)"
146.234.100.106 - - [11/Oct/2006:11:28:57 +0000] "GET /Gen_ts--59.html HTTP/1.1" 200 38930 "http://www.portedelabaie.com/fr/plan-du-site.html" "Mozilla/4.0 (compatible; MSIE 6.0; Windows NT 5.0; .NET CLR 1.1.4322)"
146.234.100.106 - - [11/Oct/2006:11:30:37 +0000] "GET /Gen_ts--59.html HTTP/1.1" 200 38930 "http://www.portedelabaie.com/fr/plan-du-site.html" "Mozilla/4.0 (compatible; MSIE 6.0; Windows NT 5.0; .NET CLR 1.1.4322)"
193.251.10.180 - - [11/Oct/2006:13:48:27 +0000] "GET /Gen_ts/H_bergement--108.html HTTP/1.1" 200 27748 "http://www.google.fr/search?hl=fr&q=commune+de+genets&meta=" "Mozilla/4.0 (compatible; MSIE 6.0; Windows NT 5.1; .NET CLR 1.1.4322)"
193.251.10.180 - - [11/Oct/2006:13:48:28 +0000] "GET /Gen_ts--59.html HTTP/1.1" 200 38590 "" "Avant Browser (http://www.avantbrowser.com)"
193.251.10.180 - - [11/Oct/2006:13:49:11 +0000] "GET /Gen_ts--59.html HTTP/1.1" 200 38590 "http://www.google.fr/search?hl=fr&q=commune+de+genets&meta=" "Mozilla/4.0 (compatible; MSIE 6.0; Windows NT 5.1; .NET CLR 1.1.4322)"
193.251.10.180 - - [11/Oct/2006:13:49:39 +0000] "GET /Gen_ts/Vie_Pratique--107.html HTTP/1.1" 200 9840 "http://www.ville-genets.com/" "Mozilla/4.0 (compatible; MSIE 6.0; Windows NT 5.1; .NET CLR 1.1.4322)"
207.46.98.74 - - [11/Oct/2006:15:09:02 +0000] "GET /Gen_ts/D_couvrir--110.html HTTP/1.1" 200 9831 "" "msnbot/1.0 (+http://search.msn.com/msnbot.htm)"
81.80.225.193 - - [11/Oct/2006:17:05:10 +0000] "GET /Gen_ts--59.html HTTP/1.1" 200 38590 "http://www.google.fr/search?hl=fr&q=COMMUNE+DE+GENETS&meta=" "Mozilla/4.0 (compatible; MSIE 6.0; Windows NT 5.1; SV1)"
81.80.225.193 - - [11/Oct/2006:17:21:07 +0000] "GET /Gen_ts/H_bergement--108.html HTTP/1.1" 200 27748 "http://www.google.fr/search?hl=fr&q=COMMUNE+DE+GENETS&meta=" "Mozilla/4.0 (compatible; MSIE 6.0; Windows NT 5.1; SV1)"
81.80.225.193 - - [11/Oct/2006:17:21:36 +0000] "GET /Gen_ts/H_bergement--108.html HTTP/1.1" 200 27418 "http://www.ville-genets.com/fr/hebergement.html" "Mozilla/4.0 (compatible; MSIE 6.0; Windows NT 5.1; SV1)"
81.80.225.193 - - [11/Oct/2006:17:21:51 +0000] "GET /Gen_ts/H_bergement--108.html HTTP/1.1" 200 31233 "http://www.ville-genets.com/index.php?id=108" "Mozilla/4.0 (compatible; MSIE 6.0; Windows NT 5.1; SV1)"
81.80.225.193 - - [11/Oct/2006:17:22:21 +0000] "GET /Gen_ts/H_bergement--108.html HTTP/1.1" 200 26541 "http://www.ville-genets.com/no_cache/fr/hebergement.html?tx_travelguide_pi1%5Bscat%5D=3&tx_travelguide_pi1%5Bsloc%5D=2" "Mozilla/4.0 (compatible; MSIE 6.0; Windows NT 5.1; SV1)"
81.80.225.193 - - [11/Oct/2006:17:22:38 +0000] "GET /Gen_ts/H_bergement--108.html HTTP/1.1" 200 26541 "http://www.ville-genets.com/no_cache/fr/hebergement.html?tx_travelguide_pi1%5Bscat%5D=3&tx_travelguide_pi1%5Bsloc%5D=2" "Mozilla/4.0 (compatible; MSIE 6.0; Windows NT 5.1; SV1)"
81.80.225.193 - - [11/Oct/2006:17:40:42 +0000] "GET /Gen_ts--59.html HTTP/1.1" 200 38590 "http://www.google.fr/search?hl=fr&q=commune+de+genets&meta=" "Mozilla/4.0 (compatible; MSIE 6.0; Windows NT 5.1; SV1; .NET CLR 1.1.4322)"
86.220.126.199 - - [11/Oct/2006:23:04:23 +0000] "GET /Gen_ts--59.html HTTP/1.1" 200 38402 "http://www.dragey-ronthon.com/fr/plan-du-site.html" "Opera/9.02 (X11; Linux i686; U; fr)"
86.220.126.199 - - [11/Oct/2006:23:04:26 +0000] "GET /Gen_ts--59.html HTTP/1.1" 200 38402 "http://www.ville-genets.com/" "Opera/9.02 (X11; Linux i686; U; fr)"
86.220.126.199 - - [11/Oct/2006:23:04:28 +0000] "GET /Gen_ts/Plan_du_Site--232.html HTTP/1.1" 200 10232 "http://www.ville-genets.com/" "Opera/9.02 (X11; Linux i686; U; fr)"
86.220.126.199 - - [11/Oct/2006:23:04:34 +0000] "GET /Gen_ts/H_bergement--108.html HTTP/1.1" 200 27112 "http://www.ville-genets.com/fr/plan-du-site.html" "Opera/9.02 (X11; Linux i686; U; fr)"
86.220.126.199 - - [11/Oct/2006:23:04:49 +0000] "GET /Gen_ts/H_bergement--108.html HTTP/1.1" 200 30875 "http://www.ville-genets.com/no_cache/fr/hebergement.html" "Opera/9.02 (X11; Linux i686; U; fr)"
66.249.65.72 - - [12/Oct/2006:01:12:19 +0000] "GET /Gen_ts--59.html HTTP/1.1" 200 38472 "" "Mozilla/5.0 (compatible; Googlebot/2.1; +http://www.google.com/bot.html)"
66.249.65.13 - - [12/Oct/2006:02:41:12 +0000] "GET /Gen_ts/Calendrier--105.html HTTP/1.1" 200 10473 "" "Mozilla/5.0 (compatible; Googlebot/2.1; +http://www.google.com/bot.html)"
66.249.65.13 - - [12/Oct/2006:06:05:49 +0000] "GET /Gen_ts/Calendrier--105.html HTTP/1.1" 200 10471 "" "Mozilla/5.0 (compatible; Googlebot/2.1; +http://www.google.com/bot.html)"
66.249.65.13 - - [12/Oct/2006:08:17:16 +0000] "GET /Gen_ts/Calendrier--105.html HTTP/1.1" 200 10472 "" "Mozilla/5.0 (compatible; Googlebot/2.1; +http://www.google.com/bot.html)"
86.205.222.38 - - [12/Oct/2006:10:18:10 +0000] "GET /Gen_ts--59.html HTTP/1.1" 200 38472 "" "Mozilla/4.0 (compatible; MSIE 6.0; Windows NT 5.1; .NET CLR 1.1.4322)"
86.205.222.38 - - [12/Oct/2006:10:18:49 +0000] "GET /Gen_ts/Vie_Pratique--107.html HTTP/1.1" 200 9492 "" "Mozilla/4.0 (compatible; MSIE 6.0; Windows NT 5.1; .NET CLR 1.1.4322)"
86.205.222.38 - - [12/Oct/2006:10:18:53 +0000] "GET /Gen_ts/Plan_du_Site--232.html HTTP/1.1" 200 10232 "" "Mozilla/4.0 (compatible; MSIE 6.0; Windows NT 5.1; .NET CLR 1.1.4322)"
86.205.222.38 - - [12/Oct/2006:10:18:54 +0000] "GET /Gen_ts/Loisirs--106.html HTTP/1.1" 200 9477 "http://www.ville-genets.com/fr/plan-du-site.html" "Mozilla/4.0 (compatible; MSIE 6.0; Windows NT 5.1; .NET CLR 1.1.4322)"
86.205.222.38 - - [12/Oct/2006:10:18:56 +0000] "GET /Gen_ts/Calendrier--105.html HTTP/1.1" 200 15439 "http://www.ville-genets.com/fr/loisirs.html" "Mozilla/4.0 (compatible; MSIE 6.0; Windows NT 5.1; .NET CLR 1.1.4322)"
66.249.65.13 - - [12/Oct/2006:10:30:39 +0000] "GET /Gen_ts/Calendrier--105.html HTTP/1.1" 200 10423 "" "Mozilla/5.0 (compatible; Googlebot/2.1; +http://www.google.com/bot.html)"
66.249.65.13 - - [12/Oct/2006:10:36:54 +0000] "GET /Gen_ts/Calendrier--105.html HTTP/1.1" 200 11305 "" "Mozilla/5.0 (compatible; Googlebot/2.1; +http://www.google.com/bot.html)"
84.60.149.155 - - [12/Oct/2006:11:54:17 +0000] "GET /Gen_ts--59.html HTTP/1.1" 200 38472 "http://www.portedelabaie.com/" "Mozilla/5.0 (Macintosh; U; PPC Mac OS X Mach-O; de-DE; rv:1.7.8) Gecko/20050511 Firefox/1.0.4"
84.60.149.155 - - [12/Oct/2006:11:54:20 +0000] "GET /Gen_ts--59.html HTTP/1.1" 200 38472 "" "Mozilla/5.0 (Macintosh; U; PPC Mac OS X Mach-O; de-DE; rv:1.7.8) Gecko/20050511 Firefox/1.0.4"
84.60.149.155 - - [12/Oct/2006:11:54:27 +0000] "GET /Gen_ts/Tourisme--109.html HTTP/1.1" 200 9480 "http://www.ville-genets.com/" "Mozilla/5.0 (Macintosh; U; PPC Mac OS X Mach-O; de-DE; rv:1.7.8) Gecko/20050511 Firefox/1.0.4"
84.60.149.155 - - [12/Oct/2006:11:54:28 +0000] "GET /Gen_ts--59.html HTTP/1.1" 200 38472 "" "Mozilla/5.0 (Macintosh; U; PPC Mac OS X Mach-O; de-DE; rv:1.7.8) Gecko/20050511 Firefox/1.0.4"
84.60.149.155 - - [12/Oct/2006:11:54:33 +0000] "GET /Gen_ts/D_couvrir--110.html HTTP/1.1" 200 9483 "http://www.ville-genets.com/fr/tourisme.html" "Mozilla/5.0 (Macintosh; U; PPC Mac OS X Mach-O; de-DE; rv:1.7.8) Gecko/20050511 Firefox/1.0.4"
84.60.149.155 - - [12/Oct/2006:11:54:34 +0000] "GET /Gen_ts--59.html HTTP/1.1" 200 38472 "" "Mozilla/5.0 (Macintosh; U; PPC Mac OS X Mach-O; de-DE; rv:1.7.8) Gecko/20050511 Firefox/1.0.4"
84.60.149.155 - - [12/Oct/2006:11:54:38 +0000] "GET /Gen_ts/D_couvrir--110.html HTTP/1.1" 200 9483 "http://www.ville-genets.com/fr/decouvrir.html" "Mozilla/5.0 (Macintosh; U; PPC Mac OS X Mach-O; de-DE; rv:1.7.8) Gecko/20050511 Firefox/1.0.4"
84.60.149.155 - - [12/Oct/2006:11:54:38 +0000] "GET /Gen_ts--59.html HTTP/1.1" 200 38472 "" "Mozilla/5.0 (Macintosh; U; PPC Mac OS X Mach-O; de-DE; rv:1.7.8) Gecko/20050511 Firefox/1.0.4"
84.60.149.155 - - [12/Oct/2006:11:54:44 +0000] "GET /Gen_ts/Loisirs--106.html HTTP/1.1" 200 9477 "http://www.ville-genets.com/fr/decouvrir.html" "Mozilla/5.0 (Macintosh; U; PPC Mac OS X Mach-O; de-DE; rv:1.7.8) Gecko/20050511 Firefox/1.0.4"
84.60.149.155 - - [12/Oct/2006:11:54:44 +0000] "GET /Gen_ts--59.html HTTP/1.1" 200 38472 "" "Mozilla/5.0 (Macintosh; U; PPC Mac OS X Mach-O; de-DE; rv:1.7.8) Gecko/20050511 Firefox/1.0.4"
84.60.149.155 - - [12/Oct/2006:11:54:47 +0000] "GET /Gen_ts--59.html HTTP/1.1" 200 38472 "" "Mozilla/5.0 (Macintosh; U; PPC Mac OS X Mach-O; de-DE; rv:1.7.8) Gecko/20050511 Firefox/1.0.4"
84.60.149.155 - - [12/Oct/2006:11:54:48 +0000] "GET /Gen_ts--59.html HTTP/1.1" 200 38472 "" "Mozilla/5.0 (Macintosh; U; PPC Mac OS X Mach-O; de-DE; rv:1.7.8) Gecko/20050511 Firefox/1.0.4"
84.60.149.155 - - [12/Oct/2006:11:54:49 +0000] "GET /Gen_ts--59.html HTTP/1.1" 200 38472 "" "Mozilla/5.0 (Macintosh; U; PPC Mac OS X Mach-O; de-DE; rv:1.7.8) Gecko/20050511 Firefox/1.0.4"
84.60.149.155 - - [12/Oct/2006:11:57:52 +0000] "GET /Gen_ts--59.html HTTP/1.1" 200 38472 "http://www.portedelabaie.com/" "Mozilla/5.0 (Macintosh; U; PPC Mac OS X Mach-O; de-DE; rv:1.7.8) Gecko/20050511 Firefox/1.0.4"
84.60.149.155 - - [12/Oct/2006:11:57:52 +0000] "GET /Gen_ts--59.html HTTP/1.1" 200 38472 "" "Mozilla/5.0 (Macintosh; U; PPC Mac OS X Mach-O; de-DE; rv:1.7.8) Gecko/20050511 Firefox/1.0.4"
84.60.149.155 - - [12/Oct/2006:11:57:54 +0000] "GET /Gen_ts/D_couvrir--110.html HTTP/1.1" 200 9483 "http://www.ville-genets.com/" "Mozilla/5.0 (Macintosh; U; PPC Mac OS X Mach-O; de-DE; rv:1.7.8) Gecko/20050511 Firefox/1.0.4"
84.60.149.155 - - [12/Oct/2006:11:57:54 +0000] "GET /Gen_ts--59.html HTTP/1.1" 200 38472 "" "Mozilla/5.0 (Macintosh; U; PPC Mac OS X Mach-O; de-DE; rv:1.7.8) Gecko/20050511 Firefox/1.0.4"
84.60.149.155 - - [12/Oct/2006:11:57:56 +0000] "GET /Gen_ts--59.html HTTP/1.1" 200 38472 "" "Mozilla/5.0 (Macintosh; U; PPC Mac OS X Mach-O; de-DE; rv:1.7.8) Gecko/20050511 Firefox/1.0.4"
66.249.65.13 - - [12/Oct/2006:12:31:10 +0000] "GET /Gen_ts/Calendrier--105.html HTTP/1.1" 200 15491 "" "Mozilla/5.0 (compatible; Googlebot/2.1; +http://www.google.com/bot.html)"
82.121.83.173 - - [12/Oct/2006:13:26:26 +0000] "GET /Gen_ts--59.html HTTP/1.1" 200 38472 "http://www.google.fr/search?q=gen%C3%AAts&hl=fr&hs=ZZd&lr=&client=firefox-a&rls=org.mozilla:fr:official&start=10&sa=N" "Mozilla/5.0 (Windows; U; Windows NT 5.1; fr; rv:1.8.0.7) Gecko/20060909 Firefox/1.5.0.7"
82.121.83.173 - - [12/Oct/2006:13:26:31 +0000] "GET /Gen_ts--59.html HTTP/1.1" 200 38472 "" "Mozilla/5.0 (Windows; U; Windows NT 5.1; fr; rv:1.8.0.7) Gecko/20060909 Firefox/1.5.0.7"
82.121.83.173 - - [12/Oct/2006:13:28:51 +0000] "GET /Gen_ts--59.html HTTP/1.1" 200 38472 "http://www.ville-genets.com/" "Mozilla/5.0 (Windows; U; Windows NT 5.1; fr; rv:1.8.0.7) Gecko/20060909 Firefox/1.5.0.7"
82.121.83.173 - - [12/Oct/2006:13:29:46 +0000] "GET /Gen_ts/D_couvrir--110.html HTTP/1.1" 200 9483 "http://www.ville-genets.com/index.php?id=16" "Mozilla/5.0 (Windows; U; Windows NT 5.1; fr; rv:1.8.0.7) Gecko/20060909 Firefox/1.5.0.7"
82.121.83.173 - - [12/Oct/2006:13:29:54 +0000] "GET /Gen_ts/Tourisme--109.html HTTP/1.1" 200 9480 "http://www.ville-genets.com/fr/decouvrir.html" "Mozilla/5.0 (Windows; U; Windows NT 5.1; fr; rv:1.8.0.7) Gecko/20060909 Firefox/1.5.0.7"
82.121.83.173 - - [12/Oct/2006:13:29:57 +0000] "GET /Gen_ts/Tourisme--109.html HTTP/1.1" 200 9480 "http://www.ville-genets.com/fr/tourisme.html" "Mozilla/5.0 (Windows; U; Windows NT 5.1; fr; rv:1.8.0.7) Gecko/20060909 Firefox/1.5.0.7"
82.121.83.173 - - [12/Oct/2006:13:30:14 +0000] "GET /Gen_ts--59.html HTTP/1.1" 200 38472 "http://www.ville-genets.com/fr/tourisme.html" "Mozilla/5.0 (Windows; U; Windows NT 5.1; fr; rv:1.8.0.7) Gecko/20060909 Firefox/1.5.0.7"
66.249.65.13 - - [12/Oct/2006:13:34:38 +0000] "GET /Gen_ts/H_bergement--108.html HTTP/1.1" 200 37406 "" "Mozilla/5.0 (compatible; Googlebot/2.1; +http://www.google.com/bot.html)"
86.205.222.38 - - [12/Oct/2006:13:44:01 +0000] "GET /Gen_ts--59.html HTTP/1.1" 200 38472 "" "Mozilla/4.0 (compatible; MSIE 6.0; Windows NT 5.1; .NET CLR 1.1.4322)"
86.205.222.38 - - [12/Oct/2006:13:44:05 +0000] "GET /Gen_ts/D_couvrir--110.html HTTP/1.1" 200 9483 "http://www.ville-genets.com/" "Mozilla/4.0 (compatible; MSIE 6.0; Windows NT 5.1; .NET CLR 1.1.4322)"
86.205.222.38 - - [12/Oct/2006:13:44:06 +0000] "GET /Gen_ts/Tourisme--109.html HTTP/1.1" 200 9480 "http://www.ville-genets.com/fr/decouvrir.html" "Mozilla/4.0 (compatible; MSIE 6.0; Windows NT 5.1; .NET CLR 1.1.4322)"
86.205.222.38 - - [12/Oct/2006:13:44:07 +0000] "GET /Gen_ts/H_bergement--108.html HTTP/1.1" 200 27112 "http://www.ville-genets.com/fr/tourisme.html" "Mozilla/4.0 (compatible; MSIE 6.0; Windows NT 5.1; .NET CLR 1.1.4322)"
86.205.222.38 - - [12/Oct/2006:13:44:08 +0000] "GET /Gen_ts/Vie_Pratique--107.html HTTP/1.1" 200 9492 "http://www.ville-genets.com/no_cache/fr/hebergement.html" "Mozilla/4.0 (compatible; MSIE 6.0; Windows NT 5.1; .NET CLR 1.1.4322)"
86.205.222.38 - - [12/Oct/2006:13:44:13 +0000] "GET /Gen_ts/Plan_du_Site--232.html HTTP/1.1" 200 10232 "http://www.ville-genets.com/fr/vie-pratique.html" "Mozilla/4.0 (compatible; MSIE 6.0; Windows NT 5.1; .NET CLR 1.1.4322)"
86.205.222.38 - - [12/Oct/2006:13:44:19 +0000] "GET /Gen_ts/D_couvrir--110.html HTTP/1.1" 200 9483 "http://www.ville-genets.com/fr/plan-du-site.html" "Mozilla/4.0 (compatible; MSIE 6.0; Windows NT 5.1; .NET CLR 1.1.4322)"
86.205.222.38 - - [12/Oct/2006:13:44:29 +0000] "GET /Gen_ts/Vie_Pratique--107.html HTTP/1.1" 200 9492 "http://www.ville-genets.com/fr/decouvrir.html" "Mozilla/4.0 (compatible; MSIE 6.0; Windows NT 5.1; .NET CLR 1.1.4322)"
194.3.135.109 - - [12/Oct/2006:13:51:25 +0000] "GET /Gen_ts--59.html HTTP/1.1" 200 38472 "http://www.portedelabaie.com/" "Mozilla/4.0 (compatible; MSIE 6.0; Windows NT 5.1; SV1; .NET CLR 1.1.4322)"
194.3.135.109 - - [12/Oct/2006:13:52:32 +0000] "GET /Gen_ts/Loisirs--106.html HTTP/1.1" 200 9477 "http://www.ville-genets.com/" "Mozilla/4.0 (compatible; MSIE 6.0; Windows NT 5.1; SV1; .NET CLR 1.1.4322)"
194.3.135.109 - - [12/Oct/2006:13:52:36 +0000] "GET /Gen_ts/Vie_Pratique--107.html HTTP/1.1" 200 9492 "http://www.ville-genets.com/fr/loisirs.html" "Mozilla/4.0 (compatible; MSIE 6.0; Windows NT 5.1; SV1; .NET CLR 1.1.4322)"
194.3.135.109 - - [12/Oct/2006:13:52:38 +0000] "GET /Gen_ts/H_bergement--108.html HTTP/1.1" 200 27112 "http://www.ville-genets.com/fr/vie-pratique.html" "Mozilla/4.0 (compatible; MSIE 6.0; Windows NT 5.1; SV1; .NET CLR 1.1.4322)"
194.3.135.109 - - [12/Oct/2006:13:52:41 +0000] "GET /Gen_ts/Tourisme--109.html HTTP/1.1" 200 9480 "http://www.ville-genets.com/no_cache/fr/hebergement.html" "Mozilla/4.0 (compatible; MSIE 6.0; Windows NT 5.1; SV1; .NET CLR 1.1.4322)"
86.192.252.172 - - [12/Oct/2006:14:08:34 +0000] "GET /Gen_ts--59.html HTTP/1.1" 200 38472 "http://www.portedelabaie.com/index.php?id=46&L=0" "Opera/9.02 (X11; Linux i686; U; fr)"
86.192.252.172 - - [12/Oct/2006:14:09:42 +0000] "GET /Gen_ts--59.html HTTP/1.1" 200 38472 "http://www.portedelabaie.com" "Mozilla/4.0 (compatible; MSIE 6.0; Windows NT 5.1; SV1)"
86.192.252.172 - - [12/Oct/2006:14:09:56 +0000] "GET /Gen_ts--59.html HTTP/1.1" 200 38472 "http://www.portedelabaie.com" "Mozilla/4.0 (compatible; MSIE 6.0; Windows NT 5.1; SV1)"
86.192.252.172 - - [12/Oct/2006:14:11:24 +0000] "GET /Gen_ts--59.html HTTP/1.1" 200 38472 "http://www.portedelabaie.com" "Mozilla/4.0 (compatible; MSIE 6.0; Windows NT 5.1; SV1)"
86.192.252.172 - - [12/Oct/2006:14:12:52 +0000] "GET /Gen_ts--59.html HTTP/1.1" 200 38472 "http://www.portedelabaie.com" "Mozilla/4.0 (compatible; MSIE 6.0; Windows NT 5.1; SV1)"
86.192.252.172 - - [12/Oct/2006:14:13:08 +0000] "GET /Gen_ts--59.html HTTP/1.1" 200 38377 "http://www.portedelabaie.com" "Mozilla/4.0 (compatible; MSIE 6.0; Windows NT 5.1; SV1)"
86.192.252.172 - - [12/Oct/2006:14:13:29 +0000] "GET /Gen_ts--59.html HTTP/1.1" 200 38345 "http://www.portedelabaie.com" "Mozilla/4.0 (compatible; MSIE 6.0; Windows NT 5.1; SV1)"
86.192.252.172 - - [12/Oct/2006:14:14:25 +0000] "GET /Gen_ts--59.html HTTP/1.1" 200 38288 "http://www.portedelabaie.com" "Mozilla/4.0 (compatible; MSIE 6.0; Windows NT 5.1; SV1)"
86.192.252.172 - - [12/Oct/2006:14:14:45 +0000] "GET /Gen_ts--59.html HTTP/1.1" 200 38288 "" "Opera/9.02 (X11; Linux i686; U; fr)"
86.192.252.172 - - [12/Oct/2006:14:14:48 +0000] "GET /Gen_ts--59.html HTTP/1.1" 200 38288 "http://www.ville-genets.com/" "Opera/9.02 (X11; Linux i686; U; fr)"
194.199.34.161 - - [12/Oct/2006:16:36:21 +0000] "GET /Gen_ts--59.html HTTP/1.1" 200 38288 "http://www.google.fr/search?hl=fr&q=Spartine+de+townsend+en+anglais&btnG=Rechercher&meta=" "Mozilla/4.0 (compatible; MSIE 6.0; Windows NT 5.1; SV1; .NET CLR 2.0.50727)"
194.199.34.161 - - [12/Oct/2006:16:37:49 +0000] "GET /Gen_ts--59.html HTTP/1.1" 200 38288 "http://www.google.fr/search?hl=fr&q=Spartine+de+townsend+en+anglais&btnG=Rechercher&meta=" "Mozilla/4.0 (compatible; MSIE 6.0; Windows NT 5.1; SV1; .NET CLR 2.0.50727)"
66.249.65.13 - - [12/Oct/2006:17:16:49 +0000] "GET /Gen_ts/H_bergement--108.html HTTP/1.1" 200 28966 "" "Mozilla/5.0 (compatible; Googlebot/2.1; +http://www.google.com/bot.html)"
66.249.65.13 - - [12/Oct/2006:18:52:02 +0000] "GET /Gen_ts/H_bergement--108.html HTTP/1.1" 200 42406 "" "Mozilla/5.0 (compatible; Googlebot/2.1; +http://www.google.com/bot.html)"
66.249.65.13 - - [12/Oct/2006:18:58:22 +0000] "GET /Gen_ts/Calendrier--105.html HTTP/1.1" 200 11305 "" "Mozilla/5.0 (compatible; Googlebot/2.1; +http://www.google.com/bot.html)"
66.249.65.13 - - [12/Oct/2006:20:20:57 +0000] "GET /Gen_ts/H_bergement--108.html HTTP/1.1" 200 30653 "" "Mozilla/5.0 (compatible; Googlebot/2.1; +http://www.google.com/bot.html)"
66.249.65.13 - - [12/Oct/2006:20:27:15 +0000] "GET /Gen_ts/H_bergement--108.html HTTP/1.1" 200 29148 "" "Mozilla/5.0 (compatible; Googlebot/2.1; +http://www.google.com/bot.html)"
66.249.65.13 - - [12/Oct/2006:22:02:30 +0000] "GET /Gen_ts/H_bergement--108.html HTTP/1.1" 200 28966 "" "Mozilla/5.0 (compatible; Googlebot/2.1; +http://www.google.com/bot.html)"
66.249.65.13 - - [13/Oct/2006:02:30:25 +0000] "GET /Gen_ts--59.html HTTP/1.1" 200 38288 "" "Mozilla/5.0 (compatible; Googlebot/2.1; +http://www.google.com/bot.html)"
74.6.74.183 - - [13/Oct/2006:03:06:29 +0000] "GET /Gen_ts--59.html HTTP/1.1" 200 38288 "" "Mozilla/5.0 (compatible; Yahoo! Slurp; http://help.yahoo.com/help/us/ysearch/slurp)"
74.6.68.32 - - [13/Oct/2006:03:07:21 +0000] "GET /Gen_ts--59.html HTTP/1.1" 200 38288 "" "Mozilla/5.0 (compatible; Yahoo! Slurp; http://help.yahoo.com/help/us/ysearch/slurp)"
66.249.65.13 - - [13/Oct/2006:07:18:46 +0000] "GET /Gen_ts/H_bergement--108.html HTTP/1.1" 200 30597 "" "Mozilla/5.0 (compatible; Googlebot/2.1; +http://www.google.com/bot.html)"
66.249.65.13 - - [13/Oct/2006:08:07:20 +0000] "GET /Gen_ts--59.html HTTP/1.1" 200 38288 "" "Mozilla/5.0 (compatible; Googlebot/2.1; +http://www.google.com/bot.html)"
82.127.39.48 - - [13/Oct/2006:08:34:22 +0000] "GET /Gen_ts--59.html HTTP/1.1" 200 38288 "http://www.portedelabaie.com/" "Mozilla/4.0 (compatible; MSIE 6.0; Windows NT 5.0)"
66.249.65.13 - - [13/Oct/2006:08:34:33 +0000] "GET /Gen_ts/H_bergement--108.html HTTP/1.1" 200 27112 "" "Mozilla/5.0 (compatible; Googlebot/2.1; +http://www.google.com/bot.html)"
82.127.39.48 - - [13/Oct/2006:08:35:02 +0000] "GET /Gen_ts/H_bergement--108.html HTTP/1.1" 200 27112 "http://www.ville-genets.com/" "Mozilla/4.0 (compatible; MSIE 6.0; Windows NT 5.0)"
82.127.39.48 - - [13/Oct/2006:08:42:33 +0000] "GET /Gen_ts/Actualit_s--180.html HTTP/1.1" 200 10592 "http://www.ville-genets.com/no_cache/fr/hebergement.html" "Mozilla/4.0 (compatible; MSIE 6.0; Windows NT 5.0)"
66.249.65.13 - - [13/Oct/2006:08:44:16 +0000] "GET /Gen_ts/Calendrier--105.html HTTP/1.1" 200 10431 "" "Mozilla/5.0 (compatible; Googlebot/2.1; +http://www.google.com/bot.html)"
81.80.106.155 - - [13/Oct/2006:08:59:15 +0000] "GET /Gen_ts--59.html HTTP/1.1" 200 38288 "http://www.ville-bacilly.com/" "Mozilla/4.0 (compatible; MSIE 6.0; Windows NT 5.1; SV1)"
81.80.106.155 - - [13/Oct/2006:08:59:39 +0000] "GET /Gen_ts--59.html HTTP/1.1" 200 38288 "http://www.ville-bacilly.com/" "Mozilla/4.0 (compatible; MSIE 6.0; Windows NT 5.1; SV1)"
81.80.106.155 - - [13/Oct/2006:08:59:40 +0000] "GET /Gen_ts--59.html HTTP/1.1" 200 38288 "http://www.ville-bacilly.com/" "Mozilla/4.0 (compatible; MSIE 6.0; Windows NT 5.1; SV1)"
81.80.106.155 - - [13/Oct/2006:08:59:57 +0000] "GET /Gen_ts/Plan_du_Site--232.html HTTP/1.1" 200 10232 "http://www.ville-genets.com/" "Mozilla/4.0 (compatible; MSIE 6.0; Windows NT 5.1; SV1)"
81.80.106.155 - - [13/Oct/2006:09:20:11 +0000] "GET /Gen_ts--59.html HTTP/1.1" 200 38288 "http://www.portedelabaie.com/fr/loisirs.html" "Mozilla/4.0 (compatible; MSIE 6.0; Windows NT 5.1; SV1)"
81.80.106.155 - - [13/Oct/2006:09:20:19 +0000] "GET /Gen_ts/Loisirs--106.html HTTP/1.1" 200 9575 "http://www.ville-genets.com/" "Mozilla/4.0 (compatible; MSIE 6.0; Windows NT 5.1; SV1)"
81.80.106.155 - - [13/Oct/2006:09:30:41 +0000] "GET /Gen_ts/Loisirs/christine--241.html HTTP/1.1" 200 12174 "http://www.ville-genets.com/fr/loisirs.html" "Mozilla/4.0 (compatible; MSIE 6.0; Windows NT 5.1; SV1)"
81.80.106.155 - - [13/Oct/2006:09:30:43 +0000] "GET /Gen_ts/Loisirs/christine--241.html HTTP/1.1" 200 12174 "http://www.ville-genets.com/fr/loisirs.html" "Mozilla/4.0 (compatible; MSIE 6.0; Windows NT 5.1; SV1)"
66.249.65.13 - - [13/Oct/2006:09:32:52 +0000] "GET /Gen_ts/H_bergement--108.html HTTP/1.1" 200 31012 "" "Mozilla/5.0 (compatible; Googlebot/2.1; +http://www.google.com/bot.html)"
66.249.65.13 - - [13/Oct/2006:09:34:48 +0000] "GET /Gen_ts/H_bergement--108.html HTTP/1.1" 200 30585 "" "Mozilla/5.0 (compatible; Googlebot/2.1; +http://www.google.com/bot.html)"
66.249.65.13 - - [13/Oct/2006:09:36:46 +0000] "GET /Gen_ts/H_bergement--108.html HTTP/1.1" 200 28978 "" "Mozilla/5.0 (compatible; Googlebot/2.1; +http://www.google.com/bot.html)"
66.249.65.13 - - [13/Oct/2006:09:44:31 +0000] "GET /Gen_ts/Calendrier--105.html HTTP/1.1" 200 10411 "" "Mozilla/5.0 (compatible; Googlebot/2.1; +http://www.google.com/bot.html)"
81.80.106.155 - - [13/Oct/2006:09:50:26 +0000] "GET /Gen_ts/Loisirs--106.html HTTP/1.1" 200 9477 "" "Mozilla/4.0 (compatible; MSIE 6.0; Windows NT 5.1; SV1)"
81.80.106.155 - - [13/Oct/2006:09:56:03 +0000] "GET /Gen_ts/Loisirs/christine--248.html HTTP/1.1" 200 11357 "" "Mozilla/4.0 (compatible; MSIE 6.0; Windows NT 5.1; SV1)"
66.249.65.13 - - [13/Oct/2006:09:56:11 +0000] "GET /Gen_ts/H_bergement--108.html HTTP/1.1" 200 24907 "" "Mozilla/5.0 (compatible; Googlebot/2.1; +http://www.google.com/bot.html)"
81.80.106.155 - - [13/Oct/2006:09:56:31 +0000] "GET /Gen_ts--59.html HTTP/1.1" 200 38299 "http://www.portedelabaie.com/index.php?id=248" "Mozilla/4.0 (compatible; MSIE 6.0; Windows NT 5.1; SV1)"
81.80.106.155 - - [13/Oct/2006:09:56:42 +0000] "GET /Gen_ts/Loisirs--106.html HTTP/1.1" 200 9477 "" "Mozilla/4.0 (compatible; MSIE 6.0; Windows NT 5.1; SV1)"
81.80.106.155 - - [13/Oct/2006:10:16:04 +0000] "GET /Gen_ts/Loisirs--106.html HTTP/1.1" 200 9477 "http://www.ville-genets.com/index.php?id=248" "Mozilla/4.0 (compatible; MSIE 6.0; Windows NT 5.1; SV1)"
81.80.106.155 - - [13/Oct/2006:10:16:09 +0000] "GET /Gen_ts/Loisirs--106.html HTTP/1.1" 200 9477 "http://www.ville-genets.com/index.php?id=248" "Mozilla/4.0 (compatible; MSIE 6.0; Windows NT 5.1; SV1)"
81.80.106.155 - - [13/Oct/2006:10:18:28 +0000] "GET /Gen_ts/Loisirs--106.html HTTP/1.1" 200 9477 "http://www.ville-genets.com/fr/loisirs.html" "Mozilla/4.0 (compatible; MSIE 6.0; Windows NT 5.1; SV1)"
81.80.106.155 - - [13/Oct/2006:10:20:09 +0000] "GET /Gen_ts/Loisirs--106.html HTTP/1.1" 200 9477 "http://www.ville-genets.com/fr/loisirs.html" "Mozilla/4.0 (compatible; MSIE 6.0; Windows NT 5.1; SV1)"
81.80.106.155 - - [13/Oct/2006:10:20:18 +0000] "GET /Gen_ts/Loisirs--106.html HTTP/1.1" 200 9477 "http://www.ville-genets.com/fr/loisirs.html" "Mozilla/4.0 (compatible; MSIE 6.0; Windows NT 5.1; SV1)"
81.80.106.155 - - [13/Oct/2006:10:20:35 +0000] "GET /Gen_ts/Loisirs--106.html HTTP/1.1" 200 9477 "http://www.ville-genets.com/index.php?id=248" "Mozilla/4.0 (compatible; MSIE 6.0; Windows NT 5.1; SV1)"
81.80.106.155 - - [13/Oct/2006:10:20:52 +0000] "GET /Gen_ts/Loisirs--106.html HTTP/1.1" 200 9477 "http://www.ville-genets.com/index.php?id=248" "Mozilla/4.0 (compatible; MSIE 6.0; Windows NT 5.1; SV1)"
81.80.106.155 - - [13/Oct/2006:10:22:15 +0000] "GET /Gen_ts/Loisirs--106.html HTTP/1.1" 200 9477 "http://www.ville-genets.com/index.php?id=248" "Mozilla/4.0 (compatible; MSIE 6.0; Windows NT 5.1; SV1)"
81.80.106.155 - - [13/Oct/2006:10:25:37 +0000] "GET /Gen_ts/Loisirs--106.html HTTP/1.1" 200 9477 "http://www.ville-genets.com/fr/loisirs.html" "Mozilla/4.0 (compatible; MSIE 6.0; Windows NT 5.1; SV1)"
81.80.106.155 - - [13/Oct/2006:10:25:53 +0000] "GET /Gen_ts/Loisirs--106.html HTTP/1.1" 200 9477 "http://www.ville-genets.com/fr/loisirs.html" "Mozilla/4.0 (compatible; MSIE 6.0; Windows NT 5.1; SV1)"
81.80.106.155 - - [13/Oct/2006:10:26:01 +0000] "GET /Gen_ts/Loisirs/christine--248.html HTTP/1.1" 200 10844 "" "Mozilla/4.0 (compatible; MSIE 6.0; Windows NT 5.1; SV1)"
81.80.106.155 - - [13/Oct/2006:10:30:03 +0000] "GET /Gen_ts/Loisirs/christine--248.html HTTP/1.1" 200 11360 "" "Mozilla/4.0 (compatible; MSIE 6.0; Windows NT 5.1; SV1)"
81.80.106.155 - - [13/Oct/2006:10:30:38 +0000] "GET /Gen_ts/Loisirs/christine--248.html HTTP/1.1" 200 11338 "" "Mozilla/4.0 (compatible; MSIE 6.0; Windows NT 5.1; SV1)"
81.80.106.155 - - [13/Oct/2006:10:32:16 +0000] "GET /Gen_ts/Loisirs/christine--248.html HTTP/1.1" 200 11854 "" "Mozilla/4.0 (compatible; MSIE 6.0; Windows NT 5.1; SV1)"
81.80.106.155 - - [13/Oct/2006:10:32:44 +0000] "GET /Gen_ts/Loisirs/christine--248.html HTTP/1.1" 200 11880 "" "Mozilla/4.0 (compatible; MSIE 6.0; Windows NT 5.1; SV1)"
81.80.106.155 - - [13/Oct/2006:10:43:09 +0000] "GET /Gen_ts/Loisirs/christine--248.html HTTP/1.1" 200 11418 "" "Mozilla/4.0 (compatible; MSIE 6.0; Windows NT 5.1; SV1)"
81.80.106.155 - - [13/Oct/2006:10:44:18 +0000] "GET /Gen_ts/Loisirs/christine--248.html HTTP/1.1" 200 11628 "" "Mozilla/4.0 (compatible; MSIE 6.0; Windows NT 5.1; SV1)"
81.80.106.155 - - [13/Oct/2006:10:49:30 +0000] "GET /Gen_ts/Loisirs/christine--248.html HTTP/1.1" 200 11645 "" "Mozilla/4.0 (compatible; MSIE 6.0; Windows NT 5.1; SV1)"
81.80.106.155 - - [13/Oct/2006:10:59:05 +0000] "GET /Gen_ts/Loisirs/christine--248.html HTTP/1.1" 200 11846 "" "Mozilla/4.0 (compatible; MSIE 6.0; Windows NT 5.1; SV1)"
66.249.65.13 - - [13/Oct/2006:11:00:20 +0000] "GET /Gen_ts--59.html HTTP/1.1" 200 38299 "" "Mozilla/5.0 (compatible; Googlebot/2.1; +http://www.google.com/bot.html)"
81.80.106.155 - - [13/Oct/2006:11:01:34 +0000] "GET /Gen_ts/Loisirs/christine--248.html HTTP/1.1" 200 11812 "" "Mozilla/4.0 (compatible; MSIE 6.0; Windows NT 5.1; SV1)"
81.80.106.155 - - [13/Oct/2006:11:02:25 +0000] "GET /Gen_ts/Loisirs/christine--248.html HTTP/1.1" 200 11818 "" "Mozilla/4.0 (compatible; MSIE 6.0; Windows NT 5.1; SV1)"
81.80.106.155 - - [13/Oct/2006:11:02:52 +0000] "GET /Gen_ts/Loisirs/christine--248.html HTTP/1.1" 200 11818 "" "Mozilla/4.0 (compatible; MSIE 6.0; Windows NT 5.1; SV1)"
81.80.106.155 - - [13/Oct/2006:11:03:34 +0000] "GET /Gen_ts/Loisirs/christine--248.html HTTP/1.1" 200 11842 "" "Mozilla/4.0 (compatible; MSIE 6.0; Windows NT 5.1; SV1)"
81.80.106.155 - - [13/Oct/2006:11:05:23 +0000] "GET /Gen_ts/Loisirs/christine--248.html HTTP/1.1" 200 11717 "" "Mozilla/4.0 (compatible; MSIE 6.0; Windows NT 5.1; SV1)"
81.80.106.155 - - [13/Oct/2006:11:05:26 +0000] "GET /Gen_ts/Loisirs/christine--248.html HTTP/1.1" 200 11717 "" "Mozilla/4.0 (compatible; MSIE 6.0; Windows NT 5.1; SV1)"
81.80.106.155 - - [13/Oct/2006:11:05:40 +0000] "GET /Gen_ts/Loisirs/christine--248.html HTTP/1.1" 200 11289 "" "Mozilla/4.0 (compatible; MSIE 6.0; Windows NT 5.1; SV1)"
81.80.106.155 - - [13/Oct/2006:11:07:10 +0000] "GET /Gen_ts/Loisirs/christine--248.html HTTP/1.1" 200 11926 "" "Mozilla/4.0 (compatible; MSIE 6.0; Windows NT 5.1; SV1)"
81.80.106.155 - - [13/Oct/2006:11:07:43 +0000] "GET /Gen_ts/Loisirs/christine--248.html HTTP/1.1" 200 11155 "" "Mozilla/4.0 (compatible; MSIE 6.0; Windows NT 5.1; SV1)"
81.80.106.155 - - [13/Oct/2006:11:08:15 +0000] "GET /Gen_ts/Loisirs/christine--248.html HTTP/1.1" 200 11260 "" "Mozilla/4.0 (compatible; MSIE 6.0; Windows NT 5.1; SV1)"
81.80.106.155 - - [13/Oct/2006:11:08:26 +0000] "GET /Gen_ts/Loisirs/christine--248.html HTTP/1.1" 200 11155 "" "Mozilla/4.0 (compatible; MSIE 6.0; Windows NT 5.1; SV1)"
81.80.106.155 - - [13/Oct/2006:11:12:31 +0000] "GET /Gen_ts/Loisirs/christine--248.html HTTP/1.1" 200 14900 "" "Mozilla/4.0 (compatible; MSIE 6.0; Windows NT 5.1; SV1)"
81.80.106.155 - - [13/Oct/2006:11:15:52 +0000] "GET /Gen_ts/Loisirs/christine--248.html HTTP/1.1" 200 11155 "" "Mozilla/4.0 (compatible; MSIE 6.0; Windows NT 5.1; SV1)"
