81.80.106.155 - - [13/Oct/2006:11:16:02 +0000] "GET /Gen_ts/Loisirs/christine/dossier--258.html HTTP/1.1" 200 13246 "" "Mozilla/4.0 (compatible; MSIE 6.0; Windows NT 5.1; SV1)"
81.80.106.155 - - [13/Oct/2006:11:16:24 +0000] "GET /Gen_ts/Loisirs/christine/dossier--258.html HTTP/1.1" 200 13246 "" "Mozilla/4.0 (compatible; MSIE 6.0; Windows NT 5.1; SV1)"
81.80.106.155 - - [13/Oct/2006:11:17:15 +0000] "GET /Gen_ts/Loisirs/christine--248.html HTTP/1.1" 200 11218 "" "Mozilla/4.0 (compatible; MSIE 6.0; Windows NT 5.1; SV1)"
81.80.106.155 - - [13/Oct/2006:11:17:22 +0000] "GET /Gen_ts/Loisirs/christine/dossier--258.html HTTP/1.1" 200 13246 "http://www.ville-genets.com/index.php?id=248" "Mozilla/4.0 (compatible; MSIE 6.0; Windows NT 5.1; SV1)"
81.80.106.155 - - [13/Oct/2006:11:23:01 +0000] "GET /Gen_ts/Loisirs/christine--248.html HTTP/1.1" 200 12142 "" "Mozilla/4.0 (compatible; MSIE 6.0; Windows NT 5.1; SV1)"
81.80.106.155 - - [13/Oct/2006:11:23:31 +0000] "GET /Gen_ts/Loisirs/christine--248.html HTTP/1.1" 200 12139 "" "Mozilla/4.0 (compatible; MSIE 6.0; Windows NT 5.1; SV1)"
81.80.106.155 - - [13/Oct/2006:11:30:53 +0000] "GET /Gen_ts/Loisirs/christine--248.html HTTP/1.1" 200 14288 "" "Mozilla/4.0 (compatible; MSIE 6.0; Windows NT 5.1; SV1)"
81.80.106.155 - - [13/Oct/2006:11:36:23 +0000] "GET /Gen_ts/Tourisme--109.html HTTP/1.1" 200 9480 "http://www.portedelabaie.com/index.php?id=246" "Mozilla/4.0 (compatible; MSIE 6.0; Windows NT 5.1; SV1; .NET CLR 1.1.4322)"
81.80.106.155 - - [13/Oct/2006:11:36:28 +0000] "GET /Gen_ts/Calendrier--105.html HTTP/1.1" 200 15439 "http://www.portedelabaie.com/fr/tourisme.html" "Mozilla/4.0 (compatible; MSIE 6.0; Windows NT 5.1; SV1; .NET CLR 1.1.4322)"
81.80.106.155 - - [13/Oct/2006:11:36:41 +0000] "GET /Gen_ts/Tourisme--109.html HTTP/1.1" 200 9480 "http://www.portedelabaie.com/" "Mozilla/4.0 (compatible; MSIE 6.0; Windows NT 5.1; SV1; .NET CLR 1.1.4322)"
81.80.106.155 - - [13/Oct/2006:11:36:51 +0000] "GET /Gen_ts/Tourisme--109.html HTTP/1.1" 200 9480 "http://www.portedelabaie.com/" "Mozilla/4.0 (compatible; MSIE 6.0; Windows NT 5.1; SV1; .NET CLR 1.1.4322)"
81.80.106.155 - - [13/Oct/2006:11:37:09 +0000] "GET /Gen_ts/Tourisme--109.html HTTP/1.1" 200 9480 "http://www.portedelabaie.com/" "Mozilla/4.0 (compatible; MSIE 6.0; Windows NT 5.1; SV1; .NET CLR 1.1.4322)"
81.80.106.155 - - [13/Oct/2006:11:37:22 +0000] "GET /Gen_ts/Tourisme--109.html HTTP/1.1" 200 9480 "http://www.portedelabaie.com/fr/tourisme.html" "Mozilla/4.0 (compatible; MSIE 6.0; Windows NT 5.1; SV1; .NET CLR 1.1.4322)"
81.80.106.155 - - [13/Oct/2006:11:37:31 +0000] "GET /Gen_ts/Tourisme--109.html HTTP/1.1" 200 9480 "http://www.portedelabaie.com/" "Mozilla/4.0 (compatible; MSIE 6.0; Windows NT 5.1; SV1; .NET CLR 1.1.4322)"
66.249.65.13 - - [13/Oct/2006:11:39:12 +0000] "GET /Gen_ts--59.html HTTP/1.1" 200 38299 "" "Mozilla/5.0 (compatible; Googlebot/2.1; +http://www.google.com/bot.html)"
81.80.106.155 - - [13/Oct/2006:11:43:35 +0000] "GET /Gen_ts/D_couvrir--110.html HTTP/1.1" 200 9483 "http://www.ville-genets.com/index.php?id=248" "Mozilla/4.0 (compatible; MSIE 6.0; Windows NT 5.1; SV1)"
81.80.106.155 - - [13/Oct/2006:11:43:37 +0000] "GET /Gen_ts/Tourisme--109.html HTTP/1.1" 200 9480 "http://www.ville-genets.com/fr/decouvrir.html" "Mozilla/4.0 (compatible; MSIE 6.0; Windows NT 5.1; SV1)"
81.80.106.155 - - [13/Oct/2006:11:44:12 +0000] "GET /Gen_ts/Tourisme--109.html HTTP/1.1" 200 9480 "http://www.portedelabaie.com/fr/decouvrir.html" "Mozilla/4.0 (compatible; MSIE 6.0; Windows NT 5.1; SV1)"
81.80.106.155 - - [13/Oct/2006:11:44:16 +0000] "GET /Gen_ts/H_bergement--108.html HTTP/1.1" 200 27112 "http://www.portedelabaie.com/fr/tourisme.html" "Mozilla/4.0 (compatible; MSIE 6.0; Windows NT 5.1; SV1)"
81.80.106.155 - - [13/Oct/2006:11:44:29 +0000] "GET /Gen_ts/Vie_Pratique--107.html HTTP/1.1" 200 9492 "http://www.ville-genets.com/no_cache/fr/hebergement.html" "Mozilla/4.0 (compatible; MSIE 6.0; Windows NT 5.1; SV1)"
81.80.106.155 - - [13/Oct/2006:11:46:03 +0000] "GET /Gen_ts--59.html HTTP/1.1" 200 38299 "http://www.portedelabaie.com/fr/vie-pratique.html" "Mozilla/4.0 (compatible; MSIE 6.0; Windows NT 5.1; SV1)"
81.80.106.155 - - [13/Oct/2006:11:49:19 +0000] "GET /Gen_ts/D_couvrir--110.html HTTP/1.1" 200 9483 "http://www.portedelabaie.com/fr/calendrier/fetes-marches-brocantes.html" "Mozilla/4.0 (compatible; MSIE 6.0; Windows NT 5.1; SV1; .NET CLR 1.1.4322)"
81.80.106.155 - - [13/Oct/2006:11:49:31 +0000] "GET /Gen_ts/D_couvrir--110.html HTTP/1.1" 200 9483 "http://www.portedelabaie.com/" "Mozilla/4.0 (compatible; MSIE 6.0; Windows NT 5.1; SV1; .NET CLR 1.1.4322)"
81.80.106.155 - - [13/Oct/2006:11:49:47 +0000] "GET /Gen_ts/D_couvrir--110.html HTTP/1.1" 200 9483 "http://www.portedelabaie.com/fr/decouvrir.html" "Mozilla/4.0 (compatible; MSIE 6.0; Windows NT 5.1; SV1; .NET CLR 1.1.4322)"
81.80.106.155 - - [13/Oct/2006:11:49:50 +0000] "GET /Gen_ts/D_couvrir--110.html HTTP/1.1" 200 9483 "http://www.ville-genets.com/fr/decouvrir.html" "Mozilla/4.0 (compatible; MSIE 6.0; Windows NT 5.1; SV1; .NET CLR 1.1.4322)"
81.80.106.155 - - [13/Oct/2006:11:49:57 +0000] "GET /Gen_ts/D_couvrir--110.html HTTP/1.1" 200 9483 "http://www.portedelabaie.com/" "Mozilla/4.0 (compatible; MSIE 6.0; Windows NT 5.1; SV1; .NET CLR 1.1.4322)"
81.80.106.155 - - [13/Oct/2006:11:50:04 +0000] "GET /Gen_ts/D_couvrir--110.html HTTP/1.1" 200 9483 "http://www.portedelabaie.com/" "Mozilla/4.0 (compatible; MSIE 6.0; Windows NT 5.1; SV1; .NET CLR 1.1.4322)"
81.80.106.155 - - [13/Oct/2006:11:50:18 +0000] "GET /Gen_ts/Tourisme--109.html HTTP/1.1" 200 9480 "http://www.portedelabaie.com/fr/decouvrir.html" "Mozilla/4.0 (compatible; MSIE 6.0; Windows NT 5.1; SV1; .NET CLR 1.1.4322)"
81.80.106.155 - - [13/Oct/2006:11:50:40 +0000] "GET /Gen_ts/D_couvrir--110.html HTTP/1.1" 200 9483 "http://www.portedelabaie.com/" "Mozilla/4.0 (compatible; MSIE 6.0; Windows NT 5.1; SV1; .NET CLR 1.1.4322)"
81.80.106.155 - - [13/Oct/2006:11:50:50 +0000] "GET /Gen_ts/D_couvrir--110.html HTTP/1.1" 200 9483 "http://www.portedelabaie.com/" "Mozilla/4.0 (compatible; MSIE 6.0; Windows NT 5.1; SV1; .NET CLR 1.1.4322)"
81.80.106.155 - - [13/Oct/2006:11:50:56 +0000] "GET /Gen_ts/Tourisme--109.html HTTP/1.1" 200 9480 "http://www.portedelabaie.com/" "Mozilla/4.0 (compatible; MSIE 6.0; Windows NT 5.1; SV1; .NET CLR 1.1.4322)"
81.80.106.155 - - [13/Oct/2006:11:52:46 +0000] "GET /Gen_ts/Loisirs/christine/dossier--258.html HTTP/1.1" 200 13246 "" "Mozilla/4.0 (compatible; MSIE 6.0; Windows NT 5.1; SV1)"
81.80.106.155 - - [13/Oct/2006:11:53:02 +0000] "GET /Gen_ts/Loisirs/christine--248.html HTTP/1.1" 200 14288 "" "Mozilla/4.0 (compatible; MSIE 6.0; Windows NT 5.1; SV1)"
81.80.106.155 - - [13/Oct/2006:11:53:42 +0000] "GET /Gen_ts/Loisirs/christine--248.html HTTP/1.1" 200 14288 "" "Mozilla/4.0 (compatible; MSIE 6.0; Windows NT 5.1; SV1)"
81.80.106.155 - - [13/Oct/2006:11:56:45 +0000] "GET /Gen_ts/Loisirs/christine--248.html HTTP/1.1" 200 11546 "" "Mozilla/4.0 (compatible; MSIE 6.0; Windows NT 5.1; SV1)"
81.80.106.155 - - [13/Oct/2006:11:56:57 +0000] "GET /Gen_ts/Loisirs/christine/livre--264.html HTTP/1.1" 200 12392 "http://www.ville-genets.com/index.php?id=248" "Mozilla/4.0 (compatible; MSIE 6.0; Windows NT 5.1; SV1)"
81.80.106.155 - - [13/Oct/2006:11:57:33 +0000] "GET /Gen_ts/Loisirs/christine--248.html HTTP/1.1" 200 11597 "" "Mozilla/4.0 (compatible; MSIE 6.0; Windows NT 5.1; SV1)"
81.80.106.155 - - [13/Oct/2006:11:57:49 +0000] "GET /Gen_ts/Loisirs/christine--248.html HTTP/1.1" 200 11492 "" "Mozilla/4.0 (compatible; MSIE 6.0; Windows NT 5.1; SV1)"
81.80.106.155 - - [13/Oct/2006:11:58:59 +0000] "GET /Gen_ts/Loisirs/christine--248.html HTTP/1.1" 200 11528 "" "Mozilla/4.0 (compatible; MSIE 6.0; Windows NT 5.1; SV1)"
81.80.106.155 - - [13/Oct/2006:12:00:01 +0000] "GET /Gen_ts/Loisirs/christine--248.html HTTP/1.1" 200 11806 "" "Mozilla/4.0 (compatible; MSIE 6.0; Windows NT 5.1; SV1)"
81.80.106.155 - - [13/Oct/2006:12:00:07 +0000] "GET /Gen_ts/Loisirs/christine/livre--264.html HTTP/1.1" 200 12392 "http://www.ville-genets.com/index.php?id=248" "Mozilla/4.0 (compatible; MSIE 6.0; Windows NT 5.1; SV1)"
66.249.65.13 - - [13/Oct/2006:13:08:37 +0000] "GET /Gen_ts/H_bergement--108.html HTTP/1.1" 200 29275 "" "Mozilla/5.0 (compatible; Googlebot/2.1; +http://www.google.com/bot.html)"
212.11.24.48 - - [13/Oct/2006:13:32:39 +0000] "GET /Gen_ts--59.html HTTP/1.1" 200 38307 "http://search.msn.fr/results.aspx?q=AS+GENETS+BACILLY&mkt=fr-FR&form=QBRE" "Mozilla/4.0 (compatible; MSIE 6.0; Windows NT 5.1; SV1; .NET CLR 2.0.50727)"
212.11.24.48 - - [13/Oct/2006:13:33:26 +0000] "GET /Gen_ts/Vie_Pratique--107.html HTTP/1.1" 200 9492 "http://www.ville-genets.com/" "Mozilla/4.0 (compatible; MSIE 6.0; Windows NT 5.1; SV1; .NET CLR 2.0.50727)"
212.11.24.48 - - [13/Oct/2006:13:33:31 +0000] "GET /Gen_ts/Loisirs--106.html HTTP/1.1" 200 9477 "http://www.ville-genets.com/fr/vie-pratique.html" "Mozilla/4.0 (compatible; MSIE 6.0; Windows NT 5.1; SV1; .NET CLR 2.0.50727)"
212.11.24.48 - - [13/Oct/2006:13:33:33 +0000] "GET /Gen_ts/Calendrier--105.html HTTP/1.1" 200 15439 "http://www.ville-genets.com/fr/loisirs.html" "Mozilla/4.0 (compatible; MSIE 6.0; Windows NT 5.1; SV1; .NET CLR 2.0.50727)"
212.11.24.48 - - [13/Oct/2006:13:33:54 +0000] "GET /Gen_ts/Plan_du_Site--232.html HTTP/1.1" 200 10232 "http://www.ville-genets.com/fr/calendrier.html" "Mozilla/4.0 (compatible; MSIE 6.0; Windows NT 5.1; SV1; .NET CLR 2.0.50727)"
212.11.24.48 - - [13/Oct/2006:13:33:58 +0000] "GET /Gen_ts/Tourisme--109.html HTTP/1.1" 200 9480 "http://www.ville-genets.com/fr/plan-du-site.html" "Mozilla/4.0 (compatible; MSIE 6.0; Windows NT 5.1; SV1; .NET CLR 2.0.50727)"
212.11.24.48 - - [13/Oct/2006:13:34:02 +0000] "GET /Gen_ts/Vie_Pratique--107.html HTTP/1.1" 200 9492 "http://www.ville-genets.com/fr/tourisme.html" "Mozilla/4.0 (compatible; MSIE 6.0; Windows NT 5.1; SV1; .NET CLR 2.0.50727)"
212.11.24.48 - - [13/Oct/2006:13:34:04 +0000] "GET /Gen_ts/Loisirs--106.html HTTP/1.1" 200 9477 "http://www.ville-genets.com/fr/vie-pratique.html" "Mozilla/4.0 (compatible; MSIE 6.0; Windows NT 5.1; SV1; .NET CLR 2.0.50727)"
212.11.24.48 - - [13/Oct/2006:13:34:07 +0000] "GET /Gen_ts/Plan_du_Site--232.html HTTP/1.1" 200 10232 "http://www.ville-genets.com/fr/loisirs.html" "Mozilla/4.0 (compatible; MSIE 6.0; Windows NT 5.1; SV1; .NET CLR 2.0.50727)"
212.11.24.48 - - [13/Oct/2006:13:34:09 +0000] "GET /Gen_ts/Calendrier--105.html HTTP/1.1" 200 15439 "http://www.ville-genets.com/fr/plan-du-site.html" "Mozilla/4.0 (compatible; MSIE 6.0; Windows NT 5.1; SV1; .NET CLR 2.0.50727)"
212.11.24.48 - - [13/Oct/2006:13:34:14 +0000] "GET /Gen_ts/Vie_Pratique--107.html HTTP/1.1" 200 9492 "http://www.ville-genets.com/fr/plan-du-site.html" "Mozilla/4.0 (compatible; MSIE 6.0; Windows NT 5.1; SV1; .NET CLR 2.0.50727)"
212.11.24.48 - - [13/Oct/2006:13:34:17 +0000] "GET /Gen_ts/Vie_Pratique--107.html HTTP/1.1" 200 9492 "http://www.ville-genets.com/fr/vie-pratique.html" "Mozilla/4.0 (compatible; MSIE 6.0; Windows NT 5.1; SV1; .NET CLR 2.0.50727)"
212.11.24.48 - - [13/Oct/2006:13:34:19 +0000] "GET /Gen_ts/Vie_Pratique--107.html HTTP/1.1" 200 9492 "http://www.ville-genets.com/fr/vie-pratique.html" "Mozilla/4.0 (compatible; MSIE 6.0; Windows NT 5.1; SV1; .NET CLR 2.0.50727)"
212.11.24.48 - - [13/Oct/2006:13:35:48 +0000] "GET /Gen_ts--59.html HTTP/1.1" 200 38307 "http://search.msn.fr/results.aspx?q=AS+GENETS+BACILLY&mkt=fr-FR&form=QBRE" "Mozilla/4.0 (compatible; MSIE 6.0; Windows NT 5.1; SV1; .NET CLR 2.0.50727)"
66.249.65.13 - - [13/Oct/2006:13:41:41 +0000] "GET /Gen_ts/H_bergement--108.html HTTP/1.1" 200 28967 "" "Mozilla/5.0 (compatible; Googlebot/2.1; +http://www.google.com/bot.html)"
66.249.65.13 - - [13/Oct/2006:13:53:20 +0000] "GET /Gen_ts/H_bergement--108.html HTTP/1.1" 200 29006 "" "Mozilla/5.0 (compatible; Googlebot/2.1; +http://www.google.com/bot.html)"
81.80.106.155 - - [13/Oct/2006:13:59:06 +0000] "GET /Gen_ts--59.html HTTP/1.1" 200 38296 "http://www.portedelabaie.com/" "Mozilla/4.0 (compatible; MSIE 6.0; Windows NT 5.1; SV1; .NET CLR 1.1.4322)"
81.80.106.155 - - [13/Oct/2006:13:59:19 +0000] "GET /Gen_ts/Loisirs--106.html HTTP/1.1" 200 9477 "http://www.ville-genets.com/" "Mozilla/4.0 (compatible; MSIE 6.0; Windows NT 5.1; SV1; .NET CLR 1.1.4322)"
81.80.106.155 - - [13/Oct/2006:13:59:25 +0000] "GET /Gen_ts/Calendrier--105.html HTTP/1.1" 200 15439 "http://www.ville-genets.com/fr/loisirs.html" "Mozilla/4.0 (compatible; MSIE 6.0; Windows NT 5.1; SV1; .NET CLR 1.1.4322)"
81.80.106.155 - - [13/Oct/2006:14:01:14 +0000] "GET /Gen_ts/Calendrier--105.html HTTP/1.1" 200 15491 "http://www.ville-genets.com/fr/calendrier.html" "Mozilla/4.0 (compatible; MSIE 6.0; Windows NT 5.1; SV1; .NET CLR 1.1.4322)"
81.80.106.155 - - [13/Oct/2006:14:01:45 +0000] "GET /Gen_ts/H_bergement--108.html HTTP/1.1" 200 27112 "http://www.ville-genets.com/fr/calendrier.html?tx_julleevents_pi1%5Bmode%5D=1&cHash=e3569faeb1" "Mozilla/4.0 (compatible; MSIE 6.0; Windows NT 5.1; SV1; .NET CLR 1.1.4322)"
81.80.106.155 - - [13/Oct/2006:14:02:12 +0000] "GET /Gen_ts--59.html HTTP/1.1" 200 38345 "http://www.ville-genets.com/no_cache/fr/hebergement.html" "Mozilla/4.0 (compatible; MSIE 6.0; Windows NT 5.1; SV1; .NET CLR 1.1.4322)"
66.249.65.13 - - [13/Oct/2006:14:51:39 +0000] "GET /Gen_ts/H_bergement--108.html HTTP/1.1" 200 34228 "" "Mozilla/5.0 (compatible; Googlebot/2.1; +http://www.google.com/bot.html)"
66.249.65.13 - - [13/Oct/2006:15:11:05 +0000] "GET /Gen_ts/H_bergement--108.html HTTP/1.1" 200 28957 "" "Mozilla/5.0 (compatible; Googlebot/2.1; +http://www.google.com/bot.html)"
66.249.65.13 - - [13/Oct/2006:16:09:24 +0000] "GET /Gen_ts/H_bergement--108.html HTTP/1.1" 200 29163 "" "Mozilla/5.0 (compatible; Googlebot/2.1; +http://www.google.com/bot.html)"
66.249.65.13 - - [13/Oct/2006:16:11:21 +0000] "GET /Gen_ts/H_bergement--108.html HTTP/1.1" 200 27057 "" "Mozilla/5.0 (compatible; Googlebot/2.1; +http://www.google.com/bot.html)"
66.249.65.13 - - [13/Oct/2006:16:34:40 +0000] "GET /Gen_ts/H_bergement--108.html HTTP/1.1" 200 29039 "" "Mozilla/5.0 (compatible; Googlebot/2.1; +http://www.google.com/bot.html)"
66.249.65.13 - - [13/Oct/2006:18:07:59 +0000] "GET /Gen_ts/H_bergement--108.html HTTP/1.1" 200 32525 "" "Mozilla/5.0 (compatible; Googlebot/2.1; +http://www.google.com/bot.html)"
66.249.65.13 - - [13/Oct/2006:18:48:48 +0000] "GET /Gen_ts/H_bergement--108.html HTTP/1.1" 200 30542 "" "Mozilla/5.0 (compatible; Googlebot/2.1; +http://www.google.com/bot.html)"
66.249.65.13 - - [13/Oct/2006:21:43:44 +0000] "GET /Gen_ts/Calendrier--105.html HTTP/1.1" 200 15449 "" "Mozilla/5.0 (compatible; Googlebot/2.1; +http://www.google.com/bot.html)"
66.249.65.13 - - [13/Oct/2006:23:44:56 +0000] "GET /Gen_ts/H_bergement--108.html HTTP/1.1" 200 25907 "" "Mozilla/5.0 (compatible; Googlebot/2.1; +http://www.google.com/bot.html)"
66.249.65.13 - - [14/Oct/2006:00:12:30 +0000] "GET /Gen_ts--59.html HTTP/1.1" 200 38351 "" "Mozilla/5.0 (compatible; Googlebot/2.1; +http://www.google.com/bot.html)"
66.249.65.13 - - [14/Oct/2006:00:14:28 +0000] "GET /Gen_ts/H_bergement--108.html HTTP/1.1" 200 30970 "" "Mozilla/5.0 (compatible; Googlebot/2.1; +http://www.google.com/bot.html)"
66.249.65.13 - - [14/Oct/2006:01:11:44 +0000] "GET /Gen_ts/H_bergement--108.html HTTP/1.1" 200 28936 "" "Mozilla/5.0 (compatible; Googlebot/2.1; +http://www.google.com/bot.html)"
66.249.65.13 - - [14/Oct/2006:03:19:07 +0000] "GET /Gen_ts--59.html HTTP/1.1" 200 38351 "" "Mozilla/5.0 (compatible; Googlebot/2.1; +http://www.google.com/bot.html)"
65.54.188.92 - - [14/Oct/2006:06:21:05 +0000] "GET /Gen_ts--59.html HTTP/1.1" 200 38351 "" "msnbot/1.0 (+http://search.msn.com/msnbot.htm)"
65.54.188.92 - - [14/Oct/2006:06:21:07 +0000] "GET /Gen_ts--59.html HTTP/1.1" 200 38351 "" "msnbot/1.0 (+http://search.msn.com/msnbot.htm)"
65.54.188.93 - - [14/Oct/2006:07:30:13 +0000] "GET /Gen_ts--59.html HTTP/1.1" 200 38351 "" "msnbot/1.0 (+http://search.msn.com/msnbot.htm)"
66.249.65.13 - - [14/Oct/2006:11:26:56 +0000] "GET /Gen_ts/Actualit_s--180.html HTTP/1.1" 200 10499 "" "Mozilla/5.0 (compatible; Googlebot/2.1; +http://www.google.com/bot.html)"
60.28.17.45 - - [14/Oct/2006:14:26:22 +0000] "GET /Gen_ts--59.html HTTP/1.1" 200 38351 "" "Baiduspider+(+http://www.baidu.com/search/spider.htm)"
65.54.188.93 - - [14/Oct/2006:17:49:31 +0000] "GET /Gen_ts--59.html HTTP/1.1" 200 38351 "" "msnbot/1.0 (+http://search.msn.com/msnbot.htm)"
87.89.81.37 - - [14/Oct/2006:22:24:34 +0000] "GET /Gen_ts--59.html HTTP/1.1" 200 38351 "http://www.google.fr/search?hl=fr&q=histoire+bec+d%27andaine&btnG=Rechercher&meta=" "Mozilla/4.0 (compatible; MSIE 6.0; Windows 98)"
65.54.188.93 - - [14/Oct/2006:23:35:24 +0000] "GET /Gen_ts--59.html HTTP/1.1" 200 38351 "" "msnbot/1.0 (+http://search.msn.com/msnbot.htm)"
65.54.188.93 - - [15/Oct/2006:04:50:43 +0000] "GET /Gen_ts--59.html HTTP/1.1" 200 38316 "" "msnbot/1.0 (+http://search.msn.com/msnbot.htm)"
74.6.74.183 - - [15/Oct/2006:05:16:20 +0000] "GET /Gen_ts--59.html HTTP/1.1" 200 38316 "" "Mozilla/5.0 (compatible; Yahoo! Slurp; http://help.yahoo.com/help/us/ysearch/slurp)"
74.6.68.32 - - [15/Oct/2006:05:16:21 +0000] "GET /Gen_ts--59.html HTTP/1.1" 200 38316 "" "Mozilla/5.0 (compatible; Yahoo! Slurp; http://help.yahoo.com/help/us/ysearch/slurp)"
66.249.65.13 - - [15/Oct/2006:09:08:37 +0000] "GET /Gen_ts--59.html HTTP/1.1" 200 38316 "" "Mozilla/5.0 (compatible; Googlebot/2.1; +http://www.google.com/bot.html)"
83.157.85.30 - - [15/Oct/2006:11:56:38 +0000] "GET /Gen_ts--59.html HTTP/1.1" 200 38316 "http://rechercher.aliceadsl.fr/recherche/cgi/recherche.cgi?qs=tombe+d%27h%E9l%E8ne+en+normandie&qs.x=8&qs.y=12" "Mozilla/4.0 (compatible; MSIE 6.0; Windows NT 5.1; SV1; .NET CLR 1.1.4322)"
66.249.65.13 - - [15/Oct/2006:15:34:51 +0000] "GET /Gen_ts/Actualit_s--180.html HTTP/1.1" 200 9346 "" "Mozilla/5.0 (compatible; Googlebot/2.1; +http://www.google.com/bot.html)"
64.246.165.150 - - [16/Oct/2006:09:43:58 +0000] "GET /Gen_ts--59.html HTTP/1.1" 200 38324 "http://www.whois.sc/" "SurveyBot/2.3 (Whois Source)"
64.246.165.150 - - [16/Oct/2006:09:44:00 +0000] "GET /Gen_ts--59.html HTTP/1.1" 200 38324 "http://www.whois.sc/ville-genets.com" "SurveyBot/2.3 (Whois Source)"
66.249.65.13 - - [16/Oct/2006:10:02:58 +0000] "GET /Gen_ts--59.html HTTP/1.1" 200 38324 "" "Mozilla/5.0 (compatible; Googlebot/2.1; +http://www.google.com/bot.html)"
195.207.160.177 - - [16/Oct/2006:12:21:07 +0000] "GET /Gen_ts--59.html HTTP/1.1" 200 38254 "http://www.google.be/search?hl=nl&q=Gen%C3%AAts+chevaux&meta=" "Mozilla/4.0 (compatible; MSIE 6.0; Windows NT 5.1; SV1; .NET CLR 2.0.50727; .NET CLR 1.1.4322)"
195.207.160.177 - - [16/Oct/2006:12:21:13 +0000] "GET /Gen_ts--59.html HTTP/1.1" 200 38254 "" "Mozilla/4.0 (compatible; MSIE 6.0; Windows NT 5.1; SV1; .NET CLR 2.0.50727; .NET CLR 1.1.4322)"
66.249.65.13 - - [16/Oct/2006:12:37:19 +0000] "GET /Gen_ts/H_bergement--108.html HTTP/1.1" 200 28924 "" "Mozilla/5.0 (compatible; Googlebot/2.1; +http://www.google.com/bot.html)"
66.249.65.13 - - [16/Oct/2006:12:46:48 +0000] "GET /Gen_ts/H_bergement--108.html HTTP/1.1" 200 37364 "" "Mozilla/5.0 (compatible; Googlebot/2.1; +http://www.google.com/bot.html)"
86.221.181.33 - - [16/Oct/2006:14:10:26 +0000] "GET /Gen_ts--59.html HTTP/1.1" 200 38254 "http://www.portedelabaie.com/fr/vie-pratique.html" "Mozilla/4.0 (compatible; MSIE 6.0; Windows NT 5.1; SV1; .NET CLR 1.1.4322)"
86.221.181.33 - - [16/Oct/2006:14:10:48 +0000] "GET /Gen_ts/Loisirs--106.html HTTP/1.1" 200 9435 "http://www.ville-genets.com/" "Mozilla/4.0 (compatible; MSIE 6.0; Windows NT 5.1; SV1; .NET CLR 1.1.4322)"
86.221.181.33 - - [16/Oct/2006:14:10:51 +0000] "GET /Gen_ts/Tourisme--109.html HTTP/1.1" 200 9438 "http://www.ville-genets.com/fr/loisirs.html" "Mozilla/4.0 (compatible; MSIE 6.0; Windows NT 5.1; SV1; .NET CLR 1.1.4322)"
86.221.181.33 - - [16/Oct/2006:14:10:58 +0000] "GET /Gen_ts/H_bergement--108.html HTTP/1.1" 200 27070 "http://www.ville-genets.com/fr/tourisme.html" "Mozilla/4.0 (compatible; MSIE 6.0; Windows NT 5.1; SV1; .NET CLR 1.1.4322)"
86.221.181.33 - - [16/Oct/2006:14:11:04 +0000] "GET /Gen_ts/Vie_Pratique--107.html HTTP/1.1" 200 9450 "http://www.ville-genets.com/no_cache/fr/hebergement.html" "Mozilla/4.0 (compatible; MSIE 6.0; Windows NT 5.1; SV1; .NET CLR 1.1.4322)"
86.221.181.33 - - [16/Oct/2006:14:11:07 +0000] "GET /Gen_ts/Loisirs--106.html HTTP/1.1" 200 9435 "http://www.ville-genets.com/fr/vie-pratique.html" "Mozilla/4.0 (compatible; MSIE 6.0; Windows NT 5.1; SV1; .NET CLR 1.1.4322)"
86.221.181.33 - - [16/Oct/2006:14:11:10 +0000] "GET /Gen_ts/Calendrier--105.html HTTP/1.1" 200 15437 "http://www.ville-genets.com/fr/loisirs.html" "Mozilla/4.0 (compatible; MSIE 6.0; Windows NT 5.1; SV1; .NET CLR 1.1.4322)"
86.221.181.33 - - [16/Oct/2006:14:11:19 +0000] "GET /Gen_ts--59.html HTTP/1.1" 200 38254 "http://www.ville-genets.com/fr/calendrier.html" "Mozilla/4.0 (compatible; MSIE 6.0; Windows NT 5.1; SV1; .NET CLR 1.1.4322)"
90.8.69.229 - - [16/Oct/2006:14:43:18 +0000] "GET /Gen_ts--59.html HTTP/1.1" 200 38254 "http://www.portedelabaie.com/fr/decouvrir.html" "Mozilla/4.0 (compatible; MSIE 6.0; Windows NT 5.1; SV1; .NET CLR 1.1.4322)"
66.249.65.13 - - [16/Oct/2006:16:44:14 +0000] "GET /Gen_ts/H_bergement--108.html HTTP/1.1" 200 42364 "" "Mozilla/5.0 (compatible; Googlebot/2.1; +http://www.google.com/bot.html)"
66.249.65.13 - - [16/Oct/2006:17:31:43 +0000] "GET /Gen_ts/H_bergement--108.html HTTP/1.1" 200 30611 "" "Mozilla/5.0 (compatible; Googlebot/2.1; +http://www.google.com/bot.html)"
208.219.207.2 - - [17/Oct/2006:07:32:41 +0000] "GET /Gen_ts--59.html HTTP/1.1" 200 38254 "" ""
66.249.65.115 - - [17/Oct/2006:10:48:24 +0000] "GET /Gen_ts--59.html HTTP/1.1" 200 38254 "" "Mozilla/5.0 (compatible; Googlebot/2.1; +http://www.google.com/bot.html)"
66.249.65.115 - - [17/Oct/2006:11:33:21 +0000] "GET /Gen_ts--59.html HTTP/1.1" 200 38254 "" "Mozilla/5.0 (compatible; Googlebot/2.1; +http://www.google.com/bot.html)"
66.249.65.115 - - [17/Oct/2006:12:42:24 +0000] "GET /Gen_ts/H_bergement--108.html HTTP/1.1" 200 28919 "" "Mozilla/5.0 (compatible; Googlebot/2.1; +http://www.google.com/bot.html)"
66.249.65.115 - - [17/Oct/2006:12:54:20 +0000] "GET /Gen_ts--59.html HTTP/1.1" 200 38246 "" "Mozilla/5.0 (compatible; Googlebot/2.1; +http://www.google.com/bot.html)"
66.249.65.115 - - [17/Oct/2006:13:18:18 +0000] "GET /Gen_ts/H_bergement--108.html HTTP/1.1" 200 29233 "" "Mozilla/5.0 (compatible; Googlebot/2.1; +http://www.google.com/bot.html)"
64.140.49.66 - - [17/Oct/2006:13:23:06 +0000] "GET /Gen_ts/Actualit_s--180.html HTTP/1.1" 200 9346 "" "TurnitinBot/2.1 (http://www.turnitin.com/robot/crawlerinfo.html)"
66.249.65.115 - - [17/Oct/2006:14:24:12 +0000] "GET /Gen_ts/H_bergement--108.html HTTP/1.1" 200 29052 "" "Mozilla/5.0 (compatible; Googlebot/2.1; +http://www.google.com/bot.html)"
66.249.65.115 - - [17/Oct/2006:14:33:10 +0000] "GET /Gen_ts/H_bergement--108.html HTTP/1.1" 200 44271 "" "Mozilla/5.0 (compatible; Googlebot/2.1; +http://www.google.com/bot.html)"
66.249.65.115 - - [17/Oct/2006:14:35:51 +0000] "GET /Gen_ts/H_bergement--108.html HTTP/1.1" 200 34241 "" "Mozilla/5.0 (compatible; Googlebot/2.1; +http://www.google.com/bot.html)"
66.249.65.115 - - [17/Oct/2006:14:38:41 +0000] "GET /Gen_ts/H_bergement--108.html HTTP/1.1" 200 29345 "" "Mozilla/5.0 (compatible; Googlebot/2.1; +http://www.google.com/bot.html)"
66.249.65.115 - - [17/Oct/2006:16:43:22 +0000] "GET /Gen_ts/H_bergement--108.html HTTP/1.1" 200 34367 "" "Mozilla/5.0 (compatible; Googlebot/2.1; +http://www.google.com/bot.html)"
74.6.74.183 - - [17/Oct/2006:17:18:08 +0000] "GET /Gen_ts--59.html HTTP/1.1" 200 38246 "" "Mozilla/5.0 (compatible; Yahoo! Slurp; http://help.yahoo.com/help/us/ysearch/slurp)"
74.6.68.32 - - [17/Oct/2006:17:18:09 +0000] "GET /Gen_ts--59.html HTTP/1.1" 200 38246 "" "Mozilla/5.0 (compatible; Yahoo! Slurp; http://help.yahoo.com/help/us/ysearch/slurp)"
66.249.65.115 - - [17/Oct/2006:17:51:23 +0000] "GET /Gen_ts/H_bergement--108.html HTTP/1.1" 200 42364 "" "Mozilla/5.0 (compatible; Googlebot/2.1; +http://www.google.com/bot.html)"
66.249.65.115 - - [17/Oct/2006:17:54:13 +0000] "GET /Gen_ts/H_bergement--108.html HTTP/1.1" 200 30703 "" "Mozilla/5.0 (compatible; Googlebot/2.1; +http://www.google.com/bot.html)"
66.249.65.115 - - [17/Oct/2006:18:45:14 +0000] "GET /Gen_ts/H_bergement--108.html HTTP/1.1" 200 28946 "" "Mozilla/5.0 (compatible; Googlebot/2.1; +http://www.google.com/bot.html)"
66.249.65.115 - - [17/Oct/2006:19:19:14 +0000] "GET /Gen_ts/H_bergement--108.html HTTP/1.1" 200 41760 "" "Mozilla/5.0 (compatible; Googlebot/2.1; +http://www.google.com/bot.html)"
66.249.65.115 - - [17/Oct/2006:19:22:04 +0000] "GET /Gen_ts/H_bergement--108.html HTTP/1.1" 200 33937 "" "Mozilla/5.0 (compatible; Googlebot/2.1; +http://www.google.com/bot.html)"
66.249.65.115 - - [17/Oct/2006:19:24:53 +0000] "GET /Gen_ts/H_bergement--108.html HTTP/1.1" 200 30543 "" "Mozilla/5.0 (compatible; Googlebot/2.1; +http://www.google.com/bot.html)"
66.249.65.115 - - [17/Oct/2006:20:24:24 +0000] "GET /Gen_ts/H_bergement--108.html HTTP/1.1" 200 32538 "" "Mozilla/5.0 (compatible; Googlebot/2.1; +http://www.google.com/bot.html)"
66.249.65.115 - - [17/Oct/2006:20:27:14 +0000] "GET /Gen_ts/H_bergement--108.html HTTP/1.1" 200 37364 "" "Mozilla/5.0 (compatible; Googlebot/2.1; +http://www.google.com/bot.html)"
66.249.65.115 - - [17/Oct/2006:21:01:15 +0000] "GET /Gen_ts/H_bergement--108.html HTTP/1.1" 200 28903 "" "Mozilla/5.0 (compatible; Googlebot/2.1; +http://www.google.com/bot.html)"
66.249.65.115 - - [17/Oct/2006:21:04:04 +0000] "GET /Gen_ts/H_bergement--108.html HTTP/1.1" 200 31079 "" "Mozilla/5.0 (compatible; Googlebot/2.1; +http://www.google.com/bot.html)"
66.249.65.115 - - [17/Oct/2006:22:03:36 +0000] "GET /Gen_ts/H_bergement--108.html HTTP/1.1" 200 28925 "" "Mozilla/5.0 (compatible; Googlebot/2.1; +http://www.google.com/bot.html)"
66.249.65.115 - - [17/Oct/2006:22:20:35 +0000] "GET /Gen_ts/H_bergement--108.html HTTP/1.1" 200 28920 "" "Mozilla/5.0 (compatible; Googlebot/2.1; +http://www.google.com/bot.html)"
66.249.65.115 - - [17/Oct/2006:22:40:26 +0000] "GET /Gen_ts/H_bergement--108.html HTTP/1.1" 200 29072 "" "Mozilla/5.0 (compatible; Googlebot/2.1; +http://www.google.com/bot.html)"
66.249.65.115 - - [17/Oct/2006:22:51:46 +0000] "GET /Gen_ts/H_bergement--108.html HTTP/1.1" 200 28924 "" "Mozilla/5.0 (compatible; Googlebot/2.1; +http://www.google.com/bot.html)"
66.249.65.115 - - [17/Oct/2006:23:00:16 +0000] "GET /Gen_ts/H_bergement--108.html HTTP/1.1" 200 30611 "" "Mozilla/5.0 (compatible; Googlebot/2.1; +http://www.google.com/bot.html)"
66.249.65.115 - - [17/Oct/2006:23:03:06 +0000] "GET /Gen_ts/H_bergement--108.html HTTP/1.1" 200 34227 "" "Mozilla/5.0 (compatible; Googlebot/2.1; +http://www.google.com/bot.html)"
66.249.65.115 - - [17/Oct/2006:23:08:46 +0000] "GET /Gen_ts/H_bergement--108.html HTTP/1.1" 200 32593 "" "Mozilla/5.0 (compatible; Googlebot/2.1; +http://www.google.com/bot.html)"
66.249.65.115 - - [17/Oct/2006:23:34:16 +0000] "GET /Gen_ts/H_bergement--108.html HTTP/1.1" 200 28894 "" "Mozilla/5.0 (compatible; Googlebot/2.1; +http://www.google.com/bot.html)"
66.249.65.115 - - [17/Oct/2006:23:45:37 +0000] "GET /Gen_ts/H_bergement--108.html HTTP/1.1" 200 30833 "" "Mozilla/5.0 (compatible; Googlebot/2.1; +http://www.google.com/bot.html)"
66.249.65.115 - - [18/Oct/2006:00:08:17 +0000] "GET /Gen_ts/H_bergement--108.html HTTP/1.1" 200 29197 "" "Mozilla/5.0 (compatible; Googlebot/2.1; +http://www.google.com/bot.html)"
66.249.65.115 - - [18/Oct/2006:00:45:07 +0000] "GET /Gen_ts/H_bergement--108.html HTTP/1.1" 200 28959 "" "Mozilla/5.0 (compatible; Googlebot/2.1; +http://www.google.com/bot.html)"
66.249.65.115 - - [18/Oct/2006:00:47:57 +0000] "GET /Gen_ts/H_bergement--108.html HTTP/1.1" 200 28924 "" "Mozilla/5.0 (compatible; Googlebot/2.1; +http://www.google.com/bot.html)"
66.249.65.115 - - [18/Oct/2006:02:35:37 +0000] "GET /Gen_ts/H_bergement--108.html HTTP/1.1" 200 28993 "" "Mozilla/5.0 (compatible; Googlebot/2.1; +http://www.google.com/bot.html)"
66.249.65.115 - - [18/Oct/2006:02:49:48 +0000] "GET /Gen_ts/H_bergement--108.html HTTP/1.1" 200 28970 "" "Mozilla/5.0 (compatible; Googlebot/2.1; +http://www.google.com/bot.html)"
66.249.65.115 - - [18/Oct/2006:03:12:28 +0000] "GET /Gen_ts--59.html HTTP/1.1" 200 38246 "" "Mozilla/5.0 (compatible; Googlebot/2.1; +http://www.google.com/bot.html)"
66.249.65.115 - - [18/Oct/2006:03:18:08 +0000] "GET /Gen_ts/H_bergement--108.html HTTP/1.1" 200 29069 "" "Mozilla/5.0 (compatible; Googlebot/2.1; +http://www.google.com/bot.html)"
66.249.65.115 - - [18/Oct/2006:03:37:59 +0000] "GET /Gen_ts/H_bergement--108.html HTTP/1.1" 200 27070 "" "Mozilla/5.0 (compatible; Googlebot/2.1; +http://www.google.com/bot.html)"
66.249.65.115 - - [18/Oct/2006:04:20:29 +0000] "GET /Gen_ts/H_bergement--108.html HTTP/1.1" 200 30555 "" "Mozilla/5.0 (compatible; Googlebot/2.1; +http://www.google.com/bot.html)"
66.249.65.115 - - [18/Oct/2006:04:23:19 +0000] "GET /Gen_ts/Plan_du_Site--232.html HTTP/1.1" 200 10190 "" "Mozilla/5.0 (compatible; Googlebot/2.1; +http://www.google.com/bot.html)"
66.249.65.115 - - [18/Oct/2006:04:26:09 +0000] "GET /Gen_ts--59.html HTTP/1.1" 200 38246 "" "Mozilla/5.0 (compatible; Googlebot/2.1; +http://www.google.com/bot.html)"
66.249.65.115 - - [18/Oct/2006:04:29:00 +0000] "GET /Gen_ts--59.html HTTP/1.1" 200 38246 "" "Mozilla/5.0 (compatible; Googlebot/2.1; +http://www.google.com/bot.html)"
66.249.65.115 - - [18/Oct/2006:05:45:31 +0000] "GET /Gen_ts/H_bergement--108.html HTTP/1.1" 200 30970 "" "Mozilla/5.0 (compatible; Googlebot/2.1; +http://www.google.com/bot.html)"
66.249.65.115 - - [18/Oct/2006:07:41:44 +0000] "GET /Gen_ts/H_bergement--108.html HTTP/1.1" 200 28924 "" "Mozilla/5.0 (compatible; Googlebot/2.1; +http://www.google.com/bot.html)"
67.162.138.161 - - [18/Oct/2006:09:25:35 +0000] "GET /Gen_ts--59.html HTTP/1.1" 200 38246 "http://www.ville-genets.com/" "Mozilla/5.0 (compatible; heritrix/1.8.0 +http://crawlerx51.com)"
67.162.138.161 - - [18/Oct/2006:09:25:56 +0000] "GET /Gen_ts--59.html HTTP/1.1" 200 38246 "http://www.portedelabaie.com/robots.txt" "Mozilla/5.0 (compatible; heritrix/1.8.0 +http://crawlerx51.com)"
86.220.115.70 - - [18/Oct/2006:10:51:49 +0000] "GET /Gen_ts--59.html HTTP/1.1" 200 38246 "http://www.portedelabaie.com/fr/vie-pratique.html" "Mozilla/4.0 (compatible; MSIE 6.0; Windows NT 5.1; SV1; .NET CLR 1.1.4322)"
86.220.115.70 - - [18/Oct/2006:10:52:30 +0000] "GET /Gen_ts/D_couvrir--110.html HTTP/1.1" 200 9441 "http://www.ville-genets.com/" "Mozilla/4.0 (compatible; MSIE 6.0; Windows NT 5.1; SV1; .NET CLR 1.1.4322)"
86.220.115.70 - - [18/Oct/2006:10:52:34 +0000] "GET /Gen_ts/Tourisme--109.html HTTP/1.1" 200 9438 "http://www.ville-genets.com/fr/decouvrir.html" "Mozilla/4.0 (compatible; MSIE 6.0; Windows NT 5.1; SV1; .NET CLR 1.1.4322)"
86.220.115.70 - - [18/Oct/2006:10:52:36 +0000] "GET /Gen_ts/H_bergement--108.html HTTP/1.1" 200 27070 "http://www.ville-genets.com/fr/tourisme.html" "Mozilla/4.0 (compatible; MSIE 6.0; Windows NT 5.1; SV1; .NET CLR 1.1.4322)"
86.220.115.70 - - [18/Oct/2006:10:52:39 +0000] "GET /Gen_ts/Vie_Pratique--107.html HTTP/1.1" 200 9450 "http://www.ville-genets.com/no_cache/fr/hebergement.html" "Mozilla/4.0 (compatible; MSIE 6.0; Windows NT 5.1; SV1; .NET CLR 1.1.4322)"
86.220.115.70 - - [18/Oct/2006:10:52:42 +0000] "GET /Gen_ts/Loisirs--106.html HTTP/1.1" 200 9435 "http://www.ville-genets.com/fr/vie-pratique.html" "Mozilla/4.0 (compatible; MSIE 6.0; Windows NT 5.1; SV1; .NET CLR 1.1.4322)"
86.220.115.70 - - [18/Oct/2006:10:52:45 +0000] "GET /Gen_ts/Calendrier--105.html HTTP/1.1" 200 15437 "http://www.ville-genets.com/fr/loisirs.html" "Mozilla/4.0 (compatible; MSIE 6.0; Windows NT 5.1; SV1; .NET CLR 1.1.4322)"
86.220.115.70 - - [18/Oct/2006:10:52:52 +0000] "GET /Gen_ts--59.html HTTP/1.1" 200 38246 "http://www.ville-genets.com/fr/calendrier.html" "Mozilla/4.0 (compatible; MSIE 6.0; Windows NT 5.1; SV1; .NET CLR 1.1.4322)"
66.249.65.115 - - [18/Oct/2006:11:01:02 +0000] "GET /Gen_ts--59.html HTTP/1.1" 200 38246 "" "Mozilla/5.0 (compatible; Googlebot/2.1; +http://www.google.com/bot.html)"
195.56.65.217 - - [18/Oct/2006:11:41:18 +0000] "GET /Gen_ts--59.html HTTP/1.1" 200 38246 "http://www.petitsage.fr/" "www.petitsage.fr site detector 0.41"
195.146.249.171 - - [18/Oct/2006:16:45:25 +0000] "GET /Gen_ts/H_bergement--108.html HTTP/1.1" 200 34241 "http://www.google.fr/search?sourceid=navclient-ff&ie=UTF-8&rls=GGGL,GGGL:2006-35,GGGL:fr&q=gen%C3%AAts+%2B+g%C3%AEte+%2B+50530" "Mozilla/5.0 (Windows; U; Windows NT 5.1; fr; rv:1.8.0.7) Gecko/20060909 Firefox/1.5.0.7"
195.146.249.171 - - [18/Oct/2006:16:45:27 +0000] "GET /Gen_ts--59.html HTTP/1.1" 200 38331 "" "Mozilla/5.0 (Windows; U; Windows NT 5.1; fr; rv:1.8.0.7) Gecko/20060909 Firefox/1.5.0.7"
66.249.65.115 - - [18/Oct/2006:18:57:52 +0000] "GET /Gen_ts/Actualit_s--180.html HTTP/1.1" 200 10499 "" "Mozilla/5.0 (compatible; Googlebot/2.1; +http://www.google.com/bot.html)"
195.146.249.171 - - [18/Oct/2006:20:18:04 +0000] "GET /Gen_ts/H_bergement--108.html HTTP/1.1" 200 27070 "http://www.google.fr/search?sourceid=navclient-ff&ie=UTF-8&rls=GGGL,GGGL:2006-35,GGGL:fr&q=gen%C3%AAts+%2B+g%C3%AEte+%2B+st+jean+le+thomas" "Mozilla/5.0 (Windows; U; Windows NT 5.1; fr; rv:1.8.0.7) Gecko/20060909 Firefox/1.5.0.7"
66.249.65.115 - - [19/Oct/2006:03:09:09 +0000] "GET /Gen_ts/H_bergement--108.html HTTP/1.1" 200 29106 "" "Mozilla/5.0 (compatible; Googlebot/2.1; +http://www.google.com/bot.html)"
67.162.138.161 - - [19/Oct/2006:08:06:40 +0000] "GET /Gen_ts--59.html HTTP/1.1" 200 38331 "http://www.ville-genets.com/" "Mozilla/5.0 (compatible; heritrix/1.8.0 +http://crawlerx51.com)"
67.162.138.161 - - [19/Oct/2006:08:06:57 +0000] "GET /Gen_ts--59.html HTTP/1.1" 200 38331 "http://www.portedelabaie.com/robots.txt" "Mozilla/5.0 (compatible; heritrix/1.8.0 +http://crawlerx51.com)"
131.107.0.96 - - [19/Oct/2006:10:28:18 +0000] "GET /Gen_ts--59.html HTTP/1.1" 200 38331 "" "Mozilla/4.0 (compatible; MSIE 6.0; Windows NT 5.2; WOW64; SV1)"
81.69.128.201 - - [19/Oct/2006:19:08:08 +0000] "GET /Gen_ts--59.html HTTP/1.1" 200 38246 "http://www.portedelabaie.com/" "Mozilla/4.0 (compatible; MSIE 6.0; Windows NT 5.1; SV1; (R1 1.5))"
74.6.74.166 - - [20/Oct/2006:01:30:35 +0000] "GET /Gen_ts--59.html HTTP/1.1" 200 38246 "" "Mozilla/5.0 (compatible; Yahoo! Slurp; http://help.yahoo.com/help/us/ysearch/slurp)"
74.6.68.32 - - [20/Oct/2006:01:30:36 +0000] "GET /Gen_ts--59.html HTTP/1.1" 200 38246 "" "Mozilla/5.0 (compatible; Yahoo! Slurp; http://help.yahoo.com/help/us/ysearch/slurp)"
209.85.54.135 - - [20/Oct/2006:01:45:19 +0000] "GET /Gen_ts--59.html HTTP/1.1" 200 38246 "" "Mozilla/4.0 (compatible; MSIE 5.01; Windows NT 5.0)"
66.249.65.115 - - [20/Oct/2006:06:48:20 +0000] "GET /Gen_ts--59.html HTTP/1.1" 200 38246 "" "Mozilla/5.0 (compatible; Googlebot/2.1; +http://www.google.com/bot.html)"
194.203.201.92 - - [20/Oct/2006:08:40:47 +0000] "GET /Gen_ts--59.html HTTP/1.1" 200 38246 "http://www.portedelabaie.com/" "Mozilla/4.0 (compatible; MSIE 6.0; Windows NT 5.1; .NET CLR 1.1.4322)"
194.203.201.92 - - [20/Oct/2006:08:42:33 +0000] "GET /Gen_ts/H_bergement--108.html HTTP/1.1" 200 27070 "http://www.ville-genets.com/" "Mozilla/4.0 (compatible; MSIE 6.0; Windows NT 5.1; .NET CLR 1.1.4322)"
194.203.201.92 - - [20/Oct/2006:08:43:01 +0000] "GET /Gen_ts/H_bergement--108.html HTTP/1.1" 200 29037 "http://www.ville-genets.com/no_cache/fr/hebergement.html" "Mozilla/4.0 (compatible; MSIE 6.0; Windows NT 5.1; .NET CLR 1.1.4322)"
194.203.201.92 - - [20/Oct/2006:08:43:15 +0000] "GET /Gen_ts/H_bergement--108.html HTTP/1.1" 200 30543 "http://www.ville-genets.com/no_cache/fr/hebergement.html?tx_travelguide_pi1%5Bscat%5D=1&tx_travelguide_pi1%5Bsloc%5D=2" "Mozilla/4.0 (compatible; MSIE 6.0; Windows NT 5.1; .NET CLR 1.1.4322)"
194.203.201.92 - - [20/Oct/2006:08:43:38 +0000] "GET /Gen_ts/H_bergement--108.html HTTP/1.1" 200 25862 "http://www.ville-genets.com/no_cache/fr/hebergement.html?tx_travelguide_pi1%5Bscat%5D=2&tx_travelguide_pi1%5Bsloc%5D=2" "Mozilla/4.0 (compatible; MSIE 6.0; Windows NT 5.1; .NET CLR 1.1.4322)"
194.203.201.92 - - [20/Oct/2006:08:43:42 +0000] "GET /Gen_ts/H_bergement--108.html HTTP/1.1" 200 25862 "http://www.ville-genets.com/no_cache/fr/hebergement.html?tx_travelguide_pi1%5Buid%5D=3&tx_travelguide_pi1%5BCMD%5D=singleView&cHash=3b17bc456d" "Mozilla/4.0 (compatible; MSIE 6.0; Windows NT 5.1; .NET CLR 1.1.4322)"