66.249.65.84 - - [27/Sep/2006:00:52:16 +0000] "GET /Champeaux/H_bergement--96.html HTTP/1.1" 200 28507 "" "Mozilla/5.0 (compatible; Googlebot/2.1; +http://www.google.com/bot.html)"
85.69.142.144 - - [27/Sep/2006:00:56:17 +0000] "GET /Champeaux/D_couvrir--98.html HTTP/1.1" 200 9335 "http://www.google.fr/search?hl=fr&q=carolles&btnG=Recherche+Google&meta=" "Mozilla/4.0 (compatible; MSIE 6.0; Windows NT 5.1; SV1)"
85.69.142.144 - - [27/Sep/2006:00:56:35 +0000] "GET /Champeaux/H_bergement--96.html HTTP/1.1" 200 28507 "http://213.246.39.85/sartilly/index.php?id=98" "Mozilla/4.0 (compatible; MSIE 6.0; Windows NT 5.1; SV1)"
85.69.142.144 - - [27/Sep/2006:00:57:30 +0000] "GET /Champeaux/H_bergement--96.html HTTP/1.1" 200 28507 "http://www.ville-champeaux.com/fr/hebergement.html" "Mozilla/4.0 (compatible; MSIE 6.0; Windows NT 5.1; SV1)"
85.69.142.144 - - [27/Sep/2006:00:57:47 +0000] "GET /Champeaux/H_bergement--96.html HTTP/1.1" 200 25451 "http://www.ville-champeaux.com/fr/hebergement.html?tx_travelguide_pi1%5Bscat%5D=1&tx_travelguide_pi1%5Bsloc%5D=1" "Mozilla/4.0 (compatible; MSIE 6.0; Windows NT 5.1; SV1)"
85.69.142.144 - - [27/Sep/2006:00:58:06 +0000] "GET /Champeaux/H_bergement--96.html HTTP/1.1" 200 25451 "http://www.ville-champeaux.com/fr/hebergement.html?tx_travelguide_pi1%5Buid%5D=22&tx_travelguide_pi1%5BCMD%5D=singleView&cHash=dcc58b15fa" "Mozilla/4.0 (compatible; MSIE 6.0; Windows NT 5.1; SV1)"
66.249.65.84 - - [27/Sep/2006:01:04:54 +0000] "GET /Champeaux/H_bergement--96.html HTTP/1.1" 200 28507 "" "Mozilla/5.0 (compatible; Googlebot/2.1; +http://www.google.com/bot.html)"
66.249.65.84 - - [27/Sep/2006:01:24:48 +0000] "GET /Champeaux/H_bergement--96.html HTTP/1.1" 200 28507 "" "Mozilla/5.0 (compatible; Googlebot/2.1; +http://www.google.com/bot.html)"
66.249.65.84 - - [27/Sep/2006:01:35:58 +0000] "GET /Champeaux/H_bergement--96.html HTTP/1.1" 200 28507 "" "Mozilla/5.0 (compatible; Googlebot/2.1; +http://www.google.com/bot.html)"
66.249.65.84 - - [27/Sep/2006:01:39:41 +0000] "GET /Champeaux/H_bergement--96.html HTTP/1.1" 200 28507 "" "Mozilla/5.0 (compatible; Googlebot/2.1; +http://www.google.com/bot.html)"
66.249.65.84 - - [27/Sep/2006:01:41:32 +0000] "GET /Champeaux/H_bergement--96.html HTTP/1.1" 200 28507 "" "Mozilla/5.0 (compatible; Googlebot/2.1; +http://www.google.com/bot.html)"
66.249.65.84 - - [27/Sep/2006:01:43:24 +0000] "GET /Champeaux/H_bergement--96.html HTTP/1.1" 200 28507 "" "Mozilla/5.0 (compatible; Googlebot/2.1; +http://www.google.com/bot.html)"
66.249.65.84 - - [27/Sep/2006:01:48:58 +0000] "GET /Champeaux/H_bergement--96.html HTTP/1.1" 200 28507 "" "Mozilla/5.0 (compatible; Googlebot/2.1; +http://www.google.com/bot.html)"
66.249.65.84 - - [27/Sep/2006:01:50:50 +0000] "GET /Champeaux/H_bergement--96.html HTTP/1.1" 200 28507 "" "Mozilla/5.0 (compatible; Googlebot/2.1; +http://www.google.com/bot.html)"
66.249.65.84 - - [27/Sep/2006:01:52:41 +0000] "GET /Champeaux/H_bergement--96.html HTTP/1.1" 200 28507 "" "Mozilla/5.0 (compatible; Googlebot/2.1; +http://www.google.com/bot.html)"
66.249.65.84 - - [27/Sep/2006:02:00:07 +0000] "GET /Champeaux/H_bergement--96.html HTTP/1.1" 200 28507 "" "Mozilla/5.0 (compatible; Googlebot/2.1; +http://www.google.com/bot.html)"
66.249.65.84 - - [27/Sep/2006:02:03:50 +0000] "GET /Champeaux/H_bergement--96.html HTTP/1.1" 200 28507 "" "Mozilla/5.0 (compatible; Googlebot/2.1; +http://www.google.com/bot.html)"
66.249.65.84 - - [27/Sep/2006:02:07:34 +0000] "GET /Champeaux/H_bergement--96.html HTTP/1.1" 200 26531 "" "Mozilla/5.0 (compatible; Googlebot/2.1; +http://www.google.com/bot.html)"
66.249.65.84 - - [27/Sep/2006:02:11:17 +0000] "GET /Champeaux/H_bergement--96.html HTTP/1.1" 200 26531 "" "Mozilla/5.0 (compatible; Googlebot/2.1; +http://www.google.com/bot.html)"
66.249.65.84 - - [27/Sep/2006:02:13:08 +0000] "GET /Champeaux/H_bergement--96.html HTTP/1.1" 200 28507 "" "Mozilla/5.0 (compatible; Googlebot/2.1; +http://www.google.com/bot.html)"
66.249.65.84 - - [27/Sep/2006:02:15:56 +0000] "GET /Champeaux/H_bergement--96.html HTTP/1.1" 200 28507 "" "Mozilla/5.0 (compatible; Googlebot/2.1; +http://www.google.com/bot.html)"
66.249.65.84 - - [27/Sep/2006:04:18:04 +0000] "GET /Champeaux--61.html HTTP/1.1" 200 20677 "" "Mozilla/5.0 (compatible; Googlebot/2.1; +http://www.google.com/bot.html)"
72.30.111.203 - - [27/Sep/2006:04:35:25 +0000] "GET /Champeaux--61.html HTTP/1.1" 200 20677 "" "Mozilla/5.0 (compatible; Yahoo! Slurp; http://help.yahoo.com/help/us/ysearch/slurp)"
72.30.216.16 - - [27/Sep/2006:04:35:26 +0000] "GET /Champeaux--61.html HTTP/1.1" 200 20677 "" "Mozilla/5.0 (compatible; Yahoo! Slurp; http://help.yahoo.com/help/us/ysearch/slurp)"
66.249.65.84 - - [27/Sep/2006:04:49:07 +0000] "GET /Champeaux/H_bergement--96.html HTTP/1.1" 200 28507 "" "Mozilla/5.0 (compatible; Googlebot/2.1; +http://www.google.com/bot.html)"
66.249.65.84 - - [27/Sep/2006:04:51:53 +0000] "GET /Champeaux/H_bergement--96.html HTTP/1.1" 200 28507 "" "Mozilla/5.0 (compatible; Googlebot/2.1; +http://www.google.com/bot.html)"
66.249.65.84 - - [27/Sep/2006:04:54:40 +0000] "GET /Champeaux/H_bergement--96.html HTTP/1.1" 200 28507 "" "Mozilla/5.0 (compatible; Googlebot/2.1; +http://www.google.com/bot.html)"
66.249.65.84 - - [27/Sep/2006:05:16:50 +0000] "GET /Champeaux/H_bergement--96.html HTTP/1.1" 200 28507 "" "Mozilla/5.0 (compatible; Googlebot/2.1; +http://www.google.com/bot.html)"
66.249.65.84 - - [27/Sep/2006:05:26:46 +0000] "GET /Champeaux/H_bergement--96.html HTTP/1.1" 200 28507 "" "Mozilla/5.0 (compatible; Googlebot/2.1; +http://www.google.com/bot.html)"
66.249.65.84 - - [27/Sep/2006:05:28:54 +0000] "GET /Champeaux/H_bergement--96.html HTTP/1.1" 200 28507 "" "Mozilla/5.0 (compatible; Googlebot/2.1; +http://www.google.com/bot.html)"
66.249.65.84 - - [27/Sep/2006:09:37:58 +0000] "GET /Champeaux/Actualit_s--178.html HTTP/1.1" 200 10444 "" "Mozilla/5.0 (compatible; Googlebot/2.1; +http://www.google.com/bot.html)"
62.147.158.104 - - [27/Sep/2006:11:09:07 +0000] "GET /Champeaux--61.html HTTP/1.1" 200 20734 "http://www.google.fr/search?hl=fr&rls=DVXA%2CDVXA%3A2005-46%2CDVXA%3Afr&q=champeaux+cabane+vauban&meta=" "Mozilla/4.0 (compatible; MSIE 6.0; Windows NT 5.1; SV1)"
62.39.159.177 - - [27/Sep/2006:11:32:00 +0000] "GET /Champeaux/Vie_Pratique--95.html HTTP/1.1" 200 9344 "http://search1-2.free.fr/google.pl" "Mozilla/4.0 (compatible; MSIE 6.0; Windows NT 5.0)"
217.74.99.25 - - [27/Sep/2006:11:49:40 +0000] "GET /Champeaux--61.html HTTP/1.1" 200 20686 "" "NG/2.0"
217.74.99.25 - - [27/Sep/2006:11:49:40 +0000] "GET /Champeaux--61.html HTTP/1.1" 200 20686 "" "NG/2.0"
81.250.129.94 - - [27/Sep/2006:14:07:39 +0000] "GET /Champeaux/Calendrier--93.html HTTP/1.1" 200 15981 "http://www.google.fr/search?hl=fr&q=lolif&btnG=Rechercher&meta=" "Mozilla/5.0 (Windows; U; Windows NT 5.0; fr; rv:1.8.0.7) Gecko/20060909 Firefox/1.5.0.7"
66.249.65.84 - - [27/Sep/2006:17:30:37 +0000] "GET /Champeaux/Actualit_s--178.html HTTP/1.1" 200 10729 "" "Mozilla/5.0 (compatible; Googlebot/2.1; +http://www.google.com/bot.html)"
217.128.217.24 - - [27/Sep/2006:17:38:02 +0000] "GET /Champeaux/D_couvrir--98.html HTTP/1.1" 200 9335 "http://fr.search.yahoo.com/search?p=carolles+50&fr=FP-tab-web-t340&ei=UTF-8&meta=vc%3D" "Mozilla/4.0 (compatible; MSIE 6.0; Windows NT 5.1; SV1)"
217.128.217.24 - - [27/Sep/2006:17:38:07 +0000] "GET /Champeaux/D_couvrir--98.html HTTP/1.1" 200 9639 "http://www.portedelabaie.com/index.php?id=98" "Mozilla/4.0 (compatible; MSIE 6.0; Windows NT 5.1; SV1)"
65.55.212.234 - - [27/Sep/2006:18:32:08 +0000] "GET /Champeaux/D_couvrir--98.html HTTP/1.1" 200 9335 "" "msnbot-media/1.0 (+http://search.msn.com/msnbot.htm)"
66.249.66.133 - - [27/Sep/2006:22:14:32 +0000] "GET /Champeaux/H_bergement--96.html HTTP/1.1" 200 25451 "" "Mozilla/5.0 (compatible; Googlebot/2.1; +http://www.google.com/bot.html)"
72.30.102.223 - - [28/Sep/2006:04:15:41 +0000] "GET /Champeaux/D_couvrir--98.html HTTP/1.1" 200 9335 "" "Mozilla/5.0 (compatible; Yahoo! Slurp; http://help.yahoo.com/help/us/ysearch/slurp)"
66.249.66.199 - - [28/Sep/2006:05:46:50 +0000] "GET /Champeaux--61.html HTTP/1.1" 200 20686 "" "Mozilla/5.0 (compatible; Googlebot/2.1; +http://www.google.com/bot.html)"
207.46.98.73 - - [28/Sep/2006:08:14:41 +0000] "GET /Champeaux/Tourisme--97.html HTTP/1.1" 200 9332 "" "msnbot/1.0 (+http://search.msn.com/msnbot.htm)"
66.249.66.199 - - [28/Sep/2006:10:08:50 +0000] "GET /Champeaux/H_bergement--96.html HTTP/1.1" 200 24713 "" "Mozilla/5.0 (compatible; Googlebot/2.1; +http://www.google.com/bot.html)"
88.136.26.88 - - [28/Sep/2006:10:38:26 +0000] "GET /Champeaux/Vie_Pratique--95.html HTTP/1.1" 200 9344 "http://www.google.fr/search?hl=fr&q=manoir+de+potrel&meta=" "Mozilla/4.0 (compatible; MSIE 6.0; Windows NT 5.1; Wanadoo 6.2; HbTools 4.8.0)"
84.97.243.146 - - [28/Sep/2006:10:54:51 +0000] "GET /Champeaux/D_couvrir--98.html HTTP/1.1" 200 9335 "" "Mozilla/5.0 (Windows; U; Windows NT 5.1; fr-FR; rv:1.7.12) Gecko/20050919 Firefox/1.0.7"
84.97.243.146 - - [28/Sep/2006:10:54:59 +0000] "GET /Champeaux/D_couvrir--98.html HTTP/1.1" 200 9639 "" "Mozilla/5.0 (Windows; U; Windows NT 5.1; fr-FR; rv:1.7.12) Gecko/20050919 Firefox/1.0.7"
84.97.243.146 - - [28/Sep/2006:10:55:00 +0000] "GET /Champeaux--61.html HTTP/1.1" 200 20686 "" "Mozilla/5.0 (Windows; U; Windows NT 5.1; fr-FR; rv:1.7.12) Gecko/20050919 Firefox/1.0.7"
84.97.243.146 - - [28/Sep/2006:10:55:05 +0000] "GET /Champeaux--61.html HTTP/1.1" 200 20686 "" "Mozilla/5.0 (Windows; U; Windows NT 5.1; fr-FR; rv:1.7.12) Gecko/20050919 Firefox/1.0.7"
84.97.243.146 - - [28/Sep/2006:10:55:09 +0000] "GET /Champeaux--61.html HTTP/1.1" 200 20686 "" "Mozilla/5.0 (Windows; U; Windows NT 5.1; fr-FR; rv:1.7.12) Gecko/20050919 Firefox/1.0.7"
84.97.243.146 - - [28/Sep/2006:10:55:11 +0000] "GET /Champeaux--61.html HTTP/1.1" 200 20686 "" "Mozilla/5.0 (Windows; U; Windows NT 5.1; fr-FR; rv:1.7.12) Gecko/20050919 Firefox/1.0.7"
84.97.243.146 - - [28/Sep/2006:10:55:13 +0000] "GET /Champeaux--61.html HTTP/1.1" 200 20686 "" "Mozilla/5.0 (Windows; U; Windows NT 5.1; fr-FR; rv:1.7.12) Gecko/20050919 Firefox/1.0.7"
84.97.243.146 - - [28/Sep/2006:10:55:14 +0000] "GET /Champeaux--61.html HTTP/1.1" 200 20686 "" "Mozilla/5.0 (Windows; U; Windows NT 5.1; fr-FR; rv:1.7.12) Gecko/20050919 Firefox/1.0.7"
84.97.243.146 - - [28/Sep/2006:10:55:16 +0000] "GET /Champeaux--61.html HTTP/1.1" 200 20686 "" "Mozilla/5.0 (Windows; U; Windows NT 5.1; fr-FR; rv:1.7.12) Gecko/20050919 Firefox/1.0.7"
84.97.243.146 - - [28/Sep/2006:10:55:21 +0000] "GET /Champeaux--61.html HTTP/1.1" 200 20686 "" "Mozilla/5.0 (Windows; U; Windows NT 5.1; fr-FR; rv:1.7.12) Gecko/20050919 Firefox/1.0.7"
84.97.243.146 - - [28/Sep/2006:10:55:22 +0000] "GET /Champeaux--61.html HTTP/1.1" 200 20686 "" "Mozilla/5.0 (Windows; U; Windows NT 5.1; fr-FR; rv:1.7.12) Gecko/20050919 Firefox/1.0.7"
84.97.243.146 - - [28/Sep/2006:10:56:11 +0000] "GET /Champeaux--61.html HTTP/1.1" 200 20686 "" "Mozilla/5.0 (Windows; U; Windows NT 5.1; fr-FR; rv:1.7.12) Gecko/20050919 Firefox/1.0.7"
84.97.243.146 - - [28/Sep/2006:11:05:26 +0000] "GET /Champeaux/D_couvrir--98.html HTTP/1.1" 200 9335 "" "Mozilla/5.0 (Windows; U; Windows NT 5.1; fr-FR; rv:1.7.12) Gecko/20050919 Firefox/1.0.7"
207.46.98.73 - - [28/Sep/2006:12:16:46 +0000] "GET /Champeaux/Loisirs--94.html HTTP/1.1" 200 9633 "" "msnbot/1.0 (+http://search.msn.com/msnbot.htm)"
66.249.66.199 - - [28/Sep/2006:13:45:49 +0000] "GET /Champeaux/Tourisme--97.html HTTP/1.1" 200 9332 "" "Mozilla/5.0 (compatible; Googlebot/2.1; +http://www.google.com/bot.html)"
86.220.54.217 - - [28/Sep/2006:14:16:06 +0000] "GET /Champeaux/H_bergement--96.html HTTP/1.1" 200 34238 "http://www.google.fr/search?client=firefox-a&rls=org.mozilla%3Afr-FR%3Aofficial_s&hl=fr&q=h%C3%B4tel+champeaux&meta=&btnG=Recherche+Google" "Mozilla/5.0 (Windows; U; Windows NT 5.1; fr; rv:1.8.0.7) Gecko/20060909 Firefox/1.5.0.7"
86.220.54.217 - - [28/Sep/2006:14:16:18 +0000] "GET /Champeaux--61.html HTTP/1.1" 200 20974 "" "Mozilla/5.0 (Windows; U; Windows NT 5.1; fr; rv:1.8.0.7) Gecko/20060909 Firefox/1.5.0.7"
86.220.54.217 - - [28/Sep/2006:14:16:28 +0000] "GET /Champeaux/H_bergement--96.html HTTP/1.1" 200 34238 "http://www.portedelabaie.com/fr/communes/champeaux/hebergement.html?tx_travelguide_pi1%5Bscat%5D=3&tx_travelguide_pi1%5Bsloc%5D=1" "Mozilla/5.0 (Windows; U; Windows NT 5.1; fr; rv:1.8.0.7) Gecko/20060909 Firefox/1.5.0.7"
86.220.54.217 - - [28/Sep/2006:14:16:36 +0000] "GET /Champeaux/H_bergement--96.html HTTP/1.1" 200 34238 "http://www.ville-champeaux.com/fr/hebergement.html?tx_travelguide_pi1%5Bscat%5D=1&tx_travelguide_pi1%5Bsloc%5D=2" "Mozilla/5.0 (Windows; U; Windows NT 5.1; fr; rv:1.8.0.7) Gecko/20060909 Firefox/1.5.0.7"
207.46.98.131 - - [28/Sep/2006:15:44:04 +0000] "GET /Champeaux--61.html HTTP/1.1" 200 20974 "" "msnbot/1.0 (+http://search.msn.com/msnbot.htm)"
62.39.159.177 - - [28/Sep/2006:17:10:26 +0000] "GET /Champeaux/Vie_Pratique--95.html HTTP/1.1" 200 9344 "http://www.google.fr/search?hl=fr&q=dragey&btnG=Recherche+Google&meta=cr%3DcountryFR" "Mozilla/4.0 (compatible; MSIE 6.0; Windows NT 5.1)"
62.39.159.177 - - [28/Sep/2006:17:11:51 +0000] "GET /Champeaux/Vie_Pratique--95.html HTTP/1.1" 200 9344 "http://www.google.fr/search?hl=fr&q=dragey&btnG=Recherche+Google&meta=cr%3DcountryFR" "Mozilla/4.0 (compatible; MSIE 6.0; Windows NT 5.1)"
66.249.66.199 - - [28/Sep/2006:18:29:54 +0000] "GET /Champeaux/H_bergement--96.html HTTP/1.1" 200 24836 "" "Mozilla/5.0 (compatible; Googlebot/2.1; +http://www.google.com/bot.html)"
66.249.66.199 - - [28/Sep/2006:20:14:09 +0000] "GET /Champeaux/Actualit_s--178.html HTTP/1.1" 200 10729 "" "Mozilla/5.0 (compatible; Googlebot/2.1; +http://www.google.com/bot.html)"
66.249.66.133 - - [28/Sep/2006:20:54:15 +0000] "GET /Champeaux/Calendrier--93.html HTTP/1.1" 200 10587 "" "Mozilla/5.0 (compatible; Googlebot/2.1; +http://www.google.com/bot.html)"
66.249.66.133 - - [28/Sep/2006:21:01:24 +0000] "GET /Champeaux/H_bergement--96.html HTTP/1.1" 200 34238 "" "Mozilla/5.0 (compatible; Googlebot/2.1; +http://www.google.com/bot.html)"
88.136.26.88 - - [28/Sep/2006:21:11:16 +0000] "GET /Champeaux/Vie_Pratique--95.html HTTP/1.1" 200 9344 "http://images.google.fr/imgres?imgurl=http://www.portedelabaie.com/typo3temp/pics/b2309457b7.jpg&imgrefurl=http://www.portedelabaie.com/index.php%3Fid%3D95&h=90&w=171&sz=11&hl=fr&start=1&tbnid=w0zFa-xpFkj_BM:&tbnh=53&tbnw=100&prev=/images%3Fq%3Dmanoir%2Bde%2Bpotrel%26svnum%3D10%26hl%3Dfr%26lr%3D%26sa%3DG" "Mozilla/4.0 (compatible; MSIE 6.0; Windows NT 5.1; Wanadoo 6.2; HbTools 4.8.0)"
66.249.66.133 - - [28/Sep/2006:21:58:23 +0000] "GET /Champeaux/H_bergement--96.html HTTP/1.1" 200 24837 "" "Mozilla/5.0 (compatible; Googlebot/2.1; +http://www.google.com/bot.html)"
66.249.66.133 - - [28/Sep/2006:22:03:21 +0000] "GET /Champeaux/H_bergement--96.html HTTP/1.1" 200 24849 "" "Mozilla/5.0 (compatible; Googlebot/2.1; +http://www.google.com/bot.html)"
82.250.134.156 - - [28/Sep/2006:23:43:41 +0000] "GET /Champeaux/D_couvrir--98.html HTTP/1.1" 200 9335 "http://images.google.fr/imgres?imgurl=http://www.portedelabaie.com/typo3temp/pics/6bb5d85919.jpg&imgrefurl=http://www.portedelabaie.com/index.php%3Fid%3D98&h=138&w=171&sz=4&hl=fr&start=366&tbnid=VqtYLxZNT85UBM:&tbnh=81&tbnw=100&prev=/images%3Fq%3Dcouleur%2Bmer%26start%3D360%26ndsp%3D18%26svnum%3D10%26hl%3Dfr%26lr%3D%26sa%3DN" "Mozilla/4.0 (compatible; MSIE 6.0; Windows NT 5.1)"
72.30.102.6 - - [29/Sep/2006:00:21:45 +0000] "GET /Champeaux/Calendrier--93.html HTTP/1.1" 200 16285 "" "Mozilla/5.0 (compatible; Yahoo! Slurp; http://help.yahoo.com/help/us/ysearch/slurp)"
72.30.129.28 - - [29/Sep/2006:01:15:19 +0000] "GET /Champeaux--61.html HTTP/1.1" 200 20974 "" "Mozilla/5.0 (compatible; Yahoo! Slurp; http://help.yahoo.com/help/us/ysearch/slurp)"
66.249.65.34 - - [29/Sep/2006:01:41:58 +0000] "GET /Champeaux/Calendrier--93.html HTTP/1.1" 200 10629 "" "Mozilla/5.0 (compatible; Googlebot/2.1; +http://www.google.com/bot.html)"
66.249.65.34 - - [29/Sep/2006:02:31:40 +0000] "GET /Champeaux/Actualit_s--178.html HTTP/1.1" 200 10729 "" "Mozilla/5.0 (compatible; Googlebot/2.1; +http://www.google.com/bot.html)"
66.249.65.34 - - [29/Sep/2006:03:31:20 +0000] "GET /Champeaux/H_bergement--96.html HTTP/1.1" 200 27038 "" "Mozilla/5.0 (compatible; Googlebot/2.1; +http://www.google.com/bot.html)"
66.249.65.34 - - [29/Sep/2006:03:36:17 +0000] "GET /Champeaux/H_bergement--96.html HTTP/1.1" 200 27050 "" "Mozilla/5.0 (compatible; Googlebot/2.1; +http://www.google.com/bot.html)"
66.249.65.34 - - [29/Sep/2006:03:41:16 +0000] "GET /Champeaux/H_bergement--96.html HTTP/1.1" 200 27037 "" "Mozilla/5.0 (compatible; Googlebot/2.1; +http://www.google.com/bot.html)"
66.249.65.34 - - [29/Sep/2006:07:19:40 +0000] "GET /Champeaux--61.html HTTP/1.1" 200 20974 "" "Mozilla/5.0 (compatible; Googlebot/2.1; +http://www.google.com/bot.html)"
89.156.181.25 - - [29/Sep/2006:15:02:19 +0000] "GET /Champeaux/D_couvrir--98.html HTTP/1.1" 200 9639 "" "Mozilla/5.0 (Windows; U; Windows NT 5.1; fr; rv:1.8.0.7) Gecko/20060909 Firefox/1.5.0.7"
89.156.181.25 - - [29/Sep/2006:15:02:46 +0000] "GET /Champeaux--61.html HTTP/1.1" 200 575 "" "Mozilla/5.0 (Windows; U; Windows NT 5.1; fr; rv:1.8.0.7) Gecko/20060909 Firefox/1.5.0.7"
89.156.181.25 - - [29/Sep/2006:15:02:39 +0000] "GET /Champeaux--61.html HTTP/1.1" 200 20974 "" "Mozilla/5.0 (Windows; U; Windows NT 5.1; fr; rv:1.8.0.7) Gecko/20060909 Firefox/1.5.0.7"
202.160.179.63 - - [29/Sep/2006:20:50:01 +0000] "GET /Champeaux/D_couvrir--98.html HTTP/1.1" 200 9639 "" "Mozilla/5.0 (compatible; Yahoo! Slurp China; http://misc.yahoo.com.cn/help.html)"
66.249.65.34 - - [29/Sep/2006:21:12:31 +0000] "GET /Champeaux--61.html HTTP/1.1" 200 21019 "" "Mozilla/5.0 (compatible; Googlebot/2.1; +http://www.google.com/bot.html)"
66.249.65.34 - - [29/Sep/2006:21:29:04 +0000] "GET /Champeaux/Calendrier--93.html HTTP/1.1" 200 16285 "" "Mozilla/5.0 (compatible; Googlebot/2.1; +http://www.google.com/bot.html)"
66.249.65.34 - - [29/Sep/2006:22:29:37 +0000] "GET /Champeaux/Loisirs--94.html HTTP/1.1" 200 9633 "" "Mozilla/5.0 (compatible; Googlebot/2.1; +http://www.google.com/bot.html)"
64.4.8.134 - - [29/Sep/2006:22:45:52 +0000] "GET /Champeaux--61.html HTTP/1.1" 200 21019 "" "msnbot/1.0 (+http://search.msn.com/msnbot.htm)"
60.28.17.51 - - [29/Sep/2006:23:07:31 +0000] "GET /Champeaux--61.html HTTP/1.1" 200 20974 "" "Baiduspider+(+http://www.baidu.com/search/spider.htm)"
81.50.41.23 - - [29/Sep/2006:23:23:53 +0000] "GET /Champeaux/D_couvrir--98.html HTTP/1.1" 200 9639 "http://images.google.fr/imgres?imgurl=http://www.portedelabaie.com/typo3temp/pics/6bb5d85919.jpg&imgrefurl=http://www.portedelabaie.com/index.php%3Fid%3D98&h=138&w=171&sz=4&hl=fr&start=11&tbnid=VqtYLxZNT85UBM:&tbnh=81&tbnw=100&prev=/images%3Fq%3Dcarolles%2Bsur%2Bmer%26svnum%3D10%26hl%3Dfr%26lr%3D%26sa%3DG" "Mozilla/4.0 (compatible; MSIE 6.0; Windows NT 5.1; SV1; .NET CLR 1.1.4322)"
72.30.129.142 - - [29/Sep/2006:23:55:12 +0000] "GET /Champeaux/Vie_Pratique--95.html HTTP/1.1" 200 9648 "" "Mozilla/5.0 (compatible; Yahoo! Slurp; http://help.yahoo.com/help/us/ysearch/slurp)"
66.249.65.34 - - [30/Sep/2006:00:20:33 +0000] "GET /Champeaux--61.html HTTP/1.1" 200 20974 "" "Mozilla/5.0 (compatible; Googlebot/2.1; +http://www.google.com/bot.html)"
66.249.65.34 - - [30/Sep/2006:01:22:14 +0000] "GET /Champeaux/Calendrier--93.html HTTP/1.1" 200 16359 "" "Mozilla/5.0 (compatible; Googlebot/2.1; +http://www.google.com/bot.html)"
207.46.98.129 - - [30/Sep/2006:04:20:38 +0000] "GET /Champeaux--61.html HTTP/1.1" 200 20974 "" "msnbot/1.0 (+http://search.msn.com/msnbot.htm)"
207.46.98.129 - - [30/Sep/2006:04:20:39 +0000] "GET /Champeaux--61.html HTTP/1.1" 200 20974 "" "msnbot/1.0 (+http://search.msn.com/msnbot.htm)"
66.249.65.34 - - [30/Sep/2006:04:39:50 +0000] "GET /Champeaux--61.html HTTP/1.1" 200 20974 "" "Mozilla/5.0 (compatible; Googlebot/2.1; +http://www.google.com/bot.html)"
66.194.6.3 - - [30/Sep/2006:04:53:56 +0000] "GET /Champeaux--61.html HTTP/1.1" 200 20974 "" "Mozilla/5.0 (compatible; Konqueror/3.0-rc3; i686 Linux; 20020918)"
207.46.98.133 - - [30/Sep/2006:05:45:13 +0000] "GET /Champeaux--61.html HTTP/1.1" 200 20974 "" "msnbot/1.0 (+http://search.msn.com/msnbot.htm)"
66.249.65.34 - - [30/Sep/2006:05:54:04 +0000] "GET /Champeaux/Calendrier--93.html HTTP/1.1" 200 10587 "" "Mozilla/5.0 (compatible; Googlebot/2.1; +http://www.google.com/bot.html)"
66.249.65.34 - - [30/Sep/2006:05:58:12 +0000] "GET /Champeaux/Calendrier--93.html HTTP/1.1" 200 12236 "" "Mozilla/5.0 (compatible; Googlebot/2.1; +http://www.google.com/bot.html)"
207.46.98.131 - - [30/Sep/2006:05:59:21 +0000] "GET /Champeaux--61.html HTTP/1.1" 200 20974 "" "msnbot/1.0 (+http://search.msn.com/msnbot.htm)"
207.46.98.129 - - [30/Sep/2006:06:59:19 +0000] "GET /Champeaux--61.html HTTP/1.1" 200 20974 "" "msnbot/1.0 (+http://search.msn.com/msnbot.htm)"
207.46.98.129 - - [30/Sep/2006:06:59:19 +0000] "GET /Champeaux--61.html HTTP/1.1" 200 20974 "" "msnbot/1.0 (+http://search.msn.com/msnbot.htm)"
207.46.98.129 - - [30/Sep/2006:07:00:15 +0000] "GET /Champeaux--61.html HTTP/1.1" 200 20974 "" "msnbot/1.0 (+http://search.msn.com/msnbot.htm)"
66.249.65.34 - - [30/Sep/2006:07:04:12 +0000] "GET /Champeaux/Calendrier--93.html HTTP/1.1" 200 12217 "" "Mozilla/5.0 (compatible; Googlebot/2.1; +http://www.google.com/bot.html)"
66.249.65.34 - - [30/Sep/2006:07:47:49 +0000] "GET /Champeaux--61.html HTTP/1.1" 200 20974 "" "Mozilla/5.0 (compatible; Googlebot/2.1; +http://www.google.com/bot.html)"
66.249.65.34 - - [30/Sep/2006:08:54:48 +0000] "GET /Champeaux--61.html HTTP/1.1" 200 20974 "" "Mozilla/5.0 (compatible; Googlebot/2.1; +http://www.google.com/bot.html)"
66.249.65.34 - - [30/Sep/2006:09:12:05 +0000] "GET /Champeaux/Loisirs--94.html HTTP/1.1" 200 9633 "" "Mozilla/5.0 (compatible; Googlebot/2.1; +http://www.google.com/bot.html)"
66.249.65.34 - - [30/Sep/2006:09:32:42 +0000] "GET /Champeaux/Calendrier--93.html HTTP/1.1" 200 10587 "" "Mozilla/5.0 (compatible; Googlebot/2.1; +http://www.google.com/bot.html)"
66.249.65.34 - - [30/Sep/2006:09:36:50 +0000] "GET /Champeaux/Calendrier--93.html HTTP/1.1" 200 10587 "" "Mozilla/5.0 (compatible; Googlebot/2.1; +http://www.google.com/bot.html)"
86.208.210.234 - - [30/Sep/2006:10:46:18 +0000] "GET /Champeaux/Vie_Pratique--95.html HTTP/1.1" 200 9648 "http://www.google.fr/search?hl=fr&q=dragey&btnG=Recherche+Google&meta=cr%3DcountryFR" "Mozilla/4.0 (compatible; MSIE 6.0; Windows NT 5.1; SV1; Wanadoo 6.7; .NET CLR 1.1.4322)"
207.46.98.131 - - [30/Sep/2006:11:28:14 +0000] "GET /Champeaux--61.html HTTP/1.1" 200 20974 "" "msnbot/1.0 (+http://search.msn.com/msnbot.htm)"
90.8.23.211 - - [30/Sep/2006:11:31:14 +0000] "GET /Champeaux--61.html HTTP/1.1" 200 20974 "http://www.portedelabaie.com/" "Mozilla/4.0 (compatible; MSIE 6.0; Windows NT 5.1; SV1; .NET CLR 1.1.4322)"
207.46.98.133 - - [30/Sep/2006:11:59:25 +0000] "GET /Champeaux--61.html HTTP/1.1" 200 20974 "" "msnbot/1.0 (+http://search.msn.com/msnbot.htm)"
207.46.98.129 - - [30/Sep/2006:12:38:27 +0000] "GET /Champeaux--61.html HTTP/1.1" 200 20974 "" "msnbot/1.0 (+http://search.msn.com/msnbot.htm)"
86.203.195.75 - - [30/Sep/2006:13:01:55 +0000] "GET /Champeaux/D_couvrir--98.html HTTP/1.1" 200 9639 "http://fr.search.yahoo.com/search?p=le+plus+beau+kilom%C3%A8tre+de+france&fr=FP-tab-web-t340&ei=UTF-8&meta=vc%3D" "Mozilla/4.0 (compatible; MSIE 6.0; Windows NT 5.1; SV1; .NET CLR 1.1.4322)"
66.249.65.34 - - [30/Sep/2006:13:36:07 +0000] "GET /Champeaux/Loisirs--94.html HTTP/1.1" 200 9633 "" "Mozilla/5.0 (compatible; Googlebot/2.1; +http://www.google.com/bot.html)"
217.74.99.25 - - [30/Sep/2006:14:46:55 +0000] "GET /Champeaux--61.html HTTP/1.1" 200 20974 "" "NG/2.0"
217.74.99.25 - - [30/Sep/2006:14:46:57 +0000] "GET /Champeaux/D_couvrir--98.html HTTP/1.1" 200 9639 "" "NG/2.0"
217.74.99.25 - - [30/Sep/2006:14:46:59 +0000] "GET /Champeaux/Tourisme--97.html HTTP/1.1" 200 9636 "" "NG/2.0"
217.74.99.25 - - [30/Sep/2006:14:47:01 +0000] "GET /Champeaux/H_bergement--96.html HTTP/1.1" 200 26835 "" "NG/2.0"
217.74.99.25 - - [30/Sep/2006:14:47:03 +0000] "GET /Champeaux/Vie_Pratique--95.html HTTP/1.1" 200 9648 "" "NG/2.0"
217.74.99.25 - - [30/Sep/2006:14:47:05 +0000] "GET /Champeaux/Loisirs--94.html HTTP/1.1" 200 9633 "" "NG/2.0"
217.74.99.25 - - [30/Sep/2006:14:47:07 +0000] "GET /Champeaux/Calendrier--93.html HTTP/1.1" 200 16288 "" "NG/2.0"
217.74.99.25 - - [30/Sep/2006:14:47:09 +0000] "GET /Champeaux--61.html HTTP/1.1" 200 20974 "" "NG/2.0"
217.74.99.25 - - [30/Sep/2006:14:47:11 +0000] "GET /Champeaux--61.html HTTP/1.1" 200 20974 "" "NG/2.0"
66.249.65.34 - - [30/Sep/2006:16:14:27 +0000] "GET /Champeaux/Calendrier--93.html HTTP/1.1" 200 12217 "" "Mozilla/5.0 (compatible; Googlebot/2.1; +http://www.google.com/bot.html)"
81.82.104.170 - - [30/Sep/2006:17:07:25 +0000] "GET /Champeaux--61.html HTTP/1.1" 200 575 "http://www.portedelabaie.com/" "Mozilla/4.0 (compatible; MSIE 6.0; Windows NT 5.1; SV1; FunWebProducts; .NET CLR 1.1.4322; HbTools 4.7.5)"
81.82.104.170 - - [30/Sep/2006:17:07:24 +0000] "GET /Champeaux--61.html HTTP/1.1" 200 20656 "http://www.portedelabaie.com/" "Mozilla/4.0 (compatible; MSIE 6.0; Windows NT 5.1; SV1; FunWebProducts; .NET CLR 1.1.4322; HbTools 4.7.5)"
207.46.98.131 - - [30/Sep/2006:17:21:37 +0000] "GET /Champeaux--61.html HTTP/1.1" 200 20656 "" "msnbot/1.0 (+http://search.msn.com/msnbot.htm)"
207.46.98.133 - - [30/Sep/2006:17:47:14 +0000] "GET /Champeaux--61.html HTTP/1.1" 200 20656 "" "msnbot/1.0 (+http://search.msn.com/msnbot.htm)"
207.46.98.129 - - [30/Sep/2006:18:57:39 +0000] "GET /Champeaux--61.html HTTP/1.1" 200 20656 "" "msnbot/1.0 (+http://search.msn.com/msnbot.htm)"
207.46.98.133 - - [30/Sep/2006:22:38:45 +0000] "GET /Champeaux--61.html HTTP/1.1" 200 20656 "" "msnbot/1.0 (+http://search.msn.com/msnbot.htm)"
207.46.98.131 - - [30/Sep/2006:23:05:59 +0000] "GET /Champeaux--61.html HTTP/1.1" 200 20656 "" "msnbot/1.0 (+http://search.msn.com/msnbot.htm)"
87.82.1.176 - - [01/Oct/2006:00:01:50 +0000] "GET /Champeaux/Tourisme--97.html HTTP/1.1" 200 9332 "http://images.google.co.uk/imgres?imgurl=http://www.portedelabaie.com/typo3temp/pics/25ac324655.jpg&imgrefurl=http://www.portedelabaie.com/index.php%3Fid%3D97&h=184&w=121&sz=5&hl=en&start=5&tbnid=NQ40N345zsGywM:&tbnh=102&tbnw=67&prev=/images%3Fq%3Dchampcey%26svnum%3D10%26hl%3Den%26lr%3D%26safe%3Doff%26sa%3DN" "Mozilla/4.0 (compatible; MSIE 6.0; Windows NT 5.1; SV1; .NET CLR 1.1.4322)"
207.46.98.129 - - [01/Oct/2006:02:15:59 +0000] "GET /Champeaux--61.html HTTP/1.1" 200 20656 "" "msnbot/1.0 (+http://search.msn.com/msnbot.htm)"
72.30.252.156 - - [01/Oct/2006:04:29:40 +0000] "GET /Champeaux/D_couvrir--98.html HTTP/1.1" 200 9335 "" "Mozilla/5.0 (compatible; Yahoo! Slurp; http://help.yahoo.com/help/us/ysearch/slurp)"
207.46.98.133 - - [01/Oct/2006:04:34:52 +0000] "GET /Champeaux--61.html HTTP/1.1" 200 20656 "" "msnbot/1.0 (+http://search.msn.com/msnbot.htm)"
207.46.98.131 - - [01/Oct/2006:04:45:56 +0000] "GET /Champeaux--61.html HTTP/1.1" 200 20656 "" "msnbot/1.0 (+http://search.msn.com/msnbot.htm)"
74.6.73.152 - - [01/Oct/2006:09:45:21 +0000] "GET /Champeaux/Loisirs--94.html HTTP/1.1" 200 9329 "" "Mozilla/5.0 (compatible; Yahoo! Slurp; http://help.yahoo.com/help/us/ysearch/slurp)"
66.249.65.6 - - [01/Oct/2006:12:13:28 +0000] "GET /Champeaux--61.html HTTP/1.1" 200 20656 "" "Mozilla/5.0 (compatible; Googlebot/2.1; +http://www.google.com/bot.html)"
66.249.65.6 - - [01/Oct/2006:12:13:29 +0000] "GET /Champeaux/H_bergement--96.html HTTP/1.1" 200 26531 "" "Mozilla/5.0 (compatible; Googlebot/2.1; +http://www.google.com/bot.html)"
66.249.65.6 - - [01/Oct/2006:14:55:19 +0000] "GET /Champeaux/H_bergement--96.html HTTP/1.1" 200 27766 "" "Mozilla/5.0 (compatible; Googlebot/2.1; +http://www.google.com/bot.html)"
66.249.65.6 - - [01/Oct/2006:15:33:59 +0000] "GET /Champeaux/Vie_Pratique--95.html HTTP/1.1" 200 9344 "" "Mozilla/5.0 (compatible; Googlebot/2.1; +http://www.google.com/bot.html)"
66.249.65.6 - - [01/Oct/2006:18:47:23 +0000] "GET /Champeaux/H_bergement--96.html HTTP/1.1" 200 27766 "" "Mozilla/5.0 (compatible; Googlebot/2.1; +http://www.google.com/bot.html)"
193.253.55.246 - - [01/Oct/2006:22:12:36 +0000] "GET /Champeaux/Calendrier--93.html HTTP/1.1" 200 16055 "http://www.google.fr/search?hl=fr&q=%22MANOIR+DE+BREQUIGNY%22&meta=" "Mozilla/4.0 (compatible; MSIE 6.0; Windows 98; .NET CLR 1.0.3705)"
66.249.65.6 - - [01/Oct/2006:23:57:53 +0000] "GET /Champeaux/Vie_Pratique--95.html HTTP/1.1" 200 9344 "" "Mozilla/5.0 (compatible; Googlebot/2.1; +http://www.google.com/bot.html)"
66.249.65.6 - - [02/Oct/2006:01:58:21 +0000] "GET /Champeaux/H_bergement--96.html HTTP/1.1" 200 27766 "" "Mozilla/5.0 (compatible; Googlebot/2.1; +http://www.google.com/bot.html)"
217.74.99.25 - - [02/Oct/2006:02:28:09 +0000] "GET /Champeaux--61.html HTTP/1.1" 200 20686 "" "NG/2.0"
66.249.65.6 - - [02/Oct/2006:02:31:40 +0000] "GET /Champeaux/H_bergement--96.html HTTP/1.1" 200 27766 "" "Mozilla/5.0 (compatible; Googlebot/2.1; +http://www.google.com/bot.html)"
66.249.65.6 - - [02/Oct/2006:02:37:02 +0000] "GET /Champeaux/H_bergement--96.html HTTP/1.1" 200 27766 "" "Mozilla/5.0 (compatible; Googlebot/2.1; +http://www.google.com/bot.html)"
207.46.98.74 - - [02/Oct/2006:04:08:05 +0000] "GET /Champeaux--61.html HTTP/1.1" 200 20734 "" "msnbot/1.0 (+http://search.msn.com/msnbot.htm)"
66.249.65.6 - - [02/Oct/2006:04:27:32 +0000] "GET /Champeaux/H_bergement--96.html HTTP/1.1" 200 27766 "" "Mozilla/5.0 (compatible; Googlebot/2.1; +http://www.google.com/bot.html)"
66.249.65.6 - - [02/Oct/2006:05:21:45 +0000] "GET /Champeaux/H_bergement--96.html HTTP/1.1" 200 27766 "" "Mozilla/5.0 (compatible; Googlebot/2.1; +http://www.google.com/bot.html)"
66.249.66.205 - - [02/Oct/2006:05:53:48 +0000] "GET /Champeaux/H_bergement--96.html HTTP/1.1" 200 27766 "" "Mozilla/5.0 (compatible; Googlebot/2.1; +http://www.google.com/bot.html)"
66.249.66.205 - - [02/Oct/2006:06:42:05 +0000] "GET /Champeaux/H_bergement--96.html HTTP/1.1" 200 27766 "" "Mozilla/5.0 (compatible; Googlebot/2.1; +http://www.google.com/bot.html)"
74.6.73.46 - - [02/Oct/2006:09:01:28 +0000] "GET /Champeaux/Tourisme--97.html HTTP/1.1" 200 9332 "" "Mozilla/5.0 (compatible; Yahoo! Slurp; http://help.yahoo.com/help/us/ysearch/slurp)"
212.208.99.29 - - [02/Oct/2006:09:30:41 +0000] "GET /Champeaux/H_bergement--96.html HTTP/1.1" 200 27766 "http://www.google.fr/search?hl=fr&q=gite+champeaux&meta=" "Mozilla/4.0 (compatible; MSIE 6.0; Windows NT 5.1; SV1)"
212.208.99.29 - - [02/Oct/2006:09:30:56 +0000] "GET /Champeaux/H_bergement--96.html HTTP/1.1" 200 27766 "http://www.portedelabaie.com/fr/communes/champeaux/hebergement.html" "Mozilla/4.0 (compatible; MSIE 6.0; Windows NT 5.1; SV1)"
212.208.99.29 - - [02/Oct/2006:09:40:32 +0000] "GET /Champeaux--61.html HTTP/1.1" 200 20734 "http://www.google.fr/search?hl=fr&q=champeaux&meta=" "Mozilla/4.0 (compatible; MSIE 6.0; Windows NT 5.1; SV1)"
67.68.127.150 - - [02/Oct/2006:11:32:53 +0000] "GET /Champeaux--61.html HTTP/1.1" 200 20686 "http://www.portedelabaie.com/fr.html" "Mozilla/4.0 (compatible; MSIE 6.0; Windows NT 5.1; SYMPA; SV1)"
64.246.165.190 - - [02/Oct/2006:13:00:00 +0000] "GET /Champeaux--61.html HTTP/1.1" 200 20686 "http://www.whois.sc/" "SurveyBot/2.3 (Whois Source)"
64.246.165.190 - - [02/Oct/2006:13:00:01 +0000] "GET /Champeaux--61.html HTTP/1.1" 200 20686 "http://www.whois.sc/ville-champeaux.com" "SurveyBot/2.3 (Whois Source)"
66.249.65.114 - - [02/Oct/2006:14:26:42 +0000] "GET /Champeaux--61.html HTTP/1.1" 200 20686 "" "Mozilla/5.0 (compatible; Googlebot/2.1; +http://www.google.com/bot.html)"
72.30.103.92 - - [02/Oct/2006:15:52:25 +0000] "GET /Champeaux--61.html HTTP/1.1" 200 20686 "" "Mozilla/5.0 (compatible; Yahoo! Slurp; http://help.yahoo.com/help/us/ysearch/slurp)"
74.6.71.87 - - [02/Oct/2006:15:52:56 +0000] "GET /Champeaux/Tourisme--97.html HTTP/1.1" 200 9332 "" "Mozilla/5.0 (compatible; Yahoo! Slurp; http://help.yahoo.com/help/us/ysearch/slurp)"
207.46.98.131 - - [02/Oct/2006:19:27:23 +0000] "GET /Champeaux--61.html HTTP/1.1" 200 20686 "" "msnbot/1.0 (+http://search.msn.com/msnbot.htm)"
207.46.98.131 - - [02/Oct/2006:19:27:24 +0000] "GET /Champeaux/H_bergement--96.html HTTP/1.1" 200 26531 "" "msnbot/1.0 (+http://search.msn.com/msnbot.htm)"
207.46.98.131 - - [02/Oct/2006:19:27:33 +0000] "GET /Champeaux/Actualit_s--178.html HTTP/1.1" 200 10444 "" "msnbot/1.0 (+http://search.msn.com/msnbot.htm)"
207.46.98.133 - - [02/Oct/2006:20:05:12 +0000] "GET /Champeaux--61.html HTTP/1.1" 200 20686 "" "msnbot/1.0 (+http://search.msn.com/msnbot.htm)"
207.46.98.129 - - [02/Oct/2006:20:07:16 +0000] "GET /Champeaux--61.html HTTP/1.1" 200 20686 "" "msnbot/1.0 (+http://search.msn.com/msnbot.htm)"
207.46.98.129 - - [02/Oct/2006:20:07:17 +0000] "GET /Champeaux/Tourisme--97.html HTTP/1.1" 200 9332 "" "msnbot/1.0 (+http://search.msn.com/msnbot.htm)"
207.46.98.129 - - [02/Oct/2006:20:58:11 +0000] "GET /Champeaux/D_couvrir--98.html HTTP/1.1" 200 9335 "" "msnbot/1.0 (+http://search.msn.com/msnbot.htm)"
90.5.12.174 - - [02/Oct/2006:22:05:38 +0000] "GET /Champeaux/D_couvrir--98.html HTTP/1.1" 200 9335 "http://images.google.fr/imgres?imgurl=http://www.portedelabaie.com/typo3temp/pics/6bb5d85919.jpg&imgrefurl=http://www.portedelabaie.com/index.php%3Fid%3D98&h=138&w=171&sz=4&hl=fr&start=11&tbnid=VqtYLxZNT85UBM:&tbnh=81&tbnw=100&prev=/images%3Fq%3Dcarolles%2Bsur%2Bmer%26svnum%3D10%26hl%3Dfr%26lr%3D%26sa%3DG" "Mozilla/4.0 (compatible; MSIE 6.0; Windows NT 5.1; SV1; .NET CLR 1.1.4322)"
90.5.12.174 - - [02/Oct/2006:22:06:06 +0000] "GET /Champeaux/Calendrier--93.html HTTP/1.1" 200 15443 "http://www.portedelabaie.com/index.php?id=98" "Mozilla/4.0 (compatible; MSIE 6.0; Windows NT 5.1; SV1; .NET CLR 1.1.4322)"
90.5.12.174 - - [02/Oct/2006:22:07:00 +0000] "GET /Champeaux/D_couvrir--98.html HTTP/1.1" 200 9335 "http://www.ville-champeaux.com/fr/calendrier.html" "Mozilla/4.0 (compatible; MSIE 6.0; Windows NT 5.1; SV1; .NET CLR 1.1.4322)"
90.5.12.174 - - [02/Oct/2006:22:07:18 +0000] "GET /Champeaux/H_bergement--96.html HTTP/1.1" 200 26531 "http://www.ville-champeaux.com/fr/decouvrir.html" "Mozilla/4.0 (compatible; MSIE 6.0; Windows NT 5.1; SV1; .NET CLR 1.1.4322)"
90.5.12.174 - - [02/Oct/2006:22:07:26 +0000] "GET /Champeaux/Loisirs--94.html HTTP/1.1" 200 9329 "http://www.ville-champeaux.com/fr/hebergement.html" "Mozilla/4.0 (compatible; MSIE 6.0; Windows NT 5.1; SV1; .NET CLR 1.1.4322)"
90.5.12.174 - - [02/Oct/2006:22:07:33 +0000] "GET /Champeaux/Loisirs--94.html HTTP/1.1" 200 9329 "http://www.ville-champeaux.com/fr/loisirs.html" "Mozilla/4.0 (compatible; MSIE 6.0; Windows NT 5.1; SV1; .NET CLR 1.1.4322)"
207.46.98.133 - - [02/Oct/2006:22:32:43 +0000] "GET /Champeaux/Vie_Pratique--95.html HTTP/1.1" 200 9344 "" "msnbot/1.0 (+http://search.msn.com/msnbot.htm)"
207.46.98.133 - - [02/Oct/2006:22:33:35 +0000] "GET /Champeaux/Calendrier--93.html HTTP/1.1" 200 15443 "" "msnbot/1.0 (+http://search.msn.com/msnbot.htm)"
66.249.65.114 - - [02/Oct/2006:22:43:19 +0000] "GET /Champeaux/Calendrier--93.html HTTP/1.1" 200 10266 "" "Mozilla/5.0 (compatible; Googlebot/2.1; +http://www.google.com/bot.html)"
207.46.98.133 - - [02/Oct/2006:22:45:14 +0000] "GET /Champeaux--61.html HTTP/1.1" 200 20686 "" "msnbot/1.0 (+http://search.msn.com/msnbot.htm)"
207.46.98.133 - - [02/Oct/2006:22:45:15 +0000] "GET /Champeaux/Loisirs--94.html HTTP/1.1" 200 9329 "" "msnbot/1.0 (+http://search.msn.com/msnbot.htm)"
72.30.103.92 - - [02/Oct/2006:23:10:05 +0000] "GET /Champeaux--61.html HTTP/1.1" 200 20686 "" "Mozilla/5.0 (compatible; Yahoo! Slurp; http://help.yahoo.com/help/us/ysearch/slurp)"
72.30.216.16 - - [02/Oct/2006:23:10:06 +0000] "GET /Champeaux--61.html HTTP/1.1" 200 20686 "" "Mozilla/5.0 (compatible; Yahoo! Slurp; http://help.yahoo.com/help/us/ysearch/slurp)"
207.46.98.131 - - [02/Oct/2006:23:57:22 +0000] "GET /Champeaux/Actualit_s--178.html HTTP/1.1" 200 10444 "" "msnbot/1.0 (+http://search.msn.com/msnbot.htm)"
72.30.252.156 - - [03/Oct/2006:04:01:01 +0000] "GET /Champeaux/D_couvrir--98.html HTTP/1.1" 200 9335 "" "Mozilla/5.0 (compatible; Yahoo! Slurp; http://help.yahoo.com/help/us/ysearch/slurp)"
207.46.98.133 - - [03/Oct/2006:04:54:47 +0000] "GET /Champeaux--61.html HTTP/1.1" 200 20686 "" "msnbot/1.0 (+http://search.msn.com/msnbot.htm)"
72.30.103.92 - - [03/Oct/2006:05:54:04 +0000] "GET /Champeaux--61.html HTTP/1.1" 200 20686 "" "Mozilla/5.0 (compatible; Yahoo! Slurp; http://help.yahoo.com/help/us/ysearch/slurp)"
72.30.177.225 - - [03/Oct/2006:05:54:24 +0000] "GET /Champeaux/H_bergement--96.html HTTP/1.1" 200 26531 "" "Mozilla/5.0 (compatible; Yahoo! Slurp; http://help.yahoo.com/help/us/ysearch/slurp)"
4.79.247.67 - - [03/Oct/2006:09:12:15 +0000] "GET /Champeaux/D_couvrir--98.html HTTP/1.1" 200 9335 "" ""
90.8.2.210 - - [03/Oct/2006:09:58:48 +0000] "GET /Champeaux/H_bergement--96.html HTTP/1.1" 200 27766 "http://images.google.fr/imgres?imgurl=http://www.portedelabaie.com/typo3temp/pics/abf1c0cdc5.jpg&imgrefurl=http://www.portedelabaie.com/index.php%3Fid%3D96&h=135&w=180&sz=6&hl=fr&start=56&tbnid=dMS6hptiXUULZM:&tbnh=76&tbnw=101&prev=/images%3Fq%3Dsaint%2Bvigor%26start%3D40%26ndsp%3D20%26svnum%3D10%26hl%3Dfr%26lr%3D%26sa%3DN" "Mozilla/5.0 (Windows; U; Windows NT 5.1; fr; rv:1.8.0.7) Gecko/20060909 Firefox/1.5.0.7"
207.46.98.133 - - [03/Oct/2006:10:05:17 +0000] "GET /Champeaux--61.html HTTP/1.1" 200 20686 "" "msnbot/1.0 (+http://search.msn.com/msnbot.htm)"
72.30.103.92 - - [03/Oct/2006:10:30:21 +0000] "GET /Champeaux--61.html HTTP/1.1" 200 20686 "" "Mozilla/5.0 (compatible; Yahoo! Slurp; http://help.yahoo.com/help/us/ysearch/slurp)"
74.6.71.167 - - [03/Oct/2006:10:30:28 +0000] "GET /Champeaux/Calendrier--93.html HTTP/1.1" 200 15443 "" "Mozilla/5.0 (compatible; Yahoo! Slurp; http://help.yahoo.com/help/us/ysearch/slurp)"
207.46.98.133 - - [03/Oct/2006:15:25:52 +0000] "GET /Champeaux--61.html HTTP/1.1" 200 20686 "" "msnbot/1.0 (+http://search.msn.com/msnbot.htm)"
86.195.59.8 - - [03/Oct/2006:18:19:05 +0000] "GET /Champeaux/D_couvrir--98.html HTTP/1.1" 200 9335 "" "Mozilla/4.0 (compatible; MSIE 6.0; Windows NT 5.1; SV1; i-NavFourF; .NET CLR 1.1.4322)"
86.195.59.8 - - [03/Oct/2006:18:19:18 +0000] "GET /Champeaux/Tourisme--97.html HTTP/1.1" 200 9332 "" "Mozilla/4.0 (compatible; MSIE 6.0; Windows NT 5.1; SV1; i-NavFourF; .NET CLR 1.1.4322)"
86.195.59.8 - - [03/Oct/2006:18:19:19 +0000] "GET /Champeaux--61.html HTTP/1.1" 200 20686 "" "Mozilla/4.0 (compatible; MSIE 6.0; Windows NT 5.1; SV1; i-NavFourF; .NET CLR 1.1.4322)"
86.195.59.8 - - [03/Oct/2006:18:19:19 +0000] "GET /Champeaux--61.html HTTP/1.1" 200 20686 "" "Mozilla/4.0 (compatible; MSIE 6.0; Windows NT 5.1; SV1; i-NavFourF; .NET CLR 1.1.4322)"
86.195.59.8 - - [03/Oct/2006:18:19:22 +0000] "GET /Champeaux/Tourisme--97.html HTTP/1.1" 200 9332 "http://www.ville-champeaux.com/fr/tourisme.html" "Mozilla/4.0 (compatible; MSIE 6.0; Windows NT 5.1; SV1; i-NavFourF; .NET CLR 1.1.4322)"
86.195.59.8 - - [03/Oct/2006:18:19:25 +0000] "GET /Champeaux/H_bergement--96.html HTTP/1.1" 200 26531 "http://www.ville-champeaux.com/fr/tourisme.html" "Mozilla/4.0 (compatible; MSIE 6.0; Windows NT 5.1; SV1; i-NavFourF; .NET CLR 1.1.4322)"
86.195.59.8 - - [03/Oct/2006:18:19:43 +0000] "GET /Champeaux/H_bergement--96.html HTTP/1.1" 200 26531 "http://www.ville-champeaux.com/fr/hebergement.html" "Mozilla/4.0 (compatible; MSIE 6.0; Windows NT 5.1; SV1; i-NavFourF; .NET CLR 1.1.4322)"
86.195.59.8 - - [03/Oct/2006:18:19:50 +0000] "GET /Champeaux/H_bergement--96.html HTTP/1.1" 200 26531 "http://www.ville-champeaux.com/fr/hebergement.html?tx_travelguide_pi1%5Bscat%5D=4&tx_travelguide_pi1%5Bsloc%5D=1" "Mozilla/4.0 (compatible; MSIE 6.0; Windows NT 5.1; SV1; i-NavFourF; .NET CLR 1.1.4322)"
86.195.59.8 - - [03/Oct/2006:18:20:13 +0000] "GET /Champeaux/Vie_Pratique--95.html HTTP/1.1" 200 9344 "http://www.ville-champeaux.com/fr/hebergement.html?tx_travelguide_pi1%5Bscat%5D=3&tx_travelguide_pi1%5Bsloc%5D=1" "Mozilla/4.0 (compatible; MSIE 6.0; Windows NT 5.1; SV1; i-NavFourF; .NET CLR 1.1.4322)"
86.195.59.8 - - [03/Oct/2006:18:20:21 +0000] "GET /Champeaux/Loisirs--94.html HTTP/1.1" 200 9329 "http://www.ville-champeaux.com/fr/vie-pratique.html" "Mozilla/4.0 (compatible; MSIE 6.0; Windows NT 5.1; SV1; i-NavFourF; .NET CLR 1.1.4322)"
86.195.59.8 - - [03/Oct/2006:18:20:25 +0000] "GET /Champeaux/Calendrier--93.html HTTP/1.1" 200 15443 "http://www.ville-champeaux.com/fr/loisirs.html" "Mozilla/4.0 (compatible; MSIE 6.0; Windows NT 5.1; SV1; i-NavFourF; .NET CLR 1.1.4322)"
207.46.98.133 - - [03/Oct/2006:20:25:15 +0000] "GET /Champeaux--61.html HTTP/1.1" 200 20686 "" "msnbot/1.0 (+http://search.msn.com/msnbot.htm)"
72.30.103.92 - - [03/Oct/2006:20:28:05 +0000] "GET /Champeaux--61.html HTTP/1.1" 200 20686 "" "Mozilla/5.0 (compatible; Yahoo! Slurp; http://help.yahoo.com/help/us/ysearch/slurp)"
72.30.177.225 - - [03/Oct/2006:20:28:10 +0000] "GET /Champeaux/H_bergement--96.html HTTP/1.1" 200 26531 "" "Mozilla/5.0 (compatible; Yahoo! Slurp; http://help.yahoo.com/help/us/ysearch/slurp)"
66.249.66.204 - - [03/Oct/2006:20:31:18 +0000] "GET /Champeaux/D_couvrir--98.html HTTP/1.1" 200 9335 "" "Mozilla/5.0 (compatible; Googlebot/2.1; +http://www.google.com/bot.html)"
66.249.66.204 - - [03/Oct/2006:20:54:15 +0000] "GET /Champeaux/H_bergement--96.html HTTP/1.1" 200 26531 "" "Mozilla/5.0 (compatible; Googlebot/2.1; +http://www.google.com/bot.html)"
87.64.15.252 - - [03/Oct/2006:20:54:57 +0000] "GET /Champeaux/Vie_Pratique--95.html HTTP/1.1" 200 9344 "http://www.google.be/search?hl=fr&q=dragey&btnG=Rechercher&meta=lr%3Dlang_fr" "Mozilla/4.0 (compatible; MSIE 6.0; Windows NT 5.1; SV1; .NET CLR 1.1.4322)"
74.6.73.243 - - [04/Oct/2006:02:05:55 +0000] "GET /Champeaux/H_bergement--96.html HTTP/1.1" 200 27766 "" "Mozilla/5.0 (compatible; Yahoo! Slurp; http://help.yahoo.com/help/us/ysearch/slurp)"
66.249.65.67 - - [04/Oct/2006:02:15:32 +0000] "GET /Champeaux/Actualit_s--178.html HTTP/1.1" 200 10444 "" "Mozilla/5.0 (compatible; Googlebot/2.1; +http://www.google.com/bot.html)"
72.30.131.215 - - [04/Oct/2006:02:27:07 +0000] "GET /Champeaux--61.html HTTP/1.1" 200 20686 "" "Mozilla/5.0 (compatible; Yahoo! Slurp; http://help.yahoo.com/help/us/ysearch/slurp)"
202.160.179.63 - - [04/Oct/2006:04:35:56 +0000] "GET /Champeaux/D_couvrir--98.html HTTP/1.1" 200 9335 "" "Mozilla/5.0 (compatible; Yahoo! Slurp China; http://misc.yahoo.com.cn/help.html)"
66.249.65.67 - - [04/Oct/2006:05:02:47 +0000] "GET /Champeaux/H_bergement--96.html HTTP/1.1" 200 24545 "" "Mozilla/5.0 (compatible; Googlebot/2.1; +http://www.google.com/bot.html)"
66.249.65.67 - - [04/Oct/2006:05:09:20 +0000] "GET /Champeaux/H_bergement--96.html HTTP/1.1" 200 24533 "" "Mozilla/5.0 (compatible; Googlebot/2.1; +http://www.google.com/bot.html)"
66.249.65.67 - - [04/Oct/2006:05:38:52 +0000] "GET /Champeaux/H_bergement--96.html HTTP/1.1" 200 24532 "" "Mozilla/5.0 (compatible; Googlebot/2.1; +http://www.google.com/bot.html)"
66.249.65.67 - - [04/Oct/2006:07:05:24 +0000] "GET /Champeaux--61.html HTTP/1.1" 200 20686 "" "Mozilla/5.0 (compatible; Googlebot/2.1; +http://www.google.com/bot.html)"
66.249.65.67 - - [04/Oct/2006:07:05:26 +0000] "GET /Champeaux/D_couvrir--98.html HTTP/1.1" 200 9335 "" "Mozilla/5.0 (compatible; Googlebot/2.1; +http://www.google.com/bot.html)"
66.249.65.67 - - [04/Oct/2006:08:55:29 +0000] "GET /Champeaux/Actualit_s--178.html HTTP/1.1" 200 10444 "" "Mozilla/5.0 (compatible; Googlebot/2.1; +http://www.google.com/bot.html)"
66.249.65.67 - - [04/Oct/2006:09:18:27 +0000] "GET /Champeaux/Tourisme--97.html HTTP/1.1" 200 9332 "" "Mozilla/5.0 (compatible; Googlebot/2.1; +http://www.google.com/bot.html)"
66.249.65.67 - - [04/Oct/2006:09:22:00 +0000] "GET /Champeaux/D_couvrir--98.html HTTP/1.1" 200 9335 "" "Mozilla/5.0 (compatible; Googlebot/2.1; +http://www.google.com/bot.html)"
66.249.65.67 - - [04/Oct/2006:09:55:32 +0000] "GET /Champeaux/H_bergement--96.html HTTP/1.1" 200 26531 "" "Mozilla/5.0 (compatible; Googlebot/2.1; +http://www.google.com/bot.html)"
66.249.65.67 - - [04/Oct/2006:10:07:37 +0000] "GET /Champeaux/Actualit_s--178.html HTTP/1.1" 200 10444 "" "Mozilla/5.0 (compatible; Googlebot/2.1; +http://www.google.com/bot.html)"
66.249.65.67 - - [04/Oct/2006:10:10:54 +0000] "GET /Champeaux/Actualit_s--178.html HTTP/1.1" 200 10444 "" "Mozilla/5.0 (compatible; Googlebot/2.1; +http://www.google.com/bot.html)"
66.249.65.67 - - [04/Oct/2006:10:27:19 +0000] "GET /Champeaux/H_bergement--96.html HTTP/1.1" 200 25574 "" "Mozilla/5.0 (compatible; Googlebot/2.1; +http://www.google.com/bot.html)"
87.66.147.37 - - [04/Oct/2006:11:19:53 +0000] "GET /Champeaux--61.html HTTP/1.1" 200 20734 "http://www.google.be/search?as_q=%C3%A9glise&num=10&hl=fr&btnG=Recherche+Google&as_epq=saint-michel-des-loups&as_oq=&as_eq=immobilier&lr=&as_ft=i&as_filetype=&as_qdr=all&as_occt=any&as_dt=i&as_sitesearch=&as_rights=&safe=images" "Mozilla/4.0 (compatible; MSIE 6.0; Windows NT 5.1; SV1; Sgrunt|V110|29|S591010536|dialno; ADVPLUGIN|K113|3|S591010536|dialno; ADVPLUGIN|K114|03|S591010536|dialno; snprtz|T1198960000022454321|isdn)"
87.66.147.37 - - [04/Oct/2006:11:20:43 +0000] "GET /Champeaux/Tourisme--97.html HTTP/1.1" 200 9332 "http://www.portedelabaie.com/fr/communes/champeaux.html" "Mozilla/4.0 (compatible; MSIE 6.0; Windows NT 5.1; SV1; Sgrunt|V110|29|S591010536|dialno; ADVPLUGIN|K113|3|S591010536|dialno; ADVPLUGIN|K114|03|S591010536|dialno; snprtz|T1198960000022454321|isdn)"
66.249.65.67 - - [04/Oct/2006:11:39:03 +0000] "GET /Champeaux/H_bergement--96.html HTTP/1.1" 200 25575 "" "Mozilla/5.0 (compatible; Googlebot/2.1; +http://www.google.com/bot.html)"
212.23.162.37 - - [04/Oct/2006:11:41:43 +0000] "GET /Champeaux/H_bergement--96.html HTTP/1.1" 200 26531 "http://www.google.fr/search?q=champeaux&hl=fr&lr=&start=40&sa=N" "Mozilla/4.0 (compatible; MSIE 6.0; Windows NT 5.1; SV1; .NET CLR 1.1.4322)"
66.249.65.67 - - [04/Oct/2006:11:42:17 +0000] "GET /Champeaux/H_bergement--96.html HTTP/1.1" 200 25587 "" "Mozilla/5.0 (compatible; Googlebot/2.1; +http://www.google.com/bot.html)"
212.23.162.37 - - [04/Oct/2006:11:42:18 +0000] "GET /Champeaux/Vie_Pratique--95.html HTTP/1.1" 200 9344 "http://www.portedelabaie.com/fr/communes/champeaux/hebergement.html" "Mozilla/4.0 (compatible; MSIE 6.0; Windows NT 5.1; SV1; .NET CLR 1.1.4322)"
212.23.162.37 - - [04/Oct/2006:11:42:39 +0000] "GET /Champeaux--61.html HTTP/1.1" 200 20686 "http://www.ville-champeaux.com/fr/vie-pratique.html" "Mozilla/4.0 (compatible; MSIE 6.0; Windows NT 5.1; SV1; .NET CLR 1.1.4322)"
212.23.162.37 - - [04/Oct/2006:11:43:30 +0000] "GET /Champeaux/Vie_Pratique--95.html HTTP/1.1" 200 9344 "http://www.ville-champeaux.com/" "Mozilla/4.0 (compatible; MSIE 6.0; Windows NT 5.1; SV1; .NET CLR 1.1.4322)"
65.214.44.52 - - [04/Oct/2006:12:53:00 +0000] "GET /Champeaux--61.html HTTP/1.1" 200 20686 "" "Mozilla/2.0 (compatible; Ask Jeeves/Teoma; +http://about.ask.com/en/docs/about/webmasters.shtml)"
65.214.44.52 - - [04/Oct/2006:12:53:09 +0000] "GET /Champeaux--61.html HTTP/1.1" 200 20686 "" "Mozilla/2.0 (compatible; Ask Jeeves/Teoma; +http://about.ask.com/en/docs/about/webmasters.shtml)"
66.249.65.67 - - [04/Oct/2006:13:09:41 +0000] "GET /Champeaux/Tourisme--97.html HTTP/1.1" 200 9332 "" "Mozilla/5.0 (compatible; Googlebot/2.1; +http://www.google.com/bot.html)"
66.249.65.67 - - [04/Oct/2006:13:25:31 +0000] "GET /Champeaux/Tourisme--97.html HTTP/1.1" 200 9332 "" "Mozilla/5.0 (compatible; Googlebot/2.1; +http://www.google.com/bot.html)"
82.233.118.199 - - [04/Oct/2006:15:25:28 +0000] "GET /Champeaux/Vie_Pratique--95.html HTTP/1.1" 200 9344 "http://www.google.com/search?hl=fr&q=dragey+ronthon&lr=" "Mozilla/4.0 (compatible; MSIE 6.0; Windows NT 5.1; SV1; .NET CLR 1.1.4322)"
82.233.118.199 - - [04/Oct/2006:15:25:37 +0000] "GET /Champeaux/Vie_Pratique--95.html HTTP/1.1" 200 9344 "http://www.portedelabaie.com/index.php?id=95" "Mozilla/4.0 (compatible; MSIE 6.0; Windows NT 5.1; SV1; .NET CLR 1.1.4322)"
82.233.118.199 - - [04/Oct/2006:15:25:38 +0000] "GET /Champeaux/Vie_Pratique--95.html HTTP/1.1" 200 9344 "http://www.ville-champeaux.com/fr/vie-pratique.html" "Mozilla/4.0 (compatible; MSIE 6.0; Windows NT 5.1; SV1; .NET CLR 1.1.4322)"
82.233.118.199 - - [04/Oct/2006:15:25:43 +0000] "GET /Champeaux/Vie_Pratique--95.html HTTP/1.1" 200 9344 "http://www.ville-champeaux.com/fr/vie-pratique.html" "Mozilla/4.0 (compatible; MSIE 6.0; Windows NT 5.1; SV1; .NET CLR 1.1.4322)"
82.233.118.199 - - [04/Oct/2006:15:25:47 +0000] "GET /Champeaux/Vie_Pratique--95.html HTTP/1.1" 200 9344 "http://www.ville-champeaux.com/fr/vie-pratique.html" "Mozilla/4.0 (compatible; MSIE 6.0; Windows NT 5.1; SV1; .NET CLR 1.1.4322)"
82.233.118.199 - - [04/Oct/2006:15:25:56 +0000] "GET /Champeaux/Vie_Pratique--95.html HTTP/1.1" 200 9344 "http://www.ville-champeaux.com/fr/vie-pratique.html" "Mozilla/4.0 (compatible; MSIE 6.0; Windows NT 5.1; SV1; .NET CLR 1.1.4322)"
82.233.118.199 - - [04/Oct/2006:15:26:02 +0000] "GET /Champeaux/Tourisme--97.html HTTP/1.1" 200 9332 "http://www.ville-champeaux.com/fr/vie-pratique.html" "Mozilla/4.0 (compatible; MSIE 6.0; Windows NT 5.1; SV1; .NET CLR 1.1.4322)"
82.233.118.199 - - [04/Oct/2006:15:26:04 +0000] "GET /Champeaux/H_bergement--96.html HTTP/1.1" 200 26531 "http://www.ville-champeaux.com/fr/tourisme.html" "Mozilla/4.0 (compatible; MSIE 6.0; Windows NT 5.1; SV1; .NET CLR 1.1.4322)"
82.233.118.199 - - [04/Oct/2006:15:26:10 +0000] "GET /Champeaux/D_couvrir--98.html HTTP/1.1" 200 9335 "http://www.ville-champeaux.com/fr/hebergement.html" "Mozilla/4.0 (compatible; MSIE 6.0; Windows NT 5.1; SV1; .NET CLR 1.1.4322)"
82.233.118.199 - - [04/Oct/2006:15:26:14 +0000] "GET /Champeaux/Vie_Pratique--95.html HTTP/1.1" 200 9344 "http://www.ville-champeaux.com/fr/decouvrir.html" "Mozilla/4.0 (compatible; MSIE 6.0; Windows NT 5.1; SV1; .NET CLR 1.1.4322)"
82.233.118.199 - - [04/Oct/2006:15:26:16 +0000] "GET /Champeaux/Vie_Pratique--95.html HTTP/1.1" 200 9344 "http://www.ville-champeaux.com/fr/vie-pratique.html" "Mozilla/4.0 (compatible; MSIE 6.0; Windows NT 5.1; SV1; .NET CLR 1.1.4322)"
