64.246.165.200 - - [25/Sep/2006:12:37:38 +0000] "GET /Saint-Pierre_Langers--67.html HTTP/1.1" 200 38098 "http://www.whois.sc/stpierrelangers.com" "SurveyBot/2.3 (Whois Source)"
83.202.163.39 - - [25/Sep/2006:13:13:16 +0000] "GET /Saint-Pierre_Langers--67.html HTTP/1.1" 200 38098 "http://www.portedelabaie.com/fr/communes/saint-jean-le-thomas/loisirs.html" "Mozilla/5.0 (X11; U; Linux i686; fr; rv:1.8.0.7) Gecko/20060909 Firefox/1.5.0.7"
83.202.163.39 - - [25/Sep/2006:14:04:21 +0000] "GET /Saint-Pierre_Langers/D_couvrir--134.html HTTP/1.1" 200 11934 "http://www.stpierrelangers.com/" "Mozilla/5.0 (X11; U; Linux i686; fr; rv:1.8.0.7) Gecko/20060909 Firefox/1.5.0.7"
83.202.163.39 - - [25/Sep/2006:14:04:24 +0000] "GET /Saint-Pierre_Langers/D_couvrir/Visite--172.html HTTP/1.1" 200 12898 "http://www.stpierrelangers.com/fr/decouvrir.html" "Mozilla/5.0 (X11; U; Linux i686; fr; rv:1.8.0.7) Gecko/20060909 Firefox/1.5.0.7"
83.202.163.39 - - [25/Sep/2006:14:04:25 +0000] "GET /Saint-Pierre_Langers/D_couvrir/Histoire--171.html HTTP/1.1" 200 11056 "http://www.stpierrelangers.com/fr/decouvrir/visite.html" "Mozilla/5.0 (X11; U; Linux i686; fr; rv:1.8.0.7) Gecko/20060909 Firefox/1.5.0.7"
83.202.163.39 - - [25/Sep/2006:14:04:27 +0000] "GET /Saint-Pierre_Langers/Tourisme--133.html HTTP/1.1" 200 14398 "http://www.stpierrelangers.com/fr/decouvrir/histoire.html" "Mozilla/5.0 (X11; U; Linux i686; fr; rv:1.8.0.7) Gecko/20060909 Firefox/1.5.0.7"
83.202.163.39 - - [25/Sep/2006:14:04:33 +0000] "GET /Saint-Pierre_Langers/Vie_Pratique--131.html HTTP/1.1" 200 9390 "http://www.stpierrelangers.com/fr/tourisme.html" "Mozilla/5.0 (X11; U; Linux i686; fr; rv:1.8.0.7) Gecko/20060909 Firefox/1.5.0.7"
83.202.163.39 - - [25/Sep/2006:14:04:35 +0000] "GET /Saint-Pierre_Langers/Loisirs--130.html HTTP/1.1" 200 9375 "http://www.stpierrelangers.com/fr/vie-pratique.html" "Mozilla/5.0 (X11; U; Linux i686; fr; rv:1.8.0.7) Gecko/20060909 Firefox/1.5.0.7"
65.55.212.169 - - [25/Sep/2006:15:00:44 +0000] "GET /Saint-Pierre_Langers--67.html HTTP/1.1" 200 38098 "" "msnbot-media/1.0 (+http://search.msn.com/msnbot.htm)"
65.55.212.169 - - [25/Sep/2006:15:00:46 +0000] "GET /Saint-Pierre_Langers--67.html HTTP/1.1" 200 38253 "" "msnbot-media/1.0 (+http://search.msn.com/msnbot.htm)"
65.55.212.169 - - [25/Sep/2006:15:14:35 +0000] "GET /Saint-Pierre_Langers/Tourisme--133.html HTTP/1.1" 200 14382 "" "msnbot-media/1.0 (+http://search.msn.com/msnbot.htm)"
65.55.212.169 - - [25/Sep/2006:15:14:36 +0000] "GET /Saint-Pierre_Langers--67.html HTTP/1.1" 200 38098 "" "msnbot-media/1.0 (+http://search.msn.com/msnbot.htm)"
65.55.212.169 - - [25/Sep/2006:15:21:52 +0000] "GET /Saint-Pierre_Langers--67.html HTTP/1.1" 200 38098 "" "msnbot-media/1.0 (+http://search.msn.com/msnbot.htm)"
65.55.212.169 - - [25/Sep/2006:15:24:50 +0000] "GET /Saint-Pierre_Langers--67.html HTTP/1.1" 200 38098 "" "msnbot-media/1.0 (+http://search.msn.com/msnbot.htm)"
65.55.212.169 - - [25/Sep/2006:15:28:27 +0000] "GET /Saint-Pierre_Langers--67.html HTTP/1.1" 200 38098 "" "msnbot-media/1.0 (+http://search.msn.com/msnbot.htm)"
65.55.212.169 - - [25/Sep/2006:17:26:51 +0000] "GET /Saint-Pierre_Langers--67.html HTTP/1.1" 200 38098 "" "msnbot-media/1.0 (+http://search.msn.com/msnbot.htm)"
65.55.212.169 - - [25/Sep/2006:17:26:53 +0000] "GET /Saint-Pierre_Langers/H_bergement--132.html HTTP/1.1" 200 26578 "" "msnbot-media/1.0 (+http://search.msn.com/msnbot.htm)"
65.55.212.169 - - [25/Sep/2006:17:26:55 +0000] "GET /Saint-Pierre_Langers/Calendrier--129.html HTTP/1.1" 200 15821 "" "msnbot-media/1.0 (+http://search.msn.com/msnbot.htm)"
65.55.212.169 - - [25/Sep/2006:17:26:57 +0000] "GET /Saint-Pierre_Langers--67.html HTTP/1.1" 200 38098 "" "msnbot-media/1.0 (+http://search.msn.com/msnbot.htm)"
65.55.212.169 - - [25/Sep/2006:17:41:46 +0000] "GET /Saint-Pierre_Langers/Vie_Pratique--131.html HTTP/1.1" 200 9390 "" "msnbot-media/1.0 (+http://search.msn.com/msnbot.htm)"
65.55.212.169 - - [25/Sep/2006:17:41:47 +0000] "GET /Saint-Pierre_Langers/D_couvrir--134.html HTTP/1.1" 200 11934 "" "msnbot-media/1.0 (+http://search.msn.com/msnbot.htm)"
65.55.212.169 - - [25/Sep/2006:17:41:56 +0000] "GET /Saint-Pierre_Langers--67.html HTTP/1.1" 200 38098 "" "msnbot-media/1.0 (+http://search.msn.com/msnbot.htm)"
65.55.212.169 - - [25/Sep/2006:17:46:13 +0000] "GET /Saint-Pierre_Langers/Tourisme--133.html HTTP/1.1" 200 14398 "" "msnbot-media/1.0 (+http://search.msn.com/msnbot.htm)"
65.55.212.169 - - [25/Sep/2006:17:47:15 +0000] "GET /Saint-Pierre_Langers--67.html HTTP/1.1" 200 38098 "" "msnbot-media/1.0 (+http://search.msn.com/msnbot.htm)"
65.55.212.169 - - [25/Sep/2006:17:48:39 +0000] "GET /Saint-Pierre_Langers/Actualit_s--184.html HTTP/1.1" 200 10490 "" "msnbot-media/1.0 (+http://search.msn.com/msnbot.htm)"
65.55.212.169 - - [25/Sep/2006:17:53:18 +0000] "GET /Saint-Pierre_Langers/Loisirs--130.html HTTP/1.1" 200 9375 "" "msnbot-media/1.0 (+http://search.msn.com/msnbot.htm)"
86.215.111.99 - - [25/Sep/2006:19:09:44 +0000] "GET /Saint-Pierre_Langers/Actualit_s--184.html HTTP/1.1" 200 10490 "http://search.msn.fr/results.aspx?q=plan+de+sartilly&mkt=fr-FR&form=QBRE" "Mozilla/4.0 (compatible; MSIE 6.0; Windows NT 5.1; SV1; Ringo)"
65.55.212.169 - - [25/Sep/2006:19:14:19 +0000] "GET /Saint-Pierre_Langers--67.html HTTP/1.1" 200 38098 "" "msnbot-media/1.0 (+http://search.msn.com/msnbot.htm)"
65.55.212.169 - - [25/Sep/2006:19:39:59 +0000] "GET /Saint-Pierre_Langers--67.html HTTP/1.1" 200 38098 "" "msnbot-media/1.0 (+http://search.msn.com/msnbot.htm)"
72.30.129.154 - - [25/Sep/2006:20:32:18 +0000] "GET /Saint-Pierre_Langers--67.html HTTP/1.1" 200 38098 "" "Mozilla/5.0 (compatible; Yahoo! Slurp; http://help.yahoo.com/help/us/ysearch/slurp)"
72.30.226.167 - - [25/Sep/2006:20:32:30 +0000] "GET /Saint-Pierre_Langers/H_bergement--132.html HTTP/1.1" 200 26578 "" "Mozilla/5.0 (compatible; Yahoo! Slurp; http://help.yahoo.com/help/us/ysearch/slurp)"
83.195.22.150 - - [25/Sep/2006:21:05:14 +0000] "GET /Saint-Pierre_Langers/H_bergement--132.html HTTP/1.1" 200 26578 "" "Mozilla/4.0 (compatible; MSIE 6.0; Windows NT 5.1; SV1; Wanadoo 6.7; .NET CLR 1.1.4322)"
72.30.129.154 - - [25/Sep/2006:21:08:20 +0000] "GET /Saint-Pierre_Langers--67.html HTTP/1.1" 200 38098 "" "Mozilla/5.0 (compatible; Yahoo! Slurp; http://help.yahoo.com/help/us/ysearch/slurp)"
72.30.102.17 - - [25/Sep/2006:21:08:22 +0000] "GET /Saint-Pierre_Langers/H_bergement--132.html HTTP/1.1" 200 26578 "" "Mozilla/5.0 (compatible; Yahoo! Slurp; http://help.yahoo.com/help/us/ysearch/slurp)"
74.6.74.155 - - [26/Sep/2006:02:05:49 +0000] "GET /Saint-Pierre_Langers/D_couvrir--134.html HTTP/1.1" 200 11934 "" "Mozilla/5.0 (compatible; Yahoo! Slurp; http://help.yahoo.com/help/us/ysearch/slurp)"
66.249.66.52 - - [26/Sep/2006:02:19:53 +0000] "GET /Saint-Pierre_Langers--67.html HTTP/1.1" 200 38098 "" "Mozilla/5.0 (compatible; Googlebot/2.1; +http://www.google.com/bot.html)"
66.249.66.52 - - [26/Sep/2006:02:19:53 +0000] "GET /Saint-Pierre_Langers--67.html HTTP/1.1" 200 38098 "" "Mozilla/5.0 (compatible; Googlebot/2.1; +http://www.google.com/bot.html)"
65.55.212.169 - - [26/Sep/2006:02:33:21 +0000] "GET /Saint-Pierre_Langers--67.html HTTP/1.1" 200 38098 "" "msnbot-media/1.0 (+http://search.msn.com/msnbot.htm)"
66.154.102.95 - - [26/Sep/2006:05:35:52 +0000] "GET /Saint-Pierre_Langers--67.html HTTP/1.1" 200 38098 "" "Gigabot/2.0; http://www.gigablast.com/spider.html"
66.154.103.104 - - [26/Sep/2006:05:35:53 +0000] "GET /Saint-Pierre_Langers--67.html HTTP/1.1" 200 38098 "" "Gigabot/2.0; http://www.gigablast.com/spider.html"
66.249.66.52 - - [26/Sep/2006:05:44:35 +0000] "GET /Saint-Pierre_Langers--67.html HTTP/1.1" 200 38098 "" "Mozilla/5.0 (compatible; Googlebot/2.1; +http://www.google.com/bot.html)"
66.249.66.52 - - [26/Sep/2006:05:59:39 +0000] "GET /Saint-Pierre_Langers/Calendrier--129.html HTTP/1.1" 200 15873 "" "Mozilla/5.0 (compatible; Googlebot/2.1; +http://www.google.com/bot.html)"
72.30.129.154 - - [26/Sep/2006:07:56:16 +0000] "GET /Saint-Pierre_Langers--67.html HTTP/1.1" 200 38098 "" "Mozilla/5.0 (compatible; Yahoo! Slurp; http://help.yahoo.com/help/us/ysearch/slurp)"
72.30.103.207 - - [26/Sep/2006:07:56:17 +0000] "GET /Saint-Pierre_Langers/Actualit_s--184.html HTTP/1.1" 200 10490 "" "Mozilla/5.0 (compatible; Yahoo! Slurp; http://help.yahoo.com/help/us/ysearch/slurp)"
65.55.212.169 - - [26/Sep/2006:08:05:25 +0000] "GET /Saint-Pierre_Langers--67.html HTTP/1.1" 200 38098 "" "msnbot-media/1.0 (+http://search.msn.com/msnbot.htm)"
72.30.129.154 - - [26/Sep/2006:11:37:24 +0000] "GET /Saint-Pierre_Langers--67.html HTTP/1.1" 200 38148 "" "Mozilla/5.0 (compatible; Yahoo! Slurp; http://help.yahoo.com/help/us/ysearch/slurp)"
72.30.103.218 - - [26/Sep/2006:11:37:46 +0000] "GET /Saint-Pierre_Langers/D_couvrir/Visite--172.html HTTP/1.1" 200 12898 "" "Mozilla/5.0 (compatible; Yahoo! Slurp; http://help.yahoo.com/help/us/ysearch/slurp)"
62.23.121.250 - - [26/Sep/2006:14:13:56 +0000] "GET /Saint-Pierre_Langers--67.html HTTP/1.1" 200 38148 "http://www.portedelabaie.com/" "Mozilla/4.0 (compatible; MSIE 6.0; Windows NT 5.1)"
62.23.121.250 - - [26/Sep/2006:14:27:49 +0000] "GET /Saint-Pierre_Langers--67.html HTTP/1.1" 200 38148 "http://www.portedelabaie.com/" "Mozilla/4.0 (compatible; MSIE 6.0; Windows NT 5.1)"
62.23.121.250 - - [26/Sep/2006:14:27:59 +0000] "GET /Saint-Pierre_Langers/Vie_Pratique--131.html HTTP/1.1" 200 9390 "http://www.stpierrelangers.com/" "Mozilla/4.0 (compatible; MSIE 6.0; Windows NT 5.1)"
72.30.129.154 - - [26/Sep/2006:14:51:31 +0000] "GET /Saint-Pierre_Langers--67.html HTTP/1.1" 200 38148 "" "Mozilla/5.0 (compatible; Yahoo! Slurp; http://help.yahoo.com/help/us/ysearch/slurp)"
72.30.111.6 - - [26/Sep/2006:14:51:40 +0000] "GET /Saint-Pierre_Langers/H_bergement--132.html HTTP/1.1" 200 28453 "" "Mozilla/5.0 (compatible; Yahoo! Slurp; http://help.yahoo.com/help/us/ysearch/slurp)"
65.55.212.169 - - [26/Sep/2006:14:59:01 +0000] "GET /Saint-Pierre_Langers--67.html HTTP/1.1" 200 38148 "" "msnbot-media/1.0 (+http://search.msn.com/msnbot.htm)"
72.30.129.154 - - [26/Sep/2006:19:23:42 +0000] "GET /Saint-Pierre_Langers--67.html HTTP/1.1" 200 38148 "" "Mozilla/5.0 (compatible; Yahoo! Slurp; http://help.yahoo.com/help/us/ysearch/slurp)"
72.30.134.17 - - [26/Sep/2006:19:23:42 +0000] "GET /Saint-Pierre_Langers--67.html HTTP/1.1" 200 38148 "" "Mozilla/5.0 (compatible; Yahoo! Slurp; http://help.yahoo.com/help/us/ysearch/slurp)"
195.56.65.217 - - [26/Sep/2006:21:39:08 +0000] "GET /Saint-Pierre_Langers--67.html HTTP/1.1" 200 38148 "http://www.petitsage.fr/" "www.petitsage.fr site detector 0.41"
72.30.129.154 - - [27/Sep/2006:08:10:05 +0000] "GET /Saint-Pierre_Langers--67.html HTTP/1.1" 200 38148 "" "Mozilla/5.0 (compatible; Yahoo! Slurp; http://help.yahoo.com/help/us/ysearch/slurp)"
72.30.103.218 - - [27/Sep/2006:08:10:06 +0000] "GET /Saint-Pierre_Langers/D_couvrir/Visite--172.html HTTP/1.1" 200 12898 "" "Mozilla/5.0 (compatible; Yahoo! Slurp; http://help.yahoo.com/help/us/ysearch/slurp)"
194.51.220.70 - - [27/Sep/2006:09:27:49 +0000] "GET /Saint-Pierre_Langers--67.html HTTP/1.1" 200 38148 "http://www.portedelabaie.com/" "Mozilla/4.0 (compatible; MSIE 6.0; Windows NT 5.1; SV1; .NET CLR 1.0.3705; .NET CLR 1.1.4322)"
66.249.65.84 - - [27/Sep/2006:13:00:10 +0000] "GET /Saint-Pierre_Langers--67.html HTTP/1.1" 200 38148 "" "Mozilla/5.0 (compatible; Googlebot/2.1; +http://www.google.com/bot.html)"
72.30.252.80 - - [27/Sep/2006:15:06:51 +0000] "GET /Saint-Pierre_Langers--67.html HTTP/1.1" 200 38148 "" "Mozilla/5.0 (compatible; Yahoo! Slurp; http://help.yahoo.com/help/us/ysearch/slurp)"
64.210.196.197 - - [27/Sep/2006:19:33:39 +0000] "GET /Saint-Pierre_Langers--67.html HTTP/1.1" 200 38148 "" "Mozilla/4.0 (compatible; MSIE 5.0; Windows NT; Girafabot; girafabot at girafa dot com; http://www.girafa.com)"
64.210.196.197 - - [27/Sep/2006:19:33:41 +0000] "GET /Saint-Pierre_Langers--67.html HTTP/1.1" 200 38148 "" "Mozilla/4.0 (compatible; MSIE 5.0; Windows NT; Girafabot; girafabot at girafa dot com; http://www.girafa.com)"
64.210.196.197 - - [27/Sep/2006:19:33:41 +0000] "GET /Saint-Pierre_Langers--67.html HTTP/1.1" 200 38148 "" "Mozilla/4.0 (compatible; MSIE 6.0; Windows NT 5.2; SV1; .NET CLR 1.1.4322; Girafabot [girafa.com])"
74.6.74.155 - - [28/Sep/2006:04:09:11 +0000] "GET /Saint-Pierre_Langers/D_couvrir--134.html HTTP/1.1" 200 11934 "" "Mozilla/5.0 (compatible; Yahoo! Slurp; http://help.yahoo.com/help/us/ysearch/slurp)"
72.30.102.139 - - [28/Sep/2006:16:32:40 +0000] "GET /Saint-Pierre_Langers--67.html HTTP/1.1" 200 38148 "" "Mozilla/5.0 (compatible; Yahoo! Slurp; http://help.yahoo.com/help/us/ysearch/slurp)"
72.30.134.17 - - [28/Sep/2006:16:32:43 +0000] "GET /Saint-Pierre_Langers--67.html HTTP/1.1" 200 38148 "" "Mozilla/5.0 (compatible; Yahoo! Slurp; http://help.yahoo.com/help/us/ysearch/slurp)"
66.249.66.199 - - [28/Sep/2006:17:05:27 +0000] "GET /Saint-Pierre_Langers--67.html HTTP/1.1" 200 38148 "" "Mozilla/5.0 (compatible; Googlebot/2.1; +http://www.google.com/bot.html)"
72.30.102.15 - - [29/Sep/2006:08:52:24 +0000] "GET /Saint-Pierre_Langers/Loisirs--130.html HTTP/1.1" 200 9375 "" "Mozilla/5.0 (compatible; Yahoo! Slurp; http://help.yahoo.com/help/us/ysearch/slurp)"
12.215.70.122 - - [29/Sep/2006:12:39:57 +0000] "GET /Saint-Pierre_Langers--67.html HTTP/1.1" 200 38148 "" ""
157.158.16.55 - - [29/Sep/2006:12:40:35 +0000] "GET /Saint-Pierre_Langers/H_bergement--132.html HTTP/1.1" 200 26578 "" ""
80.179.116.155 - - [29/Sep/2006:12:40:41 +0000] "GET /Saint-Pierre_Langers/Loisirs--130.html HTTP/1.1" 200 9375 "" ""
80.179.116.155 - - [29/Sep/2006:12:40:47 +0000] "GET /Saint-Pierre_Langers--67.html HTTP/1.1" 200 38148 "" ""
68.255.202.10 - - [29/Sep/2006:19:40:17 +0000] "GET /Saint-Pierre_Langers--67.html HTTP/1.1" 200 38098 "http://www.google.com/search?q=Langers+France&hl=en&lr=&start=10&sa=N" "Mozilla/4.0 (compatible; MSIE 6.0; Windows NT 5.1; .NET CLR 1.0.3705)"
66.249.65.34 - - [29/Sep/2006:21:34:47 +0000] "GET /Saint-Pierre_Langers--67.html HTTP/1.1" 200 38098 "" "Mozilla/5.0 (compatible; Googlebot/2.1; +http://www.google.com/bot.html)"
66.249.65.34 - - [29/Sep/2006:21:34:47 +0000] "GET /Saint-Pierre_Langers/Calendrier--129.html HTTP/1.1" 200 10329 "" "Mozilla/5.0 (compatible; Googlebot/2.1; +http://www.google.com/bot.html)"
66.249.65.34 - - [29/Sep/2006:21:57:39 +0000] "GET /Saint-Pierre_Langers/D_couvrir/Visite--172.html HTTP/1.1" 200 12898 "" "Mozilla/5.0 (compatible; Googlebot/2.1; +http://www.google.com/bot.html)"
66.249.65.34 - - [29/Sep/2006:22:14:12 +0000] "GET /Saint-Pierre_Langers/Actualit_s--184.html HTTP/1.1" 200 10490 "" "Mozilla/5.0 (compatible; Googlebot/2.1; +http://www.google.com/bot.html)"
66.249.65.34 - - [29/Sep/2006:22:17:18 +0000] "GET /Saint-Pierre_Langers/Loisirs--130.html HTTP/1.1" 200 9375 "" "Mozilla/5.0 (compatible; Googlebot/2.1; +http://www.google.com/bot.html)"
60.28.17.51 - - [29/Sep/2006:23:07:37 +0000] "GET /Saint-Pierre_Langers--67.html HTTP/1.1" 200 38098 "" "Baiduspider+(+http://www.baidu.com/search/spider.htm)"
66.249.65.34 - - [29/Sep/2006:23:39:24 +0000] "GET /Saint-Pierre_Langers/H_bergement--132.html HTTP/1.1" 200 26578 "" "Mozilla/5.0 (compatible; Googlebot/2.1; +http://www.google.com/bot.html)"
66.249.65.34 - - [30/Sep/2006:00:04:02 +0000] "GET /Saint-Pierre_Langers/D_couvrir/Histoire--171.html HTTP/1.1" 200 11056 "" "Mozilla/5.0 (compatible; Googlebot/2.1; +http://www.google.com/bot.html)"
66.249.65.34 - - [30/Sep/2006:00:08:09 +0000] "GET /Saint-Pierre_Langers/Calendrier--129.html HTTP/1.1" 200 11883 "" "Mozilla/5.0 (compatible; Googlebot/2.1; +http://www.google.com/bot.html)"
66.249.65.34 - - [30/Sep/2006:00:12:15 +0000] "GET /Saint-Pierre_Langers/Calendrier--129.html HTTP/1.1" 200 10368 "" "Mozilla/5.0 (compatible; Googlebot/2.1; +http://www.google.com/bot.html)"
66.249.65.34 - - [30/Sep/2006:00:53:18 +0000] "GET /Saint-Pierre_Langers/D_couvrir--134.html HTTP/1.1" 200 11934 "" "Mozilla/5.0 (compatible; Googlebot/2.1; +http://www.google.com/bot.html)"
66.249.65.34 - - [30/Sep/2006:01:01:31 +0000] "GET /Saint-Pierre_Langers/Calendrier--129.html HTTP/1.1" 200 15821 "" "Mozilla/5.0 (compatible; Googlebot/2.1; +http://www.google.com/bot.html)"
66.249.65.34 - - [30/Sep/2006:02:07:18 +0000] "GET /Saint-Pierre_Langers/Calendrier--129.html HTTP/1.1" 200 10321 "" "Mozilla/5.0 (compatible; Googlebot/2.1; +http://www.google.com/bot.html)"
66.249.65.34 - - [30/Sep/2006:02:10:43 +0000] "GET /Saint-Pierre_Langers/Calendrier--129.html HTTP/1.1" 200 10313 "" "Mozilla/5.0 (compatible; Googlebot/2.1; +http://www.google.com/bot.html)"
66.249.65.34 - - [30/Sep/2006:02:11:19 +0000] "GET /Saint-Pierre_Langers/Calendrier--129.html HTTP/1.1" 200 10320 "" "Mozilla/5.0 (compatible; Googlebot/2.1; +http://www.google.com/bot.html)"
74.6.74.155 - - [30/Sep/2006:02:30:58 +0000] "GET /Saint-Pierre_Langers/D_couvrir--134.html HTTP/1.1" 200 11934 "" "Mozilla/5.0 (compatible; Yahoo! Slurp; http://help.yahoo.com/help/us/ysearch/slurp)"
66.249.65.34 - - [30/Sep/2006:02:36:06 +0000] "GET /Saint-Pierre_Langers/H_bergement--132.html HTTP/1.1" 200 26578 "" "Mozilla/5.0 (compatible; Googlebot/2.1; +http://www.google.com/bot.html)"
66.249.65.34 - - [30/Sep/2006:02:44:19 +0000] "GET /Saint-Pierre_Langers/H_bergement--132.html HTTP/1.1" 200 26578 "" "Mozilla/5.0 (compatible; Googlebot/2.1; +http://www.google.com/bot.html)"
66.249.65.34 - - [30/Sep/2006:04:06:49 +0000] "GET /Saint-Pierre_Langers/Calendrier--129.html HTTP/1.1" 200 10369 "" "Mozilla/5.0 (compatible; Googlebot/2.1; +http://www.google.com/bot.html)"
66.249.65.34 - - [30/Sep/2006:04:11:00 +0000] "GET /Saint-Pierre_Langers/H_bergement--132.html HTTP/1.1" 200 26578 "" "Mozilla/5.0 (compatible; Googlebot/2.1; +http://www.google.com/bot.html)"
66.249.65.34 - - [30/Sep/2006:04:15:04 +0000] "GET /Saint-Pierre_Langers/H_bergement--132.html HTTP/1.1" 200 26578 "" "Mozilla/5.0 (compatible; Googlebot/2.1; +http://www.google.com/bot.html)"
66.249.65.34 - - [30/Sep/2006:04:19:12 +0000] "GET /Saint-Pierre_Langers/Actualit_s--184.html HTTP/1.1" 200 10490 "" "Mozilla/5.0 (compatible; Googlebot/2.1; +http://www.google.com/bot.html)"
66.249.65.34 - - [30/Sep/2006:04:23:19 +0000] "GET /Saint-Pierre_Langers/H_bergement--132.html HTTP/1.1" 200 26578 "" "Mozilla/5.0 (compatible; Googlebot/2.1; +http://www.google.com/bot.html)"
66.249.65.34 - - [30/Sep/2006:04:27:27 +0000] "GET /Saint-Pierre_Langers/H_bergement--132.html HTTP/1.1" 200 26578 "" "Mozilla/5.0 (compatible; Googlebot/2.1; +http://www.google.com/bot.html)"
66.249.65.34 - - [30/Sep/2006:04:31:34 +0000] "GET /Saint-Pierre_Langers/H_bergement--132.html HTTP/1.1" 200 26578 "" "Mozilla/5.0 (compatible; Googlebot/2.1; +http://www.google.com/bot.html)"
66.249.65.34 - - [30/Sep/2006:06:27:06 +0000] "GET /Saint-Pierre_Langers/H_bergement--132.html HTTP/1.1" 200 26578 "" "Mozilla/5.0 (compatible; Googlebot/2.1; +http://www.google.com/bot.html)"
66.249.65.34 - - [30/Sep/2006:06:31:12 +0000] "GET /Saint-Pierre_Langers/H_bergement--132.html HTTP/1.1" 200 26578 "" "Mozilla/5.0 (compatible; Googlebot/2.1; +http://www.google.com/bot.html)"
66.249.65.34 - - [30/Sep/2006:06:35:20 +0000] "GET /Saint-Pierre_Langers/H_bergement--132.html HTTP/1.1" 200 26578 "" "Mozilla/5.0 (compatible; Googlebot/2.1; +http://www.google.com/bot.html)"
66.249.65.34 - - [30/Sep/2006:06:39:27 +0000] "GET /Saint-Pierre_Langers/H_bergement--132.html HTTP/1.1" 200 26578 "" "Mozilla/5.0 (compatible; Googlebot/2.1; +http://www.google.com/bot.html)"
66.249.65.34 - - [30/Sep/2006:06:43:35 +0000] "GET /Saint-Pierre_Langers/H_bergement--132.html HTTP/1.1" 200 26578 "" "Mozilla/5.0 (compatible; Googlebot/2.1; +http://www.google.com/bot.html)"
66.249.65.34 - - [30/Sep/2006:06:48:04 +0000] "GET /Saint-Pierre_Langers/H_bergement--132.html HTTP/1.1" 200 26578 "" "Mozilla/5.0 (compatible; Googlebot/2.1; +http://www.google.com/bot.html)"
66.249.65.34 - - [30/Sep/2006:06:51:52 +0000] "GET /Saint-Pierre_Langers/H_bergement--132.html HTTP/1.1" 200 26578 "" "Mozilla/5.0 (compatible; Googlebot/2.1; +http://www.google.com/bot.html)"
66.249.65.34 - - [30/Sep/2006:06:55:57 +0000] "GET /Saint-Pierre_Langers/H_bergement--132.html HTTP/1.1" 200 26578 "" "Mozilla/5.0 (compatible; Googlebot/2.1; +http://www.google.com/bot.html)"
66.249.65.34 - - [30/Sep/2006:07:00:04 +0000] "GET /Saint-Pierre_Langers/H_bergement--132.html HTTP/1.1" 200 26578 "" "Mozilla/5.0 (compatible; Googlebot/2.1; +http://www.google.com/bot.html)"
66.249.65.34 - - [30/Sep/2006:08:01:57 +0000] "GET /Saint-Pierre_Langers/H_bergement--132.html HTTP/1.1" 200 26578 "" "Mozilla/5.0 (compatible; Googlebot/2.1; +http://www.google.com/bot.html)"
66.249.65.34 - - [30/Sep/2006:08:10:13 +0000] "GET /Saint-Pierre_Langers/H_bergement--132.html HTTP/1.1" 200 26578 "" "Mozilla/5.0 (compatible; Googlebot/2.1; +http://www.google.com/bot.html)"
66.249.65.34 - - [30/Sep/2006:08:14:23 +0000] "GET /Saint-Pierre_Langers/H_bergement--132.html HTTP/1.1" 200 26578 "" "Mozilla/5.0 (compatible; Googlebot/2.1; +http://www.google.com/bot.html)"
66.249.65.34 - - [30/Sep/2006:09:49:12 +0000] "GET /Saint-Pierre_Langers/H_bergement--132.html HTTP/1.1" 200 26578 "" "Mozilla/5.0 (compatible; Googlebot/2.1; +http://www.google.com/bot.html)"
66.249.65.34 - - [30/Sep/2006:09:57:27 +0000] "GET /Saint-Pierre_Langers/D_couvrir/Visite--172.html HTTP/1.1" 200 12890 "" "Mozilla/5.0 (compatible; Googlebot/2.1; +http://www.google.com/bot.html)"
66.249.65.34 - - [30/Sep/2006:10:30:27 +0000] "GET /Saint-Pierre_Langers/D_couvrir--134.html HTTP/1.1" 200 11934 "" "Mozilla/5.0 (compatible; Googlebot/2.1; +http://www.google.com/bot.html)"
82.225.31.76 - - [30/Sep/2006:16:49:34 +0000] "GET /Saint-Pierre_Langers--67.html HTTP/1.1" 200 38098 "http://genealogie.e-hubert.com/index.php" "Mozilla/4.0 (compatible; MSIE 6.0; Windows NT 5.1)"
72.30.132.104 - - [30/Sep/2006:20:23:01 +0000] "GET /Saint-Pierre_Langers--67.html HTTP/1.1" 200 38148 "" "Mozilla/5.0 (compatible; Yahoo! Slurp; http://help.yahoo.com/help/us/ysearch/slurp)"
72.30.134.17 - - [30/Sep/2006:20:23:05 +0000] "GET /Saint-Pierre_Langers--67.html HTTP/1.1" 200 38148 "" "Mozilla/5.0 (compatible; Yahoo! Slurp; http://help.yahoo.com/help/us/ysearch/slurp)"
60.28.17.34 - - [30/Sep/2006:22:38:58 +0000] "GET /Saint-Pierre_Langers--67.html HTTP/1.1" 200 38148 "" "Baiduspider+(+http://www.baidu.com/search/spider.htm)"
72.30.132.104 - - [01/Oct/2006:11:30:34 +0000] "GET /Saint-Pierre_Langers--67.html HTTP/1.1" 200 38148 "" "Mozilla/5.0 (compatible; Yahoo! Slurp; http://help.yahoo.com/help/us/ysearch/slurp)"
74.6.71.151 - - [01/Oct/2006:11:30:45 +0000] "GET /Saint-Pierre_Langers--67.html HTTP/1.1" 200 38148 "" "Mozilla/5.0 (compatible; Yahoo! Slurp; http://help.yahoo.com/help/us/ysearch/slurp)"
66.249.65.6 - - [01/Oct/2006:13:26:55 +0000] "GET /Saint-Pierre_Langers--67.html HTTP/1.1" 200 38148 "" "Mozilla/5.0 (compatible; Googlebot/2.1; +http://www.google.com/bot.html)"
66.249.65.6 - - [01/Oct/2006:13:26:55 +0000] "GET /Saint-Pierre_Langers/Calendrier--129.html HTTP/1.1" 200 10351 "" "Mozilla/5.0 (compatible; Googlebot/2.1; +http://www.google.com/bot.html)"
66.249.65.6 - - [01/Oct/2006:13:32:26 +0000] "GET /Saint-Pierre_Langers--67.html HTTP/1.1" 200 38253 "" "Mozilla/5.0 (compatible; Googlebot/2.1; +http://www.google.com/bot.html)"
66.249.65.6 - - [01/Oct/2006:14:11:09 +0000] "GET /Saint-Pierre_Langers/Calendrier--129.html HTTP/1.1" 200 10309 "" "Mozilla/5.0 (compatible; Googlebot/2.1; +http://www.google.com/bot.html)"
66.249.65.6 - - [01/Oct/2006:14:22:12 +0000] "GET /Saint-Pierre_Langers/Calendrier--129.html HTTP/1.1" 200 10312 "" "Mozilla/5.0 (compatible; Googlebot/2.1; +http://www.google.com/bot.html)"
66.249.65.6 - - [01/Oct/2006:14:38:44 +0000] "GET /Saint-Pierre_Langers/Calendrier--129.html HTTP/1.1" 200 11883 "" "Mozilla/5.0 (compatible; Googlebot/2.1; +http://www.google.com/bot.html)"
66.249.65.6 - - [01/Oct/2006:14:44:16 +0000] "GET /Saint-Pierre_Langers/Calendrier--129.html HTTP/1.1" 200 10371 "" "Mozilla/5.0 (compatible; Googlebot/2.1; +http://www.google.com/bot.html)"
81.57.16.157 - - [01/Oct/2006:15:47:48 +0000] "GET /Saint-Pierre_Langers--67.html HTTP/1.1" 200 38148 "" "Mozilla/4.0 (compatible; MSIE 6.0; Windows NT 5.1; FREE; SV1; .NET CLR 1.1.4322)"
81.57.16.157 - - [01/Oct/2006:15:50:28 +0000] "GET /Saint-Pierre_Langers--67.html HTTP/1.1" 200 38148 "" "Mozilla/4.0 (compatible; MSIE 6.0; Windows NT 5.1; FREE; SV1; .NET CLR 1.1.4322)"
81.57.16.157 - - [01/Oct/2006:15:53:48 +0000] "GET /Saint-Pierre_Langers--67.html HTTP/1.1" 200 38148 "" "Mozilla/4.0 (compatible; MSIE 6.0; Windows NT 5.1; FREE; SV1; .NET CLR 1.1.4322)"
81.57.16.157 - - [01/Oct/2006:15:53:53 +0000] "GET /Saint-Pierre_Langers--67.html HTTP/1.1" 200 38148 "" "Mozilla/4.0 (compatible; MSIE 6.0; Windows NT 5.1; FREE; SV1; .NET CLR 1.1.4322)"
81.57.16.157 - - [01/Oct/2006:15:54:01 +0000] "GET /Saint-Pierre_Langers/Tourisme--133.html HTTP/1.1" 200 14448 "" "Mozilla/4.0 (compatible; MSIE 6.0; Windows NT 5.1; FREE; SV1; .NET CLR 1.1.4322)"
81.57.16.157 - - [01/Oct/2006:15:54:34 +0000] "GET /Saint-Pierre_Langers/D_couvrir--134.html HTTP/1.1" 200 11934 "" "Mozilla/4.0 (compatible; MSIE 6.0; Windows NT 5.1; FREE; SV1; .NET CLR 1.1.4322)"
81.57.16.157 - - [01/Oct/2006:15:54:56 +0000] "GET /Saint-Pierre_Langers/D_couvrir/Histoire--171.html HTTP/1.1" 200 11056 "" "Mozilla/4.0 (compatible; MSIE 6.0; Windows NT 5.1; FREE; SV1; .NET CLR 1.1.4322)"
81.57.16.157 - - [01/Oct/2006:15:55:21 +0000] "GET /Saint-Pierre_Langers/Tourisme--133.html HTTP/1.1" 200 14448 "" "Mozilla/4.0 (compatible; MSIE 6.0; Windows NT 5.1; FREE; SV1; .NET CLR 1.1.4322)"
81.57.16.157 - - [01/Oct/2006:15:56:11 +0000] "GET /Saint-Pierre_Langers/Vie_Pratique--131.html HTTP/1.1" 200 9390 "" "Mozilla/4.0 (compatible; MSIE 6.0; Windows NT 5.1; FREE; SV1; .NET CLR 1.1.4322)"
81.57.16.157 - - [01/Oct/2006:15:56:24 +0000] "GET /Saint-Pierre_Langers/Loisirs--130.html HTTP/1.1" 200 9375 "" "Mozilla/4.0 (compatible; MSIE 6.0; Windows NT 5.1; FREE; SV1; .NET CLR 1.1.4322)"
81.57.16.157 - - [01/Oct/2006:15:56:29 +0000] "GET /Saint-Pierre_Langers/Loisirs--130.html HTTP/1.1" 200 9375 "" "Mozilla/4.0 (compatible; MSIE 6.0; Windows NT 5.1; FREE; SV1; .NET CLR 1.1.4322)"
81.57.16.157 - - [01/Oct/2006:15:56:33 +0000] "GET /Saint-Pierre_Langers/Calendrier--129.html HTTP/1.1" 200 15821 "" "Mozilla/4.0 (compatible; MSIE 6.0; Windows NT 5.1; FREE; SV1; .NET CLR 1.1.4322)"
66.249.65.6 - - [01/Oct/2006:16:34:47 +0000] "GET /Saint-Pierre_Langers--67.html HTTP/1.1" 200 38148 "" "Mozilla/5.0 (compatible; Googlebot/2.1; +http://www.google.com/bot.html)"
66.249.65.6 - - [01/Oct/2006:16:40:18 +0000] "GET /Saint-Pierre_Langers--67.html HTTP/1.1" 200 38148 "" "Mozilla/5.0 (compatible; Googlebot/2.1; +http://www.google.com/bot.html)"
66.249.65.6 - - [01/Oct/2006:16:45:50 +0000] "GET /Saint-Pierre_Langers--67.html HTTP/1.1" 200 38148 "" "Mozilla/5.0 (compatible; Googlebot/2.1; +http://www.google.com/bot.html)"
66.249.65.6 - - [01/Oct/2006:16:56:53 +0000] "GET /Saint-Pierre_Langers/Tourisme--133.html HTTP/1.1" 200 14448 "" "Mozilla/5.0 (compatible; Googlebot/2.1; +http://www.google.com/bot.html)"
66.249.65.6 - - [01/Oct/2006:17:02:25 +0000] "GET /Saint-Pierre_Langers--67.html HTTP/1.1" 200 38148 "" "Mozilla/5.0 (compatible; Googlebot/2.1; +http://www.google.com/bot.html)"
66.249.65.6 - - [01/Oct/2006:17:07:55 +0000] "GET /Saint-Pierre_Langers/Calendrier--129.html HTTP/1.1" 200 10351 "" "Mozilla/5.0 (compatible; Googlebot/2.1; +http://www.google.com/bot.html)"
66.249.65.6 - - [01/Oct/2006:17:13:27 +0000] "GET /Saint-Pierre_Langers/Calendrier--129.html HTTP/1.1" 200 11883 "" "Mozilla/5.0 (compatible; Googlebot/2.1; +http://www.google.com/bot.html)"
74.6.74.155 - - [02/Oct/2006:02:31:55 +0000] "GET /Saint-Pierre_Langers/D_couvrir--134.html HTTP/1.1" 200 11934 "" "Mozilla/5.0 (compatible; Yahoo! Slurp; http://help.yahoo.com/help/us/ysearch/slurp)"
207.46.98.38 - - [02/Oct/2006:02:51:20 +0000] "GET /Saint-Pierre_Langers--67.html HTTP/1.1" 200 38148 "" "msnbot/1.0 (+http://search.msn.com/msnbot.htm)"
207.46.98.38 - - [02/Oct/2006:02:51:23 +0000] "GET /Saint-Pierre_Langers--67.html HTTP/1.1" 200 38148 "" "msnbot/1.0 (+http://search.msn.com/msnbot.htm)"
207.46.98.36 - - [02/Oct/2006:03:30:47 +0000] "GET /Saint-Pierre_Langers--67.html HTTP/1.1" 200 38148 "" "msnbot/1.0 (+http://search.msn.com/msnbot.htm)"
72.30.132.104 - - [02/Oct/2006:06:25:57 +0000] "GET /Saint-Pierre_Langers--67.html HTTP/1.1" 200 38148 "" "Mozilla/5.0 (compatible; Yahoo! Slurp; http://help.yahoo.com/help/us/ysearch/slurp)"
74.6.71.40 - - [02/Oct/2006:06:25:59 +0000] "GET /Saint-Pierre_Langers/Tourisme--133.html HTTP/1.1" 200 14448 "" "Mozilla/5.0 (compatible; Yahoo! Slurp; http://help.yahoo.com/help/us/ysearch/slurp)"
64.246.165.150 - - [02/Oct/2006:08:56:24 +0000] "GET /Saint-Pierre_Langers--67.html HTTP/1.1" 200 38148 "http://www.whois.sc/" "SurveyBot/2.3 (Whois Source)"
64.246.165.150 - - [02/Oct/2006:08:56:26 +0000] "GET /Saint-Pierre_Langers--67.html HTTP/1.1" 200 38148 "http://www.whois.sc/stpierrelangers.com" "SurveyBot/2.3 (Whois Source)"
207.46.98.36 - - [02/Oct/2006:12:06:28 +0000] "GET /Saint-Pierre_Langers--67.html HTTP/1.1" 200 38148 "" "msnbot/1.0 (+http://search.msn.com/msnbot.htm)"
66.249.65.114 - - [02/Oct/2006:12:33:47 +0000] "GET /Saint-Pierre_Langers/H_bergement--132.html HTTP/1.1" 200 24362 "" "Mozilla/5.0 (compatible; Googlebot/2.1; +http://www.google.com/bot.html)"
66.249.65.114 - - [02/Oct/2006:13:01:04 +0000] "GET /Saint-Pierre_Langers/H_bergement--132.html HTTP/1.1" 200 24352 "" "Mozilla/5.0 (compatible; Googlebot/2.1; +http://www.google.com/bot.html)"
64.4.8.133 - - [02/Oct/2006:13:21:05 +0000] "GET /Saint-Pierre_Langers--67.html HTTP/1.1" 200 38148 "" "msnbot/1.0 (+http://search.msn.com/msnbot.htm)"
64.4.8.133 - - [02/Oct/2006:13:21:07 +0000] "GET /Saint-Pierre_Langers--67.html HTTP/1.1" 200 38148 "" "msnbot/1.0 (+http://search.msn.com/msnbot.htm)"
66.249.65.114 - - [02/Oct/2006:14:13:51 +0000] "GET /Saint-Pierre_Langers--67.html HTTP/1.1" 200 38148 "" "Mozilla/5.0 (compatible; Googlebot/2.1; +http://www.google.com/bot.html)"
66.249.65.114 - - [02/Oct/2006:14:13:51 +0000] "GET /Saint-Pierre_Langers/H_bergement--132.html HTTP/1.1" 200 25455 "" "Mozilla/5.0 (compatible; Googlebot/2.1; +http://www.google.com/bot.html)"
66.249.65.114 - - [02/Oct/2006:14:18:24 +0000] "GET /Saint-Pierre_Langers/H_bergement--132.html HTTP/1.1" 200 24362 "" "Mozilla/5.0 (compatible; Googlebot/2.1; +http://www.google.com/bot.html)"
66.249.65.114 - - [02/Oct/2006:14:22:57 +0000] "GET /Saint-Pierre_Langers/H_bergement--132.html HTTP/1.1" 200 24347 "" "Mozilla/5.0 (compatible; Googlebot/2.1; +http://www.google.com/bot.html)"
66.249.65.114 - - [02/Oct/2006:14:27:30 +0000] "GET /Saint-Pierre_Langers/H_bergement--132.html HTTP/1.1" 200 25520 "" "Mozilla/5.0 (compatible; Googlebot/2.1; +http://www.google.com/bot.html)"
66.249.65.114 - - [02/Oct/2006:14:32:04 +0000] "GET /Saint-Pierre_Langers/H_bergement--132.html HTTP/1.1" 200 24374 "" "Mozilla/5.0 (compatible; Googlebot/2.1; +http://www.google.com/bot.html)"
66.249.65.114 - - [02/Oct/2006:14:36:35 +0000] "GET /Saint-Pierre_Langers/H_bergement--132.html HTTP/1.1" 200 24343 "" "Mozilla/5.0 (compatible; Googlebot/2.1; +http://www.google.com/bot.html)"
66.249.65.114 - - [02/Oct/2006:14:41:08 +0000] "GET /Saint-Pierre_Langers/H_bergement--132.html HTTP/1.1" 200 24344 "" "Mozilla/5.0 (compatible; Googlebot/2.1; +http://www.google.com/bot.html)"
195.68.10.59 - - [02/Oct/2006:15:50:33 +0000] "GET /Saint-Pierre_Langers--67.html HTTP/1.1" 200 38148 "http://www.google.com/search?hl=fr&rls=GGLR%2CGGLR%3A2005-51%2CGGLR%3Aen&q=la+population+paysanne+au+10%C3%A8+si%C3%A8cle&btnG=Rechercher&lr=" "Mozilla/4.0 (compatible; MSIE 6.0; Windows NT 5.1; SV1)"
66.249.65.114 - - [02/Oct/2006:16:39:24 +0000] "GET /Saint-Pierre_Langers/H_bergement--132.html HTTP/1.1" 200 25389 "" "Mozilla/5.0 (compatible; Googlebot/2.1; +http://www.google.com/bot.html)"
66.249.65.114 - - [02/Oct/2006:16:53:03 +0000] "GET /Saint-Pierre_Langers/H_bergement--132.html HTTP/1.1" 200 24354 "" "Mozilla/5.0 (compatible; Googlebot/2.1; +http://www.google.com/bot.html)"
66.249.65.114 - - [02/Oct/2006:16:57:36 +0000] "GET /Saint-Pierre_Langers/H_bergement--132.html HTTP/1.1" 200 24484 "" "Mozilla/5.0 (compatible; Googlebot/2.1; +http://www.google.com/bot.html)"
66.249.65.114 - - [02/Oct/2006:17:02:10 +0000] "GET /Saint-Pierre_Langers/H_bergement--132.html HTTP/1.1" 200 25394 "" "Mozilla/5.0 (compatible; Googlebot/2.1; +http://www.google.com/bot.html)"
66.249.65.114 - - [02/Oct/2006:17:15:48 +0000] "GET /Saint-Pierre_Langers/H_bergement--132.html HTTP/1.1" 200 25396 "" "Mozilla/5.0 (compatible; Googlebot/2.1; +http://www.google.com/bot.html)"
66.249.65.114 - - [02/Oct/2006:17:34:02 +0000] "GET /Saint-Pierre_Langers/H_bergement--132.html HTTP/1.1" 200 25666 "" "Mozilla/5.0 (compatible; Googlebot/2.1; +http://www.google.com/bot.html)"
207.46.98.36 - - [02/Oct/2006:17:39:27 +0000] "GET /Saint-Pierre_Langers--67.html HTTP/1.1" 200 38148 "" "msnbot/1.0 (+http://search.msn.com/msnbot.htm)"
66.249.65.114 - - [02/Oct/2006:18:14:57 +0000] "GET /Saint-Pierre_Langers/H_bergement--132.html HTTP/1.1" 200 25386 "" "Mozilla/5.0 (compatible; Googlebot/2.1; +http://www.google.com/bot.html)"
66.249.65.114 - - [02/Oct/2006:18:51:19 +0000] "GET /Saint-Pierre_Langers/H_bergement--132.html HTTP/1.1" 200 25404 "" "Mozilla/5.0 (compatible; Googlebot/2.1; +http://www.google.com/bot.html)"
66.249.65.114 - - [02/Oct/2006:18:55:52 +0000] "GET /Saint-Pierre_Langers/H_bergement--132.html HTTP/1.1" 200 25416 "" "Mozilla/5.0 (compatible; Googlebot/2.1; +http://www.google.com/bot.html)"
66.249.65.114 - - [02/Oct/2006:19:09:31 +0000] "GET /Saint-Pierre_Langers/H_bergement--132.html HTTP/1.1" 200 24338 "" "Mozilla/5.0 (compatible; Googlebot/2.1; +http://www.google.com/bot.html)"
66.249.65.114 - - [02/Oct/2006:19:36:48 +0000] "GET /Saint-Pierre_Langers/H_bergement--132.html HTTP/1.1" 200 25380 "" "Mozilla/5.0 (compatible; Googlebot/2.1; +http://www.google.com/bot.html)"
72.30.132.104 - - [02/Oct/2006:20:14:41 +0000] "GET /Saint-Pierre_Langers--67.html HTTP/1.1" 200 38148 "" "Mozilla/5.0 (compatible; Yahoo! Slurp; http://help.yahoo.com/help/us/ysearch/slurp)"
74.6.70.152 - - [02/Oct/2006:20:14:55 +0000] "GET /Saint-Pierre_Langers--67.html HTTP/1.1" 200 38148 "" "Mozilla/5.0 (compatible; Yahoo! Slurp; http://help.yahoo.com/help/us/ysearch/slurp)"
207.46.98.36 - - [02/Oct/2006:23:14:19 +0000] "GET /Saint-Pierre_Langers--67.html HTTP/1.1" 200 38148 "" "msnbot/1.0 (+http://search.msn.com/msnbot.htm)"
72.30.132.104 - - [03/Oct/2006:05:56:32 +0000] "GET /Saint-Pierre_Langers--67.html HTTP/1.1" 200 38148 "" "Mozilla/5.0 (compatible; Yahoo! Slurp; http://help.yahoo.com/help/us/ysearch/slurp)"
74.6.71.151 - - [03/Oct/2006:05:56:35 +0000] "GET /Saint-Pierre_Langers--67.html HTTP/1.1" 200 38148 "" "Mozilla/5.0 (compatible; Yahoo! Slurp; http://help.yahoo.com/help/us/ysearch/slurp)"
72.30.132.104 - - [03/Oct/2006:15:20:39 +0000] "GET /Saint-Pierre_Langers--67.html HTTP/1.1" 200 38148 "" "Mozilla/5.0 (compatible; Yahoo! Slurp; http://help.yahoo.com/help/us/ysearch/slurp)"
74.6.73.152 - - [03/Oct/2006:15:20:41 +0000] "GET /Saint-Pierre_Langers--67.html HTTP/1.1" 200 38253 "" "Mozilla/5.0 (compatible; Yahoo! Slurp; http://help.yahoo.com/help/us/ysearch/slurp)"
193.253.59.46 - - [03/Oct/2006:17:02:42 +0000] "GET /Saint-Pierre_Langers--67.html HTTP/1.1" 200 38148 "http://images.google.fr/imgres?imgurl=http://www.portedelabaie.com/uploads/pics/voile_couchant.jpg&imgrefurl=http://www.portedelabaie.com/index.php%3Fid%3D67&h=219&w=360&sz=17&hl=fr&start=526&tbnid=Pzg8IefPpVtCjM:&tbnh=74&tbnw=121&prev=/images%3Fq%3Dlittoral%26start%3D520%26ndsp%3D20%26svnum%3D10%26hl%3Dfr%26lr%3D%26sa%3DN" "Mozilla/4.0 (compatible; MSIE 6.0; Windows NT 5.1; SV1; .NET CLR 1.1.4322)"
66.249.66.204 - - [03/Oct/2006:21:20:30 +0000] "GET /Saint-Pierre_Langers--67.html HTTP/1.1" 200 38148 "" "Mozilla/5.0 (compatible; Googlebot/2.1; +http://www.google.com/bot.html)"
74.6.72.160 - - [03/Oct/2006:22:49:57 +0000] "GET /Saint-Pierre_Langers/D_couvrir--134.html HTTP/1.1" 200 11934 "" "Mozilla/5.0 (compatible; Yahoo! Slurp; http://help.yahoo.com/help/us/ysearch/slurp)"
202.153.248.219 - - [03/Oct/2006:23:57:52 +0000] "GET /Saint-Pierre_Langers--67.html HTTP/1.1" 200 38148 "" ""
128.2.81.55 - - [03/Oct/2006:23:57:52 +0000] "GET /Saint-Pierre_Langers--67.html HTTP/1.1" 200 38148 "" ""
128.2.81.55 - - [03/Oct/2006:23:57:53 +0000] "GET /Saint-Pierre_Langers--67.html HTTP/1.1" 200 38148 "" ""
200.118.125.92 - - [03/Oct/2006:23:58:07 +0000] "GET /Saint-Pierre_Langers--67.html HTTP/1.1" 200 38148 "" ""
200.118.125.92 - - [03/Oct/2006:23:58:07 +0000] "GET /Saint-Pierre_Langers/Vie_Pratique--131.html HTTP/1.1" 200 9390 "" ""
65.55.212.169 - - [04/Oct/2006:01:31:28 +0000] "GET /Saint-Pierre_Langers--67.html HTTP/1.1" 200 38148 "" "msnbot-media/1.0 (+http://search.msn.com/msnbot.htm)"
65.55.212.169 - - [04/Oct/2006:01:31:29 +0000] "GET /Saint-Pierre_Langers--67.html HTTP/1.1" 200 38568 "" "msnbot-media/1.0 (+http://search.msn.com/msnbot.htm)"
65.55.212.169 - - [04/Oct/2006:03:38:57 +0000] "GET /Saint-Pierre_Langers--67.html HTTP/1.1" 200 38148 "" "msnbot-media/1.0 (+http://search.msn.com/msnbot.htm)"
65.55.212.169 - - [04/Oct/2006:03:38:58 +0000] "GET /Saint-Pierre_Langers--67.html HTTP/1.1" 200 38563 "" "msnbot-media/1.0 (+http://search.msn.com/msnbot.htm)"
65.55.212.169 - - [04/Oct/2006:03:39:00 +0000] "GET /Saint-Pierre_Langers--67.html HTTP/1.1" 200 38563 "" "msnbot-media/1.0 (+http://search.msn.com/msnbot.htm)"
65.55.212.169 - - [04/Oct/2006:03:39:01 +0000] "GET /Saint-Pierre_Langers--67.html HTTP/1.1" 200 38568 "" "msnbot-media/1.0 (+http://search.msn.com/msnbot.htm)"
65.55.212.169 - - [04/Oct/2006:03:39:02 +0000] "GET /Saint-Pierre_Langers--67.html HTTP/1.1" 200 38568 "" "msnbot-media/1.0 (+http://search.msn.com/msnbot.htm)"
65.55.212.169 - - [04/Oct/2006:03:39:03 +0000] "GET /Saint-Pierre_Langers--67.html HTTP/1.1" 200 38563 "" "msnbot-media/1.0 (+http://search.msn.com/msnbot.htm)"
65.55.212.169 - - [04/Oct/2006:03:39:04 +0000] "GET /Saint-Pierre_Langers--67.html HTTP/1.1" 200 38568 "" "msnbot-media/1.0 (+http://search.msn.com/msnbot.htm)"
65.55.212.169 - - [04/Oct/2006:03:39:08 +0000] "GET /Saint-Pierre_Langers--67.html HTTP/1.1" 200 38563 "" "msnbot-media/1.0 (+http://search.msn.com/msnbot.htm)"
65.55.212.169 - - [04/Oct/2006:03:39:09 +0000] "GET /Saint-Pierre_Langers--67.html HTTP/1.1" 200 38568 "" "msnbot-media/1.0 (+http://search.msn.com/msnbot.htm)"
65.55.212.169 - - [04/Oct/2006:03:39:10 +0000] "GET /Saint-Pierre_Langers--67.html HTTP/1.1" 200 38568 "" "msnbot-media/1.0 (+http://search.msn.com/msnbot.htm)"
65.55.212.169 - - [04/Oct/2006:03:39:11 +0000] "GET /Saint-Pierre_Langers--67.html HTTP/1.1" 200 38568 "" "msnbot-media/1.0 (+http://search.msn.com/msnbot.htm)"
65.55.212.169 - - [04/Oct/2006:03:39:12 +0000] "GET /Saint-Pierre_Langers--67.html HTTP/1.1" 200 38568 "" "msnbot-media/1.0 (+http://search.msn.com/msnbot.htm)"
65.55.212.169 - - [04/Oct/2006:03:39:14 +0000] "GET /Saint-Pierre_Langers--67.html HTTP/1.1" 200 38563 "" "msnbot-media/1.0 (+http://search.msn.com/msnbot.htm)"
65.55.212.169 - - [04/Oct/2006:03:39:15 +0000] "GET /Saint-Pierre_Langers--67.html HTTP/1.1" 200 38563 "" "msnbot-media/1.0 (+http://search.msn.com/msnbot.htm)"
65.55.212.169 - - [04/Oct/2006:03:39:16 +0000] "GET /Saint-Pierre_Langers--67.html HTTP/1.1" 200 38563 "" "msnbot-media/1.0 (+http://search.msn.com/msnbot.htm)"
65.55.212.169 - - [04/Oct/2006:03:39:36 +0000] "GET /Saint-Pierre_Langers--67.html HTTP/1.1" 200 38683 "" "msnbot-media/1.0 (+http://search.msn.com/msnbot.htm)"
66.249.65.67 - - [04/Oct/2006:22:38:57 +0000] "GET /Saint-Pierre_Langers--67.html HTTP/1.1" 200 38148 "" "Mozilla/5.0 (compatible; Googlebot/2.1; +http://www.google.com/bot.html)"
66.249.65.67 - - [04/Oct/2006:23:11:23 +0000] "GET /Saint-Pierre_Langers/Actualit_s--184.html HTTP/1.1" 200 10490 "" "Mozilla/5.0 (compatible; Googlebot/2.1; +http://www.google.com/bot.html)"
66.249.65.67 - - [04/Oct/2006:23:19:29 +0000] "GET /Saint-Pierre_Langers/Calendrier--129.html HTTP/1.1" 200 15337 "" "Mozilla/5.0 (compatible; Googlebot/2.1; +http://www.google.com/bot.html)"
207.46.98.74 - - [05/Oct/2006:01:11:46 +0000] "GET /Saint-Pierre_Langers/Calendrier--129.html HTTP/1.1" 200 15335 "" "msnbot/1.0 (+http://search.msn.com/msnbot.htm)"
72.30.98.75 - - [05/Oct/2006:01:31:36 +0000] "GET /Saint-Pierre_Langers--67.html HTTP/1.1" 200 38148 "" "Mozilla/5.0 (compatible; Yahoo! Slurp; http://help.yahoo.com/help/us/ysearch/slurp)"
74.6.71.151 - - [05/Oct/2006:01:31:42 +0000] "GET /Saint-Pierre_Langers--67.html HTTP/1.1" 200 38148 "" "Mozilla/5.0 (compatible; Yahoo! Slurp; http://help.yahoo.com/help/us/ysearch/slurp)"
66.249.65.67 - - [05/Oct/2006:03:31:54 +0000] "GET /Saint-Pierre_Langers/D_couvrir--134.html HTTP/1.1" 200 11934 "" "Mozilla/5.0 (compatible; Googlebot/2.1; +http://www.google.com/bot.html)"
66.249.65.67 - - [05/Oct/2006:03:45:31 +0000] "GET /Saint-Pierre_Langers/H_bergement--132.html HTTP/1.1" 200 26578 "" "Mozilla/5.0 (compatible; Googlebot/2.1; +http://www.google.com/bot.html)"
66.249.65.67 - - [05/Oct/2006:03:52:17 +0000] "GET /Saint-Pierre_Langers/Loisirs--130.html HTTP/1.1" 200 9375 "" "Mozilla/5.0 (compatible; Googlebot/2.1; +http://www.google.com/bot.html)"
66.249.65.67 - - [05/Oct/2006:05:48:12 +0000] "GET /Saint-Pierre_Langers/Actualit_s--184.html HTTP/1.1" 200 10490 "" "Mozilla/5.0 (compatible; Googlebot/2.1; +http://www.google.com/bot.html)"
66.249.65.67 - - [05/Oct/2006:07:03:39 +0000] "GET /Saint-Pierre_Langers/H_bergement--132.html HTTP/1.1" 200 26578 "" "Mozilla/5.0 (compatible; Googlebot/2.1; +http://www.google.com/bot.html)"
66.249.65.67 - - [05/Oct/2006:07:10:30 +0000] "GET /Saint-Pierre_Langers/H_bergement--132.html HTTP/1.1" 200 26578 "" "Mozilla/5.0 (compatible; Googlebot/2.1; +http://www.google.com/bot.html)"
66.249.65.67 - - [05/Oct/2006:07:17:18 +0000] "GET /Saint-Pierre_Langers/H_bergement--132.html HTTP/1.1" 200 26578 "" "Mozilla/5.0 (compatible; Googlebot/2.1; +http://www.google.com/bot.html)"
66.249.65.67 - - [05/Oct/2006:07:24:06 +0000] "GET /Saint-Pierre_Langers/H_bergement--132.html HTTP/1.1" 200 26578 "" "Mozilla/5.0 (compatible; Googlebot/2.1; +http://www.google.com/bot.html)"
74.6.72.179 - - [05/Oct/2006:07:24:57 +0000] "GET /Saint-Pierre_Langers/D_couvrir/Visite--172.html HTTP/1.1" 200 12890 "" "Mozilla/5.0 (compatible; Yahoo! Slurp; http://help.yahoo.com/help/us/ysearch/slurp)"
66.249.65.67 - - [05/Oct/2006:07:31:49 +0000] "GET /Saint-Pierre_Langers/H_bergement--132.html HTTP/1.1" 200 26578 "" "Mozilla/5.0 (compatible; Googlebot/2.1; +http://www.google.com/bot.html)"
66.249.65.67 - - [05/Oct/2006:08:59:58 +0000] "GET /Saint-Pierre_Langers/H_bergement--132.html HTTP/1.1" 200 26578 "" "Mozilla/5.0 (compatible; Googlebot/2.1; +http://www.google.com/bot.html)"
66.249.65.67 - - [05/Oct/2006:09:06:49 +0000] "GET /Saint-Pierre_Langers/H_bergement--132.html HTTP/1.1" 200 26578 "" "Mozilla/5.0 (compatible; Googlebot/2.1; +http://www.google.com/bot.html)"
66.249.65.67 - - [05/Oct/2006:09:13:40 +0000] "GET /Saint-Pierre_Langers/H_bergement--132.html HTTP/1.1" 200 26578 "" "Mozilla/5.0 (compatible; Googlebot/2.1; +http://www.google.com/bot.html)"
66.249.65.67 - - [05/Oct/2006:09:47:55 +0000] "GET /Saint-Pierre_Langers/H_bergement--132.html HTTP/1.1" 200 28714 "" "Mozilla/5.0 (compatible; Googlebot/2.1; +http://www.google.com/bot.html)"
66.249.65.67 - - [05/Oct/2006:10:29:01 +0000] "GET /Saint-Pierre_Langers/H_bergement--132.html HTTP/1.1" 200 28453 "" "Mozilla/5.0 (compatible; Googlebot/2.1; +http://www.google.com/bot.html)"
66.249.65.67 - - [05/Oct/2006:10:42:43 +0000] "GET /Saint-Pierre_Langers/Calendrier--129.html HTTP/1.1" 200 15389 "" "Mozilla/5.0 (compatible; Googlebot/2.1; +http://www.google.com/bot.html)"
131.107.0.95 - - [05/Oct/2006:11:29:15 +0000] "GET /Saint-Pierre_Langers--67.html HTTP/1.1" 200 38098 "" "Mozilla/4.0 (compatible; MSIE 6.0; Windows NT 5.2; WOW64; SV1; .NET CLR 2.0.50727)"
207.46.98.36 - - [05/Oct/2006:13:39:24 +0000] "GET /Saint-Pierre_Langers--67.html HTTP/1.1" 200 38098 "" "msnbot/1.0 (+http://search.msn.com/msnbot.htm)"
86.199.173.93 - - [05/Oct/2006:15:09:51 +0000] "GET /Saint-Pierre_Langers--67.html HTTP/1.1" 200 38098 "http://www.portedelabaie.com/fr/communes/saint-jean-le-thomas/hebergement.html?tx_travelguide_pi1%5Bscat%5D=2&tx_travelguide_pi1%5Bsloc%5D=2" "Mozilla/5.0 (X11; U; Linux i686; fr; rv:1.8.0.7) Gecko/20060909 Firefox/1.5.0.7"
86.199.173.93 - - [05/Oct/2006:15:09:54 +0000] "GET /Saint-Pierre_Langers--67.html HTTP/1.1" 200 38098 "" "Mozilla/5.0 (X11; U; Linux i686; fr; rv:1.8.0.7) Gecko/20060909 Firefox/1.5.0.7"
86.199.173.93 - - [05/Oct/2006:15:09:55 +0000] "GET /Saint-Pierre_Langers/H_bergement--132.html HTTP/1.1" 200 26578 "http://www.stpierrelangers.com/" "Mozilla/5.0 (X11; U; Linux i686; fr; rv:1.8.0.7) Gecko/20060909 Firefox/1.5.0.7"
86.199.173.93 - - [05/Oct/2006:15:10:19 +0000] "GET /Saint-Pierre_Langers/H_bergement--132.html HTTP/1.1" 200 30661 "http://www.stpierrelangers.com/fr/hebergement.html" "Mozilla/5.0 (X11; U; Linux i686; fr; rv:1.8.0.7) Gecko/20060909 Firefox/1.5.0.7"
66.249.65.67 - - [05/Oct/2006:15:43:47 +0000] "GET /Saint-Pierre_Langers/Loisirs--130.html HTTP/1.1" 200 9309 "" "Mozilla/5.0 (compatible; Googlebot/2.1; +http://www.google.com/bot.html)"
86.199.173.93 - - [05/Oct/2006:15:48:06 +0000] "GET /Saint-Pierre_Langers--67.html HTTP/1.1" 200 38210 "http://www.portedelabaie.com/fr/communes/saint-jean-le-thomas/tourisme.html" "Mozilla/5.0 (X11; U; Linux i686; fr; rv:1.8.0.7) Gecko/20060909 Firefox/1.5.0.7"
86.199.173.93 - - [05/Oct/2006:15:48:09 +0000] "GET /Saint-Pierre_Langers/Plan_du_Site--236.html HTTP/1.1" 200 10558 "http://www.stpierrelangers.com/" "Mozilla/5.0 (X11; U; Linux i686; fr; rv:1.8.0.7) Gecko/20060909 Firefox/1.5.0.7"
86.199.173.93 - - [05/Oct/2006:15:48:13 +0000] "GET /Saint-Pierre_Langers/D_couvrir/Visite--172.html HTTP/1.1" 200 13010 "http://www.stpierrelangers.com/fr/plan-du-site.html" "Mozilla/5.0 (X11; U; Linux i686; fr; rv:1.8.0.7) Gecko/20060909 Firefox/1.5.0.7"
86.199.173.93 - - [05/Oct/2006:15:48:16 +0000] "GET /Saint-Pierre_Langers/D_couvrir/Histoire--171.html HTTP/1.1" 200 11168 "http://www.stpierrelangers.com/fr/decouvrir/visite.html" "Mozilla/5.0 (X11; U; Linux i686; fr; rv:1.8.0.7) Gecko/20060909 Firefox/1.5.0.7"
207.46.98.37 - - [05/Oct/2006:16:38:18 +0000] "GET /Saint-Pierre_Langers--67.html HTTP/1.1" 200 38210 "" "msnbot/1.0 (+http://search.msn.com/msnbot.htm)"
207.46.98.37 - - [05/Oct/2006:16:38:19 +0000] "GET /Saint-Pierre_Langers/Calendrier--129.html HTTP/1.1" 200 10433 "" "msnbot/1.0 (+http://search.msn.com/msnbot.htm)"
207.46.98.37 - - [05/Oct/2006:16:39:19 +0000] "GET /Saint-Pierre_Langers/Calendrier--129.html HTTP/1.1" 200 10482 "" "msnbot/1.0 (+http://search.msn.com/msnbot.htm)"
207.46.98.36 - - [05/Oct/2006:18:15:11 +0000] "GET /Saint-Pierre_Langers--67.html HTTP/1.1" 200 38082 "" "msnbot/1.0 (+http://search.msn.com/msnbot.htm)"
66.249.65.67 - - [05/Oct/2006:19:47:38 +0000] "GET /Saint-Pierre_Langers/H_bergement--132.html HTTP/1.1" 200 26014 "" "Mozilla/5.0 (compatible; Googlebot/2.1; +http://www.google.com/bot.html)"
207.46.98.36 - - [05/Oct/2006:22:43:57 +0000] "GET /Saint-Pierre_Langers--67.html HTTP/1.1" 200 38082 "" "msnbot/1.0 (+http://search.msn.com/msnbot.htm)"
74.6.72.160 - - [06/Oct/2006:00:39:13 +0000] "GET /Saint-Pierre_Langers/D_couvrir--134.html HTTP/1.1" 200 11868 "" "Mozilla/5.0 (compatible; Yahoo! Slurp; http://help.yahoo.com/help/us/ysearch/slurp)"
193.47.80.40 - - [06/Oct/2006:03:20:42 +0000] "GET /Saint-Pierre_Langers--67.html HTTP/1.1" 200 38082 "" "Exabot/3.0"
193.47.80.40 - - [06/Oct/2006:03:20:42 +0000] "GET /Saint-Pierre_Langers--67.html HTTP/1.1" 200 38187 "" "Exabot/3.0"
207.46.98.36 - - [06/Oct/2006:03:29:57 +0000] "GET /Saint-Pierre_Langers--67.html HTTP/1.1" 200 38082 "" "msnbot/1.0 (+http://search.msn.com/msnbot.htm)"
66.249.65.67 - - [06/Oct/2006:08:21:29 +0000] "GET /Saint-Pierre_Langers--67.html HTTP/1.1" 200 38082 "" "Mozilla/5.0 (compatible; Googlebot/2.1; +http://www.google.com/bot.html)"
66.249.65.67 - - [06/Oct/2006:08:21:30 +0000] "GET /Saint-Pierre_Langers--67.html HTTP/1.1" 200 38082 "" "Mozilla/5.0 (compatible; Googlebot/2.1; +http://www.google.com/bot.html)"
66.249.65.67 - - [06/Oct/2006:08:31:40 +0000] "GET /Saint-Pierre_Langers/H_bergement--132.html HTTP/1.1" 200 44145 "" "Mozilla/5.0 (compatible; Googlebot/2.1; +http://www.google.com/bot.html)"
66.249.65.67 - - [06/Oct/2006:08:32:37 +0000] "GET /Saint-Pierre_Langers/H_bergement--132.html HTTP/1.1" 200 28911 "" "Mozilla/5.0 (compatible; Googlebot/2.1; +http://www.google.com/bot.html)"
66.249.65.67 - - [06/Oct/2006:08:33:33 +0000] "GET /Saint-Pierre_Langers/H_bergement--132.html HTTP/1.1" 200 30844 "" "Mozilla/5.0 (compatible; Googlebot/2.1; +http://www.google.com/bot.html)"
66.249.65.67 - - [06/Oct/2006:08:34:30 +0000] "GET /Saint-Pierre_Langers/H_bergement--132.html HTTP/1.1" 200 28833 "" "Mozilla/5.0 (compatible; Googlebot/2.1; +http://www.google.com/bot.html)"
66.249.65.67 - - [06/Oct/2006:08:35:26 +0000] "GET /Saint-Pierre_Langers/H_bergement--132.html HTTP/1.1" 200 28867 "" "Mozilla/5.0 (compatible; Googlebot/2.1; +http://www.google.com/bot.html)"
66.249.65.67 - - [06/Oct/2006:08:36:23 +0000] "GET /Saint-Pierre_Langers/H_bergement--132.html HTTP/1.1" 200 28820 "" "Mozilla/5.0 (compatible; Googlebot/2.1; +http://www.google.com/bot.html)"
66.249.65.67 - - [06/Oct/2006:08:37:20 +0000] "GET /Saint-Pierre_Langers/H_bergement--132.html HTTP/1.1" 200 29107 "" "Mozilla/5.0 (compatible; Googlebot/2.1; +http://www.google.com/bot.html)"
66.249.65.67 - - [06/Oct/2006:08:38:16 +0000] "GET /Saint-Pierre_Langers/H_bergement--132.html HTTP/1.1" 200 28777 "" "Mozilla/5.0 (compatible; Googlebot/2.1; +http://www.google.com/bot.html)"
