81.80.106.155 - - [13/Oct/2006:15:26:35 +0000] "GET /Saint-Pierre_Langers/Loisirs/Ghislaine/M_t_o--259.html HTTP/1.1" 200 14100 "http://www.stpierrelangers.com/fr/loisirs/ghislaine.html" "Mozilla/4.0 (compatible; MSIE 6.0; Windows NT 5.1; SV1; .NET CLR 1.1.4322)"
81.80.106.155 - - [13/Oct/2006:15:27:14 +0000] "GET /Saint-Pierre_Langers/Loisirs/Ghislaine/BD_Livre--262.html HTTP/1.1" 200 13662 "http://www.stpierrelangers.com/fr/loisirs/ghislaine.html" "Mozilla/4.0 (compatible; MSIE 6.0; Windows NT 5.1; SV1; .NET CLR 1.1.4322)"
81.80.106.155 - - [13/Oct/2006:15:29:26 +0000] "GET /Saint-Pierre_Langers/Loisirs/Ghislaine/BD_Livre--262.html HTTP/1.1" 200 13662 "http://www.stpierrelangers.com/index.php?id=252" "Mozilla/4.0 (compatible; MSIE 6.0; Windows NT 5.1; SV1; .NET CLR 1.1.4322)"
81.80.106.155 - - [13/Oct/2006:15:29:31 +0000] "GET /Saint-Pierre_Langers/Loisirs/Ghislaine--252.html HTTP/1.1" 200 13855 "" "Mozilla/4.0 (compatible; MSIE 6.0; Windows NT 5.1; SV1; .NET CLR 1.1.4322)"
81.80.106.155 - - [13/Oct/2006:15:29:35 +0000] "GET /Saint-Pierre_Langers/Loisirs/Ghislaine/M_t_o--259.html HTTP/1.1" 200 14193 "http://www.stpierrelangers.com/index.php?id=252" "Mozilla/4.0 (compatible; MSIE 6.0; Windows NT 5.1; SV1; .NET CLR 1.1.4322)"
81.80.106.155 - - [13/Oct/2006:15:30:54 +0000] "GET /Saint-Pierre_Langers/D_couvrir--134.html HTTP/1.1" 200 13058 "http://www.stpierrelangers.com/index.php?id=252" "Mozilla/4.0 (compatible; MSIE 6.0; Windows NT 5.1; SV1; .NET CLR 1.1.4322)"
81.80.106.155 - - [13/Oct/2006:15:31:04 +0000] "GET /Saint-Pierre_Langers/D_couvrir--134.html HTTP/1.1" 200 13058 "http://www.stpierrelangers.com/fr/decouvrir.html" "Mozilla/4.0 (compatible; MSIE 6.0; Windows NT 5.1; SV1; .NET CLR 1.1.4322)"
81.80.106.155 - - [13/Oct/2006:15:53:48 +0000] "GET /Saint-Pierre_Langers--67.html HTTP/1.1" 200 597 "http://www.ville-angey.com/" "Mozilla/4.0 (compatible; MSIE 6.0; Windows NT 5.1; SV1; .NET CLR 1.1.4322)"
81.80.106.155 - - [13/Oct/2006:15:53:46 +0000] "GET /Saint-Pierre_Langers--67.html HTTP/1.1" 200 39222 "http://www.ville-angey.com/" "Mozilla/4.0 (compatible; MSIE 6.0; Windows NT 5.1; SV1; .NET CLR 1.1.4322)"
81.80.106.155 - - [13/Oct/2006:15:54:01 +0000] "GET /Saint-Pierre_Langers--67.html HTTP/1.1" 200 39222 "" "Mozilla/4.0 (compatible; MSIE 6.0; Windows NT 5.1; SV1; .NET CLR 1.1.4322)"
81.80.106.155 - - [13/Oct/2006:15:54:41 +0000] "GET /Saint-Pierre_Langers--67.html HTTP/1.1" 200 39222 "http://www.portedelabaie.com/no_cache/fr/actualites.html?tx_newsflexible_article%5Bid%5D=17&cHash=967fde3d56" "Mozilla/4.0 (compatible; MSIE 6.0; Windows NT 5.1; SV1)"
81.80.106.155 - - [13/Oct/2006:15:54:42 +0000] "GET /Saint-Pierre_Langers--67.html HTTP/1.1" 200 39222 "" "Mozilla/4.0 (compatible; MSIE 6.0; Windows NT 5.1; SV1)"
81.80.106.155 - - [13/Oct/2006:15:54:43 +0000] "GET /Saint-Pierre_Langers--67.html HTTP/1.1" 200 39222 "" "Mozilla/4.0 (compatible; MSIE 6.0; Windows NT 5.1; SV1)"
81.80.106.155 - - [13/Oct/2006:15:58:19 +0000] "GET /Saint-Pierre_Langers--67.html HTTP/1.1" 200 39222 "http://www.portedelabaie.com/no_cache/fr/actualites.html?tx_newsflexible_article%5Bid%5D=17&cHash=967fde3d56" "Mozilla/4.0 (compatible; MSIE 6.0; Windows NT 5.1; SV1)"
81.80.106.155 - - [13/Oct/2006:15:58:52 +0000] "GET /Saint-Pierre-Langers--67.html HTTP/1.1" 200 39222 "http://www.portedelabaie.com/no_cache/fr/actualites.html?tx_newsflexible_article%5Bid%5D=17&cHash=967fde3d56" "Mozilla/4.0 (compatible; MSIE 6.0; Windows NT 5.1; SV1)"
81.80.106.155 - - [13/Oct/2006:15:59:12 +0000] "GET /Saint-Pierre-Langers--67.html HTTP/1.1" 200 39222 "" "Mozilla/4.0 (compatible; MSIE 6.0; Windows NT 5.1; SV1; .NET CLR 1.1.4322)"
81.80.106.155 - - [13/Oct/2006:15:59:24 +0000] "GET /Saint-Pierre-Langers--67.html HTTP/1.1" 200 39222 "http://www.stpierrelangers.com/" "Mozilla/4.0 (compatible; MSIE 6.0; Windows NT 5.1; SV1)"
81.80.106.155 - - [13/Oct/2006:16:01:14 +0000] "GET /Saint-Pierre-Langers--67.html HTTP/1.1" 200 39222 "" "Mozilla/4.0 (compatible; MSIE 6.0; Windows NT 5.1; SV1)"
81.80.106.155 - - [13/Oct/2006:16:01:14 +0000] "GET /Saint-Pierre-Langers--67.html HTTP/1.1" 200 39222 "" "Mozilla/4.0 (compatible; MSIE 6.0; Windows NT 5.1; SV1)"
81.80.106.155 - - [13/Oct/2006:16:01:23 +0000] "GET /Saint-Pierre-Langers--67.html HTTP/1.1" 200 39222 "" "Mozilla/4.0 (compatible; MSIE 6.0; Windows NT 5.1; SV1; .NET CLR 1.1.4322)"
81.80.106.155 - - [13/Oct/2006:16:01:37 +0000] "GET /Saint-Pierre-Langers--67.html HTTP/1.1" 200 39222 "http://www.stpierrelangers.com/fr.html" "Mozilla/4.0 (compatible; MSIE 6.0; Windows NT 5.1; SV1)"
81.80.106.155 - - [13/Oct/2006:16:29:38 +0000] "GET /Saint-Pierre-Langers--67.html HTTP/1.1" 200 39222 "http://www.portedelabaie.com" "Mozilla/4.0 (compatible; MSIE 6.0; Windows NT 5.1; SV1; .NET CLR 1.1.4322)"
81.80.106.155 - - [13/Oct/2006:16:46:34 +0000] "GET /Saint-Pierre-Langers--67.html HTTP/1.1" 200 39222 "http://www.portedelabaie.com/fr/service-public.html?spl_c=548036&spl_f=N0/N10/N156&spl_l=17644&submit=OK" "Mozilla/4.0 (compatible; MSIE 6.0; Windows NT 5.1; SV1)"
81.80.106.155 - - [13/Oct/2006:16:46:41 +0000] "GET /Saint-Pierre-Langers--67.html HTTP/1.1" 200 39222 "" "Mozilla/4.0 (compatible; MSIE 6.0; Windows NT 5.1; SV1)"
81.80.106.155 - - [13/Oct/2006:16:46:41 +0000] "GET /Saint-Pierre-Langers--67.html HTTP/1.1" 200 39222 "" "Mozilla/4.0 (compatible; MSIE 6.0; Windows NT 5.1; SV1)"
81.80.106.155 - - [13/Oct/2006:16:46:47 +0000] "GET /Saint-Pierre-Langers/Loisirs/Sandra--247.html HTTP/1.1" 200 13913 "" "Mozilla/4.0 (compatible; MSIE 6.0; Windows NT 5.1; SV1)"
81.80.106.155 - - [13/Oct/2006:16:46:48 +0000] "GET /Saint-Pierre-Langers/Loisirs/Sandra--247.html HTTP/1.1" 200 13913 "" "Mozilla/4.0 (compatible; MSIE 6.0; Windows NT 5.1; SV1)"
81.80.106.155 - - [13/Oct/2006:16:47:02 +0000] "GET /Saint-Pierre-Langers/Loisirs/Sandra/Document--279.html HTTP/1.1" 200 11415 "" "Mozilla/4.0 (compatible; MSIE 6.0; Windows NT 5.1; SV1)"
81.80.106.155 - - [13/Oct/2006:16:47:34 +0000] "GET /Saint-Pierre-Langers--67.html HTTP/1.1" 200 39222 "" "Mozilla/4.0 (compatible; MSIE 6.0; Windows NT 5.1; SV1)"
81.80.106.155 - - [13/Oct/2006:16:47:38 +0000] "GET /Saint-Pierre-Langers--67.html HTTP/1.1" 200 39222 "" "Mozilla/4.0 (compatible; MSIE 6.0; Windows NT 5.1; SV1)"
81.80.106.155 - - [13/Oct/2006:16:47:38 +0000] "GET /Saint-Pierre-Langers--67.html HTTP/1.1" 200 39222 "" "Mozilla/4.0 (compatible; MSIE 6.0; Windows NT 5.1; SV1)"
81.80.106.155 - - [13/Oct/2006:16:47:43 +0000] "GET /Saint-Pierre-Langers--67.html HTTP/1.1" 200 39222 "" "Mozilla/4.0 (compatible; MSIE 6.0; Windows NT 5.1; SV1)"
81.80.106.155 - - [13/Oct/2006:16:47:44 +0000] "GET /Saint-Pierre-Langers/Loisirs/Ghislaine--252.html HTTP/1.1" 200 13855 "" "Mozilla/4.0 (compatible; MSIE 6.0; Windows NT 5.1; SV1; .NET CLR 1.1.4322)"
81.80.106.155 - - [13/Oct/2006:16:47:49 +0000] "GET /Saint-Pierre-Langers--67.html HTTP/1.1" 200 39222 "" "Mozilla/4.0 (compatible; MSIE 6.0; Windows NT 5.1; SV1)"
81.80.106.155 - - [13/Oct/2006:16:48:08 +0000] "GET /Saint-Pierre-Langers--67.html HTTP/1.1" 200 39222 "" "Mozilla/4.0 (compatible; MSIE 6.0; Windows NT 5.1; SV1)"
81.80.106.155 - - [13/Oct/2006:16:48:08 +0000] "GET /Saint-Pierre-Langers--67.html HTTP/1.1" 200 39222 "" "Mozilla/4.0 (compatible; MSIE 6.0; Windows NT 5.1; SV1)"
81.80.106.155 - - [13/Oct/2006:16:48:10 +0000] "GET /Saint-Pierre-Langers--67.html HTTP/1.1" 200 39222 "" "Mozilla/4.0 (compatible; MSIE 6.0; Windows NT 5.1; SV1)"
81.80.106.155 - - [13/Oct/2006:16:48:14 +0000] "GET /Saint-Pierre-Langers--67.html HTTP/1.1" 200 39222 "" "Mozilla/4.0 (compatible; MSIE 6.0; Windows NT 5.1; SV1)"
81.80.106.155 - - [13/Oct/2006:16:48:15 +0000] "GET /Saint-Pierre-Langers--67.html HTTP/1.1" 200 39222 "" "Mozilla/4.0 (compatible; MSIE 6.0; Windows NT 5.1; SV1)"
81.80.106.155 - - [13/Oct/2006:16:49:18 +0000] "GET /Saint-Pierre-Langers/Loisirs/Ghislaine/Document_1--281.html HTTP/1.1" 200 11417 "" "Mozilla/4.0 (compatible; MSIE 6.0; Windows NT 5.1; SV1; .NET CLR 1.1.4322)"
81.80.106.155 - - [13/Oct/2006:16:50:16 +0000] "GET /Saint-Pierre-Langers/Loisirs/Ghislaine/Document_1--281.html HTTP/1.1" 200 11417 "" "Mozilla/4.0 (compatible; MSIE 6.0; Windows NT 5.1; SV1)"
81.80.106.155 - - [13/Oct/2006:16:50:20 +0000] "GET /Saint-Pierre-Langers--67.html HTTP/1.1" 200 39222 "" "Mozilla/4.0 (compatible; MSIE 6.0; Windows NT 5.1; SV1)"
81.80.106.155 - - [13/Oct/2006:16:50:21 +0000] "GET /Saint-Pierre-Langers--67.html HTTP/1.1" 200 39222 "" "Mozilla/4.0 (compatible; MSIE 6.0; Windows NT 5.1; SV1)"
81.80.106.155 - - [13/Oct/2006:16:50:25 +0000] "GET /Saint-Pierre-Langers--67.html HTTP/1.1" 200 39222 "" "Mozilla/4.0 (compatible; MSIE 6.0; Windows NT 5.1; SV1)"
81.80.106.155 - - [13/Oct/2006:16:50:26 +0000] "GET /Saint-Pierre-Langers--67.html HTTP/1.1" 200 39222 "" "Mozilla/4.0 (compatible; MSIE 6.0; Windows NT 5.1; SV1)"
81.80.106.155 - - [13/Oct/2006:16:50:26 +0000] "GET /Saint-Pierre-Langers--67.html HTTP/1.1" 200 39222 "" "Mozilla/4.0 (compatible; MSIE 6.0; Windows NT 5.1; SV1)"
81.80.106.155 - - [13/Oct/2006:16:50:48 +0000] "GET /Saint-Pierre-Langers--67.html HTTP/1.1" 200 39222 "" "Mozilla/4.0 (compatible; MSIE 6.0; Windows NT 5.1; SV1)"
81.80.106.155 - - [13/Oct/2006:16:50:48 +0000] "GET /Saint-Pierre-Langers--67.html HTTP/1.1" 200 39222 "" "Mozilla/4.0 (compatible; MSIE 6.0; Windows NT 5.1; SV1)"
81.80.106.155 - - [13/Oct/2006:16:50:49 +0000] "GET /Saint-Pierre-Langers--67.html HTTP/1.1" 200 39222 "" "Mozilla/4.0 (compatible; MSIE 6.0; Windows NT 5.1; SV1)"
81.80.106.155 - - [13/Oct/2006:16:50:49 +0000] "GET /Saint-Pierre-Langers--67.html HTTP/1.1" 200 39222 "" "Mozilla/4.0 (compatible; MSIE 6.0; Windows NT 5.1; SV1)"
81.80.106.155 - - [13/Oct/2006:16:50:52 +0000] "GET /Saint-Pierre-Langers--67.html HTTP/1.1" 200 39222 "" "Mozilla/4.0 (compatible; MSIE 6.0; Windows NT 5.1; SV1)"
81.80.106.155 - - [13/Oct/2006:16:50:57 +0000] "GET /Saint-Pierre-Langers/Loisirs/Sandra/Document--279.html HTTP/1.1" 200 11415 "" "Mozilla/4.0 (compatible; MSIE 6.0; Windows NT 5.1; SV1)"
81.80.106.155 - - [13/Oct/2006:16:50:58 +0000] "GET /Saint-Pierre-Langers/Loisirs/Sandra/Document--279.html HTTP/1.1" 200 11415 "" "Mozilla/4.0 (compatible; MSIE 6.0; Windows NT 5.1; SV1)"
81.80.106.155 - - [13/Oct/2006:16:51:01 +0000] "GET /Saint-Pierre-Langers--67.html HTTP/1.1" 200 39222 "" "Mozilla/4.0 (compatible; MSIE 6.0; Windows NT 5.1; SV1)"
81.80.106.155 - - [13/Oct/2006:16:51:01 +0000] "GET /Saint-Pierre-Langers--67.html HTTP/1.1" 200 39222 "" "Mozilla/4.0 (compatible; MSIE 6.0; Windows NT 5.1; SV1)"
81.80.106.155 - - [13/Oct/2006:16:51:03 +0000] "GET /Saint-Pierre-Langers--67.html HTTP/1.1" 200 39222 "" "Mozilla/4.0 (compatible; MSIE 6.0; Windows NT 5.1; SV1)"
81.80.106.155 - - [13/Oct/2006:16:51:03 +0000] "GET /Saint-Pierre-Langers--67.html HTTP/1.1" 200 39222 "" "Mozilla/4.0 (compatible; MSIE 6.0; Windows NT 5.1; SV1)"
81.80.106.155 - - [13/Oct/2006:16:51:06 +0000] "GET /Saint-Pierre-Langers--67.html HTTP/1.1" 200 39222 "" "Mozilla/4.0 (compatible; MSIE 6.0; Windows NT 5.1; SV1)"
81.80.106.155 - - [13/Oct/2006:16:51:08 +0000] "GET /Saint-Pierre-Langers--67.html HTTP/1.1" 200 39222 "" "Mozilla/4.0 (compatible; MSIE 6.0; Windows NT 5.1; SV1)"
81.80.106.155 - - [13/Oct/2006:16:51:08 +0000] "GET /Saint-Pierre-Langers--67.html HTTP/1.1" 200 39222 "" "Mozilla/4.0 (compatible; MSIE 6.0; Windows NT 5.1; SV1)"
81.80.106.155 - - [13/Oct/2006:16:51:35 +0000] "GET /Saint-Pierre-Langers--67.html HTTP/1.1" 200 39222 "" "Mozilla/4.0 (compatible; MSIE 6.0; Windows NT 5.1; SV1)"
81.80.106.155 - - [13/Oct/2006:16:51:35 +0000] "GET /Saint-Pierre-Langers--67.html HTTP/1.1" 200 39222 "" "Mozilla/4.0 (compatible; MSIE 6.0; Windows NT 5.1; SV1)"
81.80.106.155 - - [13/Oct/2006:16:51:36 +0000] "GET /Saint-Pierre-Langers--67.html HTTP/1.1" 200 39222 "" "Mozilla/4.0 (compatible; MSIE 6.0; Windows NT 5.1; SV1)"
81.80.106.155 - - [13/Oct/2006:16:51:37 +0000] "GET /Saint-Pierre-Langers--67.html HTTP/1.1" 200 39222 "" "Mozilla/4.0 (compatible; MSIE 6.0; Windows NT 5.1; SV1)"
81.80.106.155 - - [13/Oct/2006:16:51:39 +0000] "GET /Saint-Pierre-Langers--67.html HTTP/1.1" 200 39222 "" "Mozilla/4.0 (compatible; MSIE 6.0; Windows NT 5.1; SV1)"
81.80.106.155 - - [13/Oct/2006:16:54:12 +0000] "GET /Saint-Pierre-Langers/Loisirs/Sandra/Document--279.html HTTP/1.1" 200 11769 "" "Mozilla/4.0 (compatible; MSIE 6.0; Windows NT 5.1; SV1)"
81.80.106.155 - - [13/Oct/2006:16:55:13 +0000] "GET /Saint-Pierre-Langers/Loisirs/Ghislaine/Document_1--281.html HTTP/1.1" 200 11866 "" "Mozilla/4.0 (compatible; MSIE 6.0; Windows NT 5.1; SV1; .NET CLR 1.1.4322)"
81.80.106.155 - - [13/Oct/2006:16:57:24 +0000] "GET /Saint-Pierre-Langers/Loisirs/Sandra/Document--279.html HTTP/1.1" 200 11828 "" "Mozilla/4.0 (compatible; MSIE 6.0; Windows NT 5.1; SV1)"
81.80.106.155 - - [13/Oct/2006:16:58:00 +0000] "GET /Saint-Pierre-Langers/Loisirs/Ghislaine/Document_1--281.html HTTP/1.1" 200 11924 "" "Mozilla/4.0 (compatible; MSIE 6.0; Windows NT 5.1; SV1; .NET CLR 1.1.4322)"
81.80.106.155 - - [13/Oct/2006:17:08:05 +0000] "GET /Saint-Pierre-Langers/Loisirs/Sandra--247.html HTTP/1.1" 200 10498 "" "Mozilla/4.0 (compatible; MSIE 6.0; Windows NT 5.1; SV1)"
81.80.106.155 - - [13/Oct/2006:17:08:05 +0000] "GET /Saint-Pierre-Langers--67.html HTTP/1.1" 200 39277 "" "Mozilla/4.0 (compatible; MSIE 6.0; Windows NT 5.1; SV1)"
81.80.106.155 - - [13/Oct/2006:17:08:05 +0000] "GET /Saint-Pierre-Langers--67.html HTTP/1.1" 200 39277 "" "Mozilla/4.0 (compatible; MSIE 6.0; Windows NT 5.1; SV1)"
82.255.232.91 - - [13/Oct/2006:17:09:07 +0000] "GET /Saint-Pierre-Langers--67.html HTTP/1.1" 200 39277 "" "Mozilla/5.0 (Windows; U; Windows NT 5.1; fr; rv:1.8.0.7) Gecko/20060909 Firefox/1.5.0.7"
82.255.232.91 - - [13/Oct/2006:17:09:09 +0000] "GET /Saint-Pierre-Langers--67.html HTTP/1.1" 200 39277 "" "Mozilla/5.0 (Windows; U; Windows NT 5.1; fr; rv:1.8.0.7) Gecko/20060909 Firefox/1.5.0.7"
81.80.106.155 - - [13/Oct/2006:17:09:31 +0000] "GET /Saint-Pierre-Langers/Loisirs/Sandra--247.html HTTP/1.1" 200 10498 "http://www.portedelabaie.com/typo3/sysext/viewpage/view/frameset.php?id=247" "Mozilla/4.0 (compatible; MSIE 6.0; Windows NT 5.1; SV1; .NET CLR 1.1.4322)"
82.255.232.91 - - [13/Oct/2006:17:09:43 +0000] "GET /Saint-Pierre-Langers/Calendrier--129.html HTTP/1.1" 200 16461 "http://www.stpierrelangers.com/" "Mozilla/5.0 (Windows; U; Windows NT 5.1; fr; rv:1.8.0.7) Gecko/20060909 Firefox/1.5.0.7"
82.255.232.91 - - [13/Oct/2006:17:09:59 +0000] "GET /Saint-Pierre-Langers/Calendrier--129.html HTTP/1.1" 200 11493 "http://www.stpierrelangers.com/fr/calendrier.html" "Mozilla/5.0 (Windows; U; Windows NT 5.1; fr; rv:1.8.0.7) Gecko/20060909 Firefox/1.5.0.7"
74.6.69.154 - - [13/Oct/2006:17:19:11 +0000] "GET /Saint-Pierre-Langers--67.html HTTP/1.1" 200 39277 "" "Mozilla/5.0 (compatible; Yahoo! Slurp; http://help.yahoo.com/help/us/ysearch/slurp)"
74.6.73.185 - - [13/Oct/2006:17:19:21 +0000] "GET /Saint-Pierre-Langers--67.html HTTP/1.1" 200 39687 "" "Mozilla/5.0 (compatible; Yahoo! Slurp; http://help.yahoo.com/help/us/ysearch/slurp)"
72.30.177.225 - - [13/Oct/2006:17:27:20 +0000] "GET /Saint-Pierre-Langers/Actualit_s--184.html HTTP/1.1" 200 10826 "" "Mozilla/5.0 (compatible; Yahoo! Slurp; http://help.yahoo.com/help/us/ysearch/slurp)"
74.6.69.154 - - [14/Oct/2006:00:43:19 +0000] "GET /Saint-Pierre-Langers--67.html HTTP/1.1" 200 39285 "" "Mozilla/5.0 (compatible; Yahoo! Slurp; http://help.yahoo.com/help/us/ysearch/slurp)"
74.6.70.57 - - [14/Oct/2006:00:43:25 +0000] "GET /Saint-Pierre-Langers--67.html HTTP/1.1" 200 39285 "" "Mozilla/5.0 (compatible; Yahoo! Slurp; http://help.yahoo.com/help/us/ysearch/slurp)"
74.6.69.154 - - [14/Oct/2006:02:26:33 +0000] "GET /Saint-Pierre-Langers--67.html HTTP/1.1" 200 39285 "" "Mozilla/5.0 (compatible; Yahoo! Slurp; http://help.yahoo.com/help/us/ysearch/slurp)"
74.6.74.98 - - [14/Oct/2006:02:26:46 +0000] "GET /Saint-Pierre-Langers--67.html HTTP/1.1" 200 39700 "" "Mozilla/5.0 (compatible; Yahoo! Slurp; http://help.yahoo.com/help/us/ysearch/slurp)"
74.6.69.154 - - [14/Oct/2006:05:55:50 +0000] "GET /Saint-Pierre-Langers--67.html HTTP/1.1" 200 39285 "" "Mozilla/5.0 (compatible; Yahoo! Slurp; http://help.yahoo.com/help/us/ysearch/slurp)"
74.6.70.169 - - [14/Oct/2006:05:55:53 +0000] "GET /Saint-Pierre-Langers--67.html HTTP/1.1" 200 39705 "" "Mozilla/5.0 (compatible; Yahoo! Slurp; http://help.yahoo.com/help/us/ysearch/slurp)"
65.55.212.169 - - [14/Oct/2006:07:11:32 +0000] "GET /Saint-Pierre-Langers--67.html HTTP/1.1" 200 39285 "" "msnbot-media/1.0 (+http://search.msn.com/msnbot.htm)"
65.55.212.169 - - [14/Oct/2006:07:11:33 +0000] "GET /Saint-Pierre-Langers--67.html HTTP/1.1" 200 39390 "" "msnbot-media/1.0 (+http://search.msn.com/msnbot.htm)"
86.220.42.117 - - [14/Oct/2006:08:00:35 +0000] "GET /Saint-Pierre-Langers--67.html HTTP/1.1" 200 39285 "http://www.google.fr/search?hl=fr&q=st+pierre+langers&btnG=Recherche+Google&meta=" "Mozilla/4.0 (compatible; MSIE 6.0; Windows NT 5.1; Wanadoo 6.2; .NET CLR 1.0.3705; .NET CLR 1.1.4322)"
86.220.42.117 - - [14/Oct/2006:08:00:39 +0000] "GET /Saint-Pierre-Langers--67.html HTTP/1.1" 200 39285 "" "Mozilla/4.0 (compatible; MSIE 6.0; Windows NT 5.1; Wanadoo 6.2; .NET CLR 1.0.3705; .NET CLR 1.1.4322)"
212.95.252.16 - - [14/Oct/2006:08:25:13 +0000] "GET /Saint-Pierre-Langers--67.html HTTP/1.1" 200 39285 "" "Mozilla/4.0 (compatible; MSIE 6.0; Windows NT 5.1)"
66.249.65.13 - - [14/Oct/2006:10:00:03 +0000] "GET /Saint-Pierre-Langers--67.html HTTP/1.1" 200 39285 "" "Mozilla/5.0 (compatible; Googlebot/2.1; +http://www.google.com/bot.html)"
66.249.65.13 - - [14/Oct/2006:10:00:04 +0000] "GET /Saint-Pierre-Langers/Calendrier--129.html HTTP/1.1" 200 16474 "" "Mozilla/5.0 (compatible; Googlebot/2.1; +http://www.google.com/bot.html)"
65.55.212.169 - - [14/Oct/2006:10:21:38 +0000] "GET /Saint-Pierre-Langers--67.html HTTP/1.1" 200 39285 "" "msnbot-media/1.0 (+http://search.msn.com/msnbot.htm)"
65.55.212.169 - - [14/Oct/2006:10:21:39 +0000] "GET /Saint-Pierre-Langers--67.html HTTP/1.1" 200 39285 "" "msnbot-media/1.0 (+http://search.msn.com/msnbot.htm)"
65.55.212.169 - - [14/Oct/2006:10:21:40 +0000] "GET /Saint-Pierre-Langers--67.html HTTP/1.1" 200 39285 "" "msnbot-media/1.0 (+http://search.msn.com/msnbot.htm)"
65.55.212.169 - - [14/Oct/2006:10:21:40 +0000] "GET /Saint-Pierre-Langers/Tourisme--133.html HTTP/1.1" 200 15519 "" "msnbot-media/1.0 (+http://search.msn.com/msnbot.htm)"
65.55.212.169 - - [14/Oct/2006:10:21:45 +0000] "GET /Saint-Pierre-Langers--67.html HTTP/1.1" 200 39285 "" "msnbot-media/1.0 (+http://search.msn.com/msnbot.htm)"
65.55.212.169 - - [14/Oct/2006:10:23:16 +0000] "GET /Saint-Pierre-Langers--67.html HTTP/1.1" 200 39285 "" "msnbot-media/1.0 (+http://search.msn.com/msnbot.htm)"
65.55.212.169 - - [14/Oct/2006:10:23:17 +0000] "GET /Saint-Pierre-Langers--67.html HTTP/1.1" 200 39285 "" "msnbot-media/1.0 (+http://search.msn.com/msnbot.htm)"
65.55.212.169 - - [14/Oct/2006:10:23:18 +0000] "GET /Saint-Pierre-Langers--67.html HTTP/1.1" 200 39285 "" "msnbot-media/1.0 (+http://search.msn.com/msnbot.htm)"
74.6.69.154 - - [14/Oct/2006:11:08:49 +0000] "GET /Saint-Pierre-Langers--67.html HTTP/1.1" 200 39285 "" "Mozilla/5.0 (compatible; Yahoo! Slurp; http://help.yahoo.com/help/us/ysearch/slurp)"
74.6.73.59 - - [14/Oct/2006:11:09:03 +0000] "GET /Saint-Pierre-Langers/Actualit_s--184.html HTTP/1.1" 200 10839 "" "Mozilla/5.0 (compatible; Yahoo! Slurp; http://help.yahoo.com/help/us/ysearch/slurp)"
207.46.98.37 - - [14/Oct/2006:11:18:56 +0000] "GET /Saint-Pierre-Langers--67.html HTTP/1.1" 200 39285 "" "msnbot/1.0 (+http://search.msn.com/msnbot.htm)"
207.46.98.37 - - [14/Oct/2006:11:18:57 +0000] "GET /Saint-Pierre-Langers--67.html HTTP/1.1" 200 39285 "" "msnbot/1.0 (+http://search.msn.com/msnbot.htm)"
74.6.69.154 - - [14/Oct/2006:11:35:27 +0000] "GET /Saint-Pierre-Langers--67.html HTTP/1.1" 200 39285 "" "Mozilla/5.0 (compatible; Yahoo! Slurp; http://help.yahoo.com/help/us/ysearch/slurp)"
74.6.71.152 - - [14/Oct/2006:11:35:46 +0000] "GET /Saint-Pierre-Langers--67.html HTTP/1.1" 200 39705 "" "Mozilla/5.0 (compatible; Yahoo! Slurp; http://help.yahoo.com/help/us/ysearch/slurp)"
207.46.98.36 - - [14/Oct/2006:11:42:46 +0000] "GET /Saint-Pierre-Langers--67.html HTTP/1.1" 200 39285 "" "msnbot/1.0 (+http://search.msn.com/msnbot.htm)"
207.46.98.38 - - [14/Oct/2006:12:14:59 +0000] "GET /Saint-Pierre-Langers--67.html HTTP/1.1" 200 39285 "" "msnbot/1.0 (+http://search.msn.com/msnbot.htm)"
207.46.98.38 - - [14/Oct/2006:12:15:01 +0000] "GET /Saint-Pierre-Langers/Plan_du_Site--236.html HTTP/1.1" 200 11420 "" "msnbot/1.0 (+http://search.msn.com/msnbot.htm)"
65.55.212.169 - - [14/Oct/2006:12:28:22 +0000] "GET /Saint-Pierre-Langers--67.html HTTP/1.1" 200 39285 "" "msnbot-media/1.0 (+http://search.msn.com/msnbot.htm)"
207.46.98.37 - - [14/Oct/2006:13:14:39 +0000] "GET /Saint-Pierre-Langers/Actualit_s--184.html HTTP/1.1" 200 10839 "" "msnbot/1.0 (+http://search.msn.com/msnbot.htm)"
66.249.65.13 - - [14/Oct/2006:14:20:41 +0000] "GET /Saint-Pierre-Langers/H_bergement--132.html HTTP/1.1" 200 30013 "" "Mozilla/5.0 (compatible; Googlebot/2.1; +http://www.google.com/bot.html)"
65.55.212.169 - - [14/Oct/2006:14:20:54 +0000] "GET /Saint-Pierre-Langers--67.html HTTP/1.1" 200 39285 "" "msnbot-media/1.0 (+http://search.msn.com/msnbot.htm)"
65.55.212.169 - - [14/Oct/2006:14:20:55 +0000] "GET /Saint-Pierre-Langers/Tourisme--133.html HTTP/1.1" 200 15519 "" "msnbot-media/1.0 (+http://search.msn.com/msnbot.htm)"
65.55.212.169 - - [14/Oct/2006:14:24:42 +0000] "GET /Saint-Pierre-Langers--67.html HTTP/1.1" 200 39285 "" "msnbot-media/1.0 (+http://search.msn.com/msnbot.htm)"
65.55.212.169 - - [14/Oct/2006:14:36:53 +0000] "GET /Saint-Pierre-Langers--67.html HTTP/1.1" 200 39285 "" "msnbot-media/1.0 (+http://search.msn.com/msnbot.htm)"
65.55.212.169 - - [14/Oct/2006:14:44:11 +0000] "GET /Saint-Pierre-Langers--67.html HTTP/1.1" 200 39285 "" "msnbot-media/1.0 (+http://search.msn.com/msnbot.htm)"
195.93.102.2 - - [14/Oct/2006:14:46:12 +0000] "GET /Saint-Pierre-Langers--67.html HTTP/1.1" 200 39285 "http://genealogie.e-hubert.com/index.php" "Mozilla/4.0 (compatible; MSIE 6.0; AOL 8.0; Windows NT 5.1; SV1)"
65.55.212.169 - - [14/Oct/2006:15:37:22 +0000] "GET /Saint-Pierre-Langers--67.html HTTP/1.1" 200 39285 "" "msnbot-media/1.0 (+http://search.msn.com/msnbot.htm)"
207.46.98.36 - - [14/Oct/2006:15:54:27 +0000] "GET /Saint-Pierre-Langers--67.html HTTP/1.1" 200 39285 "" "msnbot/1.0 (+http://search.msn.com/msnbot.htm)"
66.249.65.13 - - [14/Oct/2006:16:12:23 +0000] "GET /Saint-Pierre-Langers/H_bergement--132.html HTTP/1.1" 200 30274 "" "Mozilla/5.0 (compatible; Googlebot/2.1; +http://www.google.com/bot.html)"
74.6.69.154 - - [14/Oct/2006:17:18:51 +0000] "GET /Saint-Pierre-Langers--67.html HTTP/1.1" 200 39285 "" "Mozilla/5.0 (compatible; Yahoo! Slurp; http://help.yahoo.com/help/us/ysearch/slurp)"
74.6.67.237 - - [14/Oct/2006:17:19:04 +0000] "GET /Saint-Pierre-Langers--67.html HTTP/1.1" 200 39700 "" "Mozilla/5.0 (compatible; Yahoo! Slurp; http://help.yahoo.com/help/us/ysearch/slurp)"
65.55.212.169 - - [14/Oct/2006:18:14:30 +0000] "GET /Saint-Pierre-Langers--67.html HTTP/1.1" 200 39285 "" "msnbot-media/1.0 (+http://search.msn.com/msnbot.htm)"
74.6.69.154 - - [14/Oct/2006:18:38:55 +0000] "GET /Saint-Pierre-Langers--67.html HTTP/1.1" 200 39285 "" "Mozilla/5.0 (compatible; Yahoo! Slurp; http://help.yahoo.com/help/us/ysearch/slurp)"
74.6.67.167 - - [14/Oct/2006:18:38:56 +0000] "GET /Saint-Pierre-Langers--67.html HTTP/1.1" 200 39705 "" "Mozilla/5.0 (compatible; Yahoo! Slurp; http://help.yahoo.com/help/us/ysearch/slurp)"
66.249.65.13 - - [14/Oct/2006:18:41:18 +0000] "GET /Saint-Pierre-Langers/H_bergement--132.html HTTP/1.1" 200 28147 "" "Mozilla/5.0 (compatible; Googlebot/2.1; +http://www.google.com/bot.html)"
66.249.65.13 - - [14/Oct/2006:19:18:33 +0000] "GET /Saint-Pierre-Langers/H_bergement--132.html HTTP/1.1" 200 32047 "" "Mozilla/5.0 (compatible; Googlebot/2.1; +http://www.google.com/bot.html)"
66.249.65.13 - - [14/Oct/2006:20:11:50 +0000] "GET /Saint-Pierre-Langers/Actualit_s--184.html HTTP/1.1" 200 10883 "" "Mozilla/5.0 (compatible; Googlebot/2.1; +http://www.google.com/bot.html)"
66.249.65.13 - - [14/Oct/2006:20:11:51 +0000] "GET /Saint-Pierre-Langers/Actualit_s--184.html HTTP/1.1" 200 10839 "" "Mozilla/5.0 (compatible; Googlebot/2.1; +http://www.google.com/bot.html)"
65.55.212.169 - - [14/Oct/2006:20:19:41 +0000] "GET /Saint-Pierre-Langers--67.html HTTP/1.1" 200 39285 "" "msnbot-media/1.0 (+http://search.msn.com/msnbot.htm)"
65.55.212.169 - - [14/Oct/2006:20:19:42 +0000] "GET /Saint-Pierre-Langers--67.html HTTP/1.1" 200 39285 "" "msnbot-media/1.0 (+http://search.msn.com/msnbot.htm)"
65.55.212.169 - - [14/Oct/2006:20:23:45 +0000] "GET /Saint-Pierre-Langers--67.html HTTP/1.1" 200 39285 "" "msnbot-media/1.0 (+http://search.msn.com/msnbot.htm)"
66.249.65.13 - - [14/Oct/2006:20:32:58 +0000] "GET /Saint-Pierre-Langers/H_bergement--132.html HTTP/1.1" 200 35318 "" "Mozilla/5.0 (compatible; Googlebot/2.1; +http://www.google.com/bot.html)"
74.6.69.154 - - [14/Oct/2006:20:52:07 +0000] "GET /Saint-Pierre-Langers--67.html HTTP/1.1" 200 39285 "" "Mozilla/5.0 (compatible; Yahoo! Slurp; http://help.yahoo.com/help/us/ysearch/slurp)"
74.6.68.114 - - [14/Oct/2006:20:52:15 +0000] "GET /Saint-Pierre-Langers--67.html HTTP/1.1" 200 39705 "" "Mozilla/5.0 (compatible; Yahoo! Slurp; http://help.yahoo.com/help/us/ysearch/slurp)"
207.46.98.36 - - [14/Oct/2006:21:33:45 +0000] "GET /Saint-Pierre-Langers--67.html HTTP/1.1" 200 39285 "" "msnbot/1.0 (+http://search.msn.com/msnbot.htm)"
65.55.212.169 - - [14/Oct/2006:21:48:56 +0000] "GET /Saint-Pierre-Langers--67.html HTTP/1.1" 200 39285 "" "msnbot-media/1.0 (+http://search.msn.com/msnbot.htm)"
66.249.65.13 - - [14/Oct/2006:21:51:07 +0000] "GET /Saint-Pierre-Langers/H_bergement--132.html HTTP/1.1" 200 35014 "" "Mozilla/5.0 (compatible; Googlebot/2.1; +http://www.google.com/bot.html)"
66.249.65.13 - - [14/Oct/2006:21:51:08 +0000] "GET /Saint-Pierre-Langers/H_bergement--132.html HTTP/1.1" 200 28147 "" "Mozilla/5.0 (compatible; Googlebot/2.1; +http://www.google.com/bot.html)"
66.249.65.13 - - [14/Oct/2006:21:51:12 +0000] "GET /Saint-Pierre-Langers/H_bergement--132.html HTTP/1.1" 200 28147 "" "Mozilla/5.0 (compatible; Googlebot/2.1; +http://www.google.com/bot.html)"
66.249.65.13 - - [14/Oct/2006:21:51:13 +0000] "GET /Saint-Pierre-Langers/Calendrier--129.html HTTP/1.1" 200 16526 "" "Mozilla/5.0 (compatible; Googlebot/2.1; +http://www.google.com/bot.html)"
74.6.69.154 - - [14/Oct/2006:23:44:32 +0000] "GET /Saint-Pierre-Langers--67.html HTTP/1.1" 200 39285 "" "Mozilla/5.0 (compatible; Yahoo! Slurp; http://help.yahoo.com/help/us/ysearch/slurp)"
74.6.69.208 - - [14/Oct/2006:23:44:33 +0000] "GET /Saint-Pierre-Langers--67.html HTTP/1.1" 200 39700 "" "Mozilla/5.0 (compatible; Yahoo! Slurp; http://help.yahoo.com/help/us/ysearch/slurp)"
74.6.69.154 - - [15/Oct/2006:00:59:11 +0000] "GET /Saint-Pierre-Langers--67.html HTTP/1.1" 200 39285 "" "Mozilla/5.0 (compatible; Yahoo! Slurp; http://help.yahoo.com/help/us/ysearch/slurp)"
74.6.71.151 - - [15/Oct/2006:00:59:35 +0000] "GET /Saint-Pierre-Langers--67.html HTTP/1.1" 200 39285 "" "Mozilla/5.0 (compatible; Yahoo! Slurp; http://help.yahoo.com/help/us/ysearch/slurp)"
66.249.65.13 - - [15/Oct/2006:01:52:52 +0000] "GET /Saint-Pierre-Langers/H_bergement--132.html HTTP/1.1" 200 28147 "" "Mozilla/5.0 (compatible; Googlebot/2.1; +http://www.google.com/bot.html)"
66.249.65.13 - - [15/Oct/2006:02:10:05 +0000] "GET /Saint-Pierre-Langers/H_bergement--132.html HTTP/1.1" 200 28147 "" "Mozilla/5.0 (compatible; Googlebot/2.1; +http://www.google.com/bot.html)"
65.55.212.169 - - [15/Oct/2006:02:10:50 +0000] "GET /Saint-Pierre-Langers--67.html HTTP/1.1" 200 39285 "" "msnbot-media/1.0 (+http://search.msn.com/msnbot.htm)"
65.55.212.169 - - [15/Oct/2006:02:10:52 +0000] "GET /Saint-Pierre-Langers--67.html HTTP/1.1" 200 39285 "" "msnbot-media/1.0 (+http://search.msn.com/msnbot.htm)"
65.55.212.169 - - [15/Oct/2006:02:20:31 +0000] "GET /Saint-Pierre-Langers--67.html HTTP/1.1" 200 39285 "" "msnbot-media/1.0 (+http://search.msn.com/msnbot.htm)"
66.249.65.13 - - [15/Oct/2006:02:44:17 +0000] "GET /Saint-Pierre-Langers/H_bergement--132.html HTTP/1.1" 200 28147 "" "Mozilla/5.0 (compatible; Googlebot/2.1; +http://www.google.com/bot.html)"
65.55.212.169 - - [15/Oct/2006:03:35:20 +0000] "GET /Saint-Pierre-Langers--67.html HTTP/1.1" 200 39285 "" "msnbot-media/1.0 (+http://search.msn.com/msnbot.htm)"
207.46.98.36 - - [15/Oct/2006:07:18:33 +0000] "GET /Saint-Pierre-Langers--67.html HTTP/1.1" 200 39285 "" "msnbot/1.0 (+http://search.msn.com/msnbot.htm)"
65.55.212.169 - - [15/Oct/2006:07:42:40 +0000] "GET /Saint-Pierre-Langers--67.html HTTP/1.1" 200 39285 "" "msnbot-media/1.0 (+http://search.msn.com/msnbot.htm)"
65.55.212.169 - - [15/Oct/2006:07:42:41 +0000] "GET /Saint-Pierre-Langers--67.html HTTP/1.1" 200 39285 "" "msnbot-media/1.0 (+http://search.msn.com/msnbot.htm)"
65.55.212.169 - - [15/Oct/2006:07:53:04 +0000] "GET /Saint-Pierre-Langers--67.html HTTP/1.1" 200 39285 "" "msnbot-media/1.0 (+http://search.msn.com/msnbot.htm)"
65.55.212.169 - - [15/Oct/2006:08:48:04 +0000] "GET /Saint-Pierre-Langers--67.html HTTP/1.1" 200 39285 "" "msnbot-media/1.0 (+http://search.msn.com/msnbot.htm)"
66.249.65.13 - - [15/Oct/2006:10:09:53 +0000] "GET /Saint-Pierre-Langers--67.html HTTP/1.1" 200 39285 "" "Mozilla/5.0 (compatible; Googlebot/2.1; +http://www.google.com/bot.html)"
74.6.69.154 - - [15/Oct/2006:10:31:43 +0000] "GET /Saint-Pierre-Langers--67.html HTTP/1.1" 200 39285 "" "Mozilla/5.0 (compatible; Yahoo! Slurp; http://help.yahoo.com/help/us/ysearch/slurp)"
74.6.74.59 - - [15/Oct/2006:10:32:01 +0000] "GET /Saint-Pierre-Langers--67.html HTTP/1.1" 200 39700 "" "Mozilla/5.0 (compatible; Yahoo! Slurp; http://help.yahoo.com/help/us/ysearch/slurp)"
86.195.56.199 - - [15/Oct/2006:11:47:27 +0000] "GET /Saint-Pierre-Langers--67.html HTTP/1.1" 200 39285 "" "Mozilla/4.0 (compatible; MSIE 6.0; Windows NT 5.1; SV1; .NET CLR 1.1.4322)"
86.195.56.199 - - [15/Oct/2006:11:48:16 +0000] "GET /Saint-Pierre-Langers/Actualit_s--184.html HTTP/1.1" 200 10839 "" "Mozilla/4.0 (compatible; MSIE 6.0; Windows NT 5.1; SV1; .NET CLR 1.1.4322)"
86.195.56.199 - - [15/Oct/2006:11:48:28 +0000] "GET /Saint-Pierre-Langers/Actualit_s--184.html HTTP/1.1" 200 10883 "" "Mozilla/4.0 (compatible; MSIE 6.0; Windows NT 5.1; SV1; .NET CLR 1.1.4322)"
86.195.56.199 - - [15/Oct/2006:11:48:38 +0000] "GET /Saint-Pierre-Langers/Actualit_s--184.html HTTP/1.1" 200 11576 "" "Mozilla/4.0 (compatible; MSIE 6.0; Windows NT 5.1; SV1; .NET CLR 1.1.4322)"
86.195.56.199 - - [15/Oct/2006:11:48:50 +0000] "GET /Saint-Pierre-Langers/Vie_Pratique--131.html HTTP/1.1" 200 11452 "" "Mozilla/4.0 (compatible; MSIE 6.0; Windows NT 5.1; SV1; .NET CLR 1.1.4322)"
86.195.56.199 - - [15/Oct/2006:11:48:57 +0000] "GET /Saint-Pierre-Langers/Calendrier--129.html HTTP/1.1" 200 16474 "" "Mozilla/4.0 (compatible; MSIE 6.0; Windows NT 5.1; SV1; .NET CLR 1.1.4322)"
86.195.56.199 - - [15/Oct/2006:11:49:21 +0000] "GET /Saint-Pierre-Langers/Plan_du_Site--236.html HTTP/1.1" 200 11420 "" "Mozilla/4.0 (compatible; MSIE 6.0; Windows NT 5.1; SV1; .NET CLR 1.1.4322)"
86.195.56.199 - - [15/Oct/2006:11:49:28 +0000] "GET /Saint-Pierre-Langers/D_couvrir--134.html HTTP/1.1" 200 13071 "" "Mozilla/4.0 (compatible; MSIE 6.0; Windows NT 5.1; SV1; .NET CLR 1.1.4322)"
86.195.56.199 - - [15/Oct/2006:11:49:38 +0000] "GET /Saint-Pierre-Langers/Tourisme--133.html HTTP/1.1" 200 15585 "" "Mozilla/4.0 (compatible; MSIE 6.0; Windows NT 5.1; SV1; .NET CLR 1.1.4322)"
86.195.56.199 - - [15/Oct/2006:11:49:48 +0000] "GET /Saint-Pierre-Langers/H_bergement--132.html HTTP/1.1" 200 28147 "" "Mozilla/4.0 (compatible; MSIE 6.0; Windows NT 5.1; SV1; .NET CLR 1.1.4322)"
86.215.110.4 - - [15/Oct/2006:12:38:10 +0000] "GET /Saint-Pierre-Langers--67.html HTTP/1.1" 200 39285 "http://genealogie.e-hubert.com/index.php" "Mozilla/4.0 (compatible; MSIE 6.0; Windows NT 5.1; KITV4.6 Wanadoo; SV1; .NET CLR 1.1.4322)"
86.215.110.4 - - [15/Oct/2006:12:38:13 +0000] "GET /Saint-Pierre-Langers--67.html HTTP/1.1" 200 39285 "" "Mozilla/4.0 (compatible; MSIE 6.0; Windows NT 5.1; KITV4.6 Wanadoo; SV1; .NET CLR 1.1.4322)"
86.215.110.4 - - [15/Oct/2006:12:39:03 +0000] "GET /Saint-Pierre-Langers--67.html HTTP/1.1" 200 39285 "" "Mozilla/4.0 (compatible; MSIE 6.0; Windows NT 5.1; KITV4.6 Wanadoo; SV1; .NET CLR 1.1.4322)"
86.215.110.4 - - [15/Oct/2006:12:39:03 +0000] "GET /Saint-Pierre-Langers--67.html HTTP/1.1" 200 39285 "" "Mozilla/4.0 (compatible; MSIE 6.0; Windows NT 5.1; KITV4.6 Wanadoo; SV1; .NET CLR 1.1.4322)"
86.215.110.4 - - [15/Oct/2006:12:39:15 +0000] "GET /Saint-Pierre-Langers/Actualit_s--184.html HTTP/1.1" 200 10839 "http://www.stpierrelangers.com/" "Mozilla/4.0 (compatible; MSIE 6.0; Windows NT 5.1; KITV4.6 Wanadoo; SV1; .NET CLR 1.1.4322)"
86.215.110.4 - - [15/Oct/2006:12:39:19 +0000] "GET /Saint-Pierre-Langers--67.html HTTP/1.1" 200 39285 "http://genealogie.e-hubert.com/index.php" "Mozilla/4.0 (compatible; MSIE 6.0; Windows NT 5.1; KITV4.6 Wanadoo; SV1; .NET CLR 1.1.4322)"
74.6.69.154 - - [15/Oct/2006:13:14:23 +0000] "GET /Saint-Pierre-Langers--67.html HTTP/1.1" 200 39285 "" "Mozilla/5.0 (compatible; Yahoo! Slurp; http://help.yahoo.com/help/us/ysearch/slurp)"
72.30.226.150 - - [15/Oct/2006:13:14:25 +0000] "GET /Saint-Pierre-Langers--67.html HTTP/1.1" 200 39700 "" "Mozilla/5.0 (compatible; Yahoo! Slurp; http://help.yahoo.com/help/us/ysearch/slurp)"
65.55.212.169 - - [15/Oct/2006:13:42:33 +0000] "GET /Saint-Pierre-Langers--67.html HTTP/1.1" 200 39285 "" "msnbot-media/1.0 (+http://search.msn.com/msnbot.htm)"
65.55.212.169 - - [15/Oct/2006:13:42:34 +0000] "GET /Saint-Pierre-Langers--67.html HTTP/1.1" 200 39285 "" "msnbot-media/1.0 (+http://search.msn.com/msnbot.htm)"
65.55.212.169 - - [15/Oct/2006:13:50:51 +0000] "GET /Saint-Pierre-Langers--67.html HTTP/1.1" 200 39285 "" "msnbot-media/1.0 (+http://search.msn.com/msnbot.htm)"
66.249.65.13 - - [15/Oct/2006:16:26:16 +0000] "GET /Saint-Pierre-Langers--67.html HTTP/1.1" 200 39390 "" "Mozilla/5.0 (compatible; Googlebot/2.1; +http://www.google.com/bot.html)"
66.249.65.13 - - [15/Oct/2006:16:29:07 +0000] "GET /Saint-Pierre-Langers--67.html HTTP/1.1" 200 39285 "" "Mozilla/5.0 (compatible; Googlebot/2.1; +http://www.google.com/bot.html)"
66.249.65.13 - - [15/Oct/2006:16:32:00 +0000] "GET /Saint-Pierre-Langers--67.html HTTP/1.1" 200 39285 "" "Mozilla/5.0 (compatible; Googlebot/2.1; +http://www.google.com/bot.html)"
66.249.65.13 - - [15/Oct/2006:16:34:49 +0000] "GET /Saint-Pierre-Langers--67.html HTTP/1.1" 200 39285 "" "Mozilla/5.0 (compatible; Googlebot/2.1; +http://www.google.com/bot.html)"
66.249.65.13 - - [15/Oct/2006:16:37:41 +0000] "GET /Saint-Pierre-Langers--67.html HTTP/1.1" 200 39285 "" "Mozilla/5.0 (compatible; Googlebot/2.1; +http://www.google.com/bot.html)"
74.6.69.154 - - [15/Oct/2006:16:54:54 +0000] "GET /Saint-Pierre-Langers--67.html HTTP/1.1" 200 39285 "" "Mozilla/5.0 (compatible; Yahoo! Slurp; http://help.yahoo.com/help/us/ysearch/slurp)"
74.6.72.220 - - [15/Oct/2006:16:54:56 +0000] "GET /Saint-Pierre-Langers--67.html HTTP/1.1" 200 39700 "" "Mozilla/5.0 (compatible; Yahoo! Slurp; http://help.yahoo.com/help/us/ysearch/slurp)"
66.249.65.13 - - [15/Oct/2006:18:37:34 +0000] "GET /Saint-Pierre-Langers--67.html HTTP/1.1" 200 39285 "" "Mozilla/5.0 (compatible; Googlebot/2.1; +http://www.google.com/bot.html)"
66.249.65.13 - - [15/Oct/2006:19:14:44 +0000] "GET /Saint-Pierre-Langers--67.html HTTP/1.1" 200 39285 "" "Mozilla/5.0 (compatible; Googlebot/2.1; +http://www.google.com/bot.html)"
66.249.65.13 - - [15/Oct/2006:19:17:36 +0000] "GET /Saint-Pierre-Langers/Tourisme--133.html HTTP/1.1" 200 15585 "" "Mozilla/5.0 (compatible; Googlebot/2.1; +http://www.google.com/bot.html)"
65.55.212.169 - - [15/Oct/2006:19:21:28 +0000] "GET /Saint-Pierre-Langers--67.html HTTP/1.1" 200 39285 "" "msnbot-media/1.0 (+http://search.msn.com/msnbot.htm)"
65.55.212.169 - - [15/Oct/2006:19:21:29 +0000] "GET /Saint-Pierre-Langers--67.html HTTP/1.1" 200 39285 "" "msnbot-media/1.0 (+http://search.msn.com/msnbot.htm)"
65.55.212.169 - - [15/Oct/2006:19:28:28 +0000] "GET /Saint-Pierre-Langers--67.html HTTP/1.1" 200 39285 "" "msnbot-media/1.0 (+http://search.msn.com/msnbot.htm)"
74.6.69.154 - - [15/Oct/2006:22:08:12 +0000] "GET /Saint-Pierre-Langers--67.html HTTP/1.1" 200 39285 "" "Mozilla/5.0 (compatible; Yahoo! Slurp; http://help.yahoo.com/help/us/ysearch/slurp)"
72.30.252.136 - - [15/Oct/2006:22:09:04 +0000] "GET /Saint-Pierre-Langers--67.html HTTP/1.1" 200 39700 "" "Mozilla/5.0 (compatible; Yahoo! Slurp; http://help.yahoo.com/help/us/ysearch/slurp)"
74.6.69.154 - - [15/Oct/2006:22:54:20 +0000] "GET /Saint-Pierre-Langers--67.html HTTP/1.1" 200 39285 "" "Mozilla/5.0 (compatible; Yahoo! Slurp; http://help.yahoo.com/help/us/ysearch/slurp)"
74.6.70.244 - - [15/Oct/2006:22:54:33 +0000] "GET /Saint-Pierre-Langers--67.html HTTP/1.1" 200 39700 "" "Mozilla/5.0 (compatible; Yahoo! Slurp; http://help.yahoo.com/help/us/ysearch/slurp)"
74.6.69.154 - - [15/Oct/2006:23:41:50 +0000] "GET /Saint-Pierre-Langers--67.html HTTP/1.1" 200 39285 "" "Mozilla/5.0 (compatible; Yahoo! Slurp; http://help.yahoo.com/help/us/ysearch/slurp)"
74.6.72.123 - - [15/Oct/2006:23:41:52 +0000] "GET /Saint-Pierre-Langers--67.html HTTP/1.1" 200 39705 "" "Mozilla/5.0 (compatible; Yahoo! Slurp; http://help.yahoo.com/help/us/ysearch/slurp)"
66.249.65.13 - - [15/Oct/2006:23:43:27 +0000] "GET /Saint-Pierre-Langers/Actualit_s--184.html HTTP/1.1" 200 10883 "" "Mozilla/5.0 (compatible; Googlebot/2.1; +http://www.google.com/bot.html)"
66.249.65.13 - - [15/Oct/2006:23:45:44 +0000] "GET /Saint-Pierre-Langers/Actualit_s--184.html HTTP/1.1" 200 10839 "" "Mozilla/5.0 (compatible; Googlebot/2.1; +http://www.google.com/bot.html)"
66.249.65.13 - - [16/Oct/2006:01:27:33 +0000] "GET /Saint-Pierre-Langers--67.html HTTP/1.1" 200 39315 "" "Mozilla/5.0 (compatible; Googlebot/2.1; +http://www.google.com/bot.html)"
65.55.212.169 - - [16/Oct/2006:02:56:20 +0000] "GET /Saint-Pierre-Langers--67.html HTTP/1.1" 200 39315 "" "msnbot-media/1.0 (+http://search.msn.com/msnbot.htm)"
65.55.212.169 - - [16/Oct/2006:02:56:21 +0000] "GET /Saint-Pierre-Langers--67.html HTTP/1.1" 200 39315 "" "msnbot-media/1.0 (+http://search.msn.com/msnbot.htm)"
65.55.212.169 - - [16/Oct/2006:02:56:22 +0000] "GET /Saint-Pierre-Langers--67.html HTTP/1.1" 200 39315 "" "msnbot-media/1.0 (+http://search.msn.com/msnbot.htm)"
207.46.98.38 - - [16/Oct/2006:04:37:07 +0000] "GET /Saint-Pierre-Langers--67.html HTTP/1.1" 200 39315 "" "msnbot/1.0 (+http://search.msn.com/msnbot.htm)"
207.46.98.38 - - [16/Oct/2006:04:37:09 +0000] "GET /Saint-Pierre-Langers--67.html HTTP/1.1" 200 39315 "" "msnbot/1.0 (+http://search.msn.com/msnbot.htm)"
207.46.98.37 - - [16/Oct/2006:05:23:44 +0000] "GET /Saint-Pierre-Langers--67.html HTTP/1.1" 200 39315 "" "msnbot/1.0 (+http://search.msn.com/msnbot.htm)"
207.46.98.37 - - [16/Oct/2006:05:23:45 +0000] "GET /Saint-Pierre-Langers--67.html HTTP/1.1" 200 39315 "" "msnbot/1.0 (+http://search.msn.com/msnbot.htm)"
65.55.212.169 - - [16/Oct/2006:05:33:38 +0000] "GET /Saint-Pierre-Langers--67.html HTTP/1.1" 200 39315 "" "msnbot-media/1.0 (+http://search.msn.com/msnbot.htm)"
207.46.98.36 - - [16/Oct/2006:05:53:56 +0000] "GET /Saint-Pierre-Langers--67.html HTTP/1.1" 200 39315 "" "msnbot/1.0 (+http://search.msn.com/msnbot.htm)"
207.46.98.39 - - [16/Oct/2006:06:31:03 +0000] "GET /Saint-Pierre-Langers--67.html HTTP/1.1" 200 39315 "" "msnbot/1.0 (+http://search.msn.com/msnbot.htm)"
207.46.98.39 - - [16/Oct/2006:06:31:04 +0000] "GET /Saint-Pierre-Langers/Actualit_s--184.html HTTP/1.1" 200 10883 "" "msnbot/1.0 (+http://search.msn.com/msnbot.htm)"
64.246.165.10 - - [16/Oct/2006:06:42:39 +0000] "GET /Saint-Pierre-Langers--67.html HTTP/1.1" 200 39315 "http://www.whois.sc/" "SurveyBot/2.3 (Whois Source)"
64.246.165.10 - - [16/Oct/2006:06:42:40 +0000] "GET /Saint-Pierre-Langers--67.html HTTP/1.1" 200 39315 "http://www.whois.sc/stpierrelangers.com" "SurveyBot/2.3 (Whois Source)"
65.55.212.169 - - [16/Oct/2006:06:54:53 +0000] "GET /Saint-Pierre-Langers--67.html HTTP/1.1" 200 39315 "" "msnbot-media/1.0 (+http://search.msn.com/msnbot.htm)"
65.55.212.169 - - [16/Oct/2006:07:43:52 +0000] "GET /Saint-Pierre-Langers--67.html HTTP/1.1" 200 39315 "" "msnbot-media/1.0 (+http://search.msn.com/msnbot.htm)"
65.55.212.169 - - [16/Oct/2006:07:43:53 +0000] "GET /Saint-Pierre-Langers--67.html HTTP/1.1" 200 39315 "" "msnbot-media/1.0 (+http://search.msn.com/msnbot.htm)"
207.46.98.36 - - [16/Oct/2006:10:32:41 +0000] "GET /Saint-Pierre-Langers--67.html HTTP/1.1" 200 39285 "" "msnbot/1.0 (+http://search.msn.com/msnbot.htm)"
66.249.65.13 - - [16/Oct/2006:10:34:56 +0000] "GET /Saint-Pierre-Langers--67.html HTTP/1.1" 200 39285 "" "Mozilla/5.0 (compatible; Googlebot/2.1; +http://www.google.com/bot.html)"
74.6.69.154 - - [16/Oct/2006:11:02:35 +0000] "GET /Saint-Pierre-Langers--67.html HTTP/1.1" 200 39285 "" "Mozilla/5.0 (compatible; Yahoo! Slurp; http://help.yahoo.com/help/us/ysearch/slurp)"
74.6.73.41 - - [16/Oct/2006:11:02:37 +0000] "GET /Saint-Pierre-Langers--67.html HTTP/1.1" 200 39700 "" "Mozilla/5.0 (compatible; Yahoo! Slurp; http://help.yahoo.com/help/us/ysearch/slurp)"
65.55.212.169 - - [16/Oct/2006:11:15:52 +0000] "GET /Saint-Pierre-Langers--67.html HTTP/1.1" 200 39285 "" "msnbot-media/1.0 (+http://search.msn.com/msnbot.htm)"
66.249.65.13 - - [16/Oct/2006:12:18:18 +0000] "GET /Saint-Pierre-Langers--67.html HTTP/1.1" 200 39390 "" "Mozilla/5.0 (compatible; Googlebot/2.1; +http://www.google.com/bot.html)"
65.55.212.169 - - [16/Oct/2006:12:36:05 +0000] "GET /Saint-Pierre-Langers--67.html HTTP/1.1" 200 39285 "" "msnbot-media/1.0 (+http://search.msn.com/msnbot.htm)"
65.55.212.169 - - [16/Oct/2006:12:40:12 +0000] "GET /Saint-Pierre-Langers--67.html HTTP/1.1" 200 39285 "" "msnbot-media/1.0 (+http://search.msn.com/msnbot.htm)"
74.6.69.154 - - [16/Oct/2006:12:41:47 +0000] "GET /Saint-Pierre-Langers--67.html HTTP/1.1" 200 39285 "" "Mozilla/5.0 (compatible; Yahoo! Slurp; http://help.yahoo.com/help/us/ysearch/slurp)"
74.6.67.107 - - [16/Oct/2006:12:41:48 +0000] "GET /Saint-Pierre-Langers--67.html HTTP/1.1" 200 39700 "" "Mozilla/5.0 (compatible; Yahoo! Slurp; http://help.yahoo.com/help/us/ysearch/slurp)"
74.6.69.154 - - [16/Oct/2006:15:27:34 +0000] "GET /Saint-Pierre-Langers--67.html HTTP/1.1" 200 39285 "" "Mozilla/5.0 (compatible; Yahoo! Slurp; http://help.yahoo.com/help/us/ysearch/slurp)"
74.6.69.216 - - [16/Oct/2006:15:27:36 +0000] "GET /Saint-Pierre-Langers--67.html HTTP/1.1" 200 39705 "" "Mozilla/5.0 (compatible; Yahoo! Slurp; http://help.yahoo.com/help/us/ysearch/slurp)"
207.46.98.36 - - [16/Oct/2006:15:42:18 +0000] "GET /Saint-Pierre-Langers--67.html HTTP/1.1" 200 39285 "" "msnbot/1.0 (+http://search.msn.com/msnbot.htm)"
65.55.212.169 - - [16/Oct/2006:17:15:58 +0000] "GET /Saint-Pierre-Langers--67.html HTTP/1.1" 200 39285 "" "msnbot-media/1.0 (+http://search.msn.com/msnbot.htm)"
65.55.212.169 - - [16/Oct/2006:17:15:58 +0000] "GET /Saint-Pierre-Langers--67.html HTTP/1.1" 200 39285 "" "msnbot-media/1.0 (+http://search.msn.com/msnbot.htm)"
194.3.102.187 - - [16/Oct/2006:18:21:57 +0000] "GET /Saint-Pierre-Langers/Actualit_s--184.html HTTP/1.1" 200 11576 "http://search.msn.fr/results.aspx?q=saint+pierre+langers&FORM=MSNH&cp=65001" "Mozilla/4.0 (compatible; MSIE 6.0; Windows NT 5.1)"
194.3.102.187 - - [16/Oct/2006:18:22:44 +0000] "GET /Saint-Pierre-Langers/Plan_du_Site--236.html HTTP/1.1" 200 11420 "http://www.stpierrelangers.com/fr/actualites.html?tx_newsflexible_article%5Bid%5D=13&cHash=cca0b954a3" "Mozilla/4.0 (compatible; MSIE 6.0; Windows NT 5.1)"
194.3.102.187 - - [16/Oct/2006:18:22:54 +0000] "GET /Saint-Pierre-Langers/D_couvrir/Visite--172.html HTTP/1.1" 200 14035 "http://www.stpierrelangers.com/fr/plan-du-site.html" "Mozilla/4.0 (compatible; MSIE 6.0; Windows NT 5.1)"
65.55.212.169 - - [16/Oct/2006:18:35:41 +0000] "GET /Saint-Pierre-Langers--67.html HTTP/1.1" 200 39285 "" "msnbot-media/1.0 (+http://search.msn.com/msnbot.htm)"
81.199.153.19 - - [16/Oct/2006:18:36:55 +0000] "GET /Saint-Pierre-Langers/H_bergement--132.html HTTP/1.1" 200 35318 "" "Mozilla/4.0 (compatible; MSIE 6.0; Windows 98)"
65.55.212.169 - - [16/Oct/2006:19:50:28 +0000] "GET /Saint-Pierre-Langers--67.html HTTP/1.1" 200 39285 "" "msnbot-media/1.0 (+http://search.msn.com/msnbot.htm)"
65.55.212.169 - - [16/Oct/2006:19:50:29 +0000] "GET /Saint-Pierre-Langers--67.html HTTP/1.1" 200 39285 "" "msnbot-media/1.0 (+http://search.msn.com/msnbot.htm)"
74.6.69.154 - - [16/Oct/2006:20:13:45 +0000] "GET /Saint-Pierre-Langers--67.html HTTP/1.1" 200 39285 "" "Mozilla/5.0 (compatible; Yahoo! Slurp; http://help.yahoo.com/help/us/ysearch/slurp)"
74.6.72.37 - - [16/Oct/2006:20:13:48 +0000] "GET /Saint-Pierre-Langers--67.html HTTP/1.1" 200 39705 "" "Mozilla/5.0 (compatible; Yahoo! Slurp; http://help.yahoo.com/help/us/ysearch/slurp)"
66.249.65.115 - - [16/Oct/2006:20:48:12 +0000] "GET /Saint-Pierre-Langers--67.html HTTP/1.1" 200 39285 "" "Mozilla/5.0 (compatible; Googlebot/2.1; +http://www.google.com/bot.html)"
64.4.8.116 - - [16/Oct/2006:21:14:02 +0000] "GET /Saint-Pierre-Langers--67.html HTTP/1.1" 200 39285 "" "msnbot/1.0 (+http://search.msn.com/msnbot.htm)"
64.4.8.116 - - [16/Oct/2006:21:14:04 +0000] "GET /Saint-Pierre-Langers--67.html HTTP/1.1" 200 39285 "" "msnbot/1.0 (+http://search.msn.com/msnbot.htm)"
74.6.69.154 - - [16/Oct/2006:22:04:44 +0000] "GET /Saint-Pierre-Langers--67.html HTTP/1.1" 200 39285 "" "Mozilla/5.0 (compatible; Yahoo! Slurp; http://help.yahoo.com/help/us/ysearch/slurp)"
65.55.212.169 - - [17/Oct/2006:00:32:40 +0000] "GET /Saint-Pierre-Langers--67.html HTTP/1.1" 200 39285 "" "msnbot-media/1.0 (+http://search.msn.com/msnbot.htm)"
65.55.212.169 - - [17/Oct/2006:02:09:58 +0000] "GET /Saint-Pierre-Langers--67.html HTTP/1.1" 200 39285 "" "msnbot-media/1.0 (+http://search.msn.com/msnbot.htm)"
65.55.212.169 - - [17/Oct/2006:02:10:00 +0000] "GET /Saint-Pierre-Langers--67.html HTTP/1.1" 200 39285 "" "msnbot-media/1.0 (+http://search.msn.com/msnbot.htm)"
207.46.98.36 - - [17/Oct/2006:02:11:43 +0000] "GET /Saint-Pierre-Langers--67.html HTTP/1.1" 200 39285 "" "msnbot/1.0 (+http://search.msn.com/msnbot.htm)"
74.6.69.154 - - [17/Oct/2006:03:48:57 +0000] "GET /Saint-Pierre-Langers--67.html HTTP/1.1" 200 39285 "" "Mozilla/5.0 (compatible; Yahoo! Slurp; http://help.yahoo.com/help/us/ysearch/slurp)"
74.6.71.151 - - [17/Oct/2006:03:48:58 +0000] "GET /Saint-Pierre-Langers--67.html HTTP/1.1" 200 39285 "" "Mozilla/5.0 (compatible; Yahoo! Slurp; http://help.yahoo.com/help/us/ysearch/slurp)"
65.222.176.125 - - [17/Oct/2006:03:58:05 +0000] "GET /Saint-Pierre-Langers--67.html HTTP/1.1" 200 39285 "" "Mozilla/4.0 (compatible; MSIE 6.0; Windows XP)"
65.222.176.125 - - [17/Oct/2006:03:58:38 +0000] "GET /Saint-Pierre-Langers/H_bergement--132.html HTTP/1.1" 200 28147 "http://www.stpierrelangers.com/" "Mozilla/4.0 (compatible; MSIE 6.0; Windows XP)"
65.222.176.125 - - [17/Oct/2006:03:58:40 +0000] "GET /Saint-Pierre-Langers/D_couvrir--134.html HTTP/1.1" 200 13071 "http://www.stpierrelangers.com/" "Mozilla/4.0 (compatible; MSIE 6.0; Windows XP)"
65.222.176.125 - - [17/Oct/2006:03:58:41 +0000] "GET /Saint-Pierre-Langers/D_couvrir--134.html HTTP/1.1" 200 13071 "http://www.stpierrelangers.com/" "Mozilla/4.0 (compatible; MSIE 6.0; Windows XP)"
65.222.176.125 - - [17/Oct/2006:03:58:45 +0000] "GET /Saint-Pierre-Langers--67.html HTTP/1.1" 200 39285 "http://www.stpierrelangers.com/" "Mozilla/4.0 (compatible; MSIE 6.0; Windows XP)"
65.222.176.125 - - [17/Oct/2006:03:58:49 +0000] "GET /Saint-Pierre-Langers/Loisirs--130.html HTTP/1.1" 200 10512 "http://www.stpierrelangers.com/" "Mozilla/4.0 (compatible; MSIE 6.0; Windows XP)"
65.222.176.125 - - [17/Oct/2006:03:58:56 +0000] "GET /Saint-Pierre-Langers/Actualit_s--184.html HTTP/1.1" 200 10839 "http://www.stpierrelangers.com/" "Mozilla/4.0 (compatible; MSIE 6.0; Windows XP)"
65.222.176.125 - - [17/Oct/2006:03:58:57 +0000] "GET /Saint-Pierre-Langers/Plan_du_Site--236.html HTTP/1.1" 200 11420 "http://www.stpierrelangers.com/" "Mozilla/4.0 (compatible; MSIE 6.0; Windows XP)"
65.222.176.125 - - [17/Oct/2006:03:59:00 +0000] "GET /Saint-Pierre-Langers/Vie_Pratique--131.html HTTP/1.1" 200 11452 "http://www.stpierrelangers.com/" "Mozilla/4.0 (compatible; MSIE 6.0; Windows XP)"
65.222.176.125 - - [17/Oct/2006:03:59:10 +0000] "GET /Saint-Pierre-Langers--67.html HTTP/1.1" 200 39285 "http://www.stpierrelangers.com/" "Mozilla/4.0 (compatible; MSIE 6.0; Windows XP)"
65.222.176.125 - - [17/Oct/2006:03:59:12 +0000] "GET /Saint-Pierre-Langers/Tourisme--133.html HTTP/1.1" 200 15585 "http://www.stpierrelangers.com/" "Mozilla/4.0 (compatible; MSIE 6.0; Windows XP)"
65.222.176.125 - - [17/Oct/2006:03:59:18 +0000] "GET /Saint-Pierre-Langers/Calendrier--129.html HTTP/1.1" 200 16514 "http://www.stpierrelangers.com/" "Mozilla/4.0 (compatible; MSIE 6.0; Windows XP)"
65.222.176.125 - - [17/Oct/2006:04:00:01 +0000] "GET /Saint-Pierre-Langers/D_couvrir/Histoire--171.html HTTP/1.1" 200 12193 "http://www.stpierrelangers.com/fr/decouvrir.html" "Mozilla/4.0 (compatible; MSIE 6.0; Windows XP)"
65.222.176.125 - - [17/Oct/2006:04:00:04 +0000] "GET /Saint-Pierre-Langers/D_couvrir/Visite--172.html HTTP/1.1" 200 14035 "http://www.stpierrelangers.com/fr/decouvrir.html" "Mozilla/4.0 (compatible; MSIE 6.0; Windows XP)"
65.55.212.169 - - [17/Oct/2006:04:52:19 +0000] "GET /Saint-Pierre-Langers--67.html HTTP/1.1" 200 39285 "" "msnbot-media/1.0 (+http://search.msn.com/msnbot.htm)"
65.55.212.169 - - [17/Oct/2006:06:31:53 +0000] "GET /Saint-Pierre-Langers--67.html HTTP/1.1" 200 39285 "" "msnbot-media/1.0 (+http://search.msn.com/msnbot.htm)"
65.55.212.169 - - [17/Oct/2006:10:57:27 +0000] "GET /Saint-Pierre-Langers--67.html HTTP/1.1" 200 39285 "" "msnbot-media/1.0 (+http://search.msn.com/msnbot.htm)"
65.55.212.169 - - [17/Oct/2006:10:57:29 +0000] "GET /Saint-Pierre-Langers--67.html HTTP/1.1" 200 39285 "" "msnbot-media/1.0 (+http://search.msn.com/msnbot.htm)"
