80.124.139.217 - - [20/Sep/2006:14:21:27 +0000] "GET /Porte_de_la_Baie/Communes/Champeaux--61.html HTTP/1.1" 200 21120 "http://www.portedelabaie.com/fr.html" "Mozilla/4.0 (compatible; MSIE 6.0; Windows NT 5.1; SV1; InfoPath.1)"
217.128.29.8 - - [20/Sep/2006:14:40:01 +0000] "GET /Sartilly/Vie_Pratique--137.html HTTP/1.1" 200 16153 "" "Mozilla/4.0 (compatible; MSIE 6.0; Windows NT 5.0)"
217.128.29.8 - - [20/Sep/2006:14:40:03 +0000] "GET /Sartilly/D_couvrir--140.html HTTP/1.1" 200 14396 "" "Mozilla/4.0 (compatible; MSIE 6.0; Windows NT 5.0)"
217.128.29.8 - - [20/Sep/2006:14:40:04 +0000] "GET /Sartilly/Tourisme--139.html HTTP/1.1" 200 14228 "" "Mozilla/4.0 (compatible; MSIE 6.0; Windows NT 5.0)"
217.128.29.8 - - [20/Sep/2006:14:40:05 +0000] "GET /Sartilly/H_bergement--138.html HTTP/1.1" 200 26563 "" "Mozilla/4.0 (compatible; MSIE 6.0; Windows NT 5.0)"
217.128.29.8 - - [20/Sep/2006:14:40:05 +0000] "GET /Sartilly/Loisirs--136.html HTTP/1.1" 200 12595 "" "Mozilla/4.0 (compatible; MSIE 6.0; Windows NT 5.0)"
217.128.29.8 - - [20/Sep/2006:14:40:06 +0000] "GET /Sartilly/Calendrier--135.html HTTP/1.1" 200 17251 "" "Mozilla/4.0 (compatible; MSIE 6.0; Windows NT 5.0)"
217.128.29.8 - - [20/Sep/2006:14:40:07 +0000] "GET /Sartilly--66.html HTTP/1.1" 200 18473 "" "Mozilla/4.0 (compatible; MSIE 6.0; Windows NT 5.0)"
217.128.29.8 - - [20/Sep/2006:14:40:08 +0000] "GET /Sartilly/Actualit_s--185.html HTTP/1.1" 200 10475 "" "Mozilla/4.0 (compatible; MSIE 6.0; Windows NT 5.0)"
217.128.29.8 - - [20/Sep/2006:14:40:08 +0000] "GET /Sartilly--66.html HTTP/1.1" 200 18473 "http://www.ville-sartilly.com/fr/vie-pratique.html" "Mozilla/4.0 (compatible; MSIE 6.0; Windows NT 5.0)"
217.128.29.8 - - [20/Sep/2006:14:40:11 +0000] "GET /Sartilly/Actualit_s--185.html HTTP/1.1" 200 10475 "" "Mozilla/4.0 (compatible; MSIE 6.0; Windows NT 5.0)"
217.128.29.8 - - [20/Sep/2006:14:40:13 +0000] "GET /Sartilly/H_bergement--138.html HTTP/1.1" 200 26563 "" "Mozilla/4.0 (compatible; MSIE 6.0; Windows NT 5.0)"
217.128.29.8 - - [20/Sep/2006:14:40:14 +0000] "GET /Sartilly/H_bergement--138.html HTTP/1.1" 200 26563 "" "Mozilla/4.0 (compatible; MSIE 6.0; Windows NT 5.0)"
217.128.29.8 - - [20/Sep/2006:14:40:14 +0000] "GET /Sartilly/H_bergement--138.html HTTP/1.1" 200 26563 "" "Mozilla/4.0 (compatible; MSIE 6.0; Windows NT 5.0)"
217.128.29.8 - - [20/Sep/2006:14:40:15 +0000] "GET /Sartilly/H_bergement--138.html HTTP/1.1" 200 26563 "" "Mozilla/4.0 (compatible; MSIE 6.0; Windows NT 5.0)"
217.128.29.8 - - [20/Sep/2006:14:40:16 +0000] "GET /Sartilly/H_bergement--138.html HTTP/1.1" 200 26563 "" "Mozilla/4.0 (compatible; MSIE 6.0; Windows NT 5.0)"
217.128.29.8 - - [20/Sep/2006:14:40:17 +0000] "GET /Sartilly/H_bergement--138.html HTTP/1.1" 200 26563 "" "Mozilla/4.0 (compatible; MSIE 6.0; Windows NT 5.0)"
217.128.29.8 - - [20/Sep/2006:14:40:17 +0000] "GET /Sartilly/H_bergement--138.html HTTP/1.1" 200 26563 "" "Mozilla/4.0 (compatible; MSIE 6.0; Windows NT 5.0)"
217.128.29.8 - - [20/Sep/2006:14:40:18 +0000] "GET /Sartilly/H_bergement--138.html HTTP/1.1" 200 26563 "" "Mozilla/4.0 (compatible; MSIE 6.0; Windows NT 5.0)"
217.128.29.8 - - [20/Sep/2006:14:40:19 +0000] "GET /Sartilly/H_bergement--138.html HTTP/1.1" 200 26563 "" "Mozilla/4.0 (compatible; MSIE 6.0; Windows NT 5.0)"
217.128.29.8 - - [20/Sep/2006:14:40:19 +0000] "GET /Sartilly/H_bergement--138.html HTTP/1.1" 200 26563 "" "Mozilla/4.0 (compatible; MSIE 6.0; Windows NT 5.0)"
217.128.29.8 - - [20/Sep/2006:14:40:20 +0000] "GET /Sartilly/H_bergement--138.html HTTP/1.1" 200 26563 "" "Mozilla/4.0 (compatible; MSIE 6.0; Windows NT 5.0)"
217.128.29.8 - - [20/Sep/2006:14:40:21 +0000] "GET /Sartilly/H_bergement--138.html HTTP/1.1" 200 26563 "" "Mozilla/4.0 (compatible; MSIE 6.0; Windows NT 5.0)"
217.128.29.8 - - [20/Sep/2006:14:40:21 +0000] "GET /Sartilly/H_bergement--138.html HTTP/1.1" 200 26563 "" "Mozilla/4.0 (compatible; MSIE 6.0; Windows NT 5.0)"
217.128.29.8 - - [20/Sep/2006:14:40:22 +0000] "GET /Sartilly/H_bergement--138.html HTTP/1.1" 200 26563 "" "Mozilla/4.0 (compatible; MSIE 6.0; Windows NT 5.0)"
217.128.29.8 - - [20/Sep/2006:14:40:22 +0000] "GET /Sartilly/H_bergement--138.html HTTP/1.1" 200 26563 "" "Mozilla/4.0 (compatible; MSIE 6.0; Windows NT 5.0)"
217.128.29.8 - - [20/Sep/2006:14:40:23 +0000] "GET /Sartilly/H_bergement--138.html HTTP/1.1" 200 26563 "" "Mozilla/4.0 (compatible; MSIE 6.0; Windows NT 5.0)"
217.128.29.8 - - [20/Sep/2006:14:40:24 +0000] "GET /Sartilly/H_bergement--138.html HTTP/1.1" 200 26563 "" "Mozilla/4.0 (compatible; MSIE 6.0; Windows NT 5.0)"
217.128.29.8 - - [20/Sep/2006:14:40:24 +0000] "GET /Sartilly/H_bergement--138.html HTTP/1.1" 200 26563 "" "Mozilla/4.0 (compatible; MSIE 6.0; Windows NT 5.0)"
217.128.29.8 - - [20/Sep/2006:14:40:25 +0000] "GET /Sartilly/H_bergement--138.html HTTP/1.1" 200 26563 "" "Mozilla/4.0 (compatible; MSIE 6.0; Windows NT 5.0)"
217.128.29.8 - - [20/Sep/2006:14:40:26 +0000] "GET /Sartilly/H_bergement--138.html HTTP/1.1" 200 26563 "" "Mozilla/4.0 (compatible; MSIE 6.0; Windows NT 5.0)"
217.128.29.8 - - [20/Sep/2006:14:40:26 +0000] "GET /Sartilly/H_bergement--138.html HTTP/1.1" 200 26563 "" "Mozilla/4.0 (compatible; MSIE 6.0; Windows NT 5.0)"
217.128.29.8 - - [20/Sep/2006:14:40:27 +0000] "GET /Sartilly/H_bergement--138.html HTTP/1.1" 200 26563 "" "Mozilla/4.0 (compatible; MSIE 6.0; Windows NT 5.0)"
217.128.29.8 - - [20/Sep/2006:14:40:28 +0000] "GET /Sartilly/H_bergement--138.html HTTP/1.1" 200 26563 "" "Mozilla/4.0 (compatible; MSIE 6.0; Windows NT 5.0)"
217.128.29.8 - - [20/Sep/2006:14:40:28 +0000] "GET /Sartilly/H_bergement--138.html HTTP/1.1" 200 26563 "" "Mozilla/4.0 (compatible; MSIE 6.0; Windows NT 5.0)"
217.128.29.8 - - [20/Sep/2006:14:40:29 +0000] "GET /Sartilly/H_bergement--138.html HTTP/1.1" 200 26563 "" "Mozilla/4.0 (compatible; MSIE 6.0; Windows NT 5.0)"
217.128.29.8 - - [20/Sep/2006:14:40:29 +0000] "GET /Sartilly/H_bergement--138.html HTTP/1.1" 200 26563 "" "Mozilla/4.0 (compatible; MSIE 6.0; Windows NT 5.0)"
217.128.29.8 - - [20/Sep/2006:14:40:30 +0000] "GET /Sartilly/H_bergement--138.html HTTP/1.1" 200 26563 "" "Mozilla/4.0 (compatible; MSIE 6.0; Windows NT 5.0)"
217.128.29.8 - - [20/Sep/2006:14:40:31 +0000] "GET /Sartilly/H_bergement--138.html HTTP/1.1" 200 26563 "" "Mozilla/4.0 (compatible; MSIE 6.0; Windows NT 5.0)"
217.128.29.8 - - [20/Sep/2006:14:40:31 +0000] "GET /Sartilly/H_bergement--138.html HTTP/1.1" 200 26563 "" "Mozilla/4.0 (compatible; MSIE 6.0; Windows NT 5.0)"
217.128.29.8 - - [20/Sep/2006:14:40:32 +0000] "GET /Sartilly/H_bergement--138.html HTTP/1.1" 200 26563 "" "Mozilla/4.0 (compatible; MSIE 6.0; Windows NT 5.0)"
217.128.29.8 - - [20/Sep/2006:14:40:33 +0000] "GET /Sartilly/H_bergement--138.html HTTP/1.1" 200 26563 "" "Mozilla/4.0 (compatible; MSIE 6.0; Windows NT 5.0)"
217.128.29.8 - - [20/Sep/2006:14:40:33 +0000] "GET /Sartilly/H_bergement--138.html HTTP/1.1" 200 26563 "" "Mozilla/4.0 (compatible; MSIE 6.0; Windows NT 5.0)"
217.128.29.8 - - [20/Sep/2006:14:40:34 +0000] "GET /Sartilly/H_bergement--138.html HTTP/1.1" 200 26563 "" "Mozilla/4.0 (compatible; MSIE 6.0; Windows NT 5.0)"
217.128.29.8 - - [20/Sep/2006:14:40:34 +0000] "GET /Sartilly/H_bergement--138.html HTTP/1.1" 200 26563 "" "Mozilla/4.0 (compatible; MSIE 6.0; Windows NT 5.0)"
217.128.29.8 - - [20/Sep/2006:14:40:35 +0000] "GET /Sartilly/H_bergement--138.html HTTP/1.1" 200 26563 "" "Mozilla/4.0 (compatible; MSIE 6.0; Windows NT 5.0)"
217.128.29.8 - - [20/Sep/2006:14:40:36 +0000] "GET /Sartilly/H_bergement--138.html HTTP/1.1" 200 26563 "" "Mozilla/4.0 (compatible; MSIE 6.0; Windows NT 5.0)"
217.128.29.8 - - [20/Sep/2006:14:40:36 +0000] "GET /Sartilly/H_bergement--138.html HTTP/1.1" 200 26563 "" "Mozilla/4.0 (compatible; MSIE 6.0; Windows NT 5.0)"
217.128.29.8 - - [20/Sep/2006:14:40:37 +0000] "GET /Sartilly/H_bergement--138.html HTTP/1.1" 200 26563 "" "Mozilla/4.0 (compatible; MSIE 6.0; Windows NT 5.0)"
217.128.29.8 - - [20/Sep/2006:14:40:38 +0000] "GET /Sartilly/H_bergement--138.html HTTP/1.1" 200 26563 "" "Mozilla/4.0 (compatible; MSIE 6.0; Windows NT 5.0)"
217.128.29.8 - - [20/Sep/2006:14:40:38 +0000] "GET /Sartilly/H_bergement--138.html HTTP/1.1" 200 26563 "" "Mozilla/4.0 (compatible; MSIE 6.0; Windows NT 5.0)"
217.128.29.8 - - [20/Sep/2006:14:40:39 +0000] "GET /Sartilly/H_bergement--138.html HTTP/1.1" 200 26563 "" "Mozilla/4.0 (compatible; MSIE 6.0; Windows NT 5.0)"
217.128.29.8 - - [20/Sep/2006:14:40:39 +0000] "GET /Sartilly/H_bergement--138.html HTTP/1.1" 200 26563 "" "Mozilla/4.0 (compatible; MSIE 6.0; Windows NT 5.0)"
217.128.29.8 - - [20/Sep/2006:14:40:40 +0000] "GET /Sartilly/H_bergement--138.html HTTP/1.1" 200 26563 "" "Mozilla/4.0 (compatible; MSIE 6.0; Windows NT 5.0)"
217.128.29.8 - - [20/Sep/2006:14:40:41 +0000] "GET /Sartilly/H_bergement--138.html HTTP/1.1" 200 26563 "" "Mozilla/4.0 (compatible; MSIE 6.0; Windows NT 5.0)"
217.128.29.8 - - [20/Sep/2006:14:40:41 +0000] "GET /Sartilly/H_bergement--138.html HTTP/1.1" 200 26563 "" "Mozilla/4.0 (compatible; MSIE 6.0; Windows NT 5.0)"
217.128.29.8 - - [20/Sep/2006:14:40:42 +0000] "GET /Sartilly/H_bergement--138.html HTTP/1.1" 200 26563 "" "Mozilla/4.0 (compatible; MSIE 6.0; Windows NT 5.0)"
217.128.29.8 - - [20/Sep/2006:14:40:43 +0000] "GET /Sartilly/H_bergement--138.html HTTP/1.1" 200 26563 "" "Mozilla/4.0 (compatible; MSIE 6.0; Windows NT 5.0)"
217.128.29.8 - - [20/Sep/2006:14:40:43 +0000] "GET /Sartilly/H_bergement--138.html HTTP/1.1" 200 26563 "" "Mozilla/4.0 (compatible; MSIE 6.0; Windows NT 5.0)"
217.128.29.8 - - [20/Sep/2006:14:40:44 +0000] "GET /Sartilly/Calendrier--135.html HTTP/1.1" 200 10305 "" "Mozilla/4.0 (compatible; MSIE 6.0; Windows NT 5.0)"
217.128.29.8 - - [20/Sep/2006:14:40:45 +0000] "GET /Sartilly/Calendrier--135.html HTTP/1.1" 200 10298 "" "Mozilla/4.0 (compatible; MSIE 6.0; Windows NT 5.0)"
217.128.29.8 - - [20/Sep/2006:14:40:45 +0000] "GET /Sartilly/Calendrier--135.html HTTP/1.1" 200 10353 "" "Mozilla/4.0 (compatible; MSIE 6.0; Windows NT 5.0)"
217.128.29.8 - - [20/Sep/2006:14:40:46 +0000] "GET /Sartilly/Calendrier--135.html HTTP/1.1" 200 10306 "" "Mozilla/4.0 (compatible; MSIE 6.0; Windows NT 5.0)"
217.128.29.8 - - [20/Sep/2006:14:40:47 +0000] "GET /Sartilly/Calendrier--135.html HTTP/1.1" 200 10355 "" "Mozilla/4.0 (compatible; MSIE 6.0; Windows NT 5.0)"
217.128.29.8 - - [20/Sep/2006:14:40:47 +0000] "GET /Sartilly/Calendrier--135.html HTTP/1.1" 200 10314 "" "Mozilla/4.0 (compatible; MSIE 6.0; Windows NT 5.0)"
217.128.29.8 - - [20/Sep/2006:14:40:48 +0000] "GET /Sartilly/Calendrier--135.html HTTP/1.1" 200 10354 "" "Mozilla/4.0 (compatible; MSIE 6.0; Windows NT 5.0)"
217.128.29.8 - - [20/Sep/2006:14:40:48 +0000] "GET /Sartilly/Calendrier--135.html HTTP/1.1" 200 10336 "" "Mozilla/4.0 (compatible; MSIE 6.0; Windows NT 5.0)"
217.128.29.8 - - [20/Sep/2006:14:40:49 +0000] "GET /Sartilly/Calendrier--135.html HTTP/1.1" 200 17303 "" "Mozilla/4.0 (compatible; MSIE 6.0; Windows NT 5.0)"
217.128.29.8 - - [20/Sep/2006:14:40:50 +0000] "GET /Sartilly/Calendrier--135.html HTTP/1.1" 200 12986 "" "Mozilla/4.0 (compatible; MSIE 6.0; Windows NT 5.0)"
66.249.65.134 - - [20/Sep/2006:15:00:01 +0000] "GET /Sartilly/Calendrier--135.html HTTP/1.1" 200 10306 "" "Mozilla/5.0 (compatible; Googlebot/2.1; +http://www.google.com/bot.html)"
66.249.65.134 - - [20/Sep/2006:15:09:53 +0000] "GET /Porte_de_la_Baie/Communes/Saint-Jean_le_Thomas/Calendrier--123.html HTTP/1.1" 200 10905 "" "Mozilla/5.0 (compatible; Googlebot/2.1; +http://www.google.com/bot.html)"
66.249.65.134 - - [20/Sep/2006:15:20:43 +0000] "GET /Porte_de_la_Baie/Communes/Saint-Jean_le_Thomas/Calendrier--123.html HTTP/1.1" 200 10900 "" "Mozilla/5.0 (compatible; Googlebot/2.1; +http://www.google.com/bot.html)"
66.249.65.134 - - [20/Sep/2006:15:32:01 +0000] "GET /Porte_de_la_Baie/Communes/Saint-Jean_le_Thomas/Calendrier--123.html HTTP/1.1" 200 18241 "" "Mozilla/5.0 (compatible; Googlebot/2.1; +http://www.google.com/bot.html)"
86.201.37.215 - - [20/Sep/2006:16:03:13 +0000] "GET /Porte_de_la_Baie/Communes/Bacilly--64.html HTTP/1.1" 200 16830 "" "Mozilla/4.0 (compatible; MSIE 6.0; Windows NT 5.1)"
66.249.65.134 - - [20/Sep/2006:16:11:18 +0000] "GET /Porte_de_la_Baie/Communes/Saint-Jean_le_Thomas/Calendrier--123.html HTTP/1.1" 200 13792 "" "Mozilla/5.0 (compatible; Googlebot/2.1; +http://www.google.com/bot.html)"
66.249.65.134 - - [20/Sep/2006:16:11:20 +0000] "GET /Sartilly/Calendrier--135.html HTTP/1.1" 200 10353 "" "Mozilla/5.0 (compatible; Googlebot/2.1; +http://www.google.com/bot.html)"
72.30.103.155 - - [20/Sep/2006:16:47:28 +0000] "GET /Porte_de_la_Baie/Communes/Dragey-Ronthon/Vie_Pratique--101.html HTTP/1.1" 200 9857 "" "Mozilla/5.0 (compatible; Yahoo! Slurp; http://help.yahoo.com/help/us/ysearch/slurp)"
83.206.80.249 - - [20/Sep/2006:16:50:44 +0000] "GET /Porte_de_la_Baie/Communes/Lolif--58.html HTTP/1.1" 200 20956 "http://www.google.fr/search?hl=fr&q=lolif&meta=" "Mozilla/4.0 (compatible; MSIE 6.0; Windows NT 5.1; SV1)"
66.249.65.134 - - [20/Sep/2006:17:13:39 +0000] "GET /Sartilly/Calendrier--135.html HTTP/1.1" 200 10305 "" "Mozilla/5.0 (compatible; Googlebot/2.1; +http://www.google.com/bot.html)"
66.249.65.134 - - [20/Sep/2006:17:13:41 +0000] "GET /Porte_de_la_Baie/Communes/Saint-Jean_le_Thomas/Calendrier--123.html HTTP/1.1" 200 10955 "" "Mozilla/5.0 (compatible; Googlebot/2.1; +http://www.google.com/bot.html)"
195.93.102.3 - - [20/Sep/2006:17:19:56 +0000] "GET /Porte_de_la_Baie/Communes/Lolif--58.html HTTP/1.1" 200 20956 "http://www.google.fr/search?hl=fr&q=LOLIF&btnG=Recherche+Google&meta=" "Mozilla/4.0 (compatible; MSIE 6.0; AOL 9.0; Windows NT 5.1; SV1)"
195.93.102.34 - - [20/Sep/2006:17:20:21 +0000] "GET /Porte_de_la_Baie/Communes/Lolif/Actualit_s--181.html HTTP/1.1" 200 10764 "http://www.portedelabaie.com/fr/communes/lolif.html" "Mozilla/4.0 (compatible; MSIE 6.0; AOL 9.0; Windows NT 5.1; SV1)"
195.93.102.34 - - [20/Sep/2006:17:20:27 +0000] "GET /Porte_de_la_Baie/Communes/Lolif/Actualit_s--181.html HTTP/1.1" 200 10764 "http://www.portedelabaie.com/fr/communes/lolif/actualites.html?tx_newsflexible_article%5Bid%5D=10&cHash=bd3ee541e3" "Mozilla/4.0 (compatible; MSIE 6.0; AOL 9.0; Windows NT 5.1; SV1)"
195.93.102.2 - - [20/Sep/2006:17:20:35 +0000] "GET /Porte_de_la_Baie/Communes/Lolif/Loisirs--112.html HTTP/1.1" 200 9664 "http://www.portedelabaie.com/fr/communes/lolif/actualites.html?tx_newsflexible_article%5Bid%5D=10&cHash=bd3ee541e3" "Mozilla/4.0 (compatible; MSIE 6.0; AOL 9.0; Windows NT 5.1; SV1)"
195.93.102.3 - - [20/Sep/2006:17:22:41 +0000] "GET /Porte_de_la_Baie/Communes/Lolif--58.html HTTP/1.1" 200 20956 "http://www.portedelabaie.com/no_cache/fr/calendrier.html" "Mozilla/4.0 (compatible; MSIE 6.0; AOL 9.0; Windows NT 5.1; SV1)"
195.93.102.66 - - [20/Sep/2006:17:25:20 +0000] "GET /Porte_de_la_Baie/Communes/Champeaux/Calendrier--93.html HTTP/1.1" 200 17813 "http://www.google.fr/search?hl=fr&q=LOLIF&btnG=Recherche+Google&meta=" "Mozilla/4.0 (compatible; MSIE 6.0; AOL 9.0; Windows NT 5.1; SV1)"
66.249.65.134 - - [20/Sep/2006:18:09:35 +0000] "GET /Porte_de_la_Baie/Communes/Saint-Jean_le_Thomas/Calendrier--123.html HTTP/1.1" 200 10936 "" "Mozilla/5.0 (compatible; Googlebot/2.1; +http://www.google.com/bot.html)"
66.249.65.134 - - [20/Sep/2006:18:49:23 +0000] "GET /Porte_de_la_Baie/Communes/Saint-Jean_le_Thomas/Calendrier--123.html HTTP/1.1" 200 10954 "" "Mozilla/5.0 (compatible; Googlebot/2.1; +http://www.google.com/bot.html)"
72.30.102.223 - - [20/Sep/2006:18:49:46 +0000] "GET /Porte_de_la_Baie/Communes/Champeaux/D_couvrir--98.html HTTP/1.1" 200 9748 "" "Mozilla/5.0 (compatible; Yahoo! Slurp; http://help.yahoo.com/help/us/ysearch/slurp)"
66.249.65.134 - - [20/Sep/2006:19:09:24 +0000] "GET /Sartilly/Calendrier--135.html HTTP/1.1" 200 10355 "" "Mozilla/5.0 (compatible; Googlebot/2.1; +http://www.google.com/bot.html)"
66.249.65.134 - - [20/Sep/2006:19:20:41 +0000] "GET /Porte_de_la_Baie/Communes/Saint-Jean_le_Thomas/Calendrier--123.html HTTP/1.1" 200 10953 "" "Mozilla/5.0 (compatible; Googlebot/2.1; +http://www.google.com/bot.html)"
66.249.65.134 - - [20/Sep/2006:20:08:26 +0000] "GET /Porte_de_la_Baie/Communes/Saint-Jean_le_Thomas/Calendrier--123.html HTTP/1.1" 200 10908 "" "Mozilla/5.0 (compatible; Googlebot/2.1; +http://www.google.com/bot.html)"
90.8.65.240 - - [20/Sep/2006:20:41:31 +0000] "GET /Porte_de_la_Baie/Communes/Lolif--58.html HTTP/1.1" 200 20956 "http://www.portedelabaie.com/" "Mozilla/5.0 (Windows; U; Windows NT 5.1; fr; rv:1.8.0.7) Gecko/20060909 Firefox/1.5.0.7"
87.82.1.176 - - [20/Sep/2006:20:47:39 +0000] "GET /Porte_de_la_Baie/Communes/Dragey-Ronthon/Vie_Pratique--101.html HTTP/1.1" 200 9857 "http://images.google.co.uk/imgres?imgurl=http://www.portedelabaie.com/typo3temp/pics/198d512e70.jpg&imgrefurl=http://www.portedelabaie.com/index.php%3Fid%3D101&h=120&w=160&sz=5&hl=en&start=37&tbnid=Ks8zTnuZe1UaTM:&tbnh=74&tbnw=98&prev=/images%3Fq%3Dsartilly%26start%3D20%26ndsp%3D20%26svnum%3D10%26hl%3Den%26lr%3D%26safe%3Doff%26sa%3DN" "Mozilla/4.0 (compatible; MSIE 6.0; Windows NT 5.1; SV1; .NET CLR 1.1.4322)"
87.82.1.176 - - [20/Sep/2006:20:50:57 +0000] "GET /Porte_de_la_Baie/Communes/Champeaux/Tourisme--97.html HTTP/1.1" 200 9745 "http://images.google.co.uk/imgres?imgurl=http://www.portedelabaie.com/typo3temp/pics/25ac324655.jpg&imgrefurl=http://www.portedelabaie.com/index.php%3Fid%3D97&h=184&w=121&sz=5&hl=en&start=4&tbnid=NQ40N345zsGywM:&tbnh=102&tbnw=67&prev=/images%3Fq%3D%2Bsite:www.portedelabaie.com%2Bsartilly%26ndsp%3D20%26svnum%3D10%26hl%3Den%26lr%3D%26safe%3Doff" "Mozilla/4.0 (compatible; MSIE 6.0; Windows NT 5.1; SV1; .NET CLR 1.1.4322)"
87.82.1.176 - - [20/Sep/2006:20:51:11 +0000] "GET /Porte_de_la_Baie/Communes/Dragey-Ronthon/Vie_Pratique--101.html HTTP/1.1" 200 9857 "http://images.google.co.uk/imgres?imgurl=http://www.portedelabaie.com/typo3temp/pics/198d512e70.jpg&imgrefurl=http://www.portedelabaie.com/index.php%3Fid%3D101&h=120&w=160&sz=5&hl=en&start=1&tbnid=Ks8zTnuZe1UaTM:&tbnh=74&tbnw=98&prev=/images%3Fq%3D%2Bsite:www.portedelabaie.com%2Bsartilly%26ndsp%3D20%26svnum%3D10%26hl%3Den%26lr%3D%26safe%3Doff" "Mozilla/4.0 (compatible; MSIE 6.0; Windows NT 5.1; SV1; .NET CLR 1.1.4322)"
66.249.65.134 - - [20/Sep/2006:21:33:23 +0000] "GET /Sartilly--66.html HTTP/1.1" 200 18473 "" "Mozilla/5.0 (compatible; Googlebot/2.1; +http://www.google.com/bot.html)"
66.249.65.134 - - [20/Sep/2006:21:33:24 +0000] "GET /Sartilly/Calendrier--135.html HTTP/1.1" 200 12986 "" "Mozilla/5.0 (compatible; Googlebot/2.1; +http://www.google.com/bot.html)"
66.249.65.134 - - [20/Sep/2006:21:45:38 +0000] "GET /Porte_de_la_Baie/Communes/Saint-Jean_le_Thomas/Calendrier--123.html HTTP/1.1" 200 10916 "" "Mozilla/5.0 (compatible; Googlebot/2.1; +http://www.google.com/bot.html)"
66.249.65.134 - - [20/Sep/2006:21:58:49 +0000] "GET /Porte_de_la_Baie/Communes/Saint-Jean_le_Thomas/H_bergement--126.html HTTP/1.1" 200 31392 "" "Mozilla/5.0 (compatible; Googlebot/2.1; +http://www.google.com/bot.html)"
66.249.65.134 - - [20/Sep/2006:22:11:01 +0000] "GET /Porte_de_la_Baie/Communes/Saint-Jean_le_Thomas/Calendrier--123.html HTTP/1.1" 200 10936 "" "Mozilla/5.0 (compatible; Googlebot/2.1; +http://www.google.com/bot.html)"
66.249.65.134 - - [20/Sep/2006:23:18:31 +0000] "GET /Porte_de_la_Baie/Communes/Saint-Jean_le_Thomas/H_bergement--126.html HTTP/1.1" 200 31392 "" "Mozilla/5.0 (compatible; Googlebot/2.1; +http://www.google.com/bot.html)"
83.115.219.71 - - [20/Sep/2006:23:19:11 +0000] "GET /Sartilly--66.html HTTP/1.1" 200 18473 "http://www.portedelabaie.com/" "Mozilla/4.0 (compatible; MSIE 6.0; Windows NT 5.1; SV1; .NET CLR 1.1.4322)"
83.115.219.71 - - [20/Sep/2006:23:19:40 +0000] "GET /Sartilly/Vie_Pratique--137.html HTTP/1.1" 200 16153 "http://www.ville-sartilly.com/" "Mozilla/4.0 (compatible; MSIE 6.0; Windows NT 5.1; SV1; .NET CLR 1.1.4322)"
83.115.219.71 - - [20/Sep/2006:23:21:14 +0000] "GET /Sartilly/Actualit_s--185.html HTTP/1.1" 200 10475 "http://www.ville-sartilly.com/fr/vie-pratique.html" "Mozilla/4.0 (compatible; MSIE 6.0; Windows NT 5.1; SV1; .NET CLR 1.1.4322)"
83.115.219.71 - - [20/Sep/2006:23:21:34 +0000] "GET /Sartilly/Actualit_s--185.html HTTP/1.1" 200 10475 "http://www.ville-sartilly.com/fr/actualites.html?tx_newsflexible_article%5Bid%5D=14&cHash=85d99d1155" "Mozilla/4.0 (compatible; MSIE 6.0; Windows NT 5.1; SV1; .NET CLR 1.1.4322)"
83.115.219.71 - - [20/Sep/2006:23:21:37 +0000] "GET /Sartilly/H_bergement--138.html HTTP/1.1" 200 26563 "http://www.ville-sartilly.com/fr/actualites.html?tx_newsflexible_article%5Bid%5D=14&cHash=85d99d1155" "Mozilla/4.0 (compatible; MSIE 6.0; Windows NT 5.1; SV1; .NET CLR 1.1.4322)"
83.115.219.71 - - [20/Sep/2006:23:21:39 +0000] "GET /Sartilly/Calendrier--135.html HTTP/1.1" 200 17251 "http://www.ville-sartilly.com/fr/hebergement.html" "Mozilla/4.0 (compatible; MSIE 6.0; Windows NT 5.1; SV1; .NET CLR 1.1.4322)"
83.115.219.71 - - [20/Sep/2006:23:23:09 +0000] "GET /Sartilly/Calendrier--135.html HTTP/1.1" 200 10353 "http://www.ville-sartilly.com/fr/calendrier.html" "Mozilla/4.0 (compatible; MSIE 6.0; Windows NT 5.1; SV1; .NET CLR 1.1.4322)"
83.115.219.71 - - [20/Sep/2006:23:23:20 +0000] "GET /Sartilly/Loisirs--136.html HTTP/1.1" 200 12595 "http://www.ville-sartilly.com/fr/calendrier.html?tx_julleevents_pi1%5BshowUid%5D=52&cHash=93e2fd3296" "Mozilla/4.0 (compatible; MSIE 6.0; Windows NT 5.1; SV1; .NET CLR 1.1.4322)"
83.115.219.71 - - [20/Sep/2006:23:24:21 +0000] "GET /Sartilly/D_couvrir--140.html HTTP/1.1" 200 14396 "http://www.ville-sartilly.com/fr/loisirs.html" "Mozilla/4.0 (compatible; MSIE 6.0; Windows NT 5.1; SV1; .NET CLR 1.1.4322)"
66.249.65.134 - - [20/Sep/2006:23:32:44 +0000] "GET /Porte_de_la_Baie/Communes/Saint-Jean_le_Thomas/H_bergement--126.html HTTP/1.1" 200 31392 "" "Mozilla/5.0 (compatible; Googlebot/2.1; +http://www.google.com/bot.html)"
83.115.219.71 - - [21/Sep/2006:00:03:13 +0000] "GET /Sartilly--66.html HTTP/1.1" 200 18473 "http://www.portedelabaie.com/" "Mozilla/4.0 (compatible; MSIE 6.0; Windows NT 5.1; SV1; .NET CLR 1.1.4322)"
83.115.219.71 - - [21/Sep/2006:00:03:33 +0000] "GET /Sartilly--66.html HTTP/1.1" 200 18473 "http://www.google.fr/search?sourceid=navclient&hl=fr&ie=UTF-8&rls=GGLJ,GGLJ:2006-23,GGLJ:fr&q=sartilly" "Mozilla/4.0 (compatible; MSIE 6.0; Windows NT 5.1; SV1; .NET CLR 1.1.4322)"
83.115.219.71 - - [21/Sep/2006:00:03:55 +0000] "GET /Sartilly--66.html HTTP/1.1" 200 18473 "http://www.google.fr/search?sourceid=navclient&hl=fr&ie=UTF-8&rls=GGLJ,GGLJ:2006-23,GGLJ:fr&q=sartilly" "Mozilla/4.0 (compatible; MSIE 6.0; Windows NT 5.1; SV1; .NET CLR 1.1.4322)"
66.249.65.134 - - [21/Sep/2006:00:21:07 +0000] "GET /Porte_de_la_Baie/Communes/Saint-Jean_le_Thomas/H_bergement--126.html HTTP/1.1" 200 31392 "" "Mozilla/5.0 (compatible; Googlebot/2.1; +http://www.google.com/bot.html)"
66.249.66.142 - - [21/Sep/2006:01:55:26 +0000] "GET /Porte_de_la_Baie/Communes/Dragey-Ronthon/Actualit_s--179.html HTTP/1.1" 200 10933 "" "Mozilla/5.0 (compatible; Googlebot/2.1; +http://www.google.com/bot.html)"
161.105.224.41 - - [21/Sep/2006:02:42:40 +0000] "GET /Porte_de_la_Baie/Communes/Champeaux--61.html HTTP/1.1" 200 21120 "" "test"
161.105.224.41 - - [21/Sep/2006:02:42:43 +0000] "GET /Porte_de_la_Baie/Communes/Champeaux/Tourisme--97.html HTTP/1.1" 200 9745 "" "test"
66.249.66.52 - - [21/Sep/2006:03:49:59 +0000] "GET /Porte_de_la_Baie/Communes/Saint-Jean_le_Thomas/H_bergement--126.html HTTP/1.1" 200 31392 "" "Mozilla/5.0 (compatible; Googlebot/2.1; +http://www.google.com/bot.html)"
66.249.66.52 - - [21/Sep/2006:03:50:00 +0000] "GET /Porte_de_la_Baie/Communes/Saint-Jean_le_Thomas/Vie_Pratique--125.html HTTP/1.1" 200 9979 "" "Mozilla/5.0 (compatible; Googlebot/2.1; +http://www.google.com/bot.html)"
66.249.66.52 - - [21/Sep/2006:04:00:02 +0000] "GET /Sartilly/Tourisme--139.html HTTP/1.1" 200 14228 "" "Mozilla/5.0 (compatible; Googlebot/2.1; +http://www.google.com/bot.html)"
66.249.66.52 - - [21/Sep/2006:04:00:52 +0000] "GET /Porte_de_la_Baie/Communes/Saint-Jean_le_Thomas/H_bergement--126.html HTTP/1.1" 200 31392 "" "Mozilla/5.0 (compatible; Googlebot/2.1; +http://www.google.com/bot.html)"
66.249.66.52 - - [21/Sep/2006:05:04:56 +0000] "GET /Porte_de_la_Baie/Communes/Saint-Jean_le_Thomas/D_couvrir--128.html HTTP/1.1" 200 13697 "" "Mozilla/5.0 (compatible; Googlebot/2.1; +http://www.google.com/bot.html)"
66.249.66.52 - - [21/Sep/2006:05:17:55 +0000] "GET /Porte_de_la_Baie/Communes/Saint-Jean_le_Thomas/Tourisme--127.html HTTP/1.1" 200 9967 "" "Mozilla/5.0 (compatible; Googlebot/2.1; +http://www.google.com/bot.html)"
66.249.66.52 - - [21/Sep/2006:05:27:58 +0000] "GET /Porte_de_la_Baie/Communes/Saint-Jean_le_Thomas/H_bergement--126.html HTTP/1.1" 200 29116 "" "Mozilla/5.0 (compatible; Googlebot/2.1; +http://www.google.com/bot.html)"
66.249.66.52 - - [21/Sep/2006:06:27:21 +0000] "GET /Porte_de_la_Baie/Communes/Champeaux/Actualit_s--178.html HTTP/1.1" 200 10838 "" "Mozilla/5.0 (compatible; Googlebot/2.1; +http://www.google.com/bot.html)"
66.249.66.52 - - [21/Sep/2006:06:51:22 +0000] "GET /Porte_de_la_Baie/Communes/Saint-Jean_le_Thomas/H_bergement--126.html HTTP/1.1" 200 31179 "" "Mozilla/5.0 (compatible; Googlebot/2.1; +http://www.google.com/bot.html)"
66.249.66.52 - - [21/Sep/2006:07:19:09 +0000] "GET /Sartilly--66.html HTTP/1.1" 200 18473 "" "Mozilla/5.0 (compatible; Googlebot/2.1; +http://www.google.com/bot.html)"
66.249.66.52 - - [21/Sep/2006:07:28:30 +0000] "GET /Sartilly/Vie_Pratique--137.html HTTP/1.1" 200 16153 "" "Mozilla/5.0 (compatible; Googlebot/2.1; +http://www.google.com/bot.html)"
66.249.66.52 - - [21/Sep/2006:07:37:52 +0000] "GET /Sartilly/Loisirs--136.html HTTP/1.1" 200 12595 "" "Mozilla/5.0 (compatible; Googlebot/2.1; +http://www.google.com/bot.html)"
66.249.66.52 - - [21/Sep/2006:07:47:10 +0000] "GET /Sartilly/Calendrier--135.html HTTP/1.1" 200 17251 "" "Mozilla/5.0 (compatible; Googlebot/2.1; +http://www.google.com/bot.html)"
66.249.66.52 - - [21/Sep/2006:07:51:22 +0000] "GET /Porte_de_la_Baie/Communes/Saint-Jean_le_Thomas/H_bergement--126.html HTTP/1.1" 200 31179 "" "Mozilla/5.0 (compatible; Googlebot/2.1; +http://www.google.com/bot.html)"
66.249.66.52 - - [21/Sep/2006:07:51:23 +0000] "GET /Porte_de_la_Baie/Communes/Saint-Jean_le_Thomas/H_bergement--126.html HTTP/1.1" 200 31179 "" "Mozilla/5.0 (compatible; Googlebot/2.1; +http://www.google.com/bot.html)"
66.249.66.52 - - [21/Sep/2006:07:51:24 +0000] "GET /Porte_de_la_Baie/Communes/Saint-Jean_le_Thomas/H_bergement--126.html HTTP/1.1" 200 31179 "" "Mozilla/5.0 (compatible; Googlebot/2.1; +http://www.google.com/bot.html)"
66.249.66.52 - - [21/Sep/2006:08:03:50 +0000] "GET /Porte_de_la_Baie/Communes/Dragey-Ronthon/H_bergement--102.html HTTP/1.1" 200 28536 "" "Mozilla/5.0 (compatible; Googlebot/2.1; +http://www.google.com/bot.html)"
66.249.66.52 - - [21/Sep/2006:08:05:47 +0000] "GET /Porte_de_la_Baie/Communes/Champeaux/D_couvrir--98.html HTTP/1.1" 200 9748 "" "Mozilla/5.0 (compatible; Googlebot/2.1; +http://www.google.com/bot.html)"
66.249.66.52 - - [21/Sep/2006:08:15:08 +0000] "GET /Porte_de_la_Baie/Communes/Bacilly--64.html HTTP/1.1" 200 16830 "" "Mozilla/5.0 (compatible; Googlebot/2.1; +http://www.google.com/bot.html)"
66.249.66.52 - - [21/Sep/2006:08:18:28 +0000] "GET /Porte_de_la_Baie/Communes/Saint-Jean_le_Thomas/H_bergement--126.html HTTP/1.1" 200 29048 "" "Mozilla/5.0 (compatible; Googlebot/2.1; +http://www.google.com/bot.html)"
66.249.66.52 - - [21/Sep/2006:08:33:09 +0000] "GET /Porte_de_la_Baie/Communes/Saint-Jean_le_Thomas/H_bergement--126.html HTTP/1.1" 200 31179 "" "Mozilla/5.0 (compatible; Googlebot/2.1; +http://www.google.com/bot.html)"
66.249.66.52 - - [21/Sep/2006:08:33:45 +0000] "GET /Porte_de_la_Baie/Communes/Dragey-Ronthon/Calendrier--99.html HTTP/1.1" 200 17977 "" "Mozilla/5.0 (compatible; Googlebot/2.1; +http://www.google.com/bot.html)"
84.102.180.153 - - [21/Sep/2006:09:35:57 +0000] "GET /Sartilly--66.html HTTP/1.1" 200 18473 "http://www.google.fr/search?hl=fr&q=Souains&btnG=Recherche+Google&meta=lr%3Dlang_fr" "Mozilla/4.0 (compatible; MSIE 6.0; Windows NT 5.1; SV1; SpamBlockerUtility 4.8.0)"
66.249.66.52 - - [21/Sep/2006:10:07:01 +0000] "GET /Porte_de_la_Baie/Communes/Champcey/Vie_Pratique--89.html HTTP/1.1" 200 9737 "" "Mozilla/5.0 (compatible; Googlebot/2.1; +http://www.google.com/bot.html)"
66.249.66.52 - - [21/Sep/2006:10:16:21 +0000] "GET /Porte_de_la_Baie/Communes/Champeaux/H_bergement--96.html HTTP/1.1" 200 28110 "" "Mozilla/5.0 (compatible; Googlebot/2.1; +http://www.google.com/bot.html)"
86.205.154.209 - - [21/Sep/2006:10:17:13 +0000] "GET /Porte_de_la_Baie/Communes/Champeaux/Vie_Pratique--95.html HTTP/1.1" 200 9757 "" "Mozilla/5.0 (Windows; U; Windows NT 5.1; fr; rv:1.8.0.1) Gecko/20060111 Firefox/1.5.0.1"
66.249.66.52 - - [21/Sep/2006:10:21:44 +0000] "GET /Porte_de_la_Baie/Communes/Lolif/Calendrier--111.html HTTP/1.1" 200 10616 "" "Mozilla/5.0 (compatible; Googlebot/2.1; +http://www.google.com/bot.html)"
195.6.68.62 - - [21/Sep/2006:10:23:43 +0000] "GET /Sartilly--66.html HTTP/1.1" 200 18473 "http://www.google.fr/search?hl=fr&q=MAIRIE+Sartilly&btnG=Rechercher&meta=lr%3Dlang_fr" "Mozilla/4.0 (compatible; MSIE 6.0; Windows NT 5.0)"
195.6.68.62 - - [21/Sep/2006:10:24:07 +0000] "GET /Sartilly/Actualit_s--185.html HTTP/1.1" 200 10475 "http://www.ville-sartilly.com/index.php?id=195" "Mozilla/4.0 (compatible; MSIE 6.0; Windows NT 5.0)"
66.249.66.52 - - [21/Sep/2006:10:25:42 +0000] "GET /Porte_de_la_Baie/Communes/Champeaux/Loisirs--94.html HTTP/1.1" 200 9742 "" "Mozilla/5.0 (compatible; Googlebot/2.1; +http://www.google.com/bot.html)"
66.249.66.52 - - [21/Sep/2006:10:26:04 +0000] "GET /Porte_de_la_Baie/Communes/Lolif/Calendrier--111.html HTTP/1.1" 200 10608 "" "Mozilla/5.0 (compatible; Googlebot/2.1; +http://www.google.com/bot.html)"
66.249.66.52 - - [21/Sep/2006:10:30:45 +0000] "GET /Porte_de_la_Baie/Communes/Lolif/Calendrier--111.html HTTP/1.1" 200 10654 "" "Mozilla/5.0 (compatible; Googlebot/2.1; +http://www.google.com/bot.html)"
195.6.68.62 - - [21/Sep/2006:10:33:21 +0000] "GET /Sartilly--66.html HTTP/1.1" 200 18473 "http://www.portedelabaie.com" "Mozilla/4.0 (compatible; MSIE 6.0; Windows NT 5.0)"
66.249.66.52 - - [21/Sep/2006:10:35:02 +0000] "GET /Porte_de_la_Baie/Communes/Champeaux/D_couvrir--98.html HTTP/1.1" 200 9748 "" "Mozilla/5.0 (compatible; Googlebot/2.1; +http://www.google.com/bot.html)"
66.249.66.52 - - [21/Sep/2006:10:35:30 +0000] "GET /Porte_de_la_Baie/Communes/Dragey-Ronthon/H_bergement--102.html HTTP/1.1" 200 28536 "" "Mozilla/5.0 (compatible; Googlebot/2.1; +http://www.google.com/bot.html)"
67.79.251.189 - - [21/Sep/2006:10:36:28 +0000] "GET /Sartilly--66.html HTTP/1.1" 200 18473 "" ""
66.249.66.52 - - [21/Sep/2006:10:40:09 +0000] "GET /Porte_de_la_Baie/Communes/Lolif/Calendrier--111.html HTTP/1.1" 200 10600 "" "Mozilla/5.0 (compatible; Googlebot/2.1; +http://www.google.com/bot.html)"
66.249.66.52 - - [21/Sep/2006:10:44:22 +0000] "GET /Porte_de_la_Baie/Communes/Champeaux/Vie_Pratique--95.html HTTP/1.1" 200 9757 "" "Mozilla/5.0 (compatible; Googlebot/2.1; +http://www.google.com/bot.html)"
83.206.96.73 - - [21/Sep/2006:11:05:31 +0000] "GET /Porte_de_la_Baie/Communes/Bacilly--64.html HTTP/1.1" 200 16830 "http://search.msn.fr/spresults.aspx?q=bacilly" "Mozilla/4.0 (compatible; MSIE 6.0; Windows NT 5.1; SV1; .NET CLR 1.1.4322; .NET CLR 2.0.50727)"
83.206.96.73 - - [21/Sep/2006:11:06:39 +0000] "GET /Porte_de_la_Baie/Communes/Bacilly/Vie_Pratique--77.html HTTP/1.1" 200 9735 "http://www.portedelabaie.com/fr/communes/bacilly.html" "Mozilla/4.0 (compatible; MSIE 6.0; Windows NT 5.1; SV1; .NET CLR 1.1.4322; .NET CLR 2.0.50727)"
83.206.96.73 - - [21/Sep/2006:11:07:02 +0000] "GET /Porte_de_la_Baie/Communes/Bacilly/Vie_Pratique--77.html HTTP/1.1" 200 9735 "http://www.portedelabaie.com/fr/communes/bacilly/vie-pratique.html" "Mozilla/4.0 (compatible; MSIE 6.0; Windows NT 5.1; SV1; .NET CLR 1.1.4322; .NET CLR 2.0.50727)"
84.5.176.114 - - [21/Sep/2006:11:15:31 +0000] "GET /Porte_de_la_Baie/Communes/Champeaux/Vie_Pratique--95.html HTTP/1.1" 200 9757 "http://www.google.fr/search?hl=fr&q=dragey+ronthon&btnG=Recherche+Google&meta=" "Mozilla/4.0 (compatible; MSIE 6.0; Windows NT 5.1; SV1)"
84.5.176.114 - - [21/Sep/2006:11:15:41 +0000] "GET /Porte_de_la_Baie/Communes/Champeaux/Loisirs--94.html HTTP/1.1" 200 9742 "http://www.portedelabaie.com/index.php?id=95" "Mozilla/4.0 (compatible; MSIE 6.0; Windows NT 5.1; SV1)"
66.249.66.52 - - [21/Sep/2006:11:18:28 +0000] "GET /Porte_de_la_Baie/Communes/Lolif/Calendrier--111.html HTTP/1.1" 200 17761 "" "Mozilla/5.0 (compatible; Googlebot/2.1; +http://www.google.com/bot.html)"
66.249.66.52 - - [21/Sep/2006:11:30:26 +0000] "GET /Porte_de_la_Baie/Communes/Lolif/Calendrier--111.html HTTP/1.1" 200 10605 "" "Mozilla/5.0 (compatible; Googlebot/2.1; +http://www.google.com/bot.html)"
66.249.66.52 - - [21/Sep/2006:11:40:20 +0000] "GET /Porte_de_la_Baie/Communes/Dragey-Ronthon/Loisirs--100.html HTTP/1.1" 200 9842 "" "Mozilla/5.0 (compatible; Googlebot/2.1; +http://www.google.com/bot.html)"
86.205.154.209 - - [21/Sep/2006:11:49:01 +0000] "GET /Porte_de_la_Baie/Communes/Bacilly--64.html HTTP/1.1" 200 16830 "http://www.ville-angey.com/" "Mozilla/5.0 (Windows; U; Windows NT 5.1; fr; rv:1.8.0.1) Gecko/20060111 Firefox/1.5.0.1"
86.205.154.209 - - [21/Sep/2006:11:49:13 +0000] "GET /Porte_de_la_Baie/Communes/Bacilly/Tourisme--79.html HTTP/1.1" 200 9723 "http://www.portedelabaie.com/fr/communes/bacilly.html" "Mozilla/5.0 (Windows; U; Windows NT 5.1; fr; rv:1.8.0.1) Gecko/20060111 Firefox/1.5.0.1"
66.249.66.52 - - [21/Sep/2006:11:58:57 +0000] "GET /Porte_de_la_Baie/Communes/Dragey-Ronthon/H_bergement--102.html HTTP/1.1" 200 28536 "" "Mozilla/5.0 (compatible; Googlebot/2.1; +http://www.google.com/bot.html)"
66.249.66.52 - - [21/Sep/2006:12:08:19 +0000] "GET /Porte_de_la_Baie/Communes/Dragey-Ronthon/D_couvrir--104.html HTTP/1.1" 200 9848 "" "Mozilla/5.0 (compatible; Googlebot/2.1; +http://www.google.com/bot.html)"
86.205.154.209 - - [21/Sep/2006:12:11:36 +0000] "GET /Sartilly--66.html HTTP/1.1" 200 18473 "http://www.portedelabaie.com/index.php?id=194" "Mozilla/5.0 (Windows; U; Windows NT 5.1; fr; rv:1.8.0.1) Gecko/20060111 Firefox/1.5.0.1"
86.205.154.209 - - [21/Sep/2006:12:11:38 +0000] "GET /Sartilly--66.html HTTP/1.1" 200 18473 "" "Mozilla/5.0 (Windows; U; Windows NT 5.1; fr; rv:1.8.0.1) Gecko/20060111 Firefox/1.5.0.1"
66.249.66.52 - - [21/Sep/2006:12:17:36 +0000] "GET /Porte_de_la_Baie/Communes/Dragey-Ronthon/Tourisme--103.html HTTP/1.1" 200 9845 "" "Mozilla/5.0 (compatible; Googlebot/2.1; +http://www.google.com/bot.html)"
66.249.66.52 - - [21/Sep/2006:12:26:56 +0000] "GET /Porte_de_la_Baie/Communes/Dragey-Ronthon/Calendrier--99.html HTTP/1.1" 200 17995 "" "Mozilla/5.0 (compatible; Googlebot/2.1; +http://www.google.com/bot.html)"
66.249.66.52 - - [21/Sep/2006:12:36:18 +0000] "GET /Porte_de_la_Baie/Communes/Champcey/H_bergement--90.html HTTP/1.1" 200 28025 "" "Mozilla/5.0 (compatible; Googlebot/2.1; +http://www.google.com/bot.html)"
66.249.66.52 - - [21/Sep/2006:12:45:35 +0000] "GET /Porte_de_la_Baie/Communes/Champcey/D_couvrir--92.html HTTP/1.1" 200 9728 "" "Mozilla/5.0 (compatible; Googlebot/2.1; +http://www.google.com/bot.html)"
66.249.66.52 - - [21/Sep/2006:12:46:46 +0000] "GET /Porte_de_la_Baie/Communes/Dragey-Ronthon/Calendrier--99.html HTTP/1.1" 200 10833 "" "Mozilla/5.0 (compatible; Googlebot/2.1; +http://www.google.com/bot.html)"
82.229.61.30 - - [21/Sep/2006:12:51:42 +0000] "GET /Porte_de_la_Baie/Communes/Gen_ts/Calendrier--105.html HTTP/1.1" 200 17739 "" "Mozilla/5.0 (Windows; U; Windows NT 5.1; fr; rv:1.8.0.7) Gecko/20060909 Firefox/1.5.0.7"
82.229.61.30 - - [21/Sep/2006:12:52:30 +0000] "GET /Porte_de_la_Baie/Communes/Gen_ts/Calendrier--105.html HTTP/1.1" 200 10623 "" "Mozilla/5.0 (Windows; U; Windows NT 5.1; fr; rv:1.8.0.7) Gecko/20060909 Firefox/1.5.0.7"
82.229.61.30 - - [21/Sep/2006:12:52:31 +0000] "GET /Porte_de_la_Baie/Communes/Gen_ts/Calendrier--105.html HTTP/1.1" 200 10623 "" "Mozilla/5.0 (Windows; U; Windows NT 5.1; fr; rv:1.8.0.7) Gecko/20060909 Firefox/1.5.0.7"
66.249.66.52 - - [21/Sep/2006:12:54:56 +0000] "GET /Porte_de_la_Baie/Communes/Champcey/Calendrier--87.html HTTP/1.1" 200 17803 "" "Mozilla/5.0 (compatible; Googlebot/2.1; +http://www.google.com/bot.html)"
66.249.66.52 - - [21/Sep/2006:12:59:30 +0000] "GET /Porte_de_la_Baie/Communes/Dragey-Ronthon/Calendrier--99.html HTTP/1.1" 200 10832 "" "Mozilla/5.0 (compatible; Googlebot/2.1; +http://www.google.com/bot.html)"
66.249.66.52 - - [21/Sep/2006:13:04:17 +0000] "GET /Porte_de_la_Baie/Communes/Champcey/Loisirs--88.html HTTP/1.1" 200 9722 "" "Mozilla/5.0 (compatible; Googlebot/2.1; +http://www.google.com/bot.html)"
66.249.66.52 - - [21/Sep/2006:13:13:36 +0000] "GET /Porte_de_la_Baie/Communes/Champcey/Tourisme--91.html HTTP/1.1" 200 9725 "" "Mozilla/5.0 (compatible; Googlebot/2.1; +http://www.google.com/bot.html)"
66.249.66.52 - - [21/Sep/2006:13:22:57 +0000] "GET /Porte_de_la_Baie/Communes/Champcey/Vie_Pratique--89.html HTTP/1.1" 200 9737 "" "Mozilla/5.0 (compatible; Googlebot/2.1; +http://www.google.com/bot.html)"
66.249.66.52 - - [21/Sep/2006:13:32:15 +0000] "GET /Porte_de_la_Baie/Communes/Gen_ts/Tourisme--109.html HTTP/1.1" 200 9685 "" "Mozilla/5.0 (compatible; Googlebot/2.1; +http://www.google.com/bot.html)"
66.249.66.52 - - [21/Sep/2006:13:41:35 +0000] "GET /Porte_de_la_Baie/Communes/Gen_ts/D_couvrir--110.html HTTP/1.1" 200 9688 "" "Mozilla/5.0 (compatible; Googlebot/2.1; +http://www.google.com/bot.html)"
66.249.66.52 - - [21/Sep/2006:13:50:55 +0000] "GET /Porte_de_la_Baie/Communes/Gen_ts/Loisirs--106.html HTTP/1.1" 200 9682 "" "Mozilla/5.0 (compatible; Googlebot/2.1; +http://www.google.com/bot.html)"
86.220.45.78 - - [21/Sep/2006:13:58:57 +0000] "GET /Porte_de_la_Baie/Communes/Champeaux/Loisirs--94.html HTTP/1.1" 200 9742 "http://www.google.fr/search?hl=fr&q=bec+d%27andaine&btnG=Recherche+Google&meta=cr%3DcountryFR" "Mozilla/4.0 (compatible; MSIE 6.0; Windows NT 5.1; SV1; .NET CLR 1.1.4322; InfoPath.1)"
86.220.45.78 - - [21/Sep/2006:13:59:28 +0000] "GET /Porte_de_la_Baie/Communes/Champeaux/Vie_Pratique--95.html HTTP/1.1" 200 9757 "http://www.portedelabaie.com/index.php?id=94" "Mozilla/4.0 (compatible; MSIE 6.0; Windows NT 5.1; SV1; .NET CLR 1.1.4322; InfoPath.1)"
86.220.45.78 - - [21/Sep/2006:13:59:33 +0000] "GET /Porte_de_la_Baie/Communes/Champeaux/Loisirs--94.html HTTP/1.1" 200 9742 "http://www.portedelabaie.com/fr/communes/champeaux/vie-pratique.html" "Mozilla/4.0 (compatible; MSIE 6.0; Windows NT 5.1; SV1; .NET CLR 1.1.4322; InfoPath.1)"
66.249.66.52 - - [21/Sep/2006:14:00:11 +0000] "GET /Porte_de_la_Baie/Communes/Gen_ts/H_bergement--108.html HTTP/1.1" 200 27856 "" "Mozilla/5.0 (compatible; Googlebot/2.1; +http://www.google.com/bot.html)"
66.249.66.52 - - [21/Sep/2006:14:09:35 +0000] "GET /Porte_de_la_Baie/Communes/Gen_ts/Calendrier--105.html HTTP/1.1" 200 17739 "" "Mozilla/5.0 (compatible; Googlebot/2.1; +http://www.google.com/bot.html)"
66.249.66.52 - - [21/Sep/2006:14:18:53 +0000] "GET /Porte_de_la_Baie/Communes/Gen_ts/Vie_Pratique--107.html HTTP/1.1" 200 9697 "" "Mozilla/5.0 (compatible; Googlebot/2.1; +http://www.google.com/bot.html)"
66.249.66.52 - - [21/Sep/2006:14:20:42 +0000] "GET /Porte_de_la_Baie/Communes/Dragey-Ronthon/Calendrier--99.html HTTP/1.1" 200 13628 "" "Mozilla/5.0 (compatible; Googlebot/2.1; +http://www.google.com/bot.html)"
66.249.66.52 - - [21/Sep/2006:14:31:35 +0000] "GET /Porte_de_la_Baie/Communes/Dragey-Ronthon/Calendrier--99.html HTTP/1.1" 200 18047 "" "Mozilla/5.0 (compatible; Googlebot/2.1; +http://www.google.com/bot.html)"
66.249.66.52 - - [21/Sep/2006:14:46:53 +0000] "GET /Porte_de_la_Baie/Communes/Bacilly/Actualit_s--174.html HTTP/1.1" 200 9614 "" "Mozilla/5.0 (compatible; Googlebot/2.1; +http://www.google.com/bot.html)"
66.249.66.52 - - [21/Sep/2006:14:56:12 +0000] "GET /Sartilly/D_couvrir--140.html HTTP/1.1" 200 14396 "" "Mozilla/5.0 (compatible; Googlebot/2.1; +http://www.google.com/bot.html)"
66.249.66.52 - - [21/Sep/2006:15:05:31 +0000] "GET /Porte_de_la_Baie/Communes/Champcey/Vie_Pratique--89.html HTTP/1.1" 200 9737 "" "Mozilla/5.0 (compatible; Googlebot/2.1; +http://www.google.com/bot.html)"
66.249.66.52 - - [21/Sep/2006:15:14:49 +0000] "GET /Porte_de_la_Baie/Communes/Bacilly/Actualit_s--174.html HTTP/1.1" 200 9614 "" "Mozilla/5.0 (compatible; Googlebot/2.1; +http://www.google.com/bot.html)"
66.249.66.52 - - [21/Sep/2006:15:33:38 +0000] "GET /Porte_de_la_Baie/Communes/Dragey-Ronthon/Calendrier--99.html HTTP/1.1" 200 10794 "" "Mozilla/5.0 (compatible; Googlebot/2.1; +http://www.google.com/bot.html)"
194.214.217.17 - - [21/Sep/2006:15:43:54 +0000] "GET /Sartilly/Loisirs--136.html HTTP/1.1" 200 12596 "http://www.google.fr/search?hl=fr&q=Pharmacie+H%C3%B4pital+de+Granville&meta=" "Mozilla/4.0 (compatible; MSIE 6.0; Windows NT 5.1; SV1)"
66.249.66.52 - - [21/Sep/2006:15:44:39 +0000] "GET /Porte_de_la_Baie/Communes/Dragey-Ronthon/Calendrier--99.html HTTP/1.1" 200 10783 "" "Mozilla/5.0 (compatible; Googlebot/2.1; +http://www.google.com/bot.html)"
66.249.66.52 - - [21/Sep/2006:16:02:33 +0000] "GET /Porte_de_la_Baie/Communes/Bacilly/Actualit_s--174.html HTTP/1.1" 200 9614 "" "Mozilla/5.0 (compatible; Googlebot/2.1; +http://www.google.com/bot.html)"
66.249.66.52 - - [21/Sep/2006:16:11:16 +0000] "GET /Porte_de_la_Baie/Communes/Bacilly/Actualit_s--174.html HTTP/1.1" 200 9614 "" "Mozilla/5.0 (compatible; Googlebot/2.1; +http://www.google.com/bot.html)"
86.213.62.44 - - [21/Sep/2006:16:17:51 +0000] "GET /Porte_de_la_Baie/Communes/Bacilly--64.html HTTP/1.1" 200 16830 "" "Mozilla/4.0 (compatible; MSIE 6.0; Windows NT 5.1)"
66.249.66.52 - - [21/Sep/2006:16:20:07 +0000] "GET /Porte_de_la_Baie/Communes/Bacilly/Actualit_s--174.html HTTP/1.1" 200 9614 "" "Mozilla/5.0 (compatible; Googlebot/2.1; +http://www.google.com/bot.html)"
66.249.66.52 - - [21/Sep/2006:16:28:19 +0000] "GET /Porte_de_la_Baie/Communes/Dragey-Ronthon/Calendrier--99.html HTTP/1.1" 200 10831 "" "Mozilla/5.0 (compatible; Googlebot/2.1; +http://www.google.com/bot.html)"
66.249.66.52 - - [21/Sep/2006:16:28:20 +0000] "GET /Porte_de_la_Baie/Communes/Dragey-Ronthon/Calendrier--99.html HTTP/1.1" 200 10814 "" "Mozilla/5.0 (compatible; Googlebot/2.1; +http://www.google.com/bot.html)"
66.249.66.52 - - [21/Sep/2006:17:02:27 +0000] "GET /Porte_de_la_Baie/Communes/Dragey-Ronthon/Calendrier--99.html HTTP/1.1" 200 10778 "" "Mozilla/5.0 (compatible; Googlebot/2.1; +http://www.google.com/bot.html)"
72.30.110.144 - - [21/Sep/2006:17:06:22 +0000] "GET /Porte_de_la_Baie/Communes/Champeaux/Tourisme--97.html HTTP/1.1" 200 9745 "" "Mozilla/5.0 (compatible; Yahoo! Slurp; http://help.yahoo.com/help/us/ysearch/slurp)"
66.249.66.52 - - [21/Sep/2006:17:34:45 +0000] "GET /Sartilly/D_couvrir--140.html HTTP/1.1" 200 14396 "" "Mozilla/5.0 (compatible; Googlebot/2.1; +http://www.google.com/bot.html)"
72.30.226.234 - - [21/Sep/2006:17:34:52 +0000] "GET /Porte_de_la_Baie/Communes/Champeaux/H_bergement--96.html HTTP/1.1" 200 28110 "" "Mozilla/5.0 (compatible; Yahoo! Slurp; http://help.yahoo.com/help/us/ysearch/slurp)"
74.6.74.153 - - [21/Sep/2006:17:43:20 +0000] "GET /Porte_de_la_Baie/Communes/Champeaux/Calendrier--93.html HTTP/1.1" 200 17854 "" "Mozilla/5.0 (compatible; Yahoo! Slurp; http://help.yahoo.com/help/us/ysearch/slurp)"
72.30.226.218 - - [21/Sep/2006:17:48:59 +0000] "GET /Porte_de_la_Baie/Communes/Champeaux/Calendrier--93.html HTTP/1.1" 200 10714 "" "Mozilla/5.0 (compatible; Yahoo! Slurp; http://help.yahoo.com/help/us/ysearch/slurp)"
66.249.66.52 - - [21/Sep/2006:17:58:25 +0000] "GET /Porte_de_la_Baie/Communes/Dragey-Ronthon/Calendrier--99.html HTTP/1.1" 200 10786 "" "Mozilla/5.0 (compatible; Googlebot/2.1; +http://www.google.com/bot.html)"
66.249.66.52 - - [21/Sep/2006:18:21:25 +0000] "GET /Porte_de_la_Baie/Communes/Lolif/Calendrier--111.html HTTP/1.1" 200 13387 "" "Mozilla/5.0 (compatible; Googlebot/2.1; +http://www.google.com/bot.html)"
86.192.191.43 - - [21/Sep/2006:18:25:44 +0000] "GET /Porte_de_la_Baie/Communes/Champeaux/Vie_Pratique--95.html HTTP/1.1" 200 9757 "http://www.portedelabaie.com/fr/communes/champeaux/hebergement.html" "Mozilla/5.0 (X11; U; Linux i686; fr; rv:1.8.0.7) Gecko/20060909 Firefox/1.5.0.7"
86.192.191.43 - - [21/Sep/2006:18:25:45 +0000] "GET /Porte_de_la_Baie/Communes/Champeaux/Loisirs--94.html HTTP/1.1" 200 9742 "http://www.portedelabaie.com/fr/communes/champeaux/vie-pratique.html" "Mozilla/5.0 (X11; U; Linux i686; fr; rv:1.8.0.7) Gecko/20060909 Firefox/1.5.0.7"
86.192.191.43 - - [21/Sep/2006:18:25:48 +0000] "GET /Porte_de_la_Baie/Communes/Champeaux/Calendrier--93.html HTTP/1.1" 200 17854 "http://www.portedelabaie.com/fr/communes/champeaux/loisirs.html" "Mozilla/5.0 (X11; U; Linux i686; fr; rv:1.8.0.7) Gecko/20060909 Firefox/1.5.0.7"
208.66.194.163 - - [21/Sep/2006:18:55:15 +0000] "GET /Porte_de_la_Baie/Communes/Saint-Jean_le_Thomas--68.html HTTP/1.1" 200 19663 "" "Mozilla/4.0 (compatible; MSIE 6.0; Windows NT 5.1; .NET CLR 1.0.3705; .NET CLR 1.1.4322)"
66.249.66.52 - - [21/Sep/2006:19:07:57 +0000] "GET /Porte_de_la_Baie/Communes/Champeaux/Calendrier--93.html HTTP/1.1" 200 17854 "" "Mozilla/5.0 (compatible; Googlebot/2.1; +http://www.google.com/bot.html)"
86.192.204.43 - - [21/Sep/2006:19:19:11 +0000] "GET /Sartilly--66.html HTTP/1.1" 200 18459 "http://www.google.fr/search?hl=fr&q=Sartilly&meta=" "Mozilla/4.0 (compatible; MSIE 6.0; Windows NT 5.1; SV1; InfoPath.1)"
86.192.204.43 - - [21/Sep/2006:19:20:54 +0000] "GET /Sartilly/Calendrier--135.html HTTP/1.1" 200 17270 "http://www.ville-sartilly.com/" "Mozilla/4.0 (compatible; MSIE 6.0; Windows NT 5.1; SV1; InfoPath.1)"
86.192.204.43 - - [21/Sep/2006:19:21:54 +0000] "GET /Sartilly/Calendrier--135.html HTTP/1.1" 200 12986 "http://www.ville-sartilly.com/fr/calendrier.html" "Mozilla/4.0 (compatible; MSIE 6.0; Windows NT 5.1; SV1; InfoPath.1)"
86.192.204.43 - - [21/Sep/2006:19:22:24 +0000] "GET /Porte_de_la_Baie/Communes/Saint-Jean_le_Thomas--68.html HTTP/1.1" 200 19663 "http://www.ville-sartilly.com/fr/calendrier.html?tx_julleevents_pi1%5Bpointer%5D=1&tx_julleevents_pi1%5Bmode%5D=1&cHash=24a430588f" "Mozilla/4.0 (compatible; MSIE 6.0; Windows NT 5.1; SV1; InfoPath.1)"
86.205.155.5 - - [21/Sep/2006:19:42:48 +0000] "GET /Sartilly--66.html HTTP/1.1" 200 18459 "http://www.google.fr/search?hs=Sqm&hl=fr&client=firefox-a&rls=org.mozilla%3Afr%3Aofficial_s&q=sartilly&btnG=Rechercher&meta=" "Mozilla/5.0 (Windows; U; Windows NT 5.1; fr; rv:1.8.0.7) Gecko/20060909 Firefox/1.5.0.7"
86.205.155.5 - - [21/Sep/2006:19:42:50 +0000] "GET /Sartilly--66.html HTTP/1.1" 200 18459 "" "Mozilla/5.0 (Windows; U; Windows NT 5.1; fr; rv:1.8.0.7) Gecko/20060909 Firefox/1.5.0.7"
84.7.165.97 - - [21/Sep/2006:20:07:12 +0000] "GET /Porte_de_la_Baie/Communes/Saint-Jean_le_Thomas--68.html HTTP/1.1" 200 19663 "http://www.google.fr/search?hl=fr&ie=UTF-8&sa=X&oi=spell&resnum=0&ct=result&cd=1&q=banc+d%27hermelles&spell=1" "Mozilla/4.0 (compatible; MSIE 5.01; Windows NT 5.0)"
84.7.165.97 - - [21/Sep/2006:20:07:43 +0000] "GET /Porte_de_la_Baie/Communes/Saint-Jean_le_Thomas--68.html HTTP/1.1" 200 19663 "http://images.google.fr/imgres?imgurl=http://www.portedelabaie.com/typo3temp/pics/07b722818f.jpg&imgrefurl=http://www.portedelabaie.com/index.php%3Fid%3D68&h=130&w=200&sz=8&hl=fr&start=2&tbnid=WnA7ehN4_q6P3M:&tbnh=68&tbnw=104&prev=/images%3Fq%3Dbanc%2Bd%2527hermelles%26svnum%3D10%26hl%3Dfr%26lr%3D%26ie%3DUTF-8%26sa%3DN" "Mozilla/4.0 (compatible; MSIE 5.01; Windows NT 5.0)"
66.249.66.52 - - [21/Sep/2006:20:38:34 +0000] "GET /Porte_de_la_Baie/Communes/Saint-Jean_le_Thomas/Calendrier--123.html HTTP/1.1" 200 10956 "" "Mozilla/5.0 (compatible; Googlebot/2.1; +http://www.google.com/bot.html)"
213.103.85.128 - - [21/Sep/2006:21:13:09 +0000] "GET /Porte_de_la_Baie/Communes/Gen_ts/Tourisme--109.html HTTP/1.1" 200 9685 "http://www.portedelabaie.com/fr/communes/genets.html" "Mozilla/4.0 (compatible; MSIE 6.0; Windows NT 5.1; SV1; .NET CLR 1.1.4322)"
213.103.85.128 - - [21/Sep/2006:21:13:16 +0000] "GET /Porte_de_la_Baie/Communes/Gen_ts/Loisirs--106.html HTTP/1.1" 200 9682 "http://www.portedelabaie.com/fr/communes/genets/tourisme.html" "Mozilla/4.0 (compatible; MSIE 6.0; Windows NT 5.1; SV1; .NET CLR 1.1.4322)"
213.103.85.128 - - [21/Sep/2006:21:13:22 +0000] "GET /Porte_de_la_Baie/Communes/Gen_ts/Loisirs--106.html HTTP/1.1" 200 9682 "http://www.portedelabaie.com/fr/communes/genets/loisirs.html" "Mozilla/4.0 (compatible; MSIE 6.0; Windows NT 5.1; SV1; .NET CLR 1.1.4322)"
213.103.85.128 - - [21/Sep/2006:21:13:23 +0000] "GET /Porte_de_la_Baie/Communes/Gen_ts/Vie_Pratique--107.html HTTP/1.1" 200 9697 "http://www.portedelabaie.com/fr/communes/genets/loisirs.html" "Mozilla/4.0 (compatible; MSIE 6.0; Windows NT 5.1; SV1; .NET CLR 1.1.4322)"
213.103.85.128 - - [21/Sep/2006:21:13:25 +0000] "GET /Porte_de_la_Baie/Communes/Gen_ts/Tourisme--109.html HTTP/1.1" 200 9685 "http://www.portedelabaie.com/fr/communes/genets/vie-pratique.html" "Mozilla/4.0 (compatible; MSIE 6.0; Windows NT 5.1; SV1; .NET CLR 1.1.4322)"
213.103.85.128 - - [21/Sep/2006:21:13:26 +0000] "GET /Porte_de_la_Baie/Communes/Gen_ts/D_couvrir--110.html HTTP/1.1" 200 9688 "http://www.portedelabaie.com/fr/communes/genets/tourisme.html" "Mozilla/4.0 (compatible; MSIE 6.0; Windows NT 5.1; SV1; .NET CLR 1.1.4322)"
213.103.85.128 - - [21/Sep/2006:21:13:28 +0000] "GET /Porte_de_la_Baie/Communes/Gen_ts/D_couvrir--110.html HTTP/1.1" 200 9688 "http://www.portedelabaie.com/fr/communes/genets/decouvrir.html" "Mozilla/4.0 (compatible; MSIE 6.0; Windows NT 5.1; SV1; .NET CLR 1.1.4322)"
81.242.243.32 - - [21/Sep/2006:21:15:33 +0000] "GET /Porte_de_la_Baie/Communes/Saint-Jean_le_Thomas--68.html HTTP/1.1" 200 19663 "http://www.portedelabaie.com/fr/communes/carolles.html" "Mozilla/4.0 (compatible; MSIE 6.0; Windows NT 5.1; SV1; .NET CLR 1.1.4322)"
72.30.129.28 - - [21/Sep/2006:21:35:42 +0000] "GET /Sartilly--66.html HTTP/1.1" 200 18459 "" "Mozilla/5.0 (compatible; Yahoo! Slurp; http://help.yahoo.com/help/us/ysearch/slurp)"
