72.30.128.224 - - [21/Sep/2006:21:35:42 +0000] "GET /Sartilly--66.html HTTP/1.1" 200 18459 "" "Mozilla/5.0 (compatible; Yahoo! Slurp; http://help.yahoo.com/help/us/ysearch/slurp)"
66.249.66.52 - - [21/Sep/2006:21:43:14 +0000] "GET /Porte_de_la_Baie/Communes/Saint-Jean_le_Thomas/Calendrier--123.html HTTP/1.1" 200 10899 "" "Mozilla/5.0 (compatible; Googlebot/2.1; +http://www.google.com/bot.html)"
72.30.132.218 - - [21/Sep/2006:21:43:21 +0000] "GET /Sartilly--66.html HTTP/1.1" 200 18459 "" "Mozilla/5.0 (compatible; Yahoo! Slurp; http://help.yahoo.com/help/us/ysearch/slurp)"
66.249.66.52 - - [21/Sep/2006:22:10:11 +0000] "GET /Sartilly--66.html HTTP/1.1" 200 18459 "" "Mozilla/5.0 (compatible; Googlebot/2.1; +http://www.google.com/bot.html)"
207.46.98.65 - - [21/Sep/2006:23:01:52 +0000] "GET /Sartilly--66.html HTTP/1.1" 200 18459 "" "msnbot/1.0 (+http://search.msn.com/msnbot.htm)"
207.46.98.66 - - [22/Sep/2006:01:46:54 +0000] "GET /Sartilly--66.html HTTP/1.1" 200 18459 "" "msnbot/1.0 (+http://search.msn.com/msnbot.htm)"
207.46.98.74 - - [22/Sep/2006:02:23:43 +0000] "GET /Sartilly/H_bergement--138.html HTTP/1.1" 200 26563 "" "msnbot/1.0 (+http://search.msn.com/msnbot.htm)"
207.46.98.74 - - [22/Sep/2006:02:50:43 +0000] "GET /Sartilly/Vie_Pratique--137.html HTTP/1.1" 200 16141 "" "msnbot/1.0 (+http://search.msn.com/msnbot.htm)"
207.46.98.67 - - [22/Sep/2006:04:08:26 +0000] "GET /Sartilly--66.html HTTP/1.1" 200 18459 "" "msnbot/1.0 (+http://search.msn.com/msnbot.htm)"
72.30.216.13 - - [22/Sep/2006:04:49:10 +0000] "GET /Porte_de_la_Baie/Communes/Dragey-Ronthon/Calendrier--99.html HTTP/1.1" 200 17977 "" "Mozilla/5.0 (compatible; Yahoo! Slurp; http://help.yahoo.com/help/us/ysearch/slurp)"
66.249.66.52 - - [22/Sep/2006:04:55:57 +0000] "GET /Porte_de_la_Baie/Communes/Saint-Jean_le_Thomas/Calendrier--123.html HTTP/1.1" 200 10896 "" "Mozilla/5.0 (compatible; Googlebot/2.1; +http://www.google.com/bot.html)"
207.46.98.66 - - [22/Sep/2006:05:11:37 +0000] "GET /Sartilly--66.html HTTP/1.1" 200 18459 "" "msnbot/1.0 (+http://search.msn.com/msnbot.htm)"
207.46.98.66 - - [22/Sep/2006:05:11:38 +0000] "GET /Sartilly/Vie_Pratique--137.html HTTP/1.1" 200 16141 "" "msnbot/1.0 (+http://search.msn.com/msnbot.htm)"
86.210.20.13 - - [22/Sep/2006:07:59:42 +0000] "GET /Porte_de_la_Baie/Communes/Saint-Jean_le_Thomas--68.html HTTP/1.1" 200 19663 "http://www.google.fr/search?q=eglise+st+jean+le+thomas&btnG=Rechercher&hl=fr&newwindow=1&safe=off" "Mozilla/4.0 (compatible; MSIE 6.0; Windows NT 5.1; SV1)"
86.210.20.13 - - [22/Sep/2006:07:59:58 +0000] "GET /Porte_de_la_Baie/Communes/Saint-Jean_le_Thomas--68.html HTTP/1.1" 200 19663 "http://www.google.fr/search?q=eglise+st+jean+le+thomas&btnG=Rechercher&hl=fr&newwindow=1&safe=off" "Mozilla/4.0 (compatible; MSIE 6.0; Windows NT 5.1; SV1)"
86.210.20.13 - - [22/Sep/2006:08:01:24 +0000] "GET /Porte_de_la_Baie/Communes/Saint-Jean_le_Thomas/D_couvrir--128.html HTTP/1.1" 200 13713 "http://www.portedelabaie.com/fr/communes/saint-jean-le-thomas.html" "Mozilla/4.0 (compatible; MSIE 6.0; Windows NT 5.1; SV1)"
86.210.20.13 - - [22/Sep/2006:08:01:30 +0000] "GET /Porte_de_la_Baie/Communes/Saint-Jean_le_Thomas/D_couvrir--128.html HTTP/1.1" 200 13713 "http://www.portedelabaie.com/fr/communes/saint-jean-le-thomas/decouvrir.html" "Mozilla/4.0 (compatible; MSIE 6.0; Windows NT 5.1; SV1)"
86.210.20.13 - - [22/Sep/2006:08:01:41 +0000] "GET /Porte_de_la_Baie/Communes/Saint-Jean_le_Thomas--68.html HTTP/1.1" 200 19663 "http://www.portedelabaie.com/fr/communes/saint-jean-le-thomas/decouvrir.html" "Mozilla/4.0 (compatible; MSIE 6.0; Windows NT 5.1; SV1)"
86.210.20.13 - - [22/Sep/2006:08:01:47 +0000] "GET /Porte_de_la_Baie/Communes/Saint-Jean_le_Thomas/D_couvrir--128.html HTTP/1.1" 200 13713 "http://www.portedelabaie.com/fr/communes/saint-jean-le-thomas.html" "Mozilla/4.0 (compatible; MSIE 6.0; Windows NT 5.1; SV1)"
86.210.20.13 - - [22/Sep/2006:08:01:54 +0000] "GET /Porte_de_la_Baie/Communes/Saint-Jean_le_Thomas/Vie_Pratique--125.html HTTP/1.1" 200 9979 "http://www.portedelabaie.com/fr/communes/saint-jean-le-thomas/decouvrir.html" "Mozilla/4.0 (compatible; MSIE 6.0; Windows NT 5.1; SV1)"
86.210.20.13 - - [22/Sep/2006:08:01:57 +0000] "GET /Porte_de_la_Baie/Communes/Saint-Jean_le_Thomas/Vie_Pratique--125.html HTTP/1.1" 200 9979 "http://www.portedelabaie.com/fr/communes/saint-jean-le-thomas/vie-pratique.html" "Mozilla/4.0 (compatible; MSIE 6.0; Windows NT 5.1; SV1)"
86.210.20.13 - - [22/Sep/2006:08:01:58 +0000] "GET /Porte_de_la_Baie/Communes/Saint-Jean_le_Thomas/Vie_Pratique--125.html HTTP/1.1" 200 9979 "http://www.portedelabaie.com/fr/communes/saint-jean-le-thomas/vie-pratique.html" "Mozilla/4.0 (compatible; MSIE 6.0; Windows NT 5.1; SV1)"
86.210.20.13 - - [22/Sep/2006:08:02:09 +0000] "GET /Porte_de_la_Baie/Communes/Saint-Jean_le_Thomas/D_couvrir--128.html HTTP/1.1" 200 13713 "http://www.portedelabaie.com/fr/communes/saint-jean-le-thomas/vie-pratique.html" "Mozilla/4.0 (compatible; MSIE 6.0; Windows NT 5.1; SV1)"
86.210.20.13 - - [22/Sep/2006:08:02:33 +0000] "GET /Porte_de_la_Baie/Communes/Saint-Jean_le_Thomas/Loisirs--124.html HTTP/1.1" 200 9964 "http://www.portedelabaie.com/fr/communes/saint-jean-le-thomas/decouvrir.html" "Mozilla/4.0 (compatible; MSIE 6.0; Windows NT 5.1; SV1)"
86.210.20.13 - - [22/Sep/2006:08:02:46 +0000] "GET /Porte_de_la_Baie/Communes/Saint-Jean_le_Thomas/Loisirs--124.html HTTP/1.1" 200 9964 "http://www.portedelabaie.com/fr/communes/saint-jean-le-thomas/loisirs.html" "Mozilla/4.0 (compatible; MSIE 6.0; Windows NT 5.1; SV1)"
86.210.20.13 - - [22/Sep/2006:08:02:54 +0000] "GET /Porte_de_la_Baie/Communes/Saint-Jean_le_Thomas/Loisirs--124.html HTTP/1.1" 200 9964 "http://www.portedelabaie.com/fr/communes/saint-jean-le-thomas/loisirs.html" "Mozilla/4.0 (compatible; MSIE 6.0; Windows NT 5.1; SV1)"
86.210.20.13 - - [22/Sep/2006:08:03:00 +0000] "GET /Porte_de_la_Baie/Communes/Saint-Jean_le_Thomas/Tourisme--127.html HTTP/1.1" 200 9967 "http://www.portedelabaie.com/fr/communes/saint-jean-le-thomas/loisirs.html" "Mozilla/4.0 (compatible; MSIE 6.0; Windows NT 5.1; SV1)"
213.251.136.94 - - [22/Sep/2006:08:24:03 +0000] "GET /Porte_de_la_Baie/Communes/Saint-Jean_le_Thomas--68.html HTTP/1.1" 200 19663 "" "Deepindex V2"
207.46.98.65 - - [22/Sep/2006:08:34:00 +0000] "GET /Sartilly--66.html HTTP/1.1" 200 18459 "" "msnbot/1.0 (+http://search.msn.com/msnbot.htm)"
81.80.71.131 - - [22/Sep/2006:08:46:55 +0000] "GET /Sartilly/H_bergement--138.html HTTP/1.1" 200 26563 "" "Mozilla/4.0 (compatible; MSIE 6.0; Windows NT 5.1; SV1; InfoPath.1)"
81.80.71.131 - - [22/Sep/2006:08:47:11 +0000] "GET /Sartilly/H_bergement--138.html HTTP/1.1" 200 31986 "" "Mozilla/4.0 (compatible; MSIE 6.0; Windows NT 5.1; SV1; InfoPath.1)"
81.80.71.131 - - [22/Sep/2006:08:47:12 +0000] "GET /Sartilly/H_bergement--138.html HTTP/1.1" 200 31986 "" "Mozilla/4.0 (compatible; MSIE 6.0; Windows NT 5.1; SV1; InfoPath.1)"
81.80.71.131 - - [22/Sep/2006:08:47:32 +0000] "GET /Sartilly/H_bergement--138.html HTTP/1.1" 200 25531 "" "Mozilla/4.0 (compatible; MSIE 6.0; Windows NT 5.1; SV1; InfoPath.1)"
66.249.66.52 - - [22/Sep/2006:09:16:35 +0000] "GET /Porte_de_la_Baie/Communes/Saint-Jean_le_Thomas/H_bergement--126.html HTTP/1.1" 200 29048 "" "Mozilla/5.0 (compatible; Googlebot/2.1; +http://www.google.com/bot.html)"
66.249.66.52 - - [22/Sep/2006:10:03:55 +0000] "GET /Porte_de_la_Baie/Communes/Saint-Jean_le_Thomas/H_bergement--126.html HTTP/1.1" 200 29048 "" "Mozilla/5.0 (compatible; Googlebot/2.1; +http://www.google.com/bot.html)"
64.233.182.136 - - [22/Sep/2006:11:32:18 +0000] "GET /Sartilly--66.html HTTP/1.1" 200 18459 "http://66.249.93.104/translate_c?hl=en&sl=fr&u=http://www.portedelabaie.com/&prev=/search%3Fq%3Dsartilly%26hl%3Den%26lr%3D%26safe%3Doff%26sa%3DG" "Mozilla/4.0 (compatible; MSIE 6.0; Windows NT 5.1; SV1; .NET CLR 1.1.4322),gzip(gfe) (via translate.google.com)"
64.233.182.136 - - [22/Sep/2006:11:33:15 +0000] "GET /Sartilly/Actualit_s--185.html HTTP/1.1" 200 10475 "http://66.249.93.104/translate_c?hl=en&u=http://www.ville-sartilly.com/&prev=/search%3Fq%3Dsartilly%26hl%3Den%26lr%3D%26safe%3Doff%26sa%3DG" "Mozilla/4.0 (compatible; MSIE 6.0; Windows NT 5.1; SV1; .NET CLR 1.1.4322),gzip(gfe) (via translate.google.com)"
64.233.182.136 - - [22/Sep/2006:11:35:55 +0000] "GET /Sartilly--66.html HTTP/1.1" 200 18459 "http://translate.google.com/translate?hl=en&sl=fr&u=http://www.ville-sartilly.com/&sa=X&oi=translate&resnum=10&ct=result&prev=/search%3Fq%3Dsartilly%26hl%3Den%26lr%3D%26safe%3Doff%26sa%3DG" "Mozilla/4.0 (compatible; MSIE 6.0; Windows NT 5.1; SV1; .NET CLR 1.1.4322),gzip(gfe) (via translate.google.com)"
207.46.98.66 - - [22/Sep/2006:11:39:15 +0000] "GET /Sartilly--66.html HTTP/1.1" 200 18459 "" "msnbot/1.0 (+http://search.msn.com/msnbot.htm)"
207.46.98.65 - - [22/Sep/2006:13:02:33 +0000] "GET /Sartilly--66.html HTTP/1.1" 200 18459 "" "msnbot/1.0 (+http://search.msn.com/msnbot.htm)"
207.46.98.67 - - [22/Sep/2006:13:19:13 +0000] "GET /Sartilly--66.html HTTP/1.1" 200 18459 "" "msnbot/1.0 (+http://search.msn.com/msnbot.htm)"
90.8.0.181 - - [22/Sep/2006:15:05:26 +0000] "GET /Sartilly--66.html HTTP/1.1" 200 18459 "http://www.google.fr/search?hl=fr&q=sartilly&meta=cr%3DcountryFR" "Mozilla/4.0 (compatible; MSIE 6.0; Windows NT 5.1; SV1; Orange 7.4 ; NaviWoo1.1)"
90.8.0.181 - - [22/Sep/2006:15:05:41 +0000] "GET /Sartilly/Vie_Pratique--137.html HTTP/1.1" 200 16153 "http://www.ville-sartilly.com/" "Mozilla/4.0 (compatible; MSIE 6.0; Windows NT 5.1; SV1; Orange 7.4 ; NaviWoo1.1)"
90.8.0.181 - - [22/Sep/2006:15:06:13 +0000] "GET /Sartilly/Loisirs--136.html HTTP/1.1" 200 12595 "http://www.ville-sartilly.com/fr/vie-pratique.html" "Mozilla/4.0 (compatible; MSIE 6.0; Windows NT 5.1; SV1; Orange 7.4 ; NaviWoo1.1)"
66.249.66.52 - - [22/Sep/2006:15:40:26 +0000] "GET /Porte_de_la_Baie/Communes/Saint-Jean_le_Thomas/H_bergement--126.html HTTP/1.1" 200 32743 "" "Mozilla/5.0 (compatible; Googlebot/2.1; +http://www.google.com/bot.html)"
65.214.44.49 - - [22/Sep/2006:15:51:36 +0000] "GET /Sartilly--66.html HTTP/1.1" 200 18459 "" "Mozilla/2.0 (compatible; Ask Jeeves/Teoma; +http://about.ask.com/en/docs/about/webmasters.shtml)"
65.214.44.49 - - [22/Sep/2006:15:51:52 +0000] "GET /Sartilly/H_bergement--138.html HTTP/1.1" 200 26563 "" "Mozilla/2.0 (compatible; Ask Jeeves/Teoma; +http://about.ask.com/en/docs/about/webmasters.shtml)"
66.249.66.52 - - [22/Sep/2006:16:01:06 +0000] "GET /Porte_de_la_Baie/Communes/Saint-Jean_le_Thomas/H_bergement--126.html HTTP/1.1" 200 32743 "" "Mozilla/5.0 (compatible; Googlebot/2.1; +http://www.google.com/bot.html)"
66.249.66.52 - - [22/Sep/2006:16:42:29 +0000] "GET /Porte_de_la_Baie/Communes/Saint-Jean_le_Thomas/H_bergement--126.html HTTP/1.1" 200 32743 "" "Mozilla/5.0 (compatible; Googlebot/2.1; +http://www.google.com/bot.html)"
66.249.66.52 - - [22/Sep/2006:17:03:08 +0000] "GET /Porte_de_la_Baie/Communes/Saint-Jean_le_Thomas/H_bergement--126.html HTTP/1.1" 200 32743 "" "Mozilla/5.0 (compatible; Googlebot/2.1; +http://www.google.com/bot.html)"
82.127.99.198 - - [22/Sep/2006:17:36:30 +0000] "GET /Sartilly--66.html HTTP/1.1" 200 18459 "http://www.google.fr/search?hl=fr&q=Communaut%C3%A9+de+communes+de+Sartilly+-+Portes+de+la+Baie&meta=" "Mozilla/4.0 (compatible; MSIE 6.0; Windows NT 5.1; SV1; .NET CLR 1.1.4322)"
207.46.98.66 - - [22/Sep/2006:17:44:54 +0000] "GET /Sartilly--66.html HTTP/1.1" 200 18459 "" "msnbot/1.0 (+http://search.msn.com/msnbot.htm)"
207.46.98.65 - - [22/Sep/2006:17:52:11 +0000] "GET /Sartilly--66.html HTTP/1.1" 200 18459 "" "msnbot/1.0 (+http://search.msn.com/msnbot.htm)"
208.66.194.169 - - [22/Sep/2006:17:53:50 +0000] "GET /Porte_de_la_Baie/Communes/Saint-Jean_le_Thomas--68.html HTTP/1.1" 200 19663 "" "Mozilla/4.0 (compatible; MSIE 6.0; Windows NT 5.1; .NET CLR 1.0.3705; .NET CLR 1.1.4322)"
207.46.98.67 - - [22/Sep/2006:17:57:08 +0000] "GET /Sartilly--66.html HTTP/1.1" 200 18459 "" "msnbot/1.0 (+http://search.msn.com/msnbot.htm)"
66.249.66.52 - - [22/Sep/2006:18:05:42 +0000] "GET /Porte_de_la_Baie/Communes/Saint-Jean_le_Thomas/H_bergement--126.html HTTP/1.1" 200 32743 "" "Mozilla/5.0 (compatible; Googlebot/2.1; +http://www.google.com/bot.html)"
66.249.66.52 - - [22/Sep/2006:18:14:40 +0000] "GET /Porte_de_la_Baie/Communes/Saint-Jean_le_Thomas/H_bergement--126.html HTTP/1.1" 200 29048 "" "Mozilla/5.0 (compatible; Googlebot/2.1; +http://www.google.com/bot.html)"
66.249.66.52 - - [22/Sep/2006:18:26:59 +0000] "GET /Porte_de_la_Baie/Communes/Saint-Jean_le_Thomas/H_bergement--126.html HTTP/1.1" 200 32743 "" "Mozilla/5.0 (compatible; Googlebot/2.1; +http://www.google.com/bot.html)"
66.249.66.52 - - [22/Sep/2006:19:09:30 +0000] "GET /Porte_de_la_Baie/Communes/Saint-Jean_le_Thomas/H_bergement--126.html HTTP/1.1" 200 32743 "" "Mozilla/5.0 (compatible; Googlebot/2.1; +http://www.google.com/bot.html)"
66.249.66.52 - - [22/Sep/2006:19:30:48 +0000] "GET /Porte_de_la_Baie/Communes/Saint-Jean_le_Thomas/H_bergement--126.html HTTP/1.1" 200 29048 "" "Mozilla/5.0 (compatible; Googlebot/2.1; +http://www.google.com/bot.html)"
208.66.194.166 - - [22/Sep/2006:19:54:58 +0000] "GET /Sartilly--66.html HTTP/1.1" 200 18479 "" "Mozilla/4.0 (compatible; MSIE 6.0; Windows NT 5.1; .NET CLR 1.0.3705; .NET CLR 1.1.4322)"
208.66.194.166 - - [22/Sep/2006:19:55:03 +0000] "GET /Sartilly--66.html HTTP/1.1" 200 18479 "" "Mozilla/4.0 (compatible; MSIE 6.0; Windows NT 5.1; .NET CLR 1.0.3705; .NET CLR 1.1.4322)"
208.66.194.166 - - [22/Sep/2006:19:55:06 +0000] "GET /Sartilly--66.html HTTP/1.1" 200 18479 "" "Mozilla/4.0 (compatible; MSIE 6.0; Windows NT 5.1; .NET CLR 1.0.3705; .NET CLR 1.1.4322)"
66.249.66.52 - - [22/Sep/2006:20:15:26 +0000] "GET /Porte_de_la_Baie/Communes/Saint-Jean_le_Thomas/H_bergement--126.html HTTP/1.1" 200 27923 "" "Mozilla/5.0 (compatible; Googlebot/2.1; +http://www.google.com/bot.html)"
66.249.66.52 - - [22/Sep/2006:20:17:18 +0000] "GET /Porte_de_la_Baie/Communes/Saint-Jean_le_Thomas/H_bergement--126.html HTTP/1.1" 200 26881 "" "Mozilla/5.0 (compatible; Googlebot/2.1; +http://www.google.com/bot.html)"
66.249.66.52 - - [22/Sep/2006:20:20:05 +0000] "GET /Porte_de_la_Baie/Communes/Saint-Jean_le_Thomas/H_bergement--126.html HTTP/1.1" 200 27895 "" "Mozilla/5.0 (compatible; Googlebot/2.1; +http://www.google.com/bot.html)"
66.249.66.52 - - [22/Sep/2006:20:22:55 +0000] "GET /Porte_de_la_Baie/Communes/Saint-Jean_le_Thomas/H_bergement--126.html HTTP/1.1" 200 26853 "" "Mozilla/5.0 (compatible; Googlebot/2.1; +http://www.google.com/bot.html)"
81.242.243.32 - - [22/Sep/2006:21:07:35 +0000] "GET /Sartilly--66.html HTTP/1.1" 200 18479 "http://www.google.be/search?sourceid=navclient&hl=fr&ie=UTF-8&rls=GGLG,GGLG:2005-42,GGLG:fr&q=sartilly" "Mozilla/4.0 (compatible; MSIE 6.0; Windows NT 5.1; SV1; .NET CLR 1.1.4322)"
81.242.243.32 - - [22/Sep/2006:21:07:40 +0000] "GET /Sartilly/H_bergement--138.html HTTP/1.1" 200 31986 "http://www.ville-sartilly.com/" "Mozilla/4.0 (compatible; MSIE 6.0; Windows NT 5.1; SV1; .NET CLR 1.1.4322)"
81.242.243.32 - - [22/Sep/2006:21:07:59 +0000] "GET /Sartilly/H_bergement--138.html HTTP/1.1" 200 31986 "http://www.ville-sartilly.com/fr/hebergement.html" "Mozilla/4.0 (compatible; MSIE 6.0; Windows NT 5.1; SV1; .NET CLR 1.1.4322)"
81.242.243.32 - - [22/Sep/2006:21:08:17 +0000] "GET /Sartilly/H_bergement--138.html HTTP/1.1" 200 25520 "http://www.ville-sartilly.com/fr/hebergement.html" "Mozilla/4.0 (compatible; MSIE 6.0; Windows NT 5.1; SV1; .NET CLR 1.1.4322)"
81.242.243.32 - - [22/Sep/2006:21:08:41 +0000] "GET /Sartilly/H_bergement--138.html HTTP/1.1" 200 31986 "http://www.ville-sartilly.com/fr/hebergement.html" "Mozilla/4.0 (compatible; MSIE 6.0; Windows NT 5.1; SV1; .NET CLR 1.1.4322)"
81.242.243.32 - - [22/Sep/2006:21:09:01 +0000] "GET /Sartilly/H_bergement--138.html HTTP/1.1" 200 26563 "http://www.ville-sartilly.com/fr/hebergement.html?tx_travelguide_pi1%5Bscat%5D=3&tx_travelguide_pi1%5Bsloc%5D=3" "Mozilla/4.0 (compatible; MSIE 6.0; Windows NT 5.1; SV1; .NET CLR 1.1.4322)"
66.249.66.52 - - [22/Sep/2006:21:24:05 +0000] "GET /Porte_de_la_Baie/Communes/Saint-Jean_le_Thomas/Calendrier--123.html HTTP/1.1" 200 13792 "" "Mozilla/5.0 (compatible; Googlebot/2.1; +http://www.google.com/bot.html)"
66.249.66.52 - - [22/Sep/2006:22:23:18 +0000] "GET /Sartilly--66.html HTTP/1.1" 200 18479 "" "Mozilla/5.0 (compatible; Googlebot/2.1; +http://www.google.com/bot.html)"
207.46.98.67 - - [22/Sep/2006:22:40:23 +0000] "GET /Sartilly--66.html HTTP/1.1" 200 18479 "" "msnbot/1.0 (+http://search.msn.com/msnbot.htm)"
207.46.98.66 - - [22/Sep/2006:23:17:36 +0000] "GET /Sartilly--66.html HTTP/1.1" 200 18479 "" "msnbot/1.0 (+http://search.msn.com/msnbot.htm)"
66.249.66.52 - - [22/Sep/2006:23:59:34 +0000] "GET /Porte_de_la_Baie/Communes/Saint-Jean_le_Thomas/H_bergement--126.html HTTP/1.1" 200 29048 "" "Mozilla/5.0 (compatible; Googlebot/2.1; +http://www.google.com/bot.html)"
66.249.66.52 - - [23/Sep/2006:00:13:21 +0000] "GET /Porte_de_la_Baie/Communes/Saint-Jean_le_Thomas/H_bergement--126.html HTTP/1.1" 200 27241 "" "Mozilla/5.0 (compatible; Googlebot/2.1; +http://www.google.com/bot.html)"
66.249.66.52 - - [23/Sep/2006:00:18:51 +0000] "GET /Porte_de_la_Baie/Communes/Saint-Jean_le_Thomas/H_bergement--126.html HTTP/1.1" 200 29048 "" "Mozilla/5.0 (compatible; Googlebot/2.1; +http://www.google.com/bot.html)"
66.249.66.52 - - [23/Sep/2006:00:24:22 +0000] "GET /Porte_de_la_Baie/Communes/Saint-Jean_le_Thomas/H_bergement--126.html HTTP/1.1" 200 29048 "" "Mozilla/5.0 (compatible; Googlebot/2.1; +http://www.google.com/bot.html)"
66.249.66.52 - - [23/Sep/2006:00:27:07 +0000] "GET /Porte_de_la_Baie/Communes/Saint-Jean_le_Thomas/H_bergement--126.html HTTP/1.1" 200 28066 "" "Mozilla/5.0 (compatible; Googlebot/2.1; +http://www.google.com/bot.html)"
66.249.66.52 - - [23/Sep/2006:00:30:32 +0000] "GET /Porte_de_la_Baie/Communes/Saint-Jean_le_Thomas/H_bergement--126.html HTTP/1.1" 200 29048 "" "Mozilla/5.0 (compatible; Googlebot/2.1; +http://www.google.com/bot.html)"
66.249.66.52 - - [23/Sep/2006:01:02:52 +0000] "GET /Porte_de_la_Baie/Communes/Saint-Jean_le_Thomas/H_bergement--126.html HTTP/1.1" 200 29048 "" "Mozilla/5.0 (compatible; Googlebot/2.1; +http://www.google.com/bot.html)"
66.249.66.52 - - [23/Sep/2006:01:17:06 +0000] "GET /Porte_de_la_Baie/Communes/Saint-Jean_le_Thomas/H_bergement--126.html HTTP/1.1" 200 28283 "" "Mozilla/5.0 (compatible; Googlebot/2.1; +http://www.google.com/bot.html)"
66.249.66.52 - - [23/Sep/2006:02:10:58 +0000] "GET /Porte_de_la_Baie/Communes/Saint-Jean_le_Thomas/H_bergement--126.html HTTP/1.1" 200 27912 "" "Mozilla/5.0 (compatible; Googlebot/2.1; +http://www.google.com/bot.html)"
66.249.66.52 - - [23/Sep/2006:02:17:58 +0000] "GET /Porte_de_la_Baie/Communes/Saint-Jean_le_Thomas/H_bergement--126.html HTTP/1.1" 200 28208 "" "Mozilla/5.0 (compatible; Googlebot/2.1; +http://www.google.com/bot.html)"
66.249.66.52 - - [23/Sep/2006:02:31:25 +0000] "GET /Porte_de_la_Baie/Communes/Saint-Jean_le_Thomas/H_bergement--126.html HTTP/1.1" 200 27024 "" "Mozilla/5.0 (compatible; Googlebot/2.1; +http://www.google.com/bot.html)"
66.249.66.52 - - [23/Sep/2006:03:12:17 +0000] "GET /Porte_de_la_Baie/Communes/Saint-Jean_le_Thomas/H_bergement--126.html HTTP/1.1" 200 26868 "" "Mozilla/5.0 (compatible; Googlebot/2.1; +http://www.google.com/bot.html)"
66.249.66.52 - - [23/Sep/2006:03:45:37 +0000] "GET /Porte_de_la_Baie/Communes/Saint-Jean_le_Thomas/H_bergement--126.html HTTP/1.1" 200 27910 "" "Mozilla/5.0 (compatible; Googlebot/2.1; +http://www.google.com/bot.html)"
66.249.66.52 - - [23/Sep/2006:03:53:33 +0000] "GET /Porte_de_la_Baie/Communes/Saint-Jean_le_Thomas/H_bergement--126.html HTTP/1.1" 200 27166 "" "Mozilla/5.0 (compatible; Googlebot/2.1; +http://www.google.com/bot.html)"
66.249.66.52 - - [23/Sep/2006:04:22:52 +0000] "GET /Porte_de_la_Baie/Communes/Saint-Jean_le_Thomas/H_bergement--126.html HTTP/1.1" 200 26870 "" "Mozilla/5.0 (compatible; Googlebot/2.1; +http://www.google.com/bot.html)"
207.46.98.65 - - [23/Sep/2006:05:55:36 +0000] "GET /Sartilly--66.html HTTP/1.1" 200 18479 "" "msnbot/1.0 (+http://search.msn.com/msnbot.htm)"
207.46.98.65 - - [23/Sep/2006:05:55:38 +0000] "GET /Sartilly--66.html HTTP/1.1" 200 18479 "" "msnbot/1.0 (+http://search.msn.com/msnbot.htm)"
65.214.44.49 - - [23/Sep/2006:07:00:04 +0000] "GET /Sartilly--66.html HTTP/1.1" 200 18479 "" "Mozilla/2.0 (compatible; Ask Jeeves/Teoma; +http://about.ask.com/en/docs/about/webmasters.shtml)"
207.46.98.65 - - [23/Sep/2006:08:10:17 +0000] "GET /Sartilly--66.html HTTP/1.1" 200 18479 "" "msnbot/1.0 (+http://search.msn.com/msnbot.htm)"
207.46.98.65 - - [23/Sep/2006:09:31:24 +0000] "GET /Sartilly--66.html HTTP/1.1" 200 18479 "" "msnbot/1.0 (+http://search.msn.com/msnbot.htm)"
207.46.98.65 - - [23/Sep/2006:09:33:46 +0000] "GET /Sartilly--66.html HTTP/1.1" 200 18479 "" "msnbot/1.0 (+http://search.msn.com/msnbot.htm)"
207.46.98.67 - - [23/Sep/2006:09:39:48 +0000] "GET /Sartilly--66.html HTTP/1.1" 200 18479 "" "msnbot/1.0 (+http://search.msn.com/msnbot.htm)"
64.140.49.66 - - [23/Sep/2006:10:41:16 +0000] "GET /Porte_de_la_Baie/Communes/Saint-Jean_le_Thomas/Vie_Pratique--125.html HTTP/1.1" 200 9979 "" "TurnitinBot/2.1 (http://www.turnitin.com/robot/crawlerinfo.html)"
64.140.49.66 - - [23/Sep/2006:10:41:56 +0000] "GET /Porte_de_la_Baie/Communes/Saint-Jean_le_Thomas/H_bergement--126.html HTTP/1.1" 200 29116 "" "TurnitinBot/2.1 (http://www.turnitin.com/robot/crawlerinfo.html)"
64.140.49.66 - - [23/Sep/2006:10:42:29 +0000] "GET /Porte_de_la_Baie/Communes/Saint-Jean_le_Thomas/Tourisme--127.html HTTP/1.1" 200 9967 "" "TurnitinBot/2.1 (http://www.turnitin.com/robot/crawlerinfo.html)"
64.140.49.66 - - [23/Sep/2006:10:43:50 +0000] "GET /Porte_de_la_Baie/Communes/Saint-Jean_le_Thomas/D_couvrir--128.html HTTP/1.1" 200 13697 "" "TurnitinBot/2.1 (http://www.turnitin.com/robot/crawlerinfo.html)"
64.140.49.66 - - [23/Sep/2006:10:54:04 +0000] "GET /Porte_de_la_Baie/Communes/Saint-Jean_le_Thomas--68.html HTTP/1.1" 200 19663 "" "TurnitinBot/2.1 (http://www.turnitin.com/robot/crawlerinfo.html)"
64.140.49.66 - - [23/Sep/2006:11:30:13 +0000] "GET /Sartilly/Calendrier--135.html HTTP/1.1" 200 17268 "" "TurnitinBot/2.1 (http://www.turnitin.com/robot/crawlerinfo.html)"
64.140.49.66 - - [23/Sep/2006:11:31:03 +0000] "GET /Sartilly/Loisirs--136.html HTTP/1.1" 200 12596 "" "TurnitinBot/2.1 (http://www.turnitin.com/robot/crawlerinfo.html)"
64.140.49.66 - - [23/Sep/2006:11:31:53 +0000] "GET /Sartilly/Vie_Pratique--137.html HTTP/1.1" 200 16141 "" "TurnitinBot/2.1 (http://www.turnitin.com/robot/crawlerinfo.html)"
64.140.49.66 - - [23/Sep/2006:11:32:39 +0000] "GET /Sartilly/H_bergement--138.html HTTP/1.1" 200 26563 "" "TurnitinBot/2.1 (http://www.turnitin.com/robot/crawlerinfo.html)"
81.53.84.239 - - [23/Sep/2006:13:08:28 +0000] "GET /Porte_de_la_Baie/Communes/Saint-Jean_le_Thomas/Calendrier--123.html HTTP/1.1" 200 18176 "http://www.carnetdevol.org/calendrier/festival.htm" "Mozilla/5.0 (Windows; U; Windows NT 5.1; fr; rv:1.8.0.7) Gecko/20060909 Firefox/1.5.0.7"
207.46.98.67 - - [23/Sep/2006:14:25:38 +0000] "GET /Sartilly--66.html HTTP/1.1" 200 18479 "" "msnbot/1.0 (+http://search.msn.com/msnbot.htm)"
207.46.98.65 - - [23/Sep/2006:18:48:41 +0000] "GET /Sartilly--66.html HTTP/1.1" 200 18479 "" "msnbot/1.0 (+http://search.msn.com/msnbot.htm)"
72.30.129.28 - - [23/Sep/2006:19:05:50 +0000] "GET /Sartilly--66.html HTTP/1.1" 200 18479 "" "Mozilla/5.0 (compatible; Yahoo! Slurp; http://help.yahoo.com/help/us/ysearch/slurp)"
72.30.128.224 - - [23/Sep/2006:19:05:51 +0000] "GET /Sartilly--66.html HTTP/1.1" 200 18479 "" "Mozilla/5.0 (compatible; Yahoo! Slurp; http://help.yahoo.com/help/us/ysearch/slurp)"
65.214.44.49 - - [23/Sep/2006:21:10:41 +0000] "GET /Sartilly--66.html HTTP/1.1" 200 18479 "" "Mozilla/2.0 (compatible; Ask Jeeves/Teoma; +http://about.ask.com/en/docs/about/webmasters.shtml)"
86.71.154.172 - - [23/Sep/2006:22:08:00 +0000] "GET /Porte_de_la_Baie/Communes/Saint-Jean_le_Thomas/Calendrier--123.html HTTP/1.1" 200 18176 "" "Mozilla/4.0 (compatible; MSIE 6.0; Windows NT 5.1; SV1)"
86.71.154.172 - - [23/Sep/2006:22:09:08 +0000] "GET /Porte_de_la_Baie/Communes/Saint-Jean_le_Thomas/Calendrier--123.html HTTP/1.1" 200 13792 "http://www.portedelabaie.com/index.php?id=123" "Mozilla/4.0 (compatible; MSIE 6.0; Windows NT 5.1; SV1)"
86.71.154.172 - - [23/Sep/2006:22:09:22 +0000] "GET /Porte_de_la_Baie/Communes/Saint-Jean_le_Thomas/D_couvrir--128.html HTTP/1.1" 200 13713 "http://www.portedelabaie.com/fr/communes/saint-jean-le-thomas/calendrier.html?tx_julleevents_pi1%5Bpointer%5D=1&tx_julleevents_pi1%5Bmode%5D=1&cHash=248aa96e20" "Mozilla/4.0 (compatible; MSIE 6.0; Windows NT 5.1; SV1)"
86.71.154.172 - - [23/Sep/2006:22:09:38 +0000] "GET /Porte_de_la_Baie/Communes/Saint-Jean_le_Thomas/Tourisme--127.html HTTP/1.1" 200 9967 "http://www.portedelabaie.com/fr/communes/saint-jean-le-thomas/decouvrir.html" "Mozilla/4.0 (compatible; MSIE 6.0; Windows NT 5.1; SV1)"
86.71.154.172 - - [23/Sep/2006:22:09:47 +0000] "GET /Porte_de_la_Baie/Communes/Saint-Jean_le_Thomas/Calendrier--123.html HTTP/1.1" 200 18208 "http://www.portedelabaie.com/fr/communes/saint-jean-le-thomas/decouvrir.html" "Mozilla/4.0 (compatible; MSIE 6.0; Windows NT 5.1; SV1)"
66.249.66.52 - - [23/Sep/2006:23:09:14 +0000] "GET /Sartilly--66.html HTTP/1.1" 200 18479 "" "Mozilla/5.0 (compatible; Googlebot/2.1; +http://www.google.com/bot.html)"
207.46.98.65 - - [23/Sep/2006:23:25:22 +0000] "GET /Sartilly--66.html HTTP/1.1" 200 18479 "" "msnbot/1.0 (+http://search.msn.com/msnbot.htm)"
207.46.98.67 - - [24/Sep/2006:00:09:30 +0000] "GET /Sartilly--66.html HTTP/1.1" 200 18479 "" "msnbot/1.0 (+http://search.msn.com/msnbot.htm)"
207.46.98.65 - - [24/Sep/2006:03:59:47 +0000] "GET /Sartilly--66.html HTTP/1.1" 200 18479 "" "msnbot/1.0 (+http://search.msn.com/msnbot.htm)"
207.46.98.67 - - [24/Sep/2006:05:19:10 +0000] "GET /Sartilly--66.html HTTP/1.1" 200 18479 "" "msnbot/1.0 (+http://search.msn.com/msnbot.htm)"
207.46.98.65 - - [24/Sep/2006:08:35:58 +0000] "GET /Sartilly--66.html HTTP/1.1" 200 18479 "" "msnbot/1.0 (+http://search.msn.com/msnbot.htm)"
207.46.98.75 - - [24/Sep/2006:09:01:51 +0000] "GET /Porte_de_la_Baie/Communes/Saint-Jean_le_Thomas/Tourisme--127.html HTTP/1.1" 200 9967 "" "msnbot/1.0 (+http://search.msn.com/msnbot.htm)"
207.46.98.67 - - [24/Sep/2006:10:01:39 +0000] "GET /Sartilly--66.html HTTP/1.1" 200 18479 "" "msnbot/1.0 (+http://search.msn.com/msnbot.htm)"
207.46.98.66 - - [24/Sep/2006:13:37:41 +0000] "GET /Sartilly--66.html HTTP/1.1" 200 18479 "" "msnbot/1.0 (+http://search.msn.com/msnbot.htm)"
207.46.98.66 - - [24/Sep/2006:13:38:45 +0000] "GET /Sartilly--66.html HTTP/1.1" 200 18479 "" "msnbot/1.0 (+http://search.msn.com/msnbot.htm)"
207.46.98.67 - - [24/Sep/2006:14:40:08 +0000] "GET /Sartilly--66.html HTTP/1.1" 200 18479 "" "msnbot/1.0 (+http://search.msn.com/msnbot.htm)"
82.121.132.205 - - [24/Sep/2006:14:40:35 +0000] "GET /Sartilly/H_bergement--138.html HTTP/1.1" 200 26563 "http://www.google.fr/search?hl=fr&q=camping+sartilly&meta=" "Mozilla/4.0 (compatible; MSIE 6.0; Windows NT 5.1; SV1; Wanadoo 7.1; .NET CLR 1.1.4322)"
205.209.170.163 - - [24/Sep/2006:16:45:39 +0000] "GET /Sartilly--66.html HTTP/1.1" 200 18445 "" "MJ12bot/v1.0.8 (http://majestic12.co.uk/bot.php?+)"
207.46.98.66 - - [24/Sep/2006:19:14:15 +0000] "GET /Sartilly--66.html HTTP/1.1" 200 18445 "" "msnbot/1.0 (+http://search.msn.com/msnbot.htm)"
64.4.8.134 - - [24/Sep/2006:20:01:06 +0000] "GET /Sartilly--66.html HTTP/1.1" 200 18445 "" "msnbot/1.0 (+http://search.msn.com/msnbot.htm)"
64.4.8.134 - - [24/Sep/2006:20:01:07 +0000] "GET /Sartilly--66.html HTTP/1.1" 200 18445 "" "msnbot/1.0 (+http://search.msn.com/msnbot.htm)"
66.249.66.52 - - [24/Sep/2006:22:17:31 +0000] "GET /Sartilly/H_bergement--138.html HTTP/1.1" 200 26529 "" "Mozilla/5.0 (compatible; Googlebot/2.1; +http://www.google.com/bot.html)"
207.46.98.67 - - [24/Sep/2006:23:58:35 +0000] "GET /Sartilly--66.html HTTP/1.1" 200 18445 "" "msnbot/1.0 (+http://search.msn.com/msnbot.htm)"
66.249.66.52 - - [25/Sep/2006:00:09:31 +0000] "GET /Sartilly--66.html HTTP/1.1" 200 18445 "" "Mozilla/5.0 (compatible; Googlebot/2.1; +http://www.google.com/bot.html)"
66.249.66.52 - - [25/Sep/2006:00:09:32 +0000] "GET /Sartilly/H_bergement--138.html HTTP/1.1" 200 26529 "" "Mozilla/5.0 (compatible; Googlebot/2.1; +http://www.google.com/bot.html)"
207.46.98.66 - - [25/Sep/2006:00:33:36 +0000] "GET /Sartilly--66.html HTTP/1.1" 200 18445 "" "msnbot/1.0 (+http://search.msn.com/msnbot.htm)"
66.249.66.52 - - [25/Sep/2006:01:03:12 +0000] "GET /Sartilly/H_bergement--138.html HTTP/1.1" 200 26529 "" "Mozilla/5.0 (compatible; Googlebot/2.1; +http://www.google.com/bot.html)"
66.249.66.52 - - [25/Sep/2006:01:10:53 +0000] "GET /Sartilly/H_bergement--138.html HTTP/1.1" 200 26529 "" "Mozilla/5.0 (compatible; Googlebot/2.1; +http://www.google.com/bot.html)"
66.249.66.52 - - [25/Sep/2006:01:18:33 +0000] "GET /Sartilly/H_bergement--138.html HTTP/1.1" 200 26529 "" "Mozilla/5.0 (compatible; Googlebot/2.1; +http://www.google.com/bot.html)"
66.249.66.52 - - [25/Sep/2006:01:26:13 +0000] "GET /Sartilly/H_bergement--138.html HTTP/1.1" 200 26529 "" "Mozilla/5.0 (compatible; Googlebot/2.1; +http://www.google.com/bot.html)"
66.249.66.52 - - [25/Sep/2006:02:50:34 +0000] "GET /Porte_de_la_Baie/Communes/Saint-Jean_le_Thomas/Loisirs--124.html HTTP/1.1" 200 9930 "" "Mozilla/5.0 (compatible; Googlebot/2.1; +http://www.google.com/bot.html)"
66.249.66.52 - - [25/Sep/2006:02:58:14 +0000] "GET /Porte_de_la_Baie/Communes/Saint-Jean_le_Thomas/Vie_Pratique--125.html HTTP/1.1" 200 9945 "" "Mozilla/5.0 (compatible; Googlebot/2.1; +http://www.google.com/bot.html)"
66.249.66.52 - - [25/Sep/2006:03:05:53 +0000] "GET /Porte_de_la_Baie/Communes/Saint-Jean_le_Thomas/D_couvrir--128.html HTTP/1.1" 200 13679 "" "Mozilla/5.0 (compatible; Googlebot/2.1; +http://www.google.com/bot.html)"
66.249.66.52 - - [25/Sep/2006:03:13:36 +0000] "GET /Porte_de_la_Baie/Communes/Saint-Jean_le_Thomas/H_bergement--126.html HTTP/1.1" 200 29014 "" "Mozilla/5.0 (compatible; Googlebot/2.1; +http://www.google.com/bot.html)"
66.249.66.52 - - [25/Sep/2006:03:36:36 +0000] "GET /Porte_de_la_Baie/Communes/Saint-Jean_le_Thomas/Tourisme--127.html HTTP/1.1" 200 9933 "" "Mozilla/5.0 (compatible; Googlebot/2.1; +http://www.google.com/bot.html)"
66.249.66.52 - - [25/Sep/2006:03:51:57 +0000] "GET /Porte_de_la_Baie/Communes/Saint-Jean_le_Thomas/Actualit_s--183.html HTTP/1.1" 200 11015 "" "Mozilla/5.0 (compatible; Googlebot/2.1; +http://www.google.com/bot.html)"
66.249.66.52 - - [25/Sep/2006:03:59:38 +0000] "GET /Porte_de_la_Baie/Communes/Saint-Jean_le_Thomas/Calendrier--123.html HTTP/1.1" 200 16710 "" "Mozilla/5.0 (compatible; Googlebot/2.1; +http://www.google.com/bot.html)"
207.46.98.67 - - [25/Sep/2006:04:37:44 +0000] "GET /Sartilly--66.html HTTP/1.1" 200 18445 "" "msnbot/1.0 (+http://search.msn.com/msnbot.htm)"
207.46.98.66 - - [25/Sep/2006:05:47:30 +0000] "GET /Sartilly--66.html HTTP/1.1" 200 18445 "" "msnbot/1.0 (+http://search.msn.com/msnbot.htm)"
66.249.66.52 - - [25/Sep/2006:08:28:05 +0000] "GET /Porte_de_la_Baie/Communes/Saint-Jean_le_Thomas/Calendrier--123.html HTTP/1.1" 200 12586 "" "Mozilla/5.0 (compatible; Googlebot/2.1; +http://www.google.com/bot.html)"
83.202.163.39 - - [25/Sep/2006:08:45:11 +0000] "GET /Porte_de_la_Baie/Communes/Saint-Jean_le_Thomas--68.html HTTP/1.1" 200 19629 "http://www.montviron.com/fr/calendrier.html" "Mozilla/5.0 (X11; U; Linux i686; fr; rv:1.8.0.7) Gecko/20060909 Firefox/1.5.0.7"
83.202.163.39 - - [25/Sep/2006:08:45:54 +0000] "GET /Sartilly--66.html HTTP/1.1" 200 18425 "http://www.stpierrelangers.com/fr/calendrier.html" "Mozilla/5.0 (X11; U; Linux i686; fr; rv:1.8.0.7) Gecko/20060909 Firefox/1.5.0.7"
83.202.163.39 - - [25/Sep/2006:08:45:57 +0000] "GET /Sartilly--66.html HTTP/1.1" 200 18425 "" "Mozilla/5.0 (X11; U; Linux i686; fr; rv:1.8.0.7) Gecko/20060909 Firefox/1.5.0.7"
83.202.163.39 - - [25/Sep/2006:08:45:58 +0000] "GET /Sartilly/D_couvrir--140.html HTTP/1.1" 200 14362 "http://www.ville-sartilly.com/" "Mozilla/5.0 (X11; U; Linux i686; fr; rv:1.8.0.7) Gecko/20060909 Firefox/1.5.0.7"
83.202.163.39 - - [25/Sep/2006:08:46:03 +0000] "GET /Sartilly/Tourisme--139.html HTTP/1.1" 200 14194 "http://www.ville-sartilly.com/fr/decouvrir.html" "Mozilla/5.0 (X11; U; Linux i686; fr; rv:1.8.0.7) Gecko/20060909 Firefox/1.5.0.7"
83.202.163.39 - - [25/Sep/2006:08:46:10 +0000] "GET /Sartilly/H_bergement--138.html HTTP/1.1" 200 26529 "http://www.ville-sartilly.com/fr/tourisme.html" "Mozilla/5.0 (X11; U; Linux i686; fr; rv:1.8.0.7) Gecko/20060909 Firefox/1.5.0.7"
83.202.163.39 - - [25/Sep/2006:08:46:16 +0000] "GET /Sartilly/Vie_Pratique--137.html HTTP/1.1" 200 16119 "http://www.ville-sartilly.com/fr/hebergement.html" "Mozilla/5.0 (X11; U; Linux i686; fr; rv:1.8.0.7) Gecko/20060909 Firefox/1.5.0.7"
83.202.163.39 - - [25/Sep/2006:08:46:22 +0000] "GET /Sartilly/Loisirs--136.html HTTP/1.1" 200 12561 "http://www.ville-sartilly.com/fr/vie-pratique.html" "Mozilla/5.0 (X11; U; Linux i686; fr; rv:1.8.0.7) Gecko/20060909 Firefox/1.5.0.7"
83.202.163.39 - - [25/Sep/2006:08:46:30 +0000] "GET /Sartilly/Calendrier--135.html HTTP/1.1" 200 15772 "http://www.ville-sartilly.com/fr/loisirs.html" "Mozilla/5.0 (X11; U; Linux i686; fr; rv:1.8.0.7) Gecko/20060909 Firefox/1.5.0.7"
83.202.163.39 - - [25/Sep/2006:08:46:35 +0000] "GET /Sartilly/Calendrier--135.html HTTP/1.1" 200 10319 "http://www.ville-sartilly.com/fr/calendrier.html" "Mozilla/5.0 (X11; U; Linux i686; fr; rv:1.8.0.7) Gecko/20060909 Firefox/1.5.0.7"
83.202.163.39 - - [25/Sep/2006:08:46:44 +0000] "GET /Sartilly/Calendrier--135.html HTTP/1.1" 200 15772 "http://www.ville-sartilly.com/fr/calendrier.html?tx_julleevents_pi1%5BshowUid%5D=52&cHash=93e2fd3296" "Mozilla/5.0 (X11; U; Linux i686; fr; rv:1.8.0.7) Gecko/20060909 Firefox/1.5.0.7"
66.249.66.52 - - [25/Sep/2006:08:58:32 +0000] "GET /Porte_de_la_Baie/Communes/Saint-Jean_le_Thomas/Calendrier--123.html HTTP/1.1" 200 10882 "" "Mozilla/5.0 (compatible; Googlebot/2.1; +http://www.google.com/bot.html)"
207.46.98.67 - - [25/Sep/2006:09:17:37 +0000] "GET /Sartilly--66.html HTTP/1.1" 200 18425 "" "msnbot/1.0 (+http://search.msn.com/msnbot.htm)"
66.249.66.52 - - [25/Sep/2006:10:06:39 +0000] "GET /Porte_de_la_Baie/Communes/Saint-Jean_le_Thomas/Calendrier--123.html HTTP/1.1" 200 16762 "" "Mozilla/5.0 (compatible; Googlebot/2.1; +http://www.google.com/bot.html)"
207.46.98.66 - - [25/Sep/2006:10:16:34 +0000] "GET /Sartilly--66.html HTTP/1.1" 200 18425 "" "msnbot/1.0 (+http://search.msn.com/msnbot.htm)"
66.249.66.52 - - [25/Sep/2006:11:29:56 +0000] "GET /Porte_de_la_Baie/Communes/Saint-Jean_le_Thomas/H_bergement--126.html HTTP/1.1" 200 29014 "" "Mozilla/5.0 (compatible; Googlebot/2.1; +http://www.google.com/bot.html)"
66.249.66.52 - - [25/Sep/2006:12:15:22 +0000] "GET /Porte_de_la_Baie/Communes/Saint-Jean_le_Thomas/Actualit_s--183.html HTTP/1.1" 200 11015 "" "Mozilla/5.0 (compatible; Googlebot/2.1; +http://www.google.com/bot.html)"
83.202.163.39 - - [25/Sep/2006:13:09:10 +0000] "GET /Porte_de_la_Baie/Communes/Saint-Jean_le_Thomas--68.html HTTP/1.1" 200 19629 "http://www.montviron.com/" "Mozilla/5.0 (X11; U; Linux i686; fr; rv:1.8.0.7) Gecko/20060909 Firefox/1.5.0.7"
83.202.163.39 - - [25/Sep/2006:13:13:06 +0000] "GET /Porte_de_la_Baie/Communes/Saint-Jean_le_Thomas/D_couvrir--128.html HTTP/1.1" 200 13679 "http://www.portedelabaie.com/fr/communes/saint-jean-le-thomas.html" "Mozilla/5.0 (X11; U; Linux i686; fr; rv:1.8.0.7) Gecko/20060909 Firefox/1.5.0.7"
83.202.163.39 - - [25/Sep/2006:13:13:08 +0000] "GET /Porte_de_la_Baie/Communes/Saint-Jean_le_Thomas/Tourisme--127.html HTTP/1.1" 200 9933 "http://www.portedelabaie.com/fr/communes/saint-jean-le-thomas/decouvrir.html" "Mozilla/5.0 (X11; U; Linux i686; fr; rv:1.8.0.7) Gecko/20060909 Firefox/1.5.0.7"
83.202.163.39 - - [25/Sep/2006:13:13:11 +0000] "GET /Porte_de_la_Baie/Communes/Saint-Jean_le_Thomas/Vie_Pratique--125.html HTTP/1.1" 200 9945 "http://www.portedelabaie.com/fr/communes/saint-jean-le-thomas/tourisme.html" "Mozilla/5.0 (X11; U; Linux i686; fr; rv:1.8.0.7) Gecko/20060909 Firefox/1.5.0.7"
83.202.163.39 - - [25/Sep/2006:13:13:12 +0000] "GET /Porte_de_la_Baie/Communes/Saint-Jean_le_Thomas/Loisirs--124.html HTTP/1.1" 200 9930 "http://www.portedelabaie.com/fr/communes/saint-jean-le-thomas/vie-pratique.html" "Mozilla/5.0 (X11; U; Linux i686; fr; rv:1.8.0.7) Gecko/20060909 Firefox/1.5.0.7"
66.249.66.52 - - [25/Sep/2006:13:15:53 +0000] "GET /Porte_de_la_Baie/Communes/Saint-Jean_le_Thomas/Calendrier--123.html HTTP/1.1" 200 12586 "" "Mozilla/5.0 (compatible; Googlebot/2.1; +http://www.google.com/bot.html)"
72.30.129.28 - - [25/Sep/2006:13:25:14 +0000] "GET /Sartilly--66.html HTTP/1.1" 200 18425 "" "Mozilla/5.0 (compatible; Yahoo! Slurp; http://help.yahoo.com/help/us/ysearch/slurp)"
72.30.128.224 - - [25/Sep/2006:13:25:15 +0000] "GET /Sartilly--66.html HTTP/1.1" 200 18425 "" "Mozilla/5.0 (compatible; Yahoo! Slurp; http://help.yahoo.com/help/us/ysearch/slurp)"
83.202.163.39 - - [25/Sep/2006:14:04:39 +0000] "GET /Sartilly--66.html HTTP/1.1" 200 18425 "http://www.stpierrelangers.com/fr/loisirs.html" "Mozilla/5.0 (X11; U; Linux i686; fr; rv:1.8.0.7) Gecko/20060909 Firefox/1.5.0.7"
83.202.163.39 - - [25/Sep/2006:14:04:49 +0000] "GET /Sartilly/D_couvrir--140.html HTTP/1.1" 200 14362 "http://www.ville-sartilly.com/" "Mozilla/5.0 (X11; U; Linux i686; fr; rv:1.8.0.7) Gecko/20060909 Firefox/1.5.0.7"
83.202.163.39 - - [25/Sep/2006:14:04:51 +0000] "GET /Sartilly/Tourisme--139.html HTTP/1.1" 200 14194 "http://www.ville-sartilly.com/fr/decouvrir.html" "Mozilla/5.0 (X11; U; Linux i686; fr; rv:1.8.0.7) Gecko/20060909 Firefox/1.5.0.7"
83.202.163.39 - - [25/Sep/2006:14:04:56 +0000] "GET /Sartilly/H_bergement--138.html HTTP/1.1" 200 26529 "http://www.ville-sartilly.com/fr/tourisme.html" "Mozilla/5.0 (X11; U; Linux i686; fr; rv:1.8.0.7) Gecko/20060909 Firefox/1.5.0.7"
83.202.163.39 - - [25/Sep/2006:14:04:58 +0000] "GET /Sartilly/D_couvrir--140.html HTTP/1.1" 200 14362 "http://www.ville-sartilly.com/fr/hebergement.html" "Mozilla/5.0 (X11; U; Linux i686; fr; rv:1.8.0.7) Gecko/20060909 Firefox/1.5.0.7"
83.202.163.39 - - [25/Sep/2006:14:04:59 +0000] "GET /Sartilly/Vie_Pratique--137.html HTTP/1.1" 200 16119 "http://www.ville-sartilly.com/fr/decouvrir.html" "Mozilla/5.0 (X11; U; Linux i686; fr; rv:1.8.0.7) Gecko/20060909 Firefox/1.5.0.7"
83.202.163.39 - - [25/Sep/2006:14:05:02 +0000] "GET /Sartilly/Loisirs--136.html HTTP/1.1" 200 12561 "http://www.ville-sartilly.com/fr/vie-pratique.html" "Mozilla/5.0 (X11; U; Linux i686; fr; rv:1.8.0.7) Gecko/20060909 Firefox/1.5.0.7"
83.202.163.39 - - [25/Sep/2006:14:05:20 +0000] "GET /Sartilly/Calendrier--135.html HTTP/1.1" 200 15772 "http://www.ville-sartilly.com/fr/loisirs.html" "Mozilla/5.0 (X11; U; Linux i686; fr; rv:1.8.0.7) Gecko/20060909 Firefox/1.5.0.7"
66.249.66.52 - - [25/Sep/2006:14:08:54 +0000] "GET /Porte_de_la_Baie/Communes/Saint-Jean_le_Thomas/Calendrier--123.html HTTP/1.1" 200 10882 "" "Mozilla/5.0 (compatible; Googlebot/2.1; +http://www.google.com/bot.html)"
66.249.66.52 - - [25/Sep/2006:14:16:27 +0000] "GET /Porte_de_la_Baie/Communes/Saint-Jean_le_Thomas/H_bergement--126.html HTTP/1.1" 200 29014 "" "Mozilla/5.0 (compatible; Googlebot/2.1; +http://www.google.com/bot.html)"
66.249.66.52 - - [25/Sep/2006:14:24:01 +0000] "GET /Porte_de_la_Baie/Communes/Saint-Jean_le_Thomas/H_bergement--126.html HTTP/1.1" 200 29014 "" "Mozilla/5.0 (compatible; Googlebot/2.1; +http://www.google.com/bot.html)"
216.145.11.94 - - [25/Sep/2006:15:31:20 +0000] "GET /Sartilly--66.html HTTP/1.1" 200 18425 "http://www.whois.sc/" "SurveyBot/2.3 (Whois Source)"
216.145.11.94 - - [25/Sep/2006:15:31:21 +0000] "GET /Sartilly--66.html HTTP/1.1" 200 18425 "http://www.whois.sc/ville-sartilly.com" "SurveyBot/2.3 (Whois Source)"
207.46.98.66 - - [25/Sep/2006:15:42:25 +0000] "GET /Sartilly--66.html HTTP/1.1" 200 18425 "" "msnbot/1.0 (+http://search.msn.com/msnbot.htm)"
65.214.44.49 - - [25/Sep/2006:18:15:20 +0000] "GET /Sartilly--66.html HTTP/1.1" 200 18425 "" "Mozilla/2.0 (compatible; Ask Jeeves/Teoma; +http://about.ask.com/en/docs/about/webmasters.shtml)"
85.168.233.80 - - [25/Sep/2006:22:07:42 +0000] "GET /Porte_de_la_Baie/Communes/Saint-Jean_le_Thomas--68.html HTTP/1.1" 200 19629 "http://www.google.com/search?sourceid=navclient&ie=UTF-8&rls=GGLR,GGLR:2005-48,GGLR:en&q=plage+st+jean+le+thomas" "Mozilla/4.0 (compatible; MSIE 6.0; Windows NT 5.1; SV1; NOOS)"
85.168.233.80 - - [25/Sep/2006:22:07:50 +0000] "GET /Porte_de_la_Baie/Communes/Saint-Jean_le_Thomas/D_couvrir--128.html HTTP/1.1" 200 13679 "http://www.portedelabaie.com/fr/communes/saint-jean-le-thomas.html" "Mozilla/4.0 (compatible; MSIE 6.0; Windows NT 5.1; SV1; NOOS)"
85.168.233.80 - - [25/Sep/2006:22:07:56 +0000] "GET /Porte_de_la_Baie/Communes/Saint-Jean_le_Thomas/Loisirs--124.html HTTP/1.1" 200 9930 "http://www.portedelabaie.com/fr/communes/saint-jean-le-thomas/decouvrir.html" "Mozilla/4.0 (compatible; MSIE 6.0; Windows NT 5.1; SV1; NOOS)"
85.168.233.80 - - [25/Sep/2006:22:08:00 +0000] "GET /Porte_de_la_Baie/Communes/Saint-Jean_le_Thomas/D_couvrir--128.html HTTP/1.1" 200 13679 "http://www.portedelabaie.com/fr/communes/saint-jean-le-thomas/loisirs.html" "Mozilla/4.0 (compatible; MSIE 6.0; Windows NT 5.1; SV1; NOOS)"
85.168.233.80 - - [25/Sep/2006:22:08:10 +0000] "GET /Porte_de_la_Baie/Communes/Saint-Jean_le_Thomas/Tourisme--127.html HTTP/1.1" 200 9933 "http://www.portedelabaie.com/fr/communes/saint-jean-le-thomas/decouvrir.html" "Mozilla/4.0 (compatible; MSIE 6.0; Windows NT 5.1; SV1; NOOS)"
85.168.233.80 - - [25/Sep/2006:22:08:13 +0000] "GET /Porte_de_la_Baie/Communes/Saint-Jean_le_Thomas/Vie_Pratique--125.html HTTP/1.1" 200 9945 "http://www.portedelabaie.com/fr/communes/saint-jean-le-thomas/tourisme.html" "Mozilla/4.0 (compatible; MSIE 6.0; Windows NT 5.1; SV1; NOOS)"
85.168.233.80 - - [25/Sep/2006:22:08:18 +0000] "GET /Porte_de_la_Baie/Communes/Saint-Jean_le_Thomas/Vie_Pratique--125.html HTTP/1.1" 200 9945 "http://www.portedelabaie.com/fr/communes/saint-jean-le-thomas/vie-pratique.html" "Mozilla/4.0 (compatible; MSIE 6.0; Windows NT 5.1; SV1; NOOS)"
85.168.233.80 - - [25/Sep/2006:22:08:23 +0000] "GET /Porte_de_la_Baie/Communes/Saint-Jean_le_Thomas/Tourisme--127.html HTTP/1.1" 200 9933 "http://www.portedelabaie.com/fr/communes/saint-jean-le-thomas/vie-pratique.html" "Mozilla/4.0 (compatible; MSIE 6.0; Windows NT 5.1; SV1; NOOS)"
66.249.66.52 - - [26/Sep/2006:04:44:19 +0000] "GET /Sartilly--66.html HTTP/1.1" 200 18425 "" "Mozilla/5.0 (compatible; Googlebot/2.1; +http://www.google.com/bot.html)"
66.249.66.52 - - [26/Sep/2006:04:44:20 +0000] "GET /Sartilly/D_couvrir--140.html HTTP/1.1" 200 14362 "" "Mozilla/5.0 (compatible; Googlebot/2.1; +http://www.google.com/bot.html)"
66.249.66.52 - - [26/Sep/2006:04:51:51 +0000] "GET /Sartilly--66.html HTTP/1.1" 200 18425 "" "Mozilla/5.0 (compatible; Googlebot/2.1; +http://www.google.com/bot.html)"
66.249.66.52 - - [26/Sep/2006:04:59:23 +0000] "GET /Sartilly/Tourisme--139.html HTTP/1.1" 200 14194 "" "Mozilla/5.0 (compatible; Googlebot/2.1; +http://www.google.com/bot.html)"
66.249.66.52 - - [26/Sep/2006:05:06:55 +0000] "GET /Sartilly/Loisirs--136.html HTTP/1.1" 200 12561 "" "Mozilla/5.0 (compatible; Googlebot/2.1; +http://www.google.com/bot.html)"
66.249.66.52 - - [26/Sep/2006:05:14:27 +0000] "GET /Sartilly/Calendrier--135.html HTTP/1.1" 200 15772 "" "Mozilla/5.0 (compatible; Googlebot/2.1; +http://www.google.com/bot.html)"
66.249.66.52 - - [26/Sep/2006:05:21:59 +0000] "GET /Sartilly/Vie_Pratique--137.html HTTP/1.1" 200 16119 "" "Mozilla/5.0 (compatible; Googlebot/2.1; +http://www.google.com/bot.html)"
66.249.66.52 - - [26/Sep/2006:07:30:02 +0000] "GET /Sartilly/D_couvrir--140.html HTTP/1.1" 200 14362 "" "Mozilla/5.0 (compatible; Googlebot/2.1; +http://www.google.com/bot.html)"
66.249.66.52 - - [26/Sep/2006:08:37:50 +0000] "GET /Sartilly/Vie_Pratique--137.html HTTP/1.1" 200 16107 "" "Mozilla/5.0 (compatible; Googlebot/2.1; +http://www.google.com/bot.html)"
66.249.66.52 - - [26/Sep/2006:08:45:22 +0000] "GET /Sartilly/Calendrier--135.html HTTP/1.1" 200 15824 "" "Mozilla/5.0 (compatible; Googlebot/2.1; +http://www.google.com/bot.html)"
62.160.165.82 - - [26/Sep/2006:11:43:35 +0000] "GET /Sartilly/Vie_Pratique--137.html HTTP/1.1" 200 16119 "http://search.msn.fr/results.aspx?q=mairie+Sartilly&mkt=fr-FR&form=QBRE&go.x=11&go.y=5" "Mozilla/4.0 (compatible; MSIE 6.0; Windows NT 5.0; .NET CLR 1.1.4322)"
62.23.121.250 - - [26/Sep/2006:14:26:08 +0000] "GET /Porte_de_la_Baie/Communes/Saint-Jean_le_Thomas--68.html HTTP/1.1" 200 19629 "http://www.portedelabaie.com/" "Mozilla/4.0 (compatible; MSIE 6.0; Windows NT 5.1)"
62.23.121.250 - - [26/Sep/2006:14:28:09 +0000] "GET /Sartilly--66.html HTTP/1.1" 200 18425 "http://www.portedelabaie.com/" "Mozilla/4.0 (compatible; MSIE 6.0; Windows NT 5.1)"
62.23.121.250 - - [26/Sep/2006:14:28:19 +0000] "GET /Sartilly/Vie_Pratique--137.html HTTP/1.1" 200 16119 "http://www.ville-sartilly.com/" "Mozilla/4.0 (compatible; MSIE 6.0; Windows NT 5.1)"
195.93.102.4 - - [26/Sep/2006:19:32:41 +0000] "GET /Porte_de_la_Baie/Communes/Saint-Jean_le_Thomas/Calendrier--123.html HTTP/1.1" 200 16678 "" "Mozilla/4.0 (compatible; MSIE 6.0; AOL 9.0; Windows NT 5.1; SV1; .NET CLR 1.1.4322)"
195.93.102.69 - - [26/Sep/2006:19:33:04 +0000] "GET /Porte_de_la_Baie/Communes/Saint-Jean_le_Thomas/Calendrier--123.html HTTP/1.1" 200 10920 "http://www.portedelabaie.com/index.php?id=123" "Mozilla/4.0 (compatible; MSIE 6.0; AOL 9.0; Windows NT 5.1; SV1; .NET CLR 1.1.4322)"
195.93.102.35 - - [26/Sep/2006:19:34:02 +0000] "GET /Porte_de_la_Baie/Communes/Saint-Jean_le_Thomas/D_couvrir--128.html HTTP/1.1" 200 13679 "http://www.portedelabaie.com/fr/communes/saint-jean-le-thomas/calendrier.html?tx_julleevents_pi1%5BshowUid%5D=54&cHash=62d58a4041" "Mozilla/4.0 (compatible; MSIE 6.0; AOL 9.0; Windows NT 5.1; SV1; .NET CLR 1.1.4322)"
195.93.102.69 - - [26/Sep/2006:19:34:36 +0000] "GET /Porte_de_la_Baie/Communes/Saint-Jean_le_Thomas/H_bergement--126.html HTTP/1.1" 200 29014 "http://www.portedelabaie.com/fr/communes/saint-jean-le-thomas/decouvrir.html" "Mozilla/4.0 (compatible; MSIE 6.0; AOL 9.0; Windows NT 5.1; SV1; .NET CLR 1.1.4322)"
195.93.102.74 - - [26/Sep/2006:19:35:05 +0000] "GET /Porte_de_la_Baie/Communes/Saint-Jean_le_Thomas/Loisirs--124.html HTTP/1.1" 200 9930 "http://www.portedelabaie.com/fr/communes/saint-jean-le-thomas/hebergement.html" "Mozilla/4.0 (compatible; MSIE 6.0; AOL 9.0; Windows NT 5.1; SV1; .NET CLR 1.1.4322)"
195.93.102.9 - - [26/Sep/2006:19:35:14 +0000] "GET /Porte_de_la_Baie/Communes/Saint-Jean_le_Thomas/Calendrier--123.html HTTP/1.1" 200 16710 "http://www.portedelabaie.com/fr/communes/saint-jean-le-thomas/loisirs.html" "Mozilla/4.0 (compatible; MSIE 6.0; AOL 9.0; Windows NT 5.1; SV1; .NET CLR 1.1.4322)"
195.93.102.74 - - [26/Sep/2006:19:35:20 +0000] "GET /Porte_de_la_Baie/Communes/Saint-Jean_le_Thomas/Calendrier--123.html HTTP/1.1" 200 10920 "http://www.portedelabaie.com/fr/communes/saint-jean-le-thomas/calendrier.html" "Mozilla/4.0 (compatible; MSIE 6.0; AOL 9.0; Windows NT 5.1; SV1; .NET CLR 1.1.4322)"
195.93.102.69 - - [26/Sep/2006:19:37:08 +0000] "GET /Porte_de_la_Baie/Communes/Saint-Jean_le_Thomas/H_bergement--126.html HTTP/1.1" 200 29014 "http://www.portedelabaie.com/fr/communes/saint-jean-le-thomas/calendrier.html?tx_julleevents_pi1%5BshowUid%5D=54&cHash=bfdeccba5c" "Mozilla/4.0 (compatible; MSIE 6.0; AOL 9.0; Windows NT 5.1; SV1; .NET CLR 1.1.4322)"
195.93.102.7 - - [26/Sep/2006:19:37:26 +0000] "GET /Porte_de_la_Baie/Communes/Saint-Jean_le_Thomas/H_bergement--126.html HTTP/1.1" 200 35505 "http://www.portedelabaie.com/fr/communes/saint-jean-le-thomas/hebergement.html" "Mozilla/4.0 (compatible; MSIE 6.0; AOL 9.0; Windows NT 5.1; SV1; .NET CLR 1.1.4322)"
195.93.102.6 - - [26/Sep/2006:19:37:59 +0000] "GET /Porte_de_la_Baie/Communes/Saint-Jean_le_Thomas/H_bergement--126.html HTTP/1.1" 200 27893 "http://www.portedelabaie.com/index.php?id=126" "Mozilla/4.0 (compatible; MSIE 6.0; AOL 9.0; Windows NT 5.1; SV1; .NET CLR 1.1.4322)"
195.93.102.72 - - [26/Sep/2006:19:38:06 +0000] "GET /Porte_de_la_Baie/Communes/Saint-Jean_le_Thomas/H_bergement--126.html HTTP/1.1" 200 27893 "http://www.portedelabaie.com/fr/communes/saint-jean-le-thomas/hebergement.html?tx_travelguide_pi1%5Buid%5D=79&tx_travelguide_pi1%5BCMD%5D=singleView&cHash=9e922f0fe0" "Mozilla/4.0 (compatible; MSIE 6.0; AOL 9.0; Windows NT 5.1; SV1; .NET CLR 1.1.4322)"
195.93.102.67 - - [26/Sep/2006:19:38:45 +0000] "GET /Porte_de_la_Baie/Communes/Saint-Jean_le_Thomas/H_bergement--126.html HTTP/1.1" 200 26851 "http://www.portedelabaie.com/fr/communes/saint-jean-le-thomas/hebergement.html?tx_travelguide_pi1%5Buid%5D=79&tx_travelguide_pi1%5BCMD%5D=singleView&cHash=0e0b6e7a73" "Mozilla/4.0 (compatible; MSIE 6.0; AOL 9.0; Windows NT 5.1; SV1; .NET CLR 1.1.4322)"
195.93.102.72 - - [26/Sep/2006:19:38:51 +0000] "GET /Porte_de_la_Baie/Communes/Saint-Jean_le_Thomas/H_bergement--126.html HTTP/1.1" 200 27893 "http://www.portedelabaie.com/fr/communes/saint-jean-le-thomas/hebergement.html?tx_travelguide_pi1%5Buid%5D=79&tx_travelguide_pi1%5BCMD%5D=mapView&cHash=f6fba3ee31" "Mozilla/4.0 (compatible; MSIE 6.0; AOL 9.0; Windows NT 5.1; SV1; .NET CLR 1.1.4322)"
195.93.102.10 - - [26/Sep/2006:19:39:11 +0000] "GET /Porte_de_la_Baie/Communes/Saint-Jean_le_Thomas/H_bergement--126.html HTTP/1.1" 200 29014 "http://www.portedelabaie.com/fr/communes/saint-jean-le-thomas/hebergement.html?tx_travelguide_pi1%5Buid%5D=79&tx_travelguide_pi1%5BCMD%5D=singleView&cHash=0e0b6e7a73" "Mozilla/4.0 (compatible; MSIE 6.0; AOL 9.0; Windows NT 5.1; SV1; .NET CLR 1.1.4322)"
66.249.66.52 - - [26/Sep/2006:21:03:33 +0000] "GET /Porte_de_la_Baie/Communes/Saint-Jean_le_Thomas/Calendrier--123.html HTTP/1.1" 200 16762 "" "Mozilla/5.0 (compatible; Googlebot/2.1; +http://www.google.com/bot.html)"
