66.249.66.48 - - [14/Sep/2006:21:18:07 +0000] "GET /Porte_de_la_Baie/Communes/Gen_ts/H_bergement--108.html HTTP/1.1" 200 29753 "" "Mozilla/5.0 (compatible; Googlebot/2.1; +http://www.google.com/bot.html)"
66.249.66.48 - - [14/Sep/2006:21:18:10 +0000] "GET /Porte_de_la_Baie/Communes/Champcey/H_bergement--90.html HTTP/1.1" 200 30009 "" "Mozilla/5.0 (compatible; Googlebot/2.1; +http://www.google.com/bot.html)"
66.249.66.48 - - [14/Sep/2006:21:18:12 +0000] "GET /Porte_de_la_Baie/Communes/Champcey/H_bergement--90.html HTTP/1.1" 200 30009 "" "Mozilla/5.0 (compatible; Googlebot/2.1; +http://www.google.com/bot.html)"
66.249.66.48 - - [14/Sep/2006:21:18:13 +0000] "GET /Porte_de_la_Baie/Communes/Gen_ts/H_bergement--108.html HTTP/1.1" 200 29753 "" "Mozilla/5.0 (compatible; Googlebot/2.1; +http://www.google.com/bot.html)"
66.249.66.48 - - [14/Sep/2006:21:18:15 +0000] "GET /Porte_de_la_Baie/Communes/Champeaux/H_bergement--96.html HTTP/1.1" 200 34298 "" "Mozilla/5.0 (compatible; Googlebot/2.1; +http://www.google.com/bot.html)"
66.249.66.48 - - [14/Sep/2006:21:18:16 +0000] "GET /Porte_de_la_Baie/Communes/Dragey-Ronthon/H_bergement--102.html HTTP/1.1" 200 28488 "" "Mozilla/5.0 (compatible; Googlebot/2.1; +http://www.google.com/bot.html)"
66.249.66.48 - - [14/Sep/2006:21:18:18 +0000] "GET /Porte_de_la_Baie/Communes/Champcey/H_bergement--90.html HTTP/1.1" 200 30009 "" "Mozilla/5.0 (compatible; Googlebot/2.1; +http://www.google.com/bot.html)"
66.249.66.48 - - [14/Sep/2006:21:18:20 +0000] "GET /Porte_de_la_Baie/Communes/Gen_ts/H_bergement--108.html HTTP/1.1" 200 29753 "" "Mozilla/5.0 (compatible; Googlebot/2.1; +http://www.google.com/bot.html)"
66.249.66.48 - - [14/Sep/2006:21:18:21 +0000] "GET /Porte_de_la_Baie/Communes/Champcey/H_bergement--90.html HTTP/1.1" 200 30009 "" "Mozilla/5.0 (compatible; Googlebot/2.1; +http://www.google.com/bot.html)"
66.249.66.48 - - [14/Sep/2006:21:18:23 +0000] "GET /Porte_de_la_Baie/Communes/Gen_ts/H_bergement--108.html HTTP/1.1" 200 29753 "" "Mozilla/5.0 (compatible; Googlebot/2.1; +http://www.google.com/bot.html)"
66.249.66.48 - - [14/Sep/2006:21:18:24 +0000] "GET /Porte_de_la_Baie/Communes/Champeaux/H_bergement--96.html HTTP/1.1" 200 34298 "" "Mozilla/5.0 (compatible; Googlebot/2.1; +http://www.google.com/bot.html)"
66.249.66.48 - - [14/Sep/2006:21:18:25 +0000] "GET /Porte_de_la_Baie/Communes/Champcey/H_bergement--90.html HTTP/1.1" 200 30009 "" "Mozilla/5.0 (compatible; Googlebot/2.1; +http://www.google.com/bot.html)"
66.249.66.48 - - [14/Sep/2006:21:18:27 +0000] "GET /Porte_de_la_Baie/Communes/Dragey-Ronthon/H_bergement--102.html HTTP/1.1" 200 28488 "" "Mozilla/5.0 (compatible; Googlebot/2.1; +http://www.google.com/bot.html)"
66.249.66.48 - - [14/Sep/2006:21:18:29 +0000] "GET /Porte_de_la_Baie/Communes/Gen_ts/H_bergement--108.html HTTP/1.1" 200 29753 "" "Mozilla/5.0 (compatible; Googlebot/2.1; +http://www.google.com/bot.html)"
66.249.66.48 - - [14/Sep/2006:21:18:30 +0000] "GET /Porte_de_la_Baie/Communes/Champeaux/H_bergement--96.html HTTP/1.1" 200 34298 "" "Mozilla/5.0 (compatible; Googlebot/2.1; +http://www.google.com/bot.html)"
66.249.66.48 - - [14/Sep/2006:21:18:32 +0000] "GET /Porte_de_la_Baie/Communes/Champeaux/H_bergement--96.html HTTP/1.1" 200 34298 "" "Mozilla/5.0 (compatible; Googlebot/2.1; +http://www.google.com/bot.html)"
66.249.66.48 - - [14/Sep/2006:21:18:33 +0000] "GET /Porte_de_la_Baie/Communes/Champcey/H_bergement--90.html HTTP/1.1" 200 30009 "" "Mozilla/5.0 (compatible; Googlebot/2.1; +http://www.google.com/bot.html)"
66.249.66.48 - - [14/Sep/2006:21:18:35 +0000] "GET /Porte_de_la_Baie/Communes/Gen_ts/H_bergement--108.html HTTP/1.1" 200 29753 "" "Mozilla/5.0 (compatible; Googlebot/2.1; +http://www.google.com/bot.html)"
66.249.66.48 - - [14/Sep/2006:21:18:36 +0000] "GET /Porte_de_la_Baie/Communes/Champeaux/H_bergement--96.html HTTP/1.1" 200 34298 "" "Mozilla/5.0 (compatible; Googlebot/2.1; +http://www.google.com/bot.html)"
66.249.66.48 - - [14/Sep/2006:21:18:38 +0000] "GET /Porte_de_la_Baie/Communes/Gen_ts/H_bergement--108.html HTTP/1.1" 200 27824 "" "Mozilla/5.0 (compatible; Googlebot/2.1; +http://www.google.com/bot.html)"
66.249.66.48 - - [14/Sep/2006:21:18:40 +0000] "GET /Porte_de_la_Baie/Communes/Champeaux/H_bergement--96.html HTTP/1.1" 200 34298 "" "Mozilla/5.0 (compatible; Googlebot/2.1; +http://www.google.com/bot.html)"
66.249.66.48 - - [14/Sep/2006:21:18:41 +0000] "GET /Porte_de_la_Baie/Communes/Gen_ts/H_bergement--108.html HTTP/1.1" 200 29753 "" "Mozilla/5.0 (compatible; Googlebot/2.1; +http://www.google.com/bot.html)"
66.249.66.48 - - [14/Sep/2006:21:18:43 +0000] "GET /Porte_de_la_Baie/Communes/Dragey-Ronthon/H_bergement--102.html HTTP/1.1" 200 30420 "" "Mozilla/5.0 (compatible; Googlebot/2.1; +http://www.google.com/bot.html)"
66.249.66.48 - - [14/Sep/2006:21:18:44 +0000] "GET /Porte_de_la_Baie/Communes/Champeaux/H_bergement--96.html HTTP/1.1" 200 34298 "" "Mozilla/5.0 (compatible; Googlebot/2.1; +http://www.google.com/bot.html)"
66.249.66.48 - - [14/Sep/2006:21:18:46 +0000] "GET /Sartilly/H_bergement--138.html HTTP/1.1" 200 26561 "" "Mozilla/5.0 (compatible; Googlebot/2.1; +http://www.google.com/bot.html)"
66.249.66.48 - - [14/Sep/2006:21:18:47 +0000] "GET /Porte_de_la_Baie/Communes/Dragey-Ronthon/H_bergement--102.html HTTP/1.1" 200 30420 "" "Mozilla/5.0 (compatible; Googlebot/2.1; +http://www.google.com/bot.html)"
66.249.66.48 - - [14/Sep/2006:21:18:49 +0000] "GET /Porte_de_la_Baie/Communes/Gen_ts/H_bergement--108.html HTTP/1.1" 200 29753 "" "Mozilla/5.0 (compatible; Googlebot/2.1; +http://www.google.com/bot.html)"
66.249.66.48 - - [14/Sep/2006:21:18:50 +0000] "GET /Porte_de_la_Baie/Communes/Champcey/Calendrier--87.html HTTP/1.1" 200 10630 "" "Mozilla/5.0 (compatible; Googlebot/2.1; +http://www.google.com/bot.html)"
66.249.66.48 - - [14/Sep/2006:21:18:51 +0000] "GET /Porte_de_la_Baie/Communes/Champeaux/Calendrier--93.html HTTP/1.1" 200 10656 "" "Mozilla/5.0 (compatible; Googlebot/2.1; +http://www.google.com/bot.html)"
207.46.98.66 - - [14/Sep/2006:21:29:41 +0000] "GET /Sartilly--66.html HTTP/1.1" 200 18448 "" "msnbot/1.0 (+http://search.msn.com/msnbot.htm)"
207.46.98.67 - - [14/Sep/2006:22:09:21 +0000] "GET /Sartilly--66.html HTTP/1.1" 200 18448 "" "msnbot/1.0 (+http://search.msn.com/msnbot.htm)"
207.46.98.67 - - [14/Sep/2006:22:09:21 +0000] "GET /Sartilly--66.html HTTP/1.1" 200 18448 "" "msnbot/1.0 (+http://search.msn.com/msnbot.htm)"
207.46.98.74 - - [14/Sep/2006:22:23:00 +0000] "GET /Porte_de_la_Baie/Communes/Gen_ts/H_bergement--108.html HTTP/1.1" 200 27824 "" "msnbot/1.0 (+http://search.msn.com/msnbot.htm)"
66.196.91.30 - - [14/Sep/2006:22:49:42 +0000] "GET /Porte_de_la_Baie/Communes/Champeaux/D_couvrir--98.html HTTP/1.1" 200 9710 "" "Mozilla/5.0 (compatible; Yahoo! Slurp; http://help.yahoo.com/help/us/ysearch/slurp)"
213.246.47.66 - - [14/Sep/2006:23:12:22 +0000] "GET /Porte_de_la_Baie/Communes/Champeaux/D_couvrir--98.html HTTP/1.1" 200 9710 "" "Mozilla/5.0 (compatible; NetguideFrBot/0.1; http://www.netguide.fr/)"
83.199.246.90 - - [14/Sep/2006:23:28:50 +0000] "GET /Porte_de_la_Baie/Communes/Champeaux/D_couvrir--98.html HTTP/1.1" 200 9710 "" "Mozilla/5.0 (X11; U; Linux i686; fr; rv:1.8.0.6) Gecko/20060728 Firefox/1.5.0.6"
83.199.246.90 - - [14/Sep/2006:23:32:50 +0000] "GET /Porte_de_la_Baie/Communes/Bacilly--64.html HTTP/1.1" 200 16796 "http://www.portedelabaie.com/fr/tourisme.html" "Mozilla/5.0 (X11; U; Linux i686; fr; rv:1.8.0.6) Gecko/20060728 Firefox/1.5.0.6"
83.199.246.90 - - [14/Sep/2006:23:40:29 +0000] "GET /Sartilly--66.html HTTP/1.1" 200 18442 "http://www.montviron.com/index.php?id=54&tx_newsflexible_article[id]=1&cHash=0770e4869d" "Mozilla/5.0 (X11; U; Linux i686; fr; rv:1.8.0.6) Gecko/20060728 Firefox/1.5.0.6"
83.199.246.90 - - [14/Sep/2006:23:40:36 +0000] "GET /Sartilly--66.html HTTP/1.1" 200 18582 "http://www.ville-sartilly.com/" "Mozilla/5.0 (X11; U; Linux i686; fr; rv:1.8.0.6) Gecko/20060728 Firefox/1.5.0.6"
83.199.246.90 - - [14/Sep/2006:23:40:39 +0000] "GET /Sartilly--66.html HTTP/1.1" 200 18582 "http://www.ville-sartilly.com/index.php?id=54&tx_newsflexible_article[id]=1&cHash=0770e4869d" "Mozilla/5.0 (X11; U; Linux i686; fr; rv:1.8.0.6) Gecko/20060728 Firefox/1.5.0.6"
83.199.246.90 - - [14/Sep/2006:23:40:56 +0000] "GET /Porte_de_la_Baie/Communes/Bacilly--64.html HTTP/1.1" 200 16806 "http://www.stpierrelangers.com/index.php?id=54&tx_newsflexible_article[id]=1&cHash=0770e4869d" "Mozilla/5.0 (X11; U; Linux i686; fr; rv:1.8.0.6) Gecko/20060728 Firefox/1.5.0.6"
194.125.97.24 - - [14/Sep/2006:23:47:21 +0000] "GET /Porte_de_la_Baie/Communes/Champeaux/D_couvrir--98.html HTTP/1.1" 200 9704 "http://www.caravancampingsites.co.uk/france/50/cmcarolles.htm" "Mozilla/4.0 (compatible; MSIE 6.0; Windows NT 5.1; SV1)"
194.125.97.24 - - [14/Sep/2006:23:47:57 +0000] "GET /Porte_de_la_Baie/Communes/Champeaux/Tourisme--97.html HTTP/1.1" 200 9717 "http://www.portedelabaie.com/index.php?id=98" "Mozilla/4.0 (compatible; MSIE 6.0; Windows NT 5.1; SV1)"
86.199.172.70 - - [14/Sep/2006:23:48:18 +0000] "GET /Porte_de_la_Baie/Communes/Dragey-Ronthon--60.html HTTP/1.1" 200 22229 "" "Mozilla/4.0 (compatible; MSIE 6.0; Windows NT 5.1; SV1; Wanadoo 6.2; .NET CLR 1.1.4322; InfoPath.2)"
91.163.26.220 - - [14/Sep/2006:23:49:56 +0000] "GET /Porte_de_la_Baie/Communes/Champeaux/D_couvrir--98.html HTTP/1.1" 200 9704 "" "PeerFactor Crawler"
83.199.246.90 - - [14/Sep/2006:23:55:11 +0000] "GET /Porte_de_la_Baie/Communes/Bacilly--64.html HTTP/1.1" 200 16830 "http://www.ville-angey.com/index.php?id=54" "Mozilla/5.0 (X11; U; Linux i686; fr; rv:1.8.0.6) Gecko/20060728 Firefox/1.5.0.6"
83.199.246.90 - - [14/Sep/2006:23:55:18 +0000] "GET /Porte_de_la_Baie/Communes/Bacilly/Actualit_s--174.html HTTP/1.1" 200 10818 "http://www.portedelabaie.com/fr/communes/bacilly.html" "Mozilla/5.0 (X11; U; Linux i686; fr; rv:1.8.0.6) Gecko/20060728 Firefox/1.5.0.6"
207.46.98.73 - - [15/Sep/2006:02:08:04 +0000] "GET /Porte_de_la_Baie/Communes/Champcey/H_bergement--90.html HTTP/1.1" 200 28025 "" "msnbot/1.0 (+http://search.msn.com/msnbot.htm)"
213.246.47.66 - - [15/Sep/2006:02:11:58 +0000] "GET /Porte_de_la_Baie/Communes/Champeaux/D_couvrir--98.html HTTP/1.1" 200 9748 "" "Mozilla/5.0 (compatible; NetguideFrBot/0.1; http://www.netguide.fr/)"
207.46.98.73 - - [15/Sep/2006:02:21:03 +0000] "GET /Porte_de_la_Baie/Communes/Dragey-Ronthon/H_bergement--102.html HTTP/1.1" 200 28536 "" "msnbot/1.0 (+http://search.msn.com/msnbot.htm)"
72.30.214.237 - - [15/Sep/2006:02:54:53 +0000] "GET /Porte_de_la_Baie/Communes/Champeaux/D_couvrir--98.html HTTP/1.1" 200 9748 "" "Mozilla/5.0 (compatible; Yahoo! Slurp; http://help.yahoo.com/help/us/ysearch/slurp)"
66.196.91.117 - - [15/Sep/2006:03:08:12 +0000] "GET /Porte_de_la_Baie/Communes/Champeaux/D_couvrir--98.html HTTP/1.1" 200 9748 "" "Mozilla/5.0 (compatible; Yahoo! Slurp; http://help.yahoo.com/help/us/ysearch/slurp)"
84.134.255.168 - - [15/Sep/2006:04:50:13 +0000] "GET /Porte_de_la_Baie/Communes/Champeaux/D_couvrir--98.html HTTP/1.1" 200 9748 "" "Java/1.4.1_04"
207.46.98.66 - - [15/Sep/2006:04:58:37 +0000] "GET /Sartilly--66.html HTTP/1.1" 200 18470 "" "msnbot/1.0 (+http://search.msn.com/msnbot.htm)"
80.119.204.230 - - [15/Sep/2006:05:12:29 +0000] "GET /Porte_de_la_Baie/Communes/Champeaux/D_couvrir--98.html HTTP/1.1" 200 9748 "" "Java/1.4.1_04"
213.246.47.66 - - [15/Sep/2006:05:16:24 +0000] "GET /Porte_de_la_Baie/Communes/Champeaux/D_couvrir--98.html HTTP/1.1" 200 9748 "" "Mozilla/5.0 (compatible; NetguideFrBot/0.1; http://www.netguide.fr/)"
86.204.111.189 - - [15/Sep/2006:05:17:01 +0000] "GET /Porte_de_la_Baie/Communes/Champeaux/D_couvrir--98.html HTTP/1.1" 200 9748 "" ""
86.204.111.189 - - [15/Sep/2006:05:17:02 +0000] "GET /Porte_de_la_Baie/Communes/Champeaux/D_couvrir--98.html HTTP/1.1" 200 9748 "" "Mozilla/5.0 (X11; U; Linux i686; en-US; rv:1.8.0.6) Gecko/20060728 Firefox/1.5.0.6"
91.163.24.163 - - [15/Sep/2006:06:23:37 +0000] "GET /Porte_de_la_Baie/Communes/Champeaux/D_couvrir--98.html HTTP/1.1" 200 9748 "" "PeerFactor Crawler"
90.8.64.66 - - [15/Sep/2006:07:04:11 +0000] "GET /Porte_de_la_Baie/Communes/Gen_ts--59.html HTTP/1.1" 200 38801 "http://www.portedelabaie.com/" "Mozilla/5.0 (Windows; U; Windows NT 5.1; fr; rv:1.8.0.6) Gecko/20060728 Firefox/1.5.0.6"
90.8.64.66 - - [15/Sep/2006:07:04:45 +0000] "GET /Porte_de_la_Baie/Communes/Gen_ts/Loisirs--106.html HTTP/1.1" 200 9682 "http://www.portedelabaie.com/fr/communes/genets.html" "Mozilla/5.0 (Windows; U; Windows NT 5.1; fr; rv:1.8.0.6) Gecko/20060728 Firefox/1.5.0.6"
90.8.64.66 - - [15/Sep/2006:07:04:52 +0000] "GET /Porte_de_la_Baie/Communes/Gen_ts/Calendrier--105.html HTTP/1.1" 200 17694 "http://www.portedelabaie.com/fr/communes/genets/loisirs.html" "Mozilla/5.0 (Windows; U; Windows NT 5.1; fr; rv:1.8.0.6) Gecko/20060728 Firefox/1.5.0.6"
90.8.64.66 - - [15/Sep/2006:07:05:20 +0000] "GET /Porte_de_la_Baie/Communes/Gen_ts/Calendrier--105.html HTTP/1.1" 200 10623 "http://www.portedelabaie.com/fr/communes/genets/calendrier.html" "Mozilla/5.0 (Windows; U; Windows NT 5.1; fr; rv:1.8.0.6) Gecko/20060728 Firefox/1.5.0.6"
207.46.98.67 - - [15/Sep/2006:07:19:48 +0000] "GET /Sartilly--66.html HTTP/1.1" 200 18470 "" "msnbot/1.0 (+http://search.msn.com/msnbot.htm)"
213.246.47.66 - - [15/Sep/2006:08:29:12 +0000] "GET /Porte_de_la_Baie/Communes/Champeaux/D_couvrir--98.html HTTP/1.1" 200 9748 "" "Mozilla/5.0 (compatible; NetguideFrBot/0.1; http://www.netguide.fr/)"
83.206.80.249 - - [15/Sep/2006:08:41:53 +0000] "GET /Porte_de_la_Baie/Communes/Champeaux/D_couvrir--98.html HTTP/1.1" 200 9748 "http://www.granville-interactiv.com/services.php" "Mozilla/4.0 (compatible; MSIE 6.0; Windows NT 5.1)"
63.148.99.237 - - [15/Sep/2006:08:56:37 +0000] "GET /Porte_de_la_Baie/Communes/Bacilly--64.html HTTP/1.1" 200 16830 "http://www.portedelabaie.com/" "Mozilla/4.0 (compatible; MSIE 6.0; Windows XP)"
63.148.99.237 - - [15/Sep/2006:08:56:38 +0000] "GET /Porte_de_la_Baie/Communes/Champcey--62.html HTTP/1.1" 200 20016 "http://www.portedelabaie.com/" "Mozilla/4.0 (compatible; MSIE 6.0; Windows XP)"
63.148.99.237 - - [15/Sep/2006:08:56:41 +0000] "GET /Porte_de_la_Baie/Communes/Gen_ts--59.html HTTP/1.1" 200 38801 "http://www.portedelabaie.com/" "Mozilla/4.0 (compatible; MSIE 6.0; Windows XP)"
63.148.99.237 - - [15/Sep/2006:08:56:42 +0000] "GET /Porte_de_la_Baie/Communes/Champeaux--61.html HTTP/1.1" 200 21120 "http://www.portedelabaie.com/" "Mozilla/4.0 (compatible; MSIE 6.0; Windows XP)"
63.148.99.237 - - [15/Sep/2006:08:56:45 +0000] "GET /Porte_de_la_Baie/Communes/Saint-Jean_le_Thomas--68.html HTTP/1.1" 200 19663 "http://www.portedelabaie.com/" "Mozilla/4.0 (compatible; MSIE 6.0; Windows XP)"
63.148.99.237 - - [15/Sep/2006:08:56:51 +0000] "GET /Porte_de_la_Baie/Communes/Lolif--58.html HTTP/1.1" 200 20956 "http://www.portedelabaie.com/" "Mozilla/4.0 (compatible; MSIE 6.0; Windows XP)"
63.148.99.237 - - [15/Sep/2006:08:56:54 +0000] "GET /Porte_de_la_Baie/Communes/Dragey-Ronthon--60.html HTTP/1.1" 200 22267 "http://www.portedelabaie.com/" "Mozilla/4.0 (compatible; MSIE 6.0; Windows XP)"
63.148.99.237 - - [15/Sep/2006:08:59:02 +0000] "GET /Porte_de_la_Baie/Communes/Bacilly/D_couvrir--80.html HTTP/1.1" 200 9726 "http://www.portedelabaie.com/fr/communes/bacilly.html" "Mozilla/4.0 (compatible; MSIE 6.0; Windows XP)"
63.148.99.237 - - [15/Sep/2006:09:00:12 +0000] "GET /Porte_de_la_Baie/Communes/Champeaux/Calendrier--93.html HTTP/1.1" 200 17790 "http://www.portedelabaie.com/fr/communes/champeaux.html" "Mozilla/4.0 (compatible; MSIE 6.0; Windows XP)"
63.148.99.237 - - [15/Sep/2006:09:00:13 +0000] "GET /Porte_de_la_Baie/Communes/Champeaux/Loisirs--94.html HTTP/1.1" 200 9742 "http://www.portedelabaie.com/fr/communes/champeaux.html" "Mozilla/4.0 (compatible; MSIE 6.0; Windows XP)"
63.148.99.237 - - [15/Sep/2006:09:00:14 +0000] "GET /Porte_de_la_Baie/Communes/Champeaux/Vie_Pratique--95.html HTTP/1.1" 200 9757 "http://www.portedelabaie.com/fr/communes/champeaux.html" "Mozilla/4.0 (compatible; MSIE 6.0; Windows XP)"
63.148.99.237 - - [15/Sep/2006:09:00:16 +0000] "GET /Porte_de_la_Baie/Communes/Champeaux/H_bergement--96.html HTTP/1.1" 200 28110 "http://www.portedelabaie.com/fr/communes/champeaux.html" "Mozilla/4.0 (compatible; MSIE 6.0; Windows XP)"
63.148.99.237 - - [15/Sep/2006:09:00:18 +0000] "GET /Porte_de_la_Baie/Communes/Champeaux/Tourisme--97.html HTTP/1.1" 200 9745 "http://www.portedelabaie.com/fr/communes/champeaux.html" "Mozilla/4.0 (compatible; MSIE 6.0; Windows XP)"
63.148.99.237 - - [15/Sep/2006:09:00:20 +0000] "GET /Porte_de_la_Baie/Communes/Champeaux/D_couvrir--98.html HTTP/1.1" 200 9748 "http://www.portedelabaie.com/fr/communes/champeaux.html" "Mozilla/4.0 (compatible; MSIE 6.0; Windows XP)"
63.148.99.237 - - [15/Sep/2006:09:01:03 +0000] "GET /Porte_de_la_Baie/Communes/Gen_ts/Calendrier--105.html HTTP/1.1" 200 17694 "http://www.portedelabaie.com/fr/communes/genets.html" "Mozilla/4.0 (compatible; MSIE 6.0; Windows XP)"
63.148.99.237 - - [15/Sep/2006:09:01:04 +0000] "GET /Porte_de_la_Baie/Communes/Gen_ts/Loisirs--106.html HTTP/1.1" 200 9682 "http://www.portedelabaie.com/fr/communes/genets.html" "Mozilla/4.0 (compatible; MSIE 6.0; Windows XP)"
63.148.99.237 - - [15/Sep/2006:09:01:05 +0000] "GET /Porte_de_la_Baie/Communes/Gen_ts/Vie_Pratique--107.html HTTP/1.1" 200 9697 "http://www.portedelabaie.com/fr/communes/genets.html" "Mozilla/4.0 (compatible; MSIE 6.0; Windows XP)"
63.148.99.237 - - [15/Sep/2006:09:01:07 +0000] "GET /Porte_de_la_Baie/Communes/Gen_ts/H_bergement--108.html HTTP/1.1" 200 27856 "http://www.portedelabaie.com/fr/communes/genets.html" "Mozilla/4.0 (compatible; MSIE 6.0; Windows XP)"
63.148.99.237 - - [15/Sep/2006:09:01:08 +0000] "GET /Porte_de_la_Baie/Communes/Gen_ts/Tourisme--109.html HTTP/1.1" 200 9685 "http://www.portedelabaie.com/fr/communes/genets.html" "Mozilla/4.0 (compatible; MSIE 6.0; Windows XP)"
63.148.99.237 - - [15/Sep/2006:09:01:11 +0000] "GET /Porte_de_la_Baie/Communes/Gen_ts/D_couvrir--110.html HTTP/1.1" 200 9688 "http://www.portedelabaie.com/fr/communes/genets.html" "Mozilla/4.0 (compatible; MSIE 6.0; Windows XP)"
63.148.99.237 - - [15/Sep/2006:09:01:30 +0000] "GET /Porte_de_la_Baie/Communes/Champcey/Actualit_s--177.html HTTP/1.1" 200 10819 "http://www.portedelabaie.com/fr/communes/champcey.html" "Mozilla/4.0 (compatible; MSIE 6.0; Windows XP)"
63.148.99.237 - - [15/Sep/2006:09:01:42 +0000] "GET /Porte_de_la_Baie/Communes/Champcey/Calendrier--87.html HTTP/1.1" 200 17758 "http://www.portedelabaie.com/fr/communes/champcey.html" "Mozilla/4.0 (compatible; MSIE 6.0; Windows XP)"
63.148.99.237 - - [15/Sep/2006:09:01:52 +0000] "GET /Porte_de_la_Baie/Communes/Champcey/Vie_Pratique--89.html HTTP/1.1" 200 9737 "http://www.portedelabaie.com/fr/communes/champcey.html" "Mozilla/4.0 (compatible; MSIE 6.0; Windows XP)"
66.196.91.117 - - [15/Sep/2006:09:08:16 +0000] "GET /Porte_de_la_Baie/Communes/Champeaux/D_couvrir--98.html HTTP/1.1" 200 9748 "" "Mozilla/5.0 (compatible; Yahoo! Slurp; http://help.yahoo.com/help/us/ysearch/slurp)"
86.205.158.193 - - [15/Sep/2006:09:44:01 +0000] "GET /Sartilly--66.html HTTP/1.1" 200 18470 "http://www.portedelabaie.com/" "Mozilla/4.0 (compatible; MSIE 5.5; Windows 98; Win 9x 4.90)"
86.220.46.135 - - [15/Sep/2006:09:46:37 +0000] "GET /Sartilly/Tourisme--139.html HTTP/1.1" 200 14226 "http://www.ville-sartilly.com/" "Mozilla/4.0 (compatible; MSIE 5.5; Windows 98; Win 9x 4.90)"
86.220.46.135 - - [15/Sep/2006:09:47:28 +0000] "GET /Sartilly/H_bergement--138.html HTTP/1.1" 200 26563 "http://www.ville-sartilly.com/fr/tourisme.html" "Mozilla/4.0 (compatible; MSIE 5.5; Windows 98; Win 9x 4.90)"
86.220.46.135 - - [15/Sep/2006:09:47:33 +0000] "GET /Sartilly/Vie_Pratique--137.html HTTP/1.1" 200 16153 "http://www.ville-sartilly.com/fr/hebergement.html" "Mozilla/4.0 (compatible; MSIE 5.5; Windows 98; Win 9x 4.90)"
86.220.46.135 - - [15/Sep/2006:09:47:54 +0000] "GET /Sartilly/Loisirs--136.html HTTP/1.1" 200 12595 "http://www.ville-sartilly.com/fr/vie-pratique.html" "Mozilla/4.0 (compatible; MSIE 5.5; Windows 98; Win 9x 4.90)"
86.220.46.135 - - [15/Sep/2006:09:48:31 +0000] "GET /Sartilly/Calendrier--135.html HTTP/1.1" 200 17206 "http://www.ville-sartilly.com/fr/loisirs.html" "Mozilla/4.0 (compatible; MSIE 5.5; Windows 98; Win 9x 4.90)"
86.220.46.135 - - [15/Sep/2006:10:00:44 +0000] "GET /Sartilly--66.html HTTP/1.1" 200 18470 "http://www.portedelabaie.com/" "Mozilla/4.0 (compatible; MSIE 5.5; Windows 98; Win 9x 4.90)"
86.220.46.135 - - [15/Sep/2006:10:00:59 +0000] "GET /Sartilly/D_couvrir--140.html HTTP/1.1" 200 14406 "http://www.ville-sartilly.com/" "Mozilla/4.0 (compatible; MSIE 5.5; Windows 98; Win 9x 4.90)"
217.128.169.5 - - [15/Sep/2006:10:01:24 +0000] "GET /Porte_de_la_Baie/Communes/Bacilly--64.html HTTP/1.1" 200 16830 "" "Mozilla/4.0 (compatible; MSIE 6.0; Windows NT 5.0)"
217.128.169.5 - - [15/Sep/2006:10:01:24 +0000] "GET /Porte_de_la_Baie/Communes/Champcey--62.html HTTP/1.1" 200 20016 "" "Mozilla/4.0 (compatible; MSIE 6.0; Windows NT 5.0)"
217.128.169.5 - - [15/Sep/2006:10:01:24 +0000] "GET /Porte_de_la_Baie/Communes/Champeaux--61.html HTTP/1.1" 200 21120 "" "Mozilla/4.0 (compatible; MSIE 6.0; Windows NT 5.0)"
217.128.169.5 - - [15/Sep/2006:10:01:25 +0000] "GET /Porte_de_la_Baie/Communes/Dragey-Ronthon--60.html HTTP/1.1" 200 22267 "" "Mozilla/4.0 (compatible; MSIE 6.0; Windows NT 5.0)"
217.128.169.5 - - [15/Sep/2006:10:01:25 +0000] "GET /Porte_de_la_Baie/Communes/Gen_ts--59.html HTTP/1.1" 200 38801 "" "Mozilla/4.0 (compatible; MSIE 6.0; Windows NT 5.0)"
217.128.169.5 - - [15/Sep/2006:10:01:25 +0000] "GET /Porte_de_la_Baie/Communes/Lolif--58.html HTTP/1.1" 200 20956 "" "Mozilla/4.0 (compatible; MSIE 6.0; Windows NT 5.0)"
217.128.169.5 - - [15/Sep/2006:10:01:25 +0000] "GET /Porte_de_la_Baie/Communes/Saint-Jean_le_Thomas--68.html HTTP/1.1" 200 19663 "" "Mozilla/4.0 (compatible; MSIE 6.0; Windows NT 5.0)"
217.128.169.5 - - [15/Sep/2006:10:02:12 +0000] "GET /Porte_de_la_Baie/Communes/Bacilly/D_couvrir--80.html HTTP/1.1" 200 9726 "" "Mozilla/4.0 (compatible; MSIE 6.0; Windows NT 5.0)"
217.128.169.5 - - [15/Sep/2006:10:02:12 +0000] "GET /Porte_de_la_Baie/Communes/Bacilly/Tourisme--79.html HTTP/1.1" 200 9723 "" "Mozilla/4.0 (compatible; MSIE 6.0; Windows NT 5.0)"
217.128.169.5 - - [15/Sep/2006:10:02:13 +0000] "GET /Porte_de_la_Baie/Communes/Bacilly/H_bergement--78.html HTTP/1.1" 200 28390 "" "Mozilla/4.0 (compatible; MSIE 6.0; Windows NT 5.0)"
217.128.169.5 - - [15/Sep/2006:10:02:14 +0000] "GET /Porte_de_la_Baie/Communes/Bacilly/Vie_Pratique--77.html HTTP/1.1" 200 9735 "" "Mozilla/4.0 (compatible; MSIE 6.0; Windows NT 5.0)"
217.128.169.5 - - [15/Sep/2006:10:02:15 +0000] "GET /Porte_de_la_Baie/Communes/Bacilly/Loisirs--76.html HTTP/1.1" 200 9720 "" "Mozilla/4.0 (compatible; MSIE 6.0; Windows NT 5.0)"
217.128.169.5 - - [15/Sep/2006:10:02:15 +0000] "GET /Porte_de_la_Baie/Communes/Bacilly/Calendrier--75.html HTTP/1.1" 200 17744 "" "Mozilla/4.0 (compatible; MSIE 6.0; Windows NT 5.0)"
86.220.46.135 - - [15/Sep/2006:10:05:22 +0000] "GET /Sartilly/D_couvrir--140.html HTTP/1.1" 200 14406 "http://www.ville-sartilly.com/fr/decouvrir.html" "Mozilla/4.0 (compatible; MSIE 5.5; Windows 98; Win 9x 4.90)"
86.220.46.135 - - [15/Sep/2006:10:05:29 +0000] "GET /Sartilly/D_couvrir--140.html HTTP/1.1" 200 14406 "http://www.ville-sartilly.com/fr/decouvrir.html" "Mozilla/4.0 (compatible; MSIE 5.5; Windows 98; Win 9x 4.90)"
86.220.46.135 - - [15/Sep/2006:10:05:37 +0000] "GET /Sartilly/D_couvrir--140.html HTTP/1.1" 200 14406 "http://www.ville-sartilly.com/fr/decouvrir.html" "Mozilla/4.0 (compatible; MSIE 5.5; Windows 98; Win 9x 4.90)"
86.220.46.135 - - [15/Sep/2006:10:05:43 +0000] "GET /Sartilly/D_couvrir--140.html HTTP/1.1" 200 14406 "http://www.ville-sartilly.com/fr/decouvrir.html" "Mozilla/4.0 (compatible; MSIE 5.5; Windows 98; Win 9x 4.90)"
86.220.46.135 - - [15/Sep/2006:10:05:56 +0000] "GET /Sartilly--66.html HTTP/1.1" 200 18470 "http://www.portedelabaie.com/" "Mozilla/4.0 (compatible; MSIE 5.5; Windows 98; Win 9x 4.90)"
86.220.46.135 - - [15/Sep/2006:10:13:58 +0000] "GET /Sartilly/D_couvrir--140.html HTTP/1.1" 200 14406 "http://www.ville-sartilly.com/" "Mozilla/4.0 (compatible; MSIE 5.5; Windows 98; Win 9x 4.90)"
86.220.46.135 - - [15/Sep/2006:10:14:03 +0000] "GET /Sartilly/Tourisme--139.html HTTP/1.1" 200 14226 "http://www.ville-sartilly.com/fr/decouvrir.html" "Mozilla/4.0 (compatible; MSIE 5.5; Windows 98; Win 9x 4.90)"
86.220.46.135 - - [15/Sep/2006:10:18:38 +0000] "GET /Sartilly/Loisirs--136.html HTTP/1.1" 200 12595 "http://www.ville-sartilly.com/fr/tourisme.html" "Mozilla/4.0 (compatible; MSIE 5.5; Windows 98; Win 9x 4.90)"
86.220.46.135 - - [15/Sep/2006:10:22:54 +0000] "GET /Sartilly/Vie_Pratique--137.html HTTP/1.1" 200 16153 "http://www.ville-sartilly.com/" "Mozilla/4.0 (compatible; MSIE 5.5; Windows 98; Win 9x 4.90)"
86.220.46.135 - - [15/Sep/2006:10:23:18 +0000] "GET /Sartilly--66.html HTTP/1.1" 200 18470 "http://www.ville-sartilly.com/fr/vie-pratique.html" "Mozilla/4.0 (compatible; MSIE 5.5; Windows 98; Win 9x 4.90)"
207.46.98.66 - - [15/Sep/2006:10:27:01 +0000] "GET /Sartilly--66.html HTTP/1.1" 200 18470 "" "msnbot/1.0 (+http://search.msn.com/msnbot.htm)"
86.72.67.122 - - [15/Sep/2006:10:33:44 +0000] "GET /Porte_de_la_Baie/Communes/Champeaux/D_couvrir--98.html HTTP/1.1" 200 9748 "" "PeerFactor Crawler"
207.46.98.65 - - [15/Sep/2006:11:03:35 +0000] "GET /Sartilly--66.html HTTP/1.1" 200 18470 "" "msnbot/1.0 (+http://search.msn.com/msnbot.htm)"
207.46.98.65 - - [15/Sep/2006:11:03:36 +0000] "GET /Sartilly--66.html HTTP/1.1" 200 18470 "" "msnbot/1.0 (+http://search.msn.com/msnbot.htm)"
143.196.162.107 - - [15/Sep/2006:11:37:18 +0000] "GET /Porte_de_la_Baie/Communes/Saint-Jean_le_Thomas--68.html HTTP/1.1" 200 19663 "http://www.google.fr/search?q=photos+saint+jean+le+thomas&hl=fr&lr=&start=10&sa=N" "Mozilla/4.0 (compatible; MSIE 6.0; Windows NT 5.1; SV1)"
86.220.42.55 - - [15/Sep/2006:11:37:45 +0000] "GET /Porte_de_la_Baie/Communes/Gen_ts--59.html HTTP/1.1" 200 38801 "http://www.portedelabaie.com/fr/vie-pratique.html" "Mozilla/4.0 (compatible; MSIE 6.0; Windows NT 5.1; SV1; .NET CLR 1.1.4322)"
86.220.42.55 - - [15/Sep/2006:11:38:06 +0000] "GET /Porte_de_la_Baie/Communes/Bacilly--64.html HTTP/1.1" 200 16830 "http://www.portedelabaie.com/fr/communes/genets.html" "Mozilla/4.0 (compatible; MSIE 6.0; Windows NT 5.1; SV1; .NET CLR 1.1.4322)"
86.220.42.55 - - [15/Sep/2006:11:39:28 +0000] "GET /Porte_de_la_Baie/Communes/Dragey-Ronthon--60.html HTTP/1.1" 200 22267 "http://www.portedelabaie.com/fr/communes/bacilly.html" "Mozilla/4.0 (compatible; MSIE 6.0; Windows NT 5.1; SV1; .NET CLR 1.1.4322)"
207.46.98.66 - - [15/Sep/2006:11:47:29 +0000] "GET /Sartilly/Actualit_s--185.html HTTP/1.1" 200 10475 "" "msnbot/1.0 (+http://search.msn.com/msnbot.htm)"
207.46.98.65 - - [15/Sep/2006:11:48:55 +0000] "GET /Sartilly/Tourisme--139.html HTTP/1.1" 200 14226 "" "msnbot/1.0 (+http://search.msn.com/msnbot.htm)"
207.46.98.67 - - [15/Sep/2006:11:55:00 +0000] "GET /Sartilly--66.html HTTP/1.1" 200 18470 "" "msnbot/1.0 (+http://search.msn.com/msnbot.htm)"
207.46.98.66 - - [15/Sep/2006:12:07:14 +0000] "GET /Sartilly/D_couvrir--140.html HTTP/1.1" 200 14406 "" "msnbot/1.0 (+http://search.msn.com/msnbot.htm)"
217.128.169.5 - - [15/Sep/2006:12:35:03 +0000] "GET /Porte_de_la_Baie/Communes/Bacilly--64.html HTTP/1.1" 200 16830 "" "Mozilla/4.0 (compatible; MSIE 6.0; Windows NT 5.0)"
217.128.169.5 - - [15/Sep/2006:12:35:03 +0000] "GET /Porte_de_la_Baie/Communes/Champcey--62.html HTTP/1.1" 200 20016 "" "Mozilla/4.0 (compatible; MSIE 6.0; Windows NT 5.0)"
217.128.169.5 - - [15/Sep/2006:12:35:04 +0000] "GET /Porte_de_la_Baie/Communes/Champeaux--61.html HTTP/1.1" 200 21120 "" "Mozilla/4.0 (compatible; MSIE 6.0; Windows NT 5.0)"
217.128.169.5 - - [15/Sep/2006:12:35:04 +0000] "GET /Porte_de_la_Baie/Communes/Dragey-Ronthon--60.html HTTP/1.1" 200 22267 "" "Mozilla/4.0 (compatible; MSIE 6.0; Windows NT 5.0)"
217.128.169.5 - - [15/Sep/2006:12:35:04 +0000] "GET /Porte_de_la_Baie/Communes/Gen_ts--59.html HTTP/1.1" 200 38801 "" "Mozilla/4.0 (compatible; MSIE 6.0; Windows NT 5.0)"
217.128.169.5 - - [15/Sep/2006:12:35:04 +0000] "GET /Porte_de_la_Baie/Communes/Lolif--58.html HTTP/1.1" 200 20956 "" "Mozilla/4.0 (compatible; MSIE 6.0; Windows NT 5.0)"
217.128.169.5 - - [15/Sep/2006:12:35:05 +0000] "GET /Porte_de_la_Baie/Communes/Saint-Jean_le_Thomas--68.html HTTP/1.1" 200 19663 "" "Mozilla/4.0 (compatible; MSIE 6.0; Windows NT 5.0)"
217.128.169.5 - - [15/Sep/2006:12:35:48 +0000] "GET /Porte_de_la_Baie/Communes/Bacilly/D_couvrir--80.html HTTP/1.1" 200 9726 "" "Mozilla/4.0 (compatible; MSIE 6.0; Windows NT 5.0)"
217.128.169.5 - - [15/Sep/2006:12:35:49 +0000] "GET /Porte_de_la_Baie/Communes/Bacilly/Tourisme--79.html HTTP/1.1" 200 9723 "" "Mozilla/4.0 (compatible; MSIE 6.0; Windows NT 5.0)"
217.128.169.5 - - [15/Sep/2006:12:35:49 +0000] "GET /Porte_de_la_Baie/Communes/Bacilly/H_bergement--78.html HTTP/1.1" 200 28390 "" "Mozilla/4.0 (compatible; MSIE 6.0; Windows NT 5.0)"
217.128.169.5 - - [15/Sep/2006:12:35:50 +0000] "GET /Porte_de_la_Baie/Communes/Bacilly/Vie_Pratique--77.html HTTP/1.1" 200 9735 "" "Mozilla/4.0 (compatible; MSIE 6.0; Windows NT 5.0)"
217.128.169.5 - - [15/Sep/2006:12:35:50 +0000] "GET /Porte_de_la_Baie/Communes/Bacilly/Loisirs--76.html HTTP/1.1" 200 9720 "" "Mozilla/4.0 (compatible; MSIE 6.0; Windows NT 5.0)"
217.128.169.5 - - [15/Sep/2006:12:35:50 +0000] "GET /Porte_de_la_Baie/Communes/Bacilly/Calendrier--75.html HTTP/1.1" 200 17744 "" "Mozilla/4.0 (compatible; MSIE 6.0; Windows NT 5.0)"
217.128.169.5 - - [15/Sep/2006:12:35:51 +0000] "GET /Porte_de_la_Baie/Communes/Bacilly/Actualit_s--174.html HTTP/1.1" 200 10818 "" "Mozilla/4.0 (compatible; MSIE 6.0; Windows NT 5.0)"
217.128.169.5 - - [15/Sep/2006:12:35:54 +0000] "GET /Porte_de_la_Baie/Communes/Champcey/D_couvrir--92.html HTTP/1.1" 200 9728 "" "Mozilla/4.0 (compatible; MSIE 6.0; Windows NT 5.0)"
217.128.169.5 - - [15/Sep/2006:12:35:55 +0000] "GET /Porte_de_la_Baie/Communes/Champcey/Tourisme--91.html HTTP/1.1" 200 9725 "" "Mozilla/4.0 (compatible; MSIE 6.0; Windows NT 5.0)"
217.128.169.5 - - [15/Sep/2006:12:35:55 +0000] "GET /Porte_de_la_Baie/Communes/Champcey/H_bergement--90.html HTTP/1.1" 200 28025 "" "Mozilla/4.0 (compatible; MSIE 6.0; Windows NT 5.0)"
217.128.169.5 - - [15/Sep/2006:12:35:56 +0000] "GET /Porte_de_la_Baie/Communes/Champcey/Vie_Pratique--89.html HTTP/1.1" 200 9737 "" "Mozilla/4.0 (compatible; MSIE 6.0; Windows NT 5.0)"
217.128.169.5 - - [15/Sep/2006:12:35:56 +0000] "GET /Porte_de_la_Baie/Communes/Champcey/Loisirs--88.html HTTP/1.1" 200 9722 "" "Mozilla/4.0 (compatible; MSIE 6.0; Windows NT 5.0)"
217.128.169.5 - - [15/Sep/2006:12:35:57 +0000] "GET /Porte_de_la_Baie/Communes/Champcey/Calendrier--87.html HTTP/1.1" 200 17758 "" "Mozilla/4.0 (compatible; MSIE 6.0; Windows NT 5.0)"
217.128.169.5 - - [15/Sep/2006:12:35:58 +0000] "GET /Porte_de_la_Baie/Communes/Champcey/Actualit_s--177.html HTTP/1.1" 200 10819 "" "Mozilla/4.0 (compatible; MSIE 6.0; Windows NT 5.0)"
217.128.169.5 - - [15/Sep/2006:12:35:59 +0000] "GET /Porte_de_la_Baie/Communes/Champeaux/D_couvrir--98.html HTTP/1.1" 200 9748 "" "Mozilla/4.0 (compatible; MSIE 6.0; Windows NT 5.0)"
217.128.169.5 - - [15/Sep/2006:12:35:59 +0000] "GET /Porte_de_la_Baie/Communes/Champeaux/Tourisme--97.html HTTP/1.1" 200 9745 "" "Mozilla/4.0 (compatible; MSIE 6.0; Windows NT 5.0)"
217.128.169.5 - - [15/Sep/2006:12:35:59 +0000] "GET /Porte_de_la_Baie/Communes/Champeaux/H_bergement--96.html HTTP/1.1" 200 28110 "" "Mozilla/4.0 (compatible; MSIE 6.0; Windows NT 5.0)"
217.128.169.5 - - [15/Sep/2006:12:36:00 +0000] "GET /Porte_de_la_Baie/Communes/Champeaux/Vie_Pratique--95.html HTTP/1.1" 200 9757 "" "Mozilla/4.0 (compatible; MSIE 6.0; Windows NT 5.0)"
217.128.169.5 - - [15/Sep/2006:12:36:00 +0000] "GET /Porte_de_la_Baie/Communes/Champeaux/Loisirs--94.html HTTP/1.1" 200 9742 "" "Mozilla/4.0 (compatible; MSIE 6.0; Windows NT 5.0)"
217.128.169.5 - - [15/Sep/2006:12:36:00 +0000] "GET /Porte_de_la_Baie/Communes/Champeaux/Calendrier--93.html HTTP/1.1" 200 17790 "" "Mozilla/4.0 (compatible; MSIE 6.0; Windows NT 5.0)"
207.46.98.67 - - [15/Sep/2006:12:52:15 +0000] "GET /Sartilly/Loisirs--136.html HTTP/1.1" 200 12595 "" "msnbot/1.0 (+http://search.msn.com/msnbot.htm)"
207.46.98.67 - - [15/Sep/2006:12:52:35 +0000] "GET /Sartilly/Vie_Pratique--137.html HTTP/1.1" 200 16153 "" "msnbot/1.0 (+http://search.msn.com/msnbot.htm)"
207.46.98.67 - - [15/Sep/2006:12:52:47 +0000] "GET /Sartilly/H_bergement--138.html HTTP/1.1" 200 26563 "" "msnbot/1.0 (+http://search.msn.com/msnbot.htm)"
207.46.98.67 - - [15/Sep/2006:12:52:51 +0000] "GET /Sartilly--66.html HTTP/1.1" 200 18470 "" "msnbot/1.0 (+http://search.msn.com/msnbot.htm)"
207.46.98.67 - - [15/Sep/2006:12:53:01 +0000] "GET /Sartilly/Calendrier--135.html HTTP/1.1" 200 17206 "" "msnbot/1.0 (+http://search.msn.com/msnbot.htm)"
212.99.12.132 - - [15/Sep/2006:13:11:47 +0000] "GET /Porte_de_la_Baie/Communes/Saint-Jean_le_Thomas--68.html HTTP/1.1" 200 19663 "http://www.google.fr/search?hl=fr&q=saint+jean+de+thomas&meta=" "Mozilla/4.0 (compatible; MSIE 6.0; Windows NT 5.1; SV1)"
212.99.12.132 - - [15/Sep/2006:13:11:59 +0000] "GET /Porte_de_la_Baie/Communes/Saint-Jean_le_Thomas/Loisirs--124.html HTTP/1.1" 200 9964 "http://www.portedelabaie.com/fr/communes/saint-jean-le-thomas.html" "Mozilla/4.0 (compatible; MSIE 6.0; Windows NT 5.1; SV1)"
212.99.12.132 - - [15/Sep/2006:13:12:41 +0000] "GET /Porte_de_la_Baie/Communes/Saint-Jean_le_Thomas--68.html HTTP/1.1" 200 19663 "http://www.portedelabaie.com/fr.html" "Mozilla/4.0 (compatible; MSIE 6.0; Windows NT 5.1; SV1)"
212.99.12.132 - - [15/Sep/2006:13:12:50 +0000] "GET /Porte_de_la_Baie/Communes/Saint-Jean_le_Thomas/Calendrier--123.html HTTP/1.1" 200 18144 "http://www.portedelabaie.com/fr/communes/saint-jean-le-thomas.html" "Mozilla/4.0 (compatible; MSIE 6.0; Windows NT 5.1; SV1)"
212.99.12.132 - - [15/Sep/2006:13:13:12 +0000] "GET /Porte_de_la_Baie/Communes/Saint-Jean_le_Thomas/D_couvrir--128.html HTTP/1.1" 200 13713 "http://www.portedelabaie.com/fr/communes/saint-jean-le-thomas.html" "Mozilla/4.0 (compatible; MSIE 6.0; Windows NT 5.1; SV1)"
81.246.201.201 - - [15/Sep/2006:14:07:30 +0000] "GET /Porte_de_la_Baie/Communes/Champeaux/Vie_Pratique--95.html HTTP/1.1" 200 9757 "http://www.google.be/search?hl=fr&q=Dragey-Ronthon&meta=" "Mozilla/4.0 (compatible; MSIE 6.0; Windows NT 5.1; .NET CLR 1.1.4322)"
81.246.201.201 - - [15/Sep/2006:14:07:35 +0000] "GET /Porte_de_la_Baie/Communes/Champeaux/H_bergement--96.html HTTP/1.1" 200 28110 "http://www.portedelabaie.com/index.php?id=95" "Mozilla/4.0 (compatible; MSIE 6.0; Windows NT 5.1; .NET CLR 1.1.4322)"
81.246.201.201 - - [15/Sep/2006:14:07:40 +0000] "GET /Porte_de_la_Baie/Communes/Champeaux/H_bergement--96.html HTTP/1.1" 200 28110 "http://www.portedelabaie.com/fr/communes/champeaux/hebergement.html" "Mozilla/4.0 (compatible; MSIE 6.0; Windows NT 5.1; .NET CLR 1.1.4322)"
81.246.201.201 - - [15/Sep/2006:14:07:50 +0000] "GET /Porte_de_la_Baie/Communes/Champeaux/H_bergement--96.html HTTP/1.1" 200 28110 "http://www.portedelabaie.com/fr/communes/champeaux/hebergement.html?tx_travelguide_pi1%5Bscat%5D=3&tx_travelguide_pi1%5Bsloc%5D=1" "Mozilla/4.0 (compatible; MSIE 6.0; Windows NT 5.1; .NET CLR 1.1.4322)"
65.55.212.216 - - [15/Sep/2006:14:08:05 +0000] "GET /Sartilly--66.html HTTP/1.1" 200 18470 "" "msnbot/0.9 (+http://search.msn.com/msnbot.htm)"
81.246.201.201 - - [15/Sep/2006:14:08:05 +0000] "GET /Porte_de_la_Baie/Communes/Champeaux/H_bergement--96.html HTTP/1.1" 200 28110 "http://www.portedelabaie.com/fr/communes/champeaux/hebergement.html" "Mozilla/4.0 (compatible; MSIE 6.0; Windows NT 5.1; .NET CLR 1.1.4322)"
81.246.201.201 - - [15/Sep/2006:14:08:15 +0000] "GET /Porte_de_la_Baie/Communes/Champeaux/H_bergement--96.html HTTP/1.1" 200 28110 "http://www.portedelabaie.com/fr/communes/champeaux/hebergement.html?tx_travelguide_pi1%5Bscat%5D=3&tx_travelguide_pi1%5Bsloc%5D=1" "Mozilla/4.0 (compatible; MSIE 6.0; Windows NT 5.1; .NET CLR 1.1.4322)"
81.246.201.201 - - [15/Sep/2006:14:08:29 +0000] "GET /Porte_de_la_Baie/Communes/Champeaux/H_bergement--96.html HTTP/1.1" 200 28110 "http://www.portedelabaie.com/fr/communes/champeaux/hebergement.html?tx_travelguide_pi1%5Bscat%5D=3&tx_travelguide_pi1%5Bsloc%5D=11" "Mozilla/4.0 (compatible; MSIE 6.0; Windows NT 5.1; .NET CLR 1.1.4322)"
81.246.201.201 - - [15/Sep/2006:14:08:33 +0000] "GET /Porte_de_la_Baie/Communes/Champeaux/D_couvrir--98.html HTTP/1.1" 200 9748 "http://www.portedelabaie.com/fr/communes/champeaux/hebergement.html?tx_travelguide_pi1%5Bscat%5D=3&tx_travelguide_pi1%5Bsloc%5D=11" "Mozilla/4.0 (compatible; MSIE 6.0; Windows NT 5.1; .NET CLR 1.1.4322)"
81.246.201.201 - - [15/Sep/2006:14:08:41 +0000] "GET /Porte_de_la_Baie/Communes/Champeaux/Tourisme--97.html HTTP/1.1" 200 9745 "http://www.portedelabaie.com/fr/communes/champeaux/decouvrir.html" "Mozilla/4.0 (compatible; MSIE 6.0; Windows NT 5.1; .NET CLR 1.1.4322)"
81.246.201.201 - - [15/Sep/2006:14:08:44 +0000] "GET /Porte_de_la_Baie/Communes/Champeaux/D_couvrir--98.html HTTP/1.1" 200 9748 "http://www.portedelabaie.com/fr/communes/champeaux/hebergement.html?tx_travelguide_pi1%5Bscat%5D=3&tx_travelguide_pi1%5Bsloc%5D=11" "Mozilla/4.0 (compatible; MSIE 6.0; Windows NT 5.1; .NET CLR 1.1.4322)"
81.246.201.201 - - [15/Sep/2006:14:08:45 +0000] "GET /Porte_de_la_Baie/Communes/Champeaux/H_bergement--96.html HTTP/1.1" 200 28110 "http://www.portedelabaie.com/fr/communes/champeaux/hebergement.html?tx_travelguide_pi1%5Bscat%5D=3&tx_travelguide_pi1%5Bsloc%5D=11" "Mozilla/4.0 (compatible; MSIE 6.0; Windows NT 5.1; .NET CLR 1.1.4322)"
81.246.201.201 - - [15/Sep/2006:14:08:47 +0000] "GET /Porte_de_la_Baie/Communes/Champeaux/H_bergement--96.html HTTP/1.1" 200 28110 "http://www.portedelabaie.com/fr/communes/champeaux/hebergement.html" "Mozilla/4.0 (compatible; MSIE 6.0; Windows NT 5.1; .NET CLR 1.1.4322)"
81.246.201.201 - - [15/Sep/2006:14:08:49 +0000] "GET /Porte_de_la_Baie/Communes/Champeaux/H_bergement--96.html HTTP/1.1" 200 28110 "http://www.portedelabaie.com/index.php?id=95" "Mozilla/4.0 (compatible; MSIE 6.0; Windows NT 5.1; .NET CLR 1.1.4322)"
81.246.201.201 - - [15/Sep/2006:14:08:50 +0000] "GET /Porte_de_la_Baie/Communes/Champeaux/Vie_Pratique--95.html HTTP/1.1" 200 9757 "http://www.google.be/search?hl=fr&q=Dragey-Ronthon&meta=" "Mozilla/4.0 (compatible; MSIE 6.0; Windows NT 5.1; .NET CLR 1.1.4322)"
194.250.178.227 - - [15/Sep/2006:14:59:32 +0000] "GET /Porte_de_la_Baie/Communes/Saint-Jean_le_Thomas--68.html HTTP/1.1" 200 19663 "http://www.google.fr/search?q=banc+des+hermelles&hl=fr&lr=&newwindow=1&start=10&sa=N" "Mozilla/4.0 (compatible; MSIE 6.0; Windows NT 5.1; .NET CLR 1.1.4322)"
194.250.178.227 - - [15/Sep/2006:15:00:00 +0000] "GET /Porte_de_la_Baie/Communes/Saint-Jean_le_Thomas/Tourisme--127.html HTTP/1.1" 200 9967 "http://www.portedelabaie.com/index.php?id=68" "Mozilla/4.0 (compatible; MSIE 6.0; Windows NT 5.1; .NET CLR 1.1.4322)"
81.250.115.240 - - [15/Sep/2006:15:39:30 +0000] "GET /Porte_de_la_Baie/Communes/Bacilly--64.html HTTP/1.1" 200 16830 "" "Mozilla/4.0 (compatible; MSIE 6.0; Windows NT 5.1)"
86.220.114.121 - - [15/Sep/2006:15:51:31 +0000] "GET /Sartilly--66.html HTTP/1.1" 200 18470 "http://www.portedelabaie.com/" "Mozilla/4.0 (compatible; MSIE 5.5; Windows 98; Win 9x 4.90)"
213.41.42.73 - - [15/Sep/2006:15:51:37 +0000] "GET /Porte_de_la_Baie/Communes/Gen_ts--59.html HTTP/1.1" 200 38801 "" "Mozilla/4.0 (compatible; MSIE 6.0; Windows NT 5.1)"
213.41.42.73 - - [15/Sep/2006:15:51:50 +0000] "GET /Porte_de_la_Baie/Communes/Gen_ts/Calendrier--105.html HTTP/1.1" 200 17694 "http://www.portedelabaie.com/fr/communes/genets.html" "Mozilla/4.0 (compatible; MSIE 6.0; Windows NT 5.1)"
194.250.178.227 - - [15/Sep/2006:15:51:59 +0000] "GET /Porte_de_la_Baie/Communes/Saint-Jean_le_Thomas--68.html HTTP/1.1" 200 19663 "http://www.google.fr/search?q=banc+des+hermelles&hl=fr&lr=&newwindow=1&start=10&sa=N" "Mozilla/4.0 (compatible; MSIE 6.0; Windows NT 5.1; .NET CLR 1.1.4322)"
194.250.178.227 - - [15/Sep/2006:15:58:26 +0000] "GET /Porte_de_la_Baie/Communes/Saint-Jean_le_Thomas--68.html HTTP/1.1" 200 19663 "http://www.google.fr/search?q=banc+des+hermelles&hl=fr&lr=&newwindow=1&start=10&sa=N" "Mozilla/4.0 (compatible; MSIE 6.0; Windows NT 5.1; .NET CLR 1.1.4322)"
66.249.66.48 - - [15/Sep/2006:16:01:31 +0000] "GET /Sartilly--66.html HTTP/1.1" 200 18470 "" "Mozilla/5.0 (compatible; Googlebot/2.1; +http://www.google.com/bot.html)"
213.41.42.73 - - [15/Sep/2006:16:01:51 +0000] "GET /Porte_de_la_Baie/Communes/Gen_ts--59.html HTTP/1.1" 200 38801 "" "Mozilla/4.0 (compatible; MSIE 6.0; Windows NT 5.1)"
207.46.98.67 - - [15/Sep/2006:16:59:21 +0000] "GET /Sartilly--66.html HTTP/1.1" 200 18470 "" "msnbot/1.0 (+http://search.msn.com/msnbot.htm)"
90.8.0.10 - - [15/Sep/2006:17:03:38 +0000] "GET /Porte_de_la_Baie/Communes/Gen_ts--59.html HTTP/1.1" 200 38801 "http://www.google.fr/search?hl=fr&q=MAISON+DE+LA+BAIE+GENETS&meta=" "Mozilla/4.0 (compatible; MSIE 6.0; Windows NT 5.1; SV1)"
66.249.66.48 - - [15/Sep/2006:18:49:36 +0000] "GET /Sartilly/Calendrier--135.html HTTP/1.1" 200 10356 "" "Mozilla/5.0 (compatible; Googlebot/2.1; +http://www.google.com/bot.html)"
80.13.187.142 - - [15/Sep/2006:18:51:27 +0000] "GET /Porte_de_la_Baie/Communes/Champeaux--61.html HTTP/1.1" 200 21120 "http://www.google.fr/search?hl=fr&rls=GGLJ%2CGGLJ%3A2006-29%2CGGLJ%3Afr&q=petit+campanile+&meta=" "Mozilla/4.0 (compatible; MSIE 6.0; Windows NT 5.1; SV1; MyIE2; .NET CLR 1.1.4322; .NET CLR 2.0.50727)"
83.225.28.250 - - [15/Sep/2006:19:08:55 +0000] "GET /Porte_de_la_Baie/Communes/Dragey-Ronthon--60.html HTTP/1.1" 200 22267 "http://www.google.fr/search?hl=it&q=manoir+dragey" "Mozilla/4.0 (compatible; MSIE 6.0; Windows NT 5.1; SV1; .NET CLR 1.1.4322)"
86.192.253.7 - - [15/Sep/2006:19:11:48 +0000] "GET /Sartilly--66.html HTTP/1.1" 200 18470 "http://www.portedelabaie.com/fr/marches-publics.html" "Mozilla/5.0 (X11; U; Linux i686; fr; rv:1.8.0.6) Gecko/20060728 Firefox/1.5.0.6"
86.192.253.7 - - [15/Sep/2006:19:11:51 +0000] "GET /Sartilly--66.html HTTP/1.1" 200 18470 "" "Mozilla/5.0 (X11; U; Linux i686; fr; rv:1.8.0.6) Gecko/20060728 Firefox/1.5.0.6"
86.192.253.7 - - [15/Sep/2006:19:11:56 +0000] "GET /Sartilly--66.html HTTP/1.1" 200 18470 "http://www.ville-sartilly.com/" "Mozilla/5.0 (X11; U; Linux i686; fr; rv:1.8.0.6) Gecko/20060728 Firefox/1.5.0.6"
86.192.253.7 - - [15/Sep/2006:19:12:04 +0000] "GET /Sartilly/Vie_Pratique--137.html HTTP/1.1" 200 16153 "http://www.ville-sartilly.com/robots.txt" "Mozilla/5.0 (X11; U; Linux i686; fr; rv:1.8.0.6) Gecko/20060728 Firefox/1.5.0.6"
86.192.253.7 - - [15/Sep/2006:19:12:13 +0000] "GET /Sartilly/Actualit_s--185.html HTTP/1.1" 200 10475 "http://www.ville-sartilly.com/fr/vie-pratique.html" "Mozilla/5.0 (X11; U; Linux i686; fr; rv:1.8.0.6) Gecko/20060728 Firefox/1.5.0.6"
212.194.173.196 - - [15/Sep/2006:19:14:36 +0000] "GET /Porte_de_la_Baie/Communes/Gen_ts--59.html HTTP/1.1" 200 38801 "http://recherche.club-internet.fr/fast-cgi/tsc?lang=any&q=%22bec+d%27andaine%22&type=all&PortalLanguage=fr&UserLanguage=fr&language=fr&mandant=toi&device=html&search_type=new" "Mozilla/5.0 (Windows; U; Windows NT 5.1; fr-FR; rv:1.7.12) Gecko/20050919 Firefox/1.0.7"
82.251.57.22 - - [15/Sep/2006:19:22:18 +0000] "GET /Sartilly/Loisirs--136.html HTTP/1.1" 200 12596 "" "Mozilla/4.0 (compatible; MSIE 6.0; Windows NT 5.1; SV1)"
82.251.57.22 - - [15/Sep/2006:19:22:46 +0000] "GET /Sartilly/Tourisme--139.html HTTP/1.1" 200 14226 "http://www.portedelabaie.com/index.php?id=136" "Mozilla/4.0 (compatible; MSIE 6.0; Windows NT 5.1; SV1)"
65.55.212.216 - - [15/Sep/2006:19:23:34 +0000] "GET /Sartilly--66.html HTTP/1.1" 200 18470 "" "msnbot/0.9 (+http://search.msn.com/msnbot.htm)"
66.249.66.48 - - [15/Sep/2006:19:50:15 +0000] "GET /Sartilly/Calendrier--135.html HTTP/1.1" 200 10294 "" "Mozilla/5.0 (compatible; Googlebot/2.1; +http://www.google.com/bot.html)"
66.249.66.48 - - [15/Sep/2006:20:02:26 +0000] "GET /Sartilly/Calendrier--135.html HTTP/1.1" 200 10336 "" "Mozilla/5.0 (compatible; Googlebot/2.1; +http://www.google.com/bot.html)"
82.47.83.82 - - [15/Sep/2006:20:14:50 +0000] "GET /Porte_de_la_Baie/Communes/Dragey-Ronthon--60.html HTTP/1.1" 200 22267 "http://www.ville-angey.com/" "Mozilla/4.0 (compatible; MSIE 6.0; Windows NT 5.1; SV1; .NET CLR 1.1.4322)"
72.30.129.28 - - [15/Sep/2006:20:47:49 +0000] "GET /Sartilly--66.html HTTP/1.1" 200 18470 "" "Mozilla/5.0 (compatible; Yahoo! Slurp; http://help.yahoo.com/help/us/ysearch/slurp)"
72.30.128.224 - - [15/Sep/2006:20:47:50 +0000] "GET /Sartilly--66.html HTTP/1.1" 200 18470 "" "Mozilla/5.0 (compatible; Yahoo! Slurp; http://help.yahoo.com/help/us/ysearch/slurp)"
66.249.66.48 - - [15/Sep/2006:20:52:36 +0000] "GET /Sartilly/Calendrier--135.html HTTP/1.1" 200 10297 "" "Mozilla/5.0 (compatible; Googlebot/2.1; +http://www.google.com/bot.html)"
207.46.98.67 - - [15/Sep/2006:21:50:56 +0000] "GET /Sartilly--66.html HTTP/1.1" 200 18470 "" "msnbot/1.0 (+http://search.msn.com/msnbot.htm)"
66.249.66.48 - - [15/Sep/2006:22:20:03 +0000] "GET /Porte_de_la_Baie/Communes/Champeaux/Vie_Pratique--95.html HTTP/1.1" 200 9757 "" "Mozilla/5.0 (compatible; Googlebot/2.1; +http://www.google.com/bot.html)"
207.46.98.75 - - [15/Sep/2006:22:30:35 +0000] "GET /Porte_de_la_Baie/Communes/Bacilly--64.html HTTP/1.1" 200 16830 "" "msnbot/1.0 (+http://search.msn.com/msnbot.htm)"
207.46.98.73 - - [15/Sep/2006:22:48:47 +0000] "GET /Porte_de_la_Baie/Communes/Champcey--62.html HTTP/1.1" 200 20016 "" "msnbot/1.0 (+http://search.msn.com/msnbot.htm)"
65.55.212.216 - - [15/Sep/2006:22:53:57 +0000] "GET /Sartilly--66.html HTTP/1.1" 200 18470 "" "msnbot/0.9 (+http://search.msn.com/msnbot.htm)"
82.237.237.228 - - [15/Sep/2006:23:51:47 +0000] "GET /Porte_de_la_Baie/Communes/Saint-Jean_le_Thomas--68.html HTTP/1.1" 200 19663 "" "Mozilla/5.0 (Windows; U; Windows NT 5.1; fr-FR; rv:1.7.5) Gecko/20041108 Firefox/1.0"
207.46.98.74 - - [16/Sep/2006:00:33:19 +0000] "GET /Porte_de_la_Baie/Communes/Lolif--58.html HTTP/1.1" 200 20956 "" "msnbot/1.0 (+http://search.msn.com/msnbot.htm)"
207.46.98.74 - - [16/Sep/2006:00:36:24 +0000] "GET /Porte_de_la_Baie/Communes/Champeaux--61.html HTTP/1.1" 200 21120 "" "msnbot/1.0 (+http://search.msn.com/msnbot.htm)"
207.46.98.74 - - [16/Sep/2006:00:37:19 +0000] "GET /Porte_de_la_Baie/Communes/Dragey-Ronthon--60.html HTTP/1.1" 200 22267 "" "msnbot/1.0 (+http://search.msn.com/msnbot.htm)"
207.46.98.74 - - [16/Sep/2006:00:37:26 +0000] "GET /Porte_de_la_Baie/Communes/Gen_ts--59.html HTTP/1.1" 200 38801 "" "msnbot/1.0 (+http://search.msn.com/msnbot.htm)"
66.249.66.48 - - [16/Sep/2006:00:40:50 +0000] "GET /Porte_de_la_Baie/Communes/Dragey-Ronthon/Tourisme--103.html HTTP/1.1" 200 9845 "" "Mozilla/5.0 (compatible; Googlebot/2.1; +http://www.google.com/bot.html)"
207.46.98.73 - - [16/Sep/2006:02:16:27 +0000] "GET /Porte_de_la_Baie/Communes/Lolif/Loisirs--112.html HTTP/1.1" 200 9664 "" "msnbot/1.0 (+http://search.msn.com/msnbot.htm)"
207.46.98.74 - - [16/Sep/2006:02:53:42 +0000] "GET /Porte_de_la_Baie/Communes/Lolif/Actualit_s--181.html HTTP/1.1" 200 10764 "" "msnbot/1.0 (+http://search.msn.com/msnbot.htm)"
207.46.98.75 - - [16/Sep/2006:04:08:55 +0000] "GET /Porte_de_la_Baie/Communes/Champeaux/Actualit_s--178.html HTTP/1.1" 200 10838 "" "msnbot/1.0 (+http://search.msn.com/msnbot.htm)"
66.249.66.48 - - [16/Sep/2006:05:19:17 +0000] "GET /Porte_de_la_Baie/Communes/Lolif--58.html HTTP/1.1" 200 20956 "" "Mozilla/5.0 (compatible; Googlebot/2.1; +http://www.google.com/bot.html)"
66.249.66.48 - - [16/Sep/2006:05:31:37 +0000] "GET /Porte_de_la_Baie/Communes/Champeaux/Actualit_s--178.html HTTP/1.1" 200 10838 "" "Mozilla/5.0 (compatible; Googlebot/2.1; +http://www.google.com/bot.html)"
207.46.98.73 - - [16/Sep/2006:06:06:22 +0000] "GET /Porte_de_la_Baie/Communes/Bacilly/Actualit_s--174.html HTTP/1.1" 200 10818 "" "msnbot/1.0 (+http://search.msn.com/msnbot.htm)"
66.249.66.48 - - [16/Sep/2006:06:15:17 +0000] "GET /Porte_de_la_Baie/Communes/Champcey/Vie_Pratique--89.html HTTP/1.1" 200 9737 "" "Mozilla/5.0 (compatible; Googlebot/2.1; +http://www.google.com/bot.html)"
207.46.98.67 - - [16/Sep/2006:06:40:51 +0000] "GET /Sartilly--66.html HTTP/1.1" 200 18470 "" "msnbot/1.0 (+http://search.msn.com/msnbot.htm)"
66.249.66.48 - - [16/Sep/2006:07:11:12 +0000] "GET /Porte_de_la_Baie/Communes/Saint-Jean_le_Thomas--68.html HTTP/1.1" 200 19663 "" "Mozilla/5.0 (compatible; Googlebot/2.1; +http://www.google.com/bot.html)"
66.249.66.48 - - [16/Sep/2006:07:25:05 +0000] "GET /Porte_de_la_Baie/Communes/Bacilly--64.html HTTP/1.1" 200 16830 "" "Mozilla/5.0 (compatible; Googlebot/2.1; +http://www.google.com/bot.html)"
72.30.110.154 - - [16/Sep/2006:07:28:36 +0000] "GET /Porte_de_la_Baie/Communes/Saint-Jean_le_Thomas--68.html HTTP/1.1" 200 19663 "" "Mozilla/5.0 (compatible; Yahoo! Slurp; http://help.yahoo.com/help/us/ysearch/slurp)"
66.249.66.48 - - [16/Sep/2006:08:07:09 +0000] "GET /Porte_de_la_Baie/Communes/Saint-Jean_le_Thomas/Vie_Pratique--125.html HTTP/1.1" 200 9979 "" "Mozilla/5.0 (compatible; Googlebot/2.1; +http://www.google.com/bot.html)"
66.249.66.48 - - [16/Sep/2006:08:49:03 +0000] "GET /Porte_de_la_Baie/Communes/Champcey/Vie_Pratique--89.html HTTP/1.1" 200 9737 "" "Mozilla/5.0 (compatible; Googlebot/2.1; +http://www.google.com/bot.html)"
86.203.41.60 - - [16/Sep/2006:09:00:05 +0000] "GET /Porte_de_la_Baie/Communes/Gen_ts--59.html HTTP/1.1" 200 38801 "http://www.google.fr/search?q=genets&hl=fr&lr=&start=30&sa=N" "Mozilla/4.0 (compatible; MSIE 6.0; Windows NT 5.1; SV1; Wanadoo 5.6)"
86.203.41.60 - - [16/Sep/2006:09:01:13 +0000] "GET /Porte_de_la_Baie/Communes/Gen_ts/H_bergement--108.html HTTP/1.1" 200 27856 "http://www.portedelabaie.com/fr/communes/genets.html" "Mozilla/4.0 (compatible; MSIE 6.0; Windows NT 5.1; SV1; Wanadoo 5.6)"
86.203.41.60 - - [16/Sep/2006:09:01:34 +0000] "GET /Porte_de_la_Baie/Communes/Gen_ts/H_bergement--108.html HTTP/1.1" 200 27856 "http://www.portedelabaie.com/fr/communes/genets/hebergement.html" "Mozilla/4.0 (compatible; MSIE 6.0; Windows NT 5.1; SV1; Wanadoo 5.6)"
