83.115.154.2 - - [30/Sep/2006:00:17:41 +0000] "GET /Sartilly--66.html HTTP/1.1" 200 18425 "http://www.google.fr/search?sourceid=navclient&hl=fr&ie=UTF-8&rls=GGLD,GGLD:2003-49,GGLD:fr&q=sartilly" "Mozilla/4.0 (compatible; MSIE 6.0; Windows 98)"
66.249.65.34 - - [30/Sep/2006:01:26:09 +0000] "GET /Porte_de_la_Baie/Communes/Saint-Jean_le_Thomas/H_bergement--126.html HTTP/1.1" 200 29014 "" "Mozilla/5.0 (compatible; Googlebot/2.1; +http://www.google.com/bot.html)"
66.249.65.34 - - [30/Sep/2006:01:58:59 +0000] "GET /Porte_de_la_Baie/Communes/Saint-Jean_le_Thomas/Vie_Pratique--125.html HTTP/1.1" 200 9945 "" "Mozilla/5.0 (compatible; Googlebot/2.1; +http://www.google.com/bot.html)"
66.249.65.34 - - [30/Sep/2006:02:27:49 +0000] "GET /Porte_de_la_Baie/Communes/Saint-Jean_le_Thomas/Actualit_s--183.html HTTP/1.1" 200 11015 "" "Mozilla/5.0 (compatible; Googlebot/2.1; +http://www.google.com/bot.html)"
66.249.65.34 - - [30/Sep/2006:05:05:45 +0000] "GET /Sartilly/Loisirs--136.html HTTP/1.1" 200 12562 "" "Mozilla/5.0 (compatible; Googlebot/2.1; +http://www.google.com/bot.html)"
66.249.65.34 - - [30/Sep/2006:06:22:57 +0000] "GET /Sartilly/Tourisme--139.html HTTP/1.1" 200 14194 "" "Mozilla/5.0 (compatible; Googlebot/2.1; +http://www.google.com/bot.html)"
66.249.65.34 - - [30/Sep/2006:07:24:50 +0000] "GET /Porte_de_la_Baie/Communes/Saint-Jean_le_Thomas/H_bergement--126.html HTTP/1.1" 200 27207 "" "Mozilla/5.0 (compatible; Googlebot/2.1; +http://www.google.com/bot.html)"
66.249.65.34 - - [30/Sep/2006:07:41:19 +0000] "GET /Porte_de_la_Baie/Communes/Saint-Jean_le_Thomas/H_bergement--126.html HTTP/1.1" 200 27132 "" "Mozilla/5.0 (compatible; Googlebot/2.1; +http://www.google.com/bot.html)"
66.249.65.34 - - [30/Sep/2006:07:49:35 +0000] "GET /Porte_de_la_Baie/Communes/Saint-Jean_le_Thomas/H_bergement--126.html HTTP/1.1" 200 26834 "" "Mozilla/5.0 (compatible; Googlebot/2.1; +http://www.google.com/bot.html)"
66.249.65.34 - - [30/Sep/2006:07:53:42 +0000] "GET /Porte_de_la_Baie/Communes/Saint-Jean_le_Thomas/H_bergement--126.html HTTP/1.1" 200 26836 "" "Mozilla/5.0 (compatible; Googlebot/2.1; +http://www.google.com/bot.html)"
66.249.65.34 - - [30/Sep/2006:08:47:20 +0000] "GET /Sartilly/D_couvrir--140.html HTTP/1.1" 200 14362 "" "Mozilla/5.0 (compatible; Googlebot/2.1; +http://www.google.com/bot.html)"
66.249.65.34 - - [30/Sep/2006:09:16:12 +0000] "GET /Porte_de_la_Baie/Communes/Saint-Jean_le_Thomas/Actualit_s--183.html HTTP/1.1" 200 11015 "" "Mozilla/5.0 (compatible; Googlebot/2.1; +http://www.google.com/bot.html)"
66.249.65.34 - - [30/Sep/2006:09:28:34 +0000] "GET /Porte_de_la_Baie/Communes/Saint-Jean_le_Thomas/Calendrier--123.html HTTP/1.1" 200 16762 "" "Mozilla/5.0 (compatible; Googlebot/2.1; +http://www.google.com/bot.html)"
65.214.44.49 - - [30/Sep/2006:09:29:07 +0000] "GET /Sartilly--66.html HTTP/1.1" 200 18425 "" "Mozilla/2.0 (compatible; Ask Jeeves/Teoma; +http://about.ask.com/en/docs/about/webmasters.shtml)"
66.249.65.34 - - [30/Sep/2006:10:01:35 +0000] "GET /Porte_de_la_Baie/Communes/Saint-Jean_le_Thomas/H_bergement--126.html HTTP/1.1" 200 29014 "" "Mozilla/5.0 (compatible; Googlebot/2.1; +http://www.google.com/bot.html)"
66.249.65.34 - - [30/Sep/2006:10:34:35 +0000] "GET /Porte_de_la_Baie/Communes/Saint-Jean_le_Thomas/H_bergement--126.html HTTP/1.1" 200 29014 "" "Mozilla/5.0 (compatible; Googlebot/2.1; +http://www.google.com/bot.html)"
66.249.65.34 - - [30/Sep/2006:10:38:42 +0000] "GET /Porte_de_la_Baie/Communes/Saint-Jean_le_Thomas/H_bergement--126.html HTTP/1.1" 200 29014 "" "Mozilla/5.0 (compatible; Googlebot/2.1; +http://www.google.com/bot.html)"
66.249.65.34 - - [30/Sep/2006:10:42:50 +0000] "GET /Porte_de_la_Baie/Communes/Saint-Jean_le_Thomas/H_bergement--126.html HTTP/1.1" 200 29014 "" "Mozilla/5.0 (compatible; Googlebot/2.1; +http://www.google.com/bot.html)"
66.249.65.34 - - [30/Sep/2006:10:59:20 +0000] "GET /Porte_de_la_Baie/Communes/Saint-Jean_le_Thomas/H_bergement--126.html HTTP/1.1" 200 29014 "" "Mozilla/5.0 (compatible; Googlebot/2.1; +http://www.google.com/bot.html)"
195.93.102.40 - - [30/Sep/2006:11:04:21 +0000] "GET /Sartilly--66.html HTTP/1.1" 200 18425 "http://www.google.fr/search?hl=fr&q=SARTILLY&btnG=Recherche+Google&meta=" "Mozilla/4.0 (compatible; MSIE 6.0; AOL 9.0; Windows NT 5.1; SV1)"
195.93.102.1 - - [30/Sep/2006:11:04:32 +0000] "GET /Sartilly/Loisirs--136.html HTTP/1.1" 200 12561 "http://www.ville-sartilly.com/" "Mozilla/4.0 (compatible; MSIE 6.0; AOL 9.0; Windows NT 5.1; SV1)"
195.93.102.72 - - [30/Sep/2006:11:04:41 +0000] "GET /Sartilly/Vie_Pratique--137.html HTTP/1.1" 200 16119 "http://www.ville-sartilly.com/fr/loisirs.html" "Mozilla/4.0 (compatible; MSIE 6.0; AOL 9.0; Windows NT 5.1; SV1)"
66.249.65.34 - - [30/Sep/2006:11:07:35 +0000] "GET /Porte_de_la_Baie/Communes/Saint-Jean_le_Thomas/H_bergement--126.html HTTP/1.1" 200 29014 "" "Mozilla/5.0 (compatible; Googlebot/2.1; +http://www.google.com/bot.html)"
66.249.65.34 - - [30/Sep/2006:11:28:12 +0000] "GET /Porte_de_la_Baie/Communes/Saint-Jean_le_Thomas/H_bergement--126.html HTTP/1.1" 200 29014 "" "Mozilla/5.0 (compatible; Googlebot/2.1; +http://www.google.com/bot.html)"
90.8.23.211 - - [30/Sep/2006:11:30:32 +0000] "GET /Sartilly--66.html HTTP/1.1" 200 18425 "http://www.portedelabaie.com/" "Mozilla/4.0 (compatible; MSIE 6.0; Windows NT 5.1; SV1; .NET CLR 1.1.4322)"
207.46.98.66 - - [30/Sep/2006:11:35:06 +0000] "GET /Sartilly--66.html HTTP/1.1" 200 18425 "" "msnbot/1.0 (+http://search.msn.com/msnbot.htm)"
207.46.98.66 - - [30/Sep/2006:11:35:07 +0000] "GET /Sartilly--66.html HTTP/1.1" 200 18425 "" "msnbot/1.0 (+http://search.msn.com/msnbot.htm)"
207.46.98.67 - - [30/Sep/2006:11:53:56 +0000] "GET /Sartilly--66.html HTTP/1.1" 200 18425 "" "msnbot/1.0 (+http://search.msn.com/msnbot.htm)"
72.30.110.222 - - [30/Sep/2006:11:55:59 +0000] "GET /Sartilly/Loisirs--136.html HTTP/1.1" 200 12562 "" "Mozilla/5.0 (compatible; Yahoo! Slurp; http://help.yahoo.com/help/us/ysearch/slurp)"
66.249.65.34 - - [30/Sep/2006:12:46:35 +0000] "GET /Porte_de_la_Baie/Communes/Saint-Jean_le_Thomas/H_bergement--126.html HTTP/1.1" 200 28249 "" "Mozilla/5.0 (compatible; Googlebot/2.1; +http://www.google.com/bot.html)"
66.249.65.34 - - [30/Sep/2006:12:50:44 +0000] "GET /Porte_de_la_Baie/Communes/Saint-Jean_le_Thomas/H_bergement--126.html HTTP/1.1" 200 27878 "" "Mozilla/5.0 (compatible; Googlebot/2.1; +http://www.google.com/bot.html)"
66.249.65.34 - - [30/Sep/2006:12:54:50 +0000] "GET /Porte_de_la_Baie/Communes/Saint-Jean_le_Thomas/H_bergement--126.html HTTP/1.1" 200 27876 "" "Mozilla/5.0 (compatible; Googlebot/2.1; +http://www.google.com/bot.html)"
66.249.65.34 - - [30/Sep/2006:12:58:57 +0000] "GET /Porte_de_la_Baie/Communes/Saint-Jean_le_Thomas/H_bergement--126.html HTTP/1.1" 200 28174 "" "Mozilla/5.0 (compatible; Googlebot/2.1; +http://www.google.com/bot.html)"
66.249.65.34 - - [30/Sep/2006:13:07:12 +0000] "GET /Porte_de_la_Baie/Communes/Saint-Jean_le_Thomas/H_bergement--126.html HTTP/1.1" 200 29014 "" "Mozilla/5.0 (compatible; Googlebot/2.1; +http://www.google.com/bot.html)"
66.249.65.34 - - [30/Sep/2006:13:31:57 +0000] "GET /Porte_de_la_Baie/Communes/Saint-Jean_le_Thomas/H_bergement--126.html HTTP/1.1" 200 29014 "" "Mozilla/5.0 (compatible; Googlebot/2.1; +http://www.google.com/bot.html)"
85.1.88.95 - - [30/Sep/2006:13:51:27 +0000] "GET /Sartilly--66.html HTTP/1.1" 200 18425 "http://www.portedelabaie.com/fr/tourisme.html" "Mozilla/4.0 (compatible; MSIE 6.0; Windows NT 5.1; SV1)"
85.1.88.95 - - [30/Sep/2006:13:51:28 +0000] "GET /Sartilly--66.html HTTP/1.1" 200 18425 "" "Mozilla/4.0 (compatible; MSIE 6.0; Windows NT 5.1; SV1)"
85.1.88.95 - - [30/Sep/2006:13:54:11 +0000] "GET /Sartilly/Loisirs--136.html HTTP/1.1" 200 12561 "http://www.ville-sartilly.com/" "Mozilla/4.0 (compatible; MSIE 6.0; Windows NT 5.1; SV1)"
85.1.88.95 - - [30/Sep/2006:13:54:18 +0000] "GET /Sartilly/Vie_Pratique--137.html HTTP/1.1" 200 16119 "http://www.ville-sartilly.com/fr/loisirs.html" "Mozilla/4.0 (compatible; MSIE 6.0; Windows NT 5.1; SV1)"
66.249.65.34 - - [30/Sep/2006:15:14:11 +0000] "GET /Porte_de_la_Baie/Communes/Saint-Jean_le_Thomas/H_bergement--126.html HTTP/1.1" 200 29014 "" "Mozilla/5.0 (compatible; Googlebot/2.1; +http://www.google.com/bot.html)"
207.46.98.67 - - [30/Sep/2006:16:47:04 +0000] "GET /Sartilly--66.html HTTP/1.1" 200 18425 "" "msnbot/1.0 (+http://search.msn.com/msnbot.htm)"
74.6.72.159 - - [30/Sep/2006:19:50:14 +0000] "GET /Porte_de_la_Baie/Communes/Saint-Jean_le_Thomas/D_couvrir--128.html HTTP/1.1" 200 13663 "" "Mozilla/5.0 (compatible; Yahoo! Slurp; http://help.yahoo.com/help/us/ysearch/slurp)"
82.225.167.79 - - [30/Sep/2006:20:47:29 +0000] "GET /Porte_de_la_Baie/Communes/Saint-Jean_le_Thomas/Calendrier--123.html HTTP/1.1" 200 16678 "http://www.google.fr/search?hl=fr&q=akli+d+30%2F09%2F06&meta=" "Mozilla/4.0 (compatible; MSIE 6.0; Windows NT 5.1; FREE; SV1; .NET CLR 1.1.4322)"
82.225.167.79 - - [30/Sep/2006:20:47:57 +0000] "GET /Porte_de_la_Baie/Communes/Saint-Jean_le_Thomas/Calendrier--123.html HTTP/1.1" 200 10919 "http://www.portedelabaie.com/index.php?id=123" "Mozilla/4.0 (compatible; MSIE 6.0; Windows NT 5.1; FREE; SV1; .NET CLR 1.1.4322)"
82.225.167.79 - - [30/Sep/2006:20:48:16 +0000] "GET /Porte_de_la_Baie/Communes/Saint-Jean_le_Thomas/Calendrier--123.html HTTP/1.1" 200 12586 "http://www.portedelabaie.com/index.php?id=123" "Mozilla/4.0 (compatible; MSIE 6.0; Windows NT 5.1; FREE; SV1; .NET CLR 1.1.4322)"
82.225.167.79 - - [30/Sep/2006:20:48:25 +0000] "GET /Porte_de_la_Baie/Communes/Saint-Jean_le_Thomas/Calendrier--123.html HTTP/1.1" 200 11765 "http://www.portedelabaie.com/fr/communes/saint-jean-le-thomas/calendrier.html?tx_julleevents_pi1%5Bpointer%5D=1&tx_julleevents_pi1%5Bmode%5D=1&cHash=248aa96e20" "Mozilla/4.0 (compatible; MSIE 6.0; Windows NT 5.1; FREE; SV1; .NET CLR 1.1.4322)"
65.214.44.49 - - [30/Sep/2006:21:37:19 +0000] "GET /Sartilly--66.html HTTP/1.1" 200 18425 "" "Mozilla/2.0 (compatible; Ask Jeeves/Teoma; +http://about.ask.com/en/docs/about/webmasters.shtml)"
65.214.44.49 - - [01/Oct/2006:01:49:49 +0000] "GET /Sartilly--66.html HTTP/1.1" 200 18445 "" "Mozilla/2.0 (compatible; Ask Jeeves/Teoma; +http://about.ask.com/en/docs/about/webmasters.shtml)"
207.46.98.67 - - [01/Oct/2006:02:11:50 +0000] "GET /Sartilly--66.html HTTP/1.1" 200 18445 "" "msnbot/1.0 (+http://search.msn.com/msnbot.htm)"
60.28.17.46 - - [01/Oct/2006:04:24:28 +0000] "GET /Sartilly--66.html HTTP/1.1" 200 18445 "" "Baiduspider+(+http://www.baidu.com/search/spider.htm)"
207.46.98.67 - - [01/Oct/2006:06:49:28 +0000] "GET /Sartilly--66.html HTTP/1.1" 200 18445 "" "msnbot/1.0 (+http://search.msn.com/msnbot.htm)"
38.99.203.110 - - [01/Oct/2006:06:57:15 +0000] "GET /Porte_de_la_Baie/Communes/Saint-Jean_le_Thomas--68.html HTTP/1.1" 200 19629 "" "Mozilla/5.0 (compatible; MSIE 6.0; Windows NT 5.0)"
38.99.203.110 - - [01/Oct/2006:06:57:17 +0000] "GET /Porte_de_la_Baie/Communes/Saint-Jean_le_Thomas/Actualit_s--183.html HTTP/1.1" 200 11015 "" "Mozilla/5.0 (compatible; MSIE 6.0; Windows NT 5.0)"
38.99.203.110 - - [01/Oct/2006:06:57:34 +0000] "GET /Porte_de_la_Baie/Communes/Saint-Jean_le_Thomas/Vie_Pratique--125.html HTTP/1.1" 200 9945 "" "Mozilla/5.0 (compatible; MSIE 6.0; Windows NT 5.0)"
38.99.203.110 - - [01/Oct/2006:06:57:41 +0000] "GET /Porte_de_la_Baie/Communes/Saint-Jean_le_Thomas/Tourisme--127.html HTTP/1.1" 200 9933 "" "Mozilla/5.0 (compatible; MSIE 6.0; Windows NT 5.0)"
38.99.203.110 - - [01/Oct/2006:06:57:42 +0000] "GET /Porte_de_la_Baie/Communes/Saint-Jean_le_Thomas/Loisirs--124.html HTTP/1.1" 200 9930 "" "Mozilla/5.0 (compatible; MSIE 6.0; Windows NT 5.0)"
38.99.203.110 - - [01/Oct/2006:06:57:43 +0000] "GET /Porte_de_la_Baie/Communes/Saint-Jean_le_Thomas/Calendrier--123.html HTTP/1.1" 200 16710 "" "Mozilla/5.0 (compatible; MSIE 6.0; Windows NT 5.0)"
38.99.203.110 - - [01/Oct/2006:06:57:44 +0000] "GET /Porte_de_la_Baie/Communes/Saint-Jean_le_Thomas/D_couvrir--128.html HTTP/1.1" 200 13679 "" "Mozilla/5.0 (compatible; MSIE 6.0; Windows NT 5.0)"
38.99.203.110 - - [01/Oct/2006:06:57:45 +0000] "GET /Porte_de_la_Baie/Communes/Saint-Jean_le_Thomas/Calendrier--123.html HTTP/1.1" 200 10922 "" "Mozilla/5.0 (compatible; MSIE 6.0; Windows NT 5.0)"
38.99.203.110 - - [01/Oct/2006:06:57:47 +0000] "GET /Porte_de_la_Baie/Communes/Saint-Jean_le_Thomas/Calendrier--123.html HTTP/1.1" 200 10874 "" "Mozilla/5.0 (compatible; MSIE 6.0; Windows NT 5.0)"
38.99.203.110 - - [01/Oct/2006:06:57:48 +0000] "GET /Porte_de_la_Baie/Communes/Saint-Jean_le_Thomas/Calendrier--123.html HTTP/1.1" 200 10919 "" "Mozilla/5.0 (compatible; MSIE 6.0; Windows NT 5.0)"
38.99.203.110 - - [01/Oct/2006:06:57:49 +0000] "GET /Porte_de_la_Baie/Communes/Saint-Jean_le_Thomas/Calendrier--123.html HTTP/1.1" 200 10921 "" "Mozilla/5.0 (compatible; MSIE 6.0; Windows NT 5.0)"
38.99.203.110 - - [01/Oct/2006:06:57:50 +0000] "GET /Porte_de_la_Baie/Communes/Saint-Jean_le_Thomas/Calendrier--123.html HTTP/1.1" 200 10882 "" "Mozilla/5.0 (compatible; MSIE 6.0; Windows NT 5.0)"
38.99.203.110 - - [01/Oct/2006:06:57:57 +0000] "GET /Porte_de_la_Baie/Communes/Saint-Jean_le_Thomas/Calendrier--123.html HTTP/1.1" 200 10902 "" "Mozilla/5.0 (compatible; MSIE 6.0; Windows NT 5.0)"
38.99.203.110 - - [01/Oct/2006:06:57:58 +0000] "GET /Porte_de_la_Baie/Communes/Saint-Jean_le_Thomas/Calendrier--123.html HTTP/1.1" 200 10865 "" "Mozilla/5.0 (compatible; MSIE 6.0; Windows NT 5.0)"
38.99.203.110 - - [01/Oct/2006:06:58:00 +0000] "GET /Porte_de_la_Baie/Communes/Saint-Jean_le_Thomas/Calendrier--123.html HTTP/1.1" 200 10920 "" "Mozilla/5.0 (compatible; MSIE 6.0; Windows NT 5.0)"
38.99.203.110 - - [01/Oct/2006:06:58:03 +0000] "GET /Porte_de_la_Baie/Communes/Saint-Jean_le_Thomas/Calendrier--123.html HTTP/1.1" 200 12586 "" "Mozilla/5.0 (compatible; MSIE 6.0; Windows NT 5.0)"
38.99.203.110 - - [01/Oct/2006:06:58:04 +0000] "GET /Porte_de_la_Baie/Communes/Saint-Jean_le_Thomas/Calendrier--123.html HTTP/1.1" 200 16762 "" "Mozilla/5.0 (compatible; MSIE 6.0; Windows NT 5.0)"
38.99.203.110 - - [01/Oct/2006:06:58:11 +0000] "GET /Porte_de_la_Baie/Communes/Saint-Jean_le_Thomas/Calendrier--123.html HTTP/1.1" 200 10862 "" "Mozilla/5.0 (compatible; MSIE 6.0; Windows NT 5.0)"
82.236.65.138 - - [01/Oct/2006:09:17:13 +0000] "GET /Porte_de_la_Baie/Communes/Saint-Jean_le_Thomas--68.html HTTP/1.1" 200 19629 "http://www.google.fr/search?hl=fr&ned=fr&q=plage+saint+jean+le+thomas&btnmeta%3Dsearch%3Dsearch=Rechercher+sur+le+Web" "Mozilla/4.0 (compatible; MSIE 6.0; Windows NT 5.1; SV1; .NET CLR 1.1.4322)"
82.236.65.138 - - [01/Oct/2006:09:17:27 +0000] "GET /Porte_de_la_Baie/Communes/Saint-Jean_le_Thomas/Loisirs--124.html HTTP/1.1" 200 9930 "http://www.portedelabaie.com/fr/communes/saint-jean-le-thomas.html" "Mozilla/4.0 (compatible; MSIE 6.0; Windows NT 5.1; SV1; .NET CLR 1.1.4322)"
82.236.65.138 - - [01/Oct/2006:09:17:30 +0000] "GET /Porte_de_la_Baie/Communes/Saint-Jean_le_Thomas/Loisirs--124.html HTTP/1.1" 200 9930 "http://www.portedelabaie.com/fr/communes/saint-jean-le-thomas/loisirs.html" "Mozilla/4.0 (compatible; MSIE 6.0; Windows NT 5.1; SV1; .NET CLR 1.1.4322)"
82.236.65.138 - - [01/Oct/2006:09:17:33 +0000] "GET /Porte_de_la_Baie/Communes/Saint-Jean_le_Thomas/Vie_Pratique--125.html HTTP/1.1" 200 9945 "http://www.portedelabaie.com/fr/communes/saint-jean-le-thomas/loisirs.html" "Mozilla/4.0 (compatible; MSIE 6.0; Windows NT 5.1; SV1; .NET CLR 1.1.4322)"
82.236.65.138 - - [01/Oct/2006:09:17:35 +0000] "GET /Porte_de_la_Baie/Communes/Saint-Jean_le_Thomas/Loisirs--124.html HTTP/1.1" 200 9930 "http://www.portedelabaie.com/fr/communes/saint-jean-le-thomas/vie-pratique.html" "Mozilla/4.0 (compatible; MSIE 6.0; Windows NT 5.1; SV1; .NET CLR 1.1.4322)"
72.30.102.22 - - [01/Oct/2006:11:27:42 +0000] "GET /Sartilly--66.html HTTP/1.1" 200 18445 "" "Mozilla/5.0 (compatible; Yahoo! Slurp; http://help.yahoo.com/help/us/ysearch/slurp)"
72.30.98.220 - - [01/Oct/2006:11:28:15 +0000] "GET /Sartilly/H_bergement--138.html HTTP/1.1" 200 26529 "" "Mozilla/5.0 (compatible; Yahoo! Slurp; http://help.yahoo.com/help/us/ysearch/slurp)"
207.46.98.67 - - [01/Oct/2006:11:37:35 +0000] "GET /Sartilly--66.html HTTP/1.1" 200 18445 "" "msnbot/1.0 (+http://search.msn.com/msnbot.htm)"
66.249.65.6 - - [01/Oct/2006:12:07:04 +0000] "GET /Sartilly--66.html HTTP/1.1" 200 18445 "" "Mozilla/5.0 (compatible; Googlebot/2.1; +http://www.google.com/bot.html)"
66.249.65.6 - - [01/Oct/2006:12:07:05 +0000] "GET /Sartilly--66.html HTTP/1.1" 200 18445 "" "Mozilla/5.0 (compatible; Googlebot/2.1; +http://www.google.com/bot.html)"
80.70.42.194 - - [01/Oct/2006:12:14:24 +0000] "GET /Sartilly--66.html HTTP/1.1" 200 18445 "" "Mozilla/4.0 (compatible; MSIE 6.0; Windows NT 5.0)"
66.249.65.6 - - [01/Oct/2006:12:41:20 +0000] "GET /Porte_de_la_Baie/Communes/Saint-Jean_le_Thomas/Calendrier--123.html HTTP/1.1" 200 16678 "" "Mozilla/5.0 (compatible; Googlebot/2.1; +http://www.google.com/bot.html)"
86.220.46.83 - - [01/Oct/2006:13:13:52 +0000] "GET /Sartilly--66.html HTTP/1.1" 200 18445 "http://www.portedelabaie.com/" "Mozilla/4.0 (compatible; MSIE 6.0; Windows NT 5.1; SV1; Orange 7.4; .NET CLR 1.0.3705; .NET CLR 1.1.4322; Media Center PC 4.0)"
86.220.46.83 - - [01/Oct/2006:13:14:14 +0000] "GET /Sartilly/Tourisme--139.html HTTP/1.1" 200 14194 "http://www.ville-sartilly.com/" "Mozilla/4.0 (compatible; MSIE 6.0; Windows NT 5.1; SV1; Orange 7.4; .NET CLR 1.0.3705; .NET CLR 1.1.4322; Media Center PC 4.0)"
66.249.65.6 - - [01/Oct/2006:14:05:35 +0000] "GET /Sartilly/Calendrier--135.html HTTP/1.1" 200 15824 "" "Mozilla/5.0 (compatible; Googlebot/2.1; +http://www.google.com/bot.html)"
66.249.65.6 - - [01/Oct/2006:18:09:16 +0000] "GET /Porte_de_la_Baie/Communes/Saint-Jean_le_Thomas/Calendrier--123.html HTTP/1.1" 200 10922 "" "Mozilla/5.0 (compatible; Googlebot/2.1; +http://www.google.com/bot.html)"
66.249.65.6 - - [01/Oct/2006:18:09:17 +0000] "GET /Porte_de_la_Baie/Communes/Saint-Jean_le_Thomas/Calendrier--123.html HTTP/1.1" 200 10865 "" "Mozilla/5.0 (compatible; Googlebot/2.1; +http://www.google.com/bot.html)"
66.249.65.6 - - [01/Oct/2006:21:27:37 +0000] "GET /Sartilly/Actualit_s--185.html HTTP/1.1" 200 9237 "" "Mozilla/5.0 (compatible; Googlebot/2.1; +http://www.google.com/bot.html)"
81.211.239.44 - - [01/Oct/2006:22:12:55 +0000] "GET /Sartilly--66.html HTTP/1.1" 200 18445 "http://www.portedelabaie.com/" "Mozilla/4.0 (compatible; MSIE 6.0; Windows NT 5.1; SV1; .NET CLR 1.1.4322; .NET CLR 2.0.50727)"
66.249.65.6 - - [01/Oct/2006:22:44:58 +0000] "GET /Porte_de_la_Baie/Communes/Saint-Jean_le_Thomas/Actualit_s--183.html HTTP/1.1" 200 9811 "" "Mozilla/5.0 (compatible; Googlebot/2.1; +http://www.google.com/bot.html)"
67.68.127.150 - - [02/Oct/2006:11:31:28 +0000] "GET /Porte_de_la_Baie/Communes/Saint-Jean_le_Thomas--68.html HTTP/1.1" 200 19629 "http://www.portedelabaie.com/fr.html" "Mozilla/4.0 (compatible; MSIE 6.0; Windows NT 5.1; SYMPA; SV1)"
216.145.11.94 - - [02/Oct/2006:12:03:19 +0000] "GET /Sartilly--66.html HTTP/1.1" 200 18445 "http://www.whois.sc/" "SurveyBot/2.3 (Whois Source)"
216.145.11.94 - - [02/Oct/2006:12:03:21 +0000] "GET /Sartilly--66.html HTTP/1.1" 200 18445 "http://www.whois.sc/ville-sartilly.com" "SurveyBot/2.3 (Whois Source)"
217.167.123.237 - - [02/Oct/2006:13:47:19 +0000] "GET /Porte_de_la_Baie/Communes/Saint-Jean_le_Thomas/Calendrier--123.html HTTP/1.1" 200 16136 "" "Mozilla/4.0 (compatible; MSIE 6.0; Windows NT 5.1)"
66.249.65.114 - - [02/Oct/2006:14:00:37 +0000] "GET /Sartilly--66.html HTTP/1.1" 200 18445 "" "Mozilla/5.0 (compatible; Googlebot/2.1; +http://www.google.com/bot.html)"
66.249.65.114 - - [02/Oct/2006:14:00:38 +0000] "GET /Sartilly/H_bergement--138.html HTTP/1.1" 200 26529 "" "Mozilla/5.0 (compatible; Googlebot/2.1; +http://www.google.com/bot.html)"
66.249.65.114 - - [02/Oct/2006:14:45:41 +0000] "GET /Sartilly/Actualit_s--185.html HTTP/1.1" 200 10441 "" "Mozilla/5.0 (compatible; Googlebot/2.1; +http://www.google.com/bot.html)"
66.249.65.114 - - [02/Oct/2006:15:26:37 +0000] "GET /Sartilly/H_bergement--138.html HTTP/1.1" 200 26529 "" "Mozilla/5.0 (compatible; Googlebot/2.1; +http://www.google.com/bot.html)"
66.249.65.114 - - [02/Oct/2006:15:31:10 +0000] "GET /Sartilly/H_bergement--138.html HTTP/1.1" 200 26529 "" "Mozilla/5.0 (compatible; Googlebot/2.1; +http://www.google.com/bot.html)"
66.249.65.114 - - [02/Oct/2006:15:44:49 +0000] "GET /Sartilly--66.html HTTP/1.1" 200 18445 "" "Mozilla/5.0 (compatible; Googlebot/2.1; +http://www.google.com/bot.html)"
66.249.65.114 - - [02/Oct/2006:16:03:01 +0000] "GET /Porte_de_la_Baie/Communes/Saint-Jean_le_Thomas/Calendrier--123.html HTTP/1.1" 200 11848 "" "Mozilla/5.0 (compatible; Googlebot/2.1; +http://www.google.com/bot.html)"
66.249.65.114 - - [02/Oct/2006:16:25:45 +0000] "GET /Porte_de_la_Baie/Communes/Saint-Jean_le_Thomas/Calendrier--123.html HTTP/1.1" 200 10871 "" "Mozilla/5.0 (compatible; Googlebot/2.1; +http://www.google.com/bot.html)"
66.249.65.114 - - [02/Oct/2006:17:24:53 +0000] "GET /Porte_de_la_Baie/Communes/Saint-Jean_le_Thomas/Calendrier--123.html HTTP/1.1" 200 10882 "" "Mozilla/5.0 (compatible; Googlebot/2.1; +http://www.google.com/bot.html)"
66.249.65.114 - - [02/Oct/2006:17:56:44 +0000] "GET /Porte_de_la_Baie/Communes/Saint-Jean_le_Thomas/Calendrier--123.html HTTP/1.1" 200 10902 "" "Mozilla/5.0 (compatible; Googlebot/2.1; +http://www.google.com/bot.html)"
66.249.65.114 - - [02/Oct/2006:18:33:07 +0000] "GET /Porte_de_la_Baie/Communes/Saint-Jean_le_Thomas/Calendrier--123.html HTTP/1.1" 200 10874 "" "Mozilla/5.0 (compatible; Googlebot/2.1; +http://www.google.com/bot.html)"
66.249.65.114 - - [02/Oct/2006:19:18:36 +0000] "GET /Porte_de_la_Baie/Communes/Saint-Jean_le_Thomas/Calendrier--123.html HTTP/1.1" 200 10919 "" "Mozilla/5.0 (compatible; Googlebot/2.1; +http://www.google.com/bot.html)"
66.249.65.114 - - [02/Oct/2006:19:23:10 +0000] "GET /Porte_de_la_Baie/Communes/Saint-Jean_le_Thomas/Calendrier--123.html HTTP/1.1" 200 10920 "" "Mozilla/5.0 (compatible; Googlebot/2.1; +http://www.google.com/bot.html)"
86.192.164.53 - - [02/Oct/2006:20:02:06 +0000] "GET /Porte_de_la_Baie/Communes/Saint-Jean_le_Thomas/Calendrier--123.html HTTP/1.1" 200 16136 "" "Mozilla/4.0 (compatible; MSIE 6.0; Windows NT 5.1; SV1; .NET CLR 1.1.4322)"
86.192.164.53 - - [02/Oct/2006:20:02:36 +0000] "GET /Porte_de_la_Baie/Communes/Saint-Jean_le_Thomas/D_couvrir--128.html HTTP/1.1" 200 13679 "http://www.portedelabaie.com/index.php?id=123" "Mozilla/4.0 (compatible; MSIE 6.0; Windows NT 5.1; SV1; .NET CLR 1.1.4322)"
86.192.164.53 - - [02/Oct/2006:20:02:38 +0000] "GET /Porte_de_la_Baie/Communes/Saint-Jean_le_Thomas/D_couvrir--128.html HTTP/1.1" 200 13679 "http://www.portedelabaie.com/fr/communes/saint-jean-le-thomas/decouvrir.html" "Mozilla/4.0 (compatible; MSIE 6.0; Windows NT 5.1; SV1; .NET CLR 1.1.4322)"
66.249.65.114 - - [02/Oct/2006:20:54:08 +0000] "GET /Porte_de_la_Baie/Communes/Saint-Jean_le_Thomas/Calendrier--123.html HTTP/1.1" 200 10922 "" "Mozilla/5.0 (compatible; Googlebot/2.1; +http://www.google.com/bot.html)"
66.249.65.114 - - [02/Oct/2006:21:03:13 +0000] "GET /Porte_de_la_Baie/Communes/Saint-Jean_le_Thomas/H_bergement--126.html HTTP/1.1" 200 27207 "" "Mozilla/5.0 (compatible; Googlebot/2.1; +http://www.google.com/bot.html)"
66.249.65.114 - - [02/Oct/2006:21:07:47 +0000] "GET /Porte_de_la_Baie/Communes/Saint-Jean_le_Thomas/H_bergement--126.html HTTP/1.1" 200 26834 "" "Mozilla/5.0 (compatible; Googlebot/2.1; +http://www.google.com/bot.html)"
66.249.65.114 - - [02/Oct/2006:21:44:10 +0000] "GET /Porte_de_la_Baie/Communes/Saint-Jean_le_Thomas/H_bergement--126.html HTTP/1.1" 200 26836 "" "Mozilla/5.0 (compatible; Googlebot/2.1; +http://www.google.com/bot.html)"
66.249.65.114 - - [02/Oct/2006:21:48:42 +0000] "GET /Porte_de_la_Baie/Communes/Saint-Jean_le_Thomas/Calendrier--123.html HTTP/1.1" 200 10865 "" "Mozilla/5.0 (compatible; Googlebot/2.1; +http://www.google.com/bot.html)"
66.249.65.114 - - [02/Oct/2006:21:53:15 +0000] "GET /Porte_de_la_Baie/Communes/Saint-Jean_le_Thomas/H_bergement--126.html HTTP/1.1" 200 27132 "" "Mozilla/5.0 (compatible; Googlebot/2.1; +http://www.google.com/bot.html)"
66.249.65.114 - - [02/Oct/2006:22:34:12 +0000] "GET /Porte_de_la_Baie/Communes/Saint-Jean_le_Thomas/H_bergement--126.html HTTP/1.1" 200 26990 "" "Mozilla/5.0 (compatible; Googlebot/2.1; +http://www.google.com/bot.html)"
66.249.65.114 - - [02/Oct/2006:23:33:20 +0000] "GET /Porte_de_la_Baie/Communes/Saint-Jean_le_Thomas/Calendrier--123.html HTTP/1.1" 200 11848 "" "Mozilla/5.0 (compatible; Googlebot/2.1; +http://www.google.com/bot.html)"
66.249.65.114 - - [03/Oct/2006:00:05:11 +0000] "GET /Porte_de_la_Baie/Communes/Saint-Jean_le_Thomas/Calendrier--123.html HTTP/1.1" 200 10871 "" "Mozilla/5.0 (compatible; Googlebot/2.1; +http://www.google.com/bot.html)"
66.249.65.114 - - [03/Oct/2006:00:09:43 +0000] "GET /Porte_de_la_Baie/Communes/Saint-Jean_le_Thomas/Calendrier--123.html HTTP/1.1" 200 10920 "" "Mozilla/5.0 (compatible; Googlebot/2.1; +http://www.google.com/bot.html)"
66.249.65.114 - - [03/Oct/2006:00:14:16 +0000] "GET /Porte_de_la_Baie/Communes/Saint-Jean_le_Thomas/Calendrier--123.html HTTP/1.1" 200 10919 "" "Mozilla/5.0 (compatible; Googlebot/2.1; +http://www.google.com/bot.html)"
66.249.65.114 - - [03/Oct/2006:00:18:49 +0000] "GET /Porte_de_la_Baie/Communes/Saint-Jean_le_Thomas/Calendrier--123.html HTTP/1.1" 200 10874 "" "Mozilla/5.0 (compatible; Googlebot/2.1; +http://www.google.com/bot.html)"
66.249.65.114 - - [03/Oct/2006:00:23:22 +0000] "GET /Porte_de_la_Baie/Communes/Saint-Jean_le_Thomas/Calendrier--123.html HTTP/1.1" 200 10882 "" "Mozilla/5.0 (compatible; Googlebot/2.1; +http://www.google.com/bot.html)"
66.249.65.114 - - [03/Oct/2006:00:38:01 +0000] "GET /Porte_de_la_Baie/Communes/Saint-Jean_le_Thoma