217.128.20.232 - - [17/Sep/2006:22:15:20 +0000] "GET /Porte_de_la_Baie/Communes/Gen_ts/H_bergement--108.html HTTP/1.1" 200 27856 "http://www.portedelabaie.com/fr/communes/genets.html" "Mozilla/4.0 (compatible; MSIE 6.0; Windows NT 5.1; SV1; .NET CLR 1.1.4322)"
217.128.20.232 - - [17/Sep/2006:22:15:32 +0000] "GET /Porte_de_la_Baie/Communes/Gen_ts/H_bergement--108.html HTTP/1.1" 200 33729 "http://www.portedelabaie.com/fr/communes/genets/hebergement.html" "Mozilla/4.0 (compatible; MSIE 6.0; Windows NT 5.1; SV1; .NET CLR 1.1.4322)"
217.128.20.232 - - [17/Sep/2006:22:15:56 +0000] "GET /Porte_de_la_Baie/Communes/Gen_ts/H_bergement--108.html HTTP/1.1" 200 26817 "http://www.portedelabaie.com/index.php?id=108" "Mozilla/4.0 (compatible; MSIE 6.0; Windows NT 5.1; SV1; .NET CLR 1.1.4322)"
217.128.20.232 - - [17/Sep/2006:22:16:10 +0000] "GET /Porte_de_la_Baie/Communes/Gen_ts/H_bergement--108.html HTTP/1.1" 200 26817 "http://www.portedelabaie.com/fr/communes/genets/hebergement.html?tx_travelguide_pi1%5Buid%5D=22&tx_travelguide_pi1%5BCMD%5D=singleView&cHash=44740daa77" "Mozilla/4.0 (compatible; MSIE 6.0; Windows NT 5.1; SV1; .NET CLR 1.1.4322)"
217.128.20.232 - - [17/Sep/2006:22:16:28 +0000] "GET /Porte_de_la_Baie/Communes/Bacilly--64.html HTTP/1.1" 200 16830 "http://www.portedelabaie.com/fr/communes/genets/hebergement.html?tx_travelguide_pi1%5Buid%5D=22&tx_travelguide_pi1%5BCMD%5D=singleView&cHash=dcc58b15fa" "Mozilla/4.0 (compatible; MSIE 6.0; Windows NT 5.1; SV1; .NET CLR 1.1.4322)"
217.128.20.232 - - [17/Sep/2006:22:16:51 +0000] "GET /Porte_de_la_Baie/Communes/Bacilly/H_bergement--78.html HTTP/1.1" 200 28390 "http://www.portedelabaie.com/fr/communes/bacilly.html" "Mozilla/4.0 (compatible; MSIE 6.0; Windows NT 5.1; SV1; .NET CLR 1.1.4322)"
217.128.20.232 - - [17/Sep/2006:22:17:24 +0000] "GET /Porte_de_la_Baie/Communes/Gen_ts--59.html HTTP/1.1" 200 38801 "http://www.portedelabaie.com/no_cache/fr/communes/bacilly/hebergement.html" "Mozilla/4.0 (compatible; MSIE 6.0; Windows NT 5.1; SV1; .NET CLR 1.1.4322)"
217.128.20.232 - - [17/Sep/2006:22:17:42 +0000] "GET /Porte_de_la_Baie/Communes/Gen_ts/H_bergement--108.html HTTP/1.1" 200 27856 "http://www.portedelabaie.com/fr/communes/genets.html" "Mozilla/4.0 (compatible; MSIE 6.0; Windows NT 5.1; SV1; .NET CLR 1.1.4322)"
217.128.20.232 - - [17/Sep/2006:22:17:52 +0000] "GET /Porte_de_la_Baie/Communes/Gen_ts/H_bergement--108.html HTTP/1.1" 200 33729 "http://www.portedelabaie.com/fr/communes/genets/hebergement.html" "Mozilla/4.0 (compatible; MSIE 6.0; Windows NT 5.1; SV1; .NET CLR 1.1.4322)"
217.128.20.232 - - [17/Sep/2006:22:18:07 +0000] "GET /Porte_de_la_Baie/Communes/Gen_ts/H_bergement--108.html HTTP/1.1" 200 26693 "http://www.portedelabaie.com/index.php?id=108" "Mozilla/4.0 (compatible; MSIE 6.0; Windows NT 5.1; SV1; .NET CLR 1.1.4322)"
217.128.20.232 - - [17/Sep/2006:22:18:20 +0000] "GET /Porte_de_la_Baie/Communes/Gen_ts/H_bergement--108.html HTTP/1.1" 200 26693 "http://www.portedelabaie.com/fr/communes/genets/hebergement.html?tx_travelguide_pi1%5Buid%5D=3&tx_travelguide_pi1%5BCMD%5D=singleView&cHash=c86645cdf5" "Mozilla/4.0 (compatible; MSIE 6.0; Windows NT 5.1; SV1; .NET CLR 1.1.4322)"
83.113.168.100 - - [17/Sep/2006:22:30:26 +0000] "GET /Porte_de_la_Baie/Communes/Champeaux/Vie_Pratique--95.html HTTP/1.1" 200 9757 "http://images.google.fr/imgres?imgurl=http://www.portedelabaie.com/typo3temp/pics/b2309457b7.jpg&imgrefurl=http://www.portedelabaie.com/index.php%3Fid%3D95&h=90&w=171&sz=11&hl=fr&start=15&tbnid=w0zFa-xpFkj_BM:&tbnh=53&tbnw=100&prev=/images%3Fq%3Dpotrel%26ndsp%3D20%26svnum%3D10%26hl%3Dfr%26lr%3D%26rls%3DGGLG,GGLG:2006-01,GGLG:fr%26sa%3DN" "Mozilla/4.0 (compatible; MSIE 6.0; Windows NT 5.1; SV1; Wanadoo 6.7; InfoPath.1)"
83.113.168.100 - - [17/Sep/2006:22:31:29 +0000] "GET /Porte_de_la_Baie/Communes/Dragey-Ronthon--60.html HTTP/1.1" 200 22273 "http://www.portedelabaie.com/fr/recherche.html" "Mozilla/4.0 (compatible; MSIE 6.0; Windows NT 5.1; SV1; Wanadoo 6.7; InfoPath.1)"
207.46.98.66 - - [17/Sep/2006:22:37:58 +0000] "GET /Sartilly--66.html HTTP/1.1" 200 18470 "" "msnbot/1.0 (+http://search.msn.com/msnbot.htm)"
66.249.66.48 - - [17/Sep/2006:23:09:38 +0000] "GET /Porte_de_la_Baie/Communes/Saint-Jean_le_Thomas/H_bergement--126.html HTTP/1.1" 200 35273 "" "Mozilla/5.0 (compatible; Googlebot/2.1; +http://www.google.com/bot.html)"
72.30.129.28 - - [17/Sep/2006:23:53:10 +0000] "GET /Sartilly--66.html HTTP/1.1" 200 18470 "" "Mozilla/5.0 (compatible; Yahoo! Slurp; http://help.yahoo.com/help/us/ysearch/slurp)"
72.30.128.224 - - [17/Sep/2006:23:53:10 +0000] "GET /Sartilly--66.html HTTP/1.1" 200 18470 "" "Mozilla/5.0 (compatible; Yahoo! Slurp; http://help.yahoo.com/help/us/ysearch/slurp)"
207.46.98.73 - - [17/Sep/2006:23:55:18 +0000] "GET /Porte_de_la_Baie/Communes/Champcey--62.html HTTP/1.1" 200 20016 "" "msnbot/1.0 (+http://search.msn.com/msnbot.htm)"
66.249.66.48 - - [18/Sep/2006:00:17:44 +0000] "GET /Porte_de_la_Baie/Communes/Saint-Jean_le_Thomas/H_bergement--126.html HTTP/1.1" 200 35273 "" "Mozilla/5.0 (compatible; Googlebot/2.1; +http://www.google.com/bot.html)"
66.249.66.48 - - [18/Sep/2006:00:17:47 +0000] "GET /Porte_de_la_Baie/Communes/Bacilly/Calendrier--75.html HTTP/1.1" 200 10709 "" "Mozilla/5.0 (compatible; Googlebot/2.1; +http://www.google.com/bot.html)"
65.55.212.234 - - [18/Sep/2006:01:03:02 +0000] "GET /Porte_de_la_Baie/Communes/Saint-Jean_le_Thomas--68.html HTTP/1.1" 200 19663 "" "msnbot/0.9 (+http://search.msn.com/msnbot.htm)"
207.46.98.73 - - [18/Sep/2006:01:16:33 +0000] "GET /Porte_de_la_Baie/Communes/Champcey/Actualit_s--177.html HTTP/1.1" 200 10819 "" "msnbot/1.0 (+http://search.msn.com/msnbot.htm)"
72.30.110.83 - - [18/Sep/2006:01:36:21 +0000] "GET /Porte_de_la_Baie/Communes/Bacilly--64.html HTTP/1.1" 200 16830 "" "Mozilla/5.0 (compatible; Yahoo! Slurp; http://help.yahoo.com/help/us/ysearch/slurp)"
207.46.98.74 - - [18/Sep/2006:02:05:37 +0000] "GET /Porte_de_la_Baie/Communes/Lolif--58.html HTTP/1.1" 200 20956 "" "msnbot/1.0 (+http://search.msn.com/msnbot.htm)"
207.46.98.74 - - [18/Sep/2006:02:08:38 +0000] "GET /Porte_de_la_Baie/Communes/Champeaux--61.html HTTP/1.1" 200 21120 "" "msnbot/1.0 (+http://search.msn.com/msnbot.htm)"
207.46.98.74 - - [18/Sep/2006:02:11:38 +0000] "GET /Porte_de_la_Baie/Communes/Dragey-Ronthon--60.html HTTP/1.1" 200 22273 "" "msnbot/1.0 (+http://search.msn.com/msnbot.htm)"
66.249.66.48 - - [18/Sep/2006:02:12:27 +0000] "GET /Porte_de_la_Baie/Communes/Saint-Jean_le_Thomas/H_bergement--126.html HTTP/1.1" 200 35273 "" "Mozilla/5.0 (compatible; Googlebot/2.1; +http://www.google.com/bot.html)"
66.249.66.48 - - [18/Sep/2006:02:12:28 +0000] "GET /Porte_de_la_Baie/Communes/Saint-Jean_le_Thomas/Calendrier--123.html HTTP/1.1" 200 10900 "" "Mozilla/5.0 (compatible; Googlebot/2.1; +http://www.google.com/bot.html)"
66.249.66.48 - - [18/Sep/2006:03:14:21 +0000] "GET /Porte_de_la_Baie/Communes/Bacilly/Calendrier--75.html HTTP/1.1" 200 10672 "" "Mozilla/5.0 (compatible; Googlebot/2.1; +http://www.google.com/bot.html)"
66.249.66.48 - - [18/Sep/2006:03:14:24 +0000] "GET /Porte_de_la_Baie/Communes/Saint-Jean_le_Thomas/Calendrier--123.html HTTP/1.1" 200 10916 "" "Mozilla/5.0 (compatible; Googlebot/2.1; +http://www.google.com/bot.html)"
207.46.98.75 - - [18/Sep/2006:03:46:28 +0000] "GET /Porte_de_la_Baie/Communes/Dragey-Ronthon/Actualit_s--179.html HTTP/1.1" 200 10933 "" "msnbot/1.0 (+http://search.msn.com/msnbot.htm)"
207.46.98.74 - - [18/Sep/2006:04:11:15 +0000] "GET /Porte_de_la_Baie/Communes/Dragey-Ronthon--60.html HTTP/1.1" 200 22273 "" "msnbot/1.0 (+http://search.msn.com/msnbot.htm)"
24.212.15.203 - - [18/Sep/2006:04:26:41 +0000] "GET /Porte_de_la_Baie/Communes/Dragey-Ronthon/Calendrier--99.html HTTP/1.1" 200 17968 "http://images.google.ca/imgres?imgurl=http://www.portedelabaie.com/typo3temp/pics/6d3e6968b0.jpg&imgrefurl=http://www.portedelabaie.com/index.php%3Fid%3D99&h=245&w=181&sz=7&hl=fr&start=7&tbnid=Aaxkm08iXlR3QM:&tbnh=110&tbnw=81&prev=/images%3Fq%3D%2Bancien%2Btemp%26svnum%3D10%26hl%3Dfr%26lr%3D" "Mozilla/4.0 (compatible; MSIE 6.0; Windows NT 5.1; SV1; FunWebProducts; .NET CLR 1.1.4322; .NET CLR 2.0.50727; HbTools 4.8.0)"
24.212.15.203 - - [18/Sep/2006:04:26:44 +0000] "GET /Porte_de_la_Baie/Communes/Dragey-Ronthon/Calendrier--99.html HTTP/1.1" 200 17968 "http://images.google.ca/imgres?imgurl=http://www.portedelabaie.com/typo3temp/pics/6d3e6968b0.jpg&imgrefurl=http://www.portedelabaie.com/index.php%3Fid%3D99&h=245&w=181&sz=7&hl=fr&start=7&tbnid=Aaxkm08iXlR3QM:&tbnh=110&tbnw=81&prev=/images%3Fq%3D%2Bancien%2Btemp%26svnum%3D10%26hl%3Dfr%26lr%3D" "Mozilla/4.0 (compatible; MSIE 6.0; Windows NT 5.1; SV1; FunWebProducts; .NET CLR 1.1.4322; .NET CLR 2.0.50727; HbTools 4.8.0)"
72.30.102.6 - - [18/Sep/2006:04:51:51 +0000] "GET /Porte_de_la_Baie/Communes/Champeaux/Calendrier--93.html HTTP/1.1" 200 17813 "" "Mozilla/5.0 (compatible; Yahoo! Slurp; http://help.yahoo.com/help/us/ysearch/slurp)"
66.249.66.48 - - [18/Sep/2006:05:01:27 +0000] "GET /Porte_de_la_Baie/Communes/Saint-Jean_le_Thomas/Calendrier--123.html HTTP/1.1" 200 10955 "" "Mozilla/5.0 (compatible; Googlebot/2.1; +http://www.google.com/bot.html)"
66.249.66.48 - - [18/Sep/2006:05:18:28 +0000] "GET /Porte_de_la_Baie/Communes/Bacilly/Calendrier--75.html HTTP/1.1" 200 10655 "" "Mozilla/5.0 (compatible; Googlebot/2.1; +http://www.google.com/bot.html)"
212.95.252.16 - - [18/Sep/2006:05:26:41 +0000] "GET /Sartilly--66.html HTTP/1.1" 200 18470 "" "Mozilla/4.0 (compatible; MSIE 6.0; Windows NT 5.1)"
207.46.98.67 - - [18/Sep/2006:05:26:51 +0000] "GET /Sartilly--66.html HTTP/1.1" 200 18470 "" "msnbot/1.0 (+http://search.msn.com/msnbot.htm)"
207.46.98.67 - - [18/Sep/2006:05:26:51 +0000] "GET /Sartilly--66.html HTTP/1.1" 200 18470 "" "msnbot/1.0 (+http://search.msn.com/msnbot.htm)"
66.249.66.48 - - [18/Sep/2006:06:07:15 +0000] "GET /Porte_de_la_Baie/Communes/Bacilly/Calendrier--75.html HTTP/1.1" 200 10656 "" "Mozilla/5.0 (compatible; Googlebot/2.1; +http://www.google.com/bot.html)"
82.65.73.113 - - [18/Sep/2006:07:32:41 +0000] "GET /Porte_de_la_Baie/Communes/Champeaux/Loisirs--94.html HTTP/1.1" 200 9742 "http://search1-2.free.fr/google.pl" "Mozilla/4.0 (compatible; MSIE 6.0; Windows NT 5.1; SV1; FREE; .NET CLR 1.1.4322)"
82.65.73.113 - - [18/Sep/2006:07:32:50 +0000] "GET /Porte_de_la_Baie/Communes/Champeaux/D_couvrir--98.html HTTP/1.1" 200 9748 "http://www.portedelabaie.com/index.php?id=94" "Mozilla/4.0 (compatible; MSIE 6.0; Windows NT 5.1; SV1; FREE; .NET CLR 1.1.4322)"
66.249.66.48 - - [18/Sep/2006:07:33:18 +0000] "GET /Porte_de_la_Baie/Communes/Saint-Jean_le_Thomas/Calendrier--123.html HTTP/1.1" 200 10954 "" "Mozilla/5.0 (compatible; Googlebot/2.1; +http://www.google.com/bot.html)"
207.46.98.66 - - [18/Sep/2006:07:36:44 +0000] "GET /Sartilly--66.html HTTP/1.1" 200 18470 "" "msnbot/1.0 (+http://search.msn.com/msnbot.htm)"
82.65.73.113 - - [18/Sep/2006:07:37:56 +0000] "GET /Porte_de_la_Baie/Communes/Champeaux/Loisirs--94.html HTTP/1.1" 200 9742 "http://search1-2.free.fr/google.pl" "Mozilla/4.0 (compatible; MSIE 6.0; Windows NT 5.1; SV1; FREE; .NET CLR 1.1.4322)"
66.249.66.48 - - [18/Sep/2006:07:48:41 +0000] "GET /Porte_de_la_Baie/Communes/Saint-Jean_le_Thomas/Calendrier--123.html HTTP/1.1" 200 10953 "" "Mozilla/5.0 (compatible; Googlebot/2.1; +http://www.google.com/bot.html)"
84.5.115.202 - - [18/Sep/2006:07:57:05 +0000] "GET /Sartilly/Vie_Pratique--137.html HTTP/1.1" 200 16141 "http://www.google.fr/search?sourceid=navclient&ie=UTF-8&rls=GGLD,GGLD:2003-50,GGLD:en&q=SARTILLY+DECHETTERIE" "Mozilla/4.0 (compatible; MSIE 7.0; Windows NT 5.1; {14D15652-D71F-CE4C-9B00-E8AD1EC7233E}; .NET CLR 1.0.3705)"
84.5.115.202 - - [18/Sep/2006:07:57:44 +0000] "GET /Sartilly/Vie_Pratique--137.html HTTP/1.1" 200 16153 "http://www.portedelabaie.com/index.php?id=137" "Mozilla/4.0 (compatible; MSIE 7.0; Windows NT 5.1; {14D15652-D71F-CE4C-9B00-E8AD1EC7233E}; .NET CLR 1.0.3705)"
84.5.115.202 - - [18/Sep/2006:07:57:45 +0000] "GET /Sartilly--66.html HTTP/1.1" 200 18470 "" "Mozilla/4.0 (compatible; MSIE 7.0; Windows NT 5.1; {14D15652-D71F-CE4C-9B00-E8AD1EC7233E}; .NET CLR 1.0.3705)"
84.5.115.202 - - [18/Sep/2006:07:58:02 +0000] "GET /Sartilly/Calendrier--135.html HTTP/1.1" 200 17251 "http://www.ville-sartilly.com/fr/vie-pratique.html" "Mozilla/4.0 (compatible; MSIE 7.0; Windows NT 5.1; {14D15652-D71F-CE4C-9B00-E8AD1EC7233E}; .NET CLR 1.0.3705)"
84.5.115.202 - - [18/Sep/2006:07:58:32 +0000] "GET /Sartilly/Vie_Pratique--137.html HTTP/1.1" 200 16153 "http://www.ville-sartilly.com/fr/calendrier.html" "Mozilla/4.0 (compatible; MSIE 7.0; Windows NT 5.1; {14D15652-D71F-CE4C-9B00-E8AD1EC7233E}; .NET CLR 1.0.3705)"
84.5.115.202 - - [18/Sep/2006:07:58:46 +0000] "GET /Sartilly/Actualit_s--185.html HTTP/1.1" 200 10475 "http://www.ville-sartilly.com/fr/vie-pratique.html" "Mozilla/4.0 (compatible; MSIE 7.0; Windows NT 5.1; {14D15652-D71F-CE4C-9B00-E8AD1EC7233E}; .NET CLR 1.0.3705)"
66.249.66.48 - - [18/Sep/2006:08:05:14 +0000] "GET /Porte_de_la_Baie/Communes/Bacilly/Calendrier--75.html HTTP/1.1" 200 10672 "" "Mozilla/5.0 (compatible; Googlebot/2.1; +http://www.google.com/bot.html)"
66.249.66.48 - - [18/Sep/2006:09:09:19 +0000] "GET /Porte_de_la_Baie/Communes/Bacilly/Calendrier--75.html HTTP/1.1" 200 10711 "" "Mozilla/5.0 (compatible; Googlebot/2.1; +http://www.google.com/bot.html)"
65.214.44.49 - - [18/Sep/2006:09:10:19 +0000] "GET /Sartilly--66.html HTTP/1.1" 200 18470 "" "Mozilla/2.0 (compatible; Ask Jeeves/Teoma; +http://about.ask.com/en/docs/about/webmasters.shtml)"
65.214.44.49 - - [18/Sep/2006:09:10:25 +0000] "GET /Sartilly--66.html HTTP/1.1" 200 18470 "" "Mozilla/2.0 (compatible; Ask Jeeves/Teoma; +http://about.ask.com/en/docs/about/webmasters.shtml)"
90.8.64.90 - - [18/Sep/2006:09:15:44 +0000] "GET /Sartilly--66.html HTTP/1.1" 200 18470 "http://www.portedelabaie.com/" "Mozilla/4.0 (compatible; MSIE 5.5; Windows 98; Win 9x 4.90)"
90.8.64.90 - - [18/Sep/2006:09:17:03 +0000] "GET /Sartilly/D_couvrir--140.html HTTP/1.1" 200 14406 "http://www.ville-sartilly.com/" "Mozilla/4.0 (compatible; MSIE 5.5; Windows 98; Win 9x 4.90)"
90.8.64.90 - - [18/Sep/2006:09:18:49 +0000] "GET /Sartilly--66.html HTTP/1.1" 200 18470 "http://www.portedelabaie.com/" "Mozilla/4.0 (compatible; MSIE 5.5; Windows 98; Win 9x 4.90)"
90.8.64.90 - - [18/Sep/2006:09:18:55 +0000] "GET /Sartilly/D_couvrir--140.html HTTP/1.1" 200 14406 "http://www.ville-sartilly.com/" "Mozilla/4.0 (compatible; MSIE 5.5; Windows 98; Win 9x 4.90)"
90.8.64.90 - - [18/Sep/2006:09:19:57 +0000] "GET /Sartilly--66.html HTTP/1.1" 200 18470 "http://www.portedelabaie.com/" "Mozilla/4.0 (compatible; MSIE 5.5; Windows 98; Win 9x 4.90)"
66.249.66.48 - - [18/Sep/2006:09:22:31 +0000] "GET /Porte_de_la_Baie/Communes/Saint-Jean_le_Thomas/H_bergement--126.html HTTP/1.1" 200 35273 "" "Mozilla/5.0 (compatible; Googlebot/2.1; +http://www.google.com/bot.html)"
207.46.98.67 - - [18/Sep/2006:10:06:32 +0000] "GET /Sartilly--66.html HTTP/1.1" 200 18470 "" "msnbot/1.0 (+http://search.msn.com/msnbot.htm)"
207.46.98.67 - - [18/Sep/2006:10:06:32 +0000] "GET /Sartilly--66.html HTTP/1.1" 200 18470 "" "msnbot/1.0 (+http://search.msn.com/msnbot.htm)"
66.249.66.48 - - [18/Sep/2006:10:28:35 +0000] "GET /Porte_de_la_Baie/Communes/Saint-Jean_le_Thomas/H_bergement--126.html HTTP/1.1" 200 35273 "" "Mozilla/5.0 (compatible; Googlebot/2.1; +http://www.google.com/bot.html)"
66.249.66.48 - - [18/Sep/2006:10:28:36 +0000] "GET /Porte_de_la_Baie/Communes/Bacilly/Calendrier--75.html HTTP/1.1" 200 10652 "" "Mozilla/5.0 (compatible; Googlebot/2.1; +http://www.google.com/bot.html)"
87.88.57.152 - - [18/Sep/2006:10:30:02 +0000] "GET /Porte_de_la_Baie/Communes/Champeaux/D_couvrir--98.html HTTP/1.1" 200 9748 "" "Mozilla/4.0 (compatible; MSIE 6.0; Windows NT 5.1; SV1)"
87.88.57.152 - - [18/Sep/2006:10:30:15 +0000] "GET /Porte_de_la_Baie/Communes/Champeaux/Vie_Pratique--95.html HTTP/1.1" 200 9757 "http://www.portedelabaie.com/index.php?id=98" "Mozilla/4.0 (compatible; MSIE 6.0; Windows NT 5.1; SV1)"
66.249.66.48 - - [18/Sep/2006:10:41:22 +0000] "GET /Porte_de_la_Baie/Communes/Bacilly/Calendrier--75.html HTTP/1.1" 200 10664 "" "Mozilla/5.0 (compatible; Googlebot/2.1; +http://www.google.com/bot.html)"
86.220.118.143 - - [18/Sep/2006:11:42:54 +0000] "GET /Sartilly--66.html HTTP/1.1" 200 18450 "http://213.246.39.85/sartilly/" "Mozilla/4.0 (compatible; MSIE 6.0; Windows NT 5.0)"
207.46.98.66 - - [18/Sep/2006:12:02:04 +0000] "GET /Sartilly--66.html HTTP/1.1" 200 18450 "" "msnbot/1.0 (+http://search.msn.com/msnbot.htm)"
66.249.66.48 - - [18/Sep/2006:12:04:24 +0000] "GET /Porte_de_la_Baie/Communes/Saint-Jean_le_Thomas/H_bergement--126.html HTTP/1.1" 200 35273 "" "Mozilla/5.0 (compatible; Googlebot/2.1; +http://www.google.com/bot.html)"
66.249.66.48 - - [18/Sep/2006:12:19:37 +0000] "GET /Porte_de_la_Baie/Communes/Bacilly/Calendrier--75.html HTTP/1.1" 200 13457 "" "Mozilla/5.0 (compatible; Googlebot/2.1; +http://www.google.com/bot.html)"
64.246.165.180 - - [18/Sep/2006:12:40:13 +0000] "GET /Sartilly--66.html HTTP/1.1" 200 18450 "http://www.whois.sc/" "SurveyBot/2.3 (Whois Source)"
64.246.165.180 - - [18/Sep/2006:12:40:14 +0000] "GET /Sartilly--66.html HTTP/1.1" 200 18450 "http://www.whois.sc/ville-sartilly.com" "SurveyBot/2.3 (Whois Source)"
72.30.98.150 - - [18/Sep/2006:12:45:59 +0000] "GET /Porte_de_la_Baie/Communes/Bacilly/Calendrier--75.html HTTP/1.1" 200 17769 "" "Mozilla/5.0 (compatible; Yahoo! Slurp; http://help.yahoo.com/help/us/ysearch/slurp)"
72.30.98.150 - - [18/Sep/2006:13:18:41 +0000] "GET /Porte_de_la_Baie/Communes/Bacilly/Calendrier--75.html HTTP/1.1" 200 17769 "" "Mozilla/5.0 (compatible; Yahoo! Slurp; http://help.yahoo.com/help/us/ysearch/slurp)"
66.249.66.48 - - [18/Sep/2006:13:26:21 +0000] "GET /Porte_de_la_Baie/Communes/Saint-Jean_le_Thomas/Calendrier--123.html HTTP/1.1" 200 10908 "" "Mozilla/5.0 (compatible; Googlebot/2.1; +http://www.google.com/bot.html)"
202.160.179.63 - - [18/Sep/2006:13:26:52 +0000] "GET /Porte_de_la_Baie/Communes/Champeaux/D_couvrir--98.html HTTP/1.1" 200 9748 "" "Mozilla/5.0 (compatible; Yahoo! Slurp China; http://misc.yahoo.com.cn/help.html)"
72.30.252.163 - - [18/Sep/2006:13:32:55 +0000] "GET /Porte_de_la_Baie/Communes/Bacilly/Loisirs--76.html HTTP/1.1" 200 9720 "" "Mozilla/5.0 (compatible; Yahoo! Slurp; http://help.yahoo.com/help/us/ysearch/slurp)"
66.249.66.48 - - [18/Sep/2006:13:35:03 +0000] "GET /Porte_de_la_Baie/Communes/Saint-Jean_le_Thomas/Calendrier--123.html HTTP/1.1" 200 13792 "" "Mozilla/5.0 (compatible; Googlebot/2.1; +http://www.google.com/bot.html)"
66.249.66.48 - - [18/Sep/2006:13:44:57 +0000] "GET /Porte_de_la_Baie/Communes/Bacilly/Calendrier--75.html HTTP/1.1" 200 10710 "" "Mozilla/5.0 (compatible; Googlebot/2.1; +http://www.google.com/bot.html)"
72.30.102.223 - - [18/Sep/2006:14:00:44 +0000] "GET /Porte_de_la_Baie/Communes/Champeaux/D_couvrir--98.html HTTP/1.1" 200 9748 "" "Mozilla/5.0 (compatible; Yahoo! Slurp; http://help.yahoo.com/help/us/ysearch/slurp)"
66.249.66.48 - - [18/Sep/2006:14:15:30 +0000] "GET /Porte_de_la_Baie/Communes/Saint-Jean_le_Thomas/H_bergement--126.html HTTP/1.1" 200 29048 "" "Mozilla/5.0 (compatible; Googlebot/2.1; +http://www.google.com/bot.html)"
66.249.66.48 - - [18/Sep/2006:14:51:10 +0000] "GET /Porte_de_la_Baie/Communes/Saint-Jean_le_Thomas/H_bergement--126.html HTTP/1.1" 200 35273 "" "Mozilla/5.0 (compatible; Googlebot/2.1; +http://www.google.com/bot.html)"
86.201.166.167 - - [18/Sep/2006:14:54:45 +0000] "GET /Porte_de_la_Baie/Communes/Bacilly--64.html HTTP/1.1" 200 16830 "" "Mozilla/4.0 (compatible; MSIE 6.0; Windows NT 5.1)"
86.203.89.205 - - [18/Sep/2006:14:56:22 +0000] "GET /Porte_de_la_Baie/Communes/Dragey-Ronthon--60.html HTTP/1.1" 200 22273 "http://www.google.fr/search?sourceid=navclient&hl=fr&ie=UTF-8&rls=GGLD,GGLD:2004-12,GGLD:fr&q=manoir+de+brion" "Mozilla/4.0 (compatible; MSIE 6.0; Windows NT 5.1; SV1; Wanadoo 6.7; Hotbar 4.6.1)"
66.249.66.48 - - [18/Sep/2006:15:00:07 +0000] "GET /Porte_de_la_Baie/Communes/Saint-Jean_le_Thomas/H_bergement--126.html HTTP/1.1" 200 35273 "" "Mozilla/5.0 (compatible; Googlebot/2.1; +http://www.google.com/bot.html)"
38.99.203.110 - - [18/Sep/2006:15:06:56 +0000] "GET /Sartilly--66.html HTTP/1.1" 200 18450 "" "Java/1.6.0-beta"
38.99.203.110 - - [18/Sep/2006:15:06:57 +0000] "GET /Sartilly--66.html HTTP/1.1" 200 18450 "" "Mozilla/5.0 (compatible; MSIE 6.0; Windows NT 5.0)"
38.99.203.110 - - [18/Sep/2006:15:06:59 +0000] "GET /Sartilly/Actualit_s--185.html HTTP/1.1" 200 10475 "" "Mozilla/5.0 (compatible; MSIE 6.0; Windows NT 5.0)"
38.99.203.110 - - [18/Sep/2006:15:07:00 +0000] "GET /Sartilly/Actualit_s--185.html HTTP/1.1" 200 10475 "" "Mozilla/5.0 (compatible; MSIE 6.0; Windows NT 5.0)"
38.99.203.110 - - [18/Sep/2006:15:08:02 +0000] "GET /Sartilly/D_couvrir--140.html HTTP/1.1" 200 14406 "" "Mozilla/5.0 (compatible; MSIE 6.0; Windows NT 5.0)"
38.99.203.110 - - [18/Sep/2006:15:08:06 +0000] "GET /Sartilly/Vie_Pratique--137.html HTTP/1.1" 200 16153 "" "Mozilla/5.0 (compatible; MSIE 6.0; Windows NT 5.0)"
66.249.66.48 - - [18/Sep/2006:15:09:00 +0000] "GET /Porte_de_la_Baie/Communes/Saint-Jean_le_Thomas/H_bergement--126.html HTTP/1.1" 200 35273 "" "Mozilla/5.0 (compatible; Googlebot/2.1; +http://www.google.com/bot.html)"
86.195.123.179 - - [18/Sep/2006:15:13:22 +0000] "GET /Sartilly--66.html HTTP/1.1" 200 18450 "http://www.portedelabaie.com/fr/actualites.html?tx_newsflexible_article%5Bid%5D=1&cHash=d1d4329339" "Mozilla/5.0 (X11; U; Linux i686; fr; rv:1.8.0.7) Gecko/20060909 Firefox/1.5.0.7"
86.195.123.179 - - [18/Sep/2006:15:13:24 +0000] "GET /Sartilly--66.html HTTP/1.1" 200 18450 "" "Mozilla/5.0 (X11; U; Linux i686; fr; rv:1.8.0.7) Gecko/20060909 Firefox/1.5.0.7"
86.195.123.179 - - [18/Sep/2006:15:13:44 +0000] "GET /Sartilly/D_couvrir--140.html HTTP/1.1" 200 14406 "http://www.ville-sartilly.com/" "Mozilla/5.0 (X11; U; Linux i686; fr; rv:1.8.0.7) Gecko/20060909 Firefox/1.5.0.7"
86.195.123.179 - - [18/Sep/2006:15:14:03 +0000] "GET /Sartilly/Tourisme--139.html HTTP/1.1" 200 14226 "http://www.ville-sartilly.com/fr/decouvrir.html" "Mozilla/5.0 (X11; U; Linux i686; fr; rv:1.8.0.7) Gecko/20060909 Firefox/1.5.0.7"
86.195.123.179 - - [18/Sep/2006:15:14:23 +0000] "GET /Sartilly/H_bergement--138.html HTTP/1.1" 200 26563 "http://www.ville-sartilly.com/fr/tourisme.html" "Mozilla/5.0 (X11; U; Linux i686; fr; rv:1.8.0.7) Gecko/20060909 Firefox/1.5.0.7"
86.195.123.179 - - [18/Sep/2006:15:14:30 +0000] "GET /Sartilly/Vie_Pratique--137.html HTTP/1.1" 200 16153 "http://www.ville-sartilly.com/fr/hebergement.html" "Mozilla/5.0 (X11; U; Linux i686; fr; rv:1.8.0.7) Gecko/20060909 Firefox/1.5.0.7"
86.195.123.179 - - [18/Sep/2006:15:14:38 +0000] "GET /Sartilly/Loisirs--136.html HTTP/1.1" 200 12595 "http://www.ville-sartilly.com/fr/vie-pratique.html" "Mozilla/5.0 (X11; U; Linux i686; fr; rv:1.8.0.7) Gecko/20060909 Firefox/1.5.0.7"
86.195.123.179 - - [18/Sep/2006:15:14:47 +0000] "GET /Sartilly/Calendrier--135.html HTTP/1.1" 200 17251 "http://www.ville-sartilly.com/fr/loisirs.html" "Mozilla/5.0 (X11; U; Linux i686; fr; rv:1.8.0.7) Gecko/20060909 Firefox/1.5.0.7"
86.205.218.63 - - [18/Sep/2006:15:19:46 +0000] "GET /Sartilly--66.html HTTP/1.1" 200 18450 "http://www.portedelabaie.com/" "Mozilla/4.0 (compatible; MSIE 5.5; Windows 98; Wanadoo 7.1)"
86.205.218.63 - - [18/Sep/2006:15:19:55 +0000] "GET /Sartilly/D_couvrir--140.html HTTP/1.1" 200 14406 "http://www.ville-sartilly.com/" "Mozilla/4.0 (compatible; MSIE 5.5; Windows 98; Wanadoo 7.1)"
86.205.218.63 - - [18/Sep/2006:15:20:20 +0000] "GET /Sartilly/Vie_Pratique--137.html HTTP/1.1" 200 16153 "http://www.ville-sartilly.com/fr/decouvrir.html" "Mozilla/4.0 (compatible; MSIE 5.5; Windows 98; Wanadoo 7.1)"
86.205.218.63 - - [18/Sep/2006:15:20:41 +0000] "GET /Sartilly/Loisirs--136.html HTTP/1.1" 200 12595 "http://www.ville-sartilly.com/fr/vie-pratique.html" "Mozilla/4.0 (compatible; MSIE 5.5; Windows 98; Wanadoo 7.1)"
86.205.218.63 - - [18/Sep/2006:15:20:48 +0000] "GET /Sartilly/Calendrier--135.html HTTP/1.1" 200 17251 "http://www.ville-sartilly.com/fr/loisirs.html" "Mozilla/4.0 (compatible; MSIE 5.5; Windows 98; Wanadoo 7.1)"
86.205.218.63 - - [18/Sep/2006:15:20:54 +0000] "GET /Sartilly/H_bergement--138.html HTTP/1.1" 200 26563 "http://www.ville-sartilly.com/fr/calendrier.html" "Mozilla/4.0 (compatible; MSIE 5.5; Windows 98; Wanadoo 7.1)"
86.205.218.63 - - [18/Sep/2006:15:21:04 +0000] "GET /Sartilly/Tourisme--139.html HTTP/1.1" 200 14226 "http://www.ville-sartilly.com/fr/hebergement.html" "Mozilla/4.0 (compatible; MSIE 5.5; Windows 98; Wanadoo 7.1)"
86.205.218.63 - - [18/Sep/2006:15:21:41 +0000] "GET /Porte_de_la_Baie/Communes/Bacilly--64.html HTTP/1.1" 200 16830 "http://www.portedelabaie.com/fr/communes/carolles/loisirs.html" "Mozilla/4.0 (compatible; MSIE 5.5; Windows 98; Wanadoo 7.1)"
86.205.218.63 - - [18/Sep/2006:15:21:45 +0000] "GET /Porte_de_la_Baie/Communes/Bacilly/D_couvrir--80.html HTTP/1.1" 200 9726 "http://www.portedelabaie.com/fr/communes/bacilly.html" "Mozilla/4.0 (compatible; MSIE 5.5; Windows 98; Wanadoo 7.1)"
86.205.218.63 - - [18/Sep/2006:15:21:51 +0000] "GET /Porte_de_la_Baie/Communes/Gen_ts--59.html HTTP/1.1" 200 38801 "http://www.portedelabaie.com/fr/communes/bacilly/decouvrir.html" "Mozilla/4.0 (compatible; MSIE 5.5; Windows 98; Wanadoo 7.1)"
86.205.218.63 - - [18/Sep/2006:15:22:02 +0000] "GET /Porte_de_la_Baie/Communes/Champcey--62.html HTTP/1.1" 200 20016 "http://www.portedelabaie.com/fr/communes/genets.html" "Mozilla/4.0 (compatible; MSIE 5.5; Windows 98; Wanadoo 7.1)"
86.205.218.63 - - [18/Sep/2006:15:22:11 +0000] "GET /Porte_de_la_Baie/Communes/Champcey/D_couvrir--92.html HTTP/1.1" 200 9728 "http://www.portedelabaie.com/fr/communes/champcey.html" "Mozilla/4.0 (compatible; MSIE 5.5; Windows 98; Wanadoo 7.1)"
86.205.218.63 - - [18/Sep/2006:15:22:15 +0000] "GET /Porte_de_la_Baie/Communes/Champcey/Loisirs--88.html HTTP/1.1" 200 9722 "http://www.portedelabaie.com/fr/communes/champcey/decouvrir.html" "Mozilla/4.0 (compatible; MSIE 5.5; Windows 98; Wanadoo 7.1)"
86.205.218.63 - - [18/Sep/2006:15:22:18 +0000] "GET /Porte_de_la_Baie/Communes/Champcey/Tourisme--91.html HTTP/1.1" 200 9725 "http://www.portedelabaie.com/fr/communes/champcey/loisirs.html" "Mozilla/4.0 (compatible; MSIE 5.5; Windows 98; Wanadoo 7.1)"
86.205.218.63 - - [18/Sep/2006:15:22:21 +0000] "GET /Porte_de_la_Baie/Communes/Champcey/Vie_Pratique--89.html HTTP/1.1" 200 9737 "http://www.portedelabaie.com/fr/communes/champcey/tourisme.html" "Mozilla/4.0 (compatible; MSIE 5.5; Windows 98; Wanadoo 7.1)"
72.30.129.142 - - [18/Sep/2006:15:31:44 +0000] "GET /Porte_de_la_Baie/Communes/Champeaux/Vie_Pratique--95.html HTTP/1.1" 200 9757 "" "Mozilla/5.0 (compatible; Yahoo! Slurp; http://help.yahoo.com/help/us/ysearch/slurp)"
66.249.66.48 - - [18/Sep/2006:15:38:57 +0000] "GET /Porte_de_la_Baie/Communes/Saint-Jean_le_Thomas/H_bergement--126.html HTTP/1.1" 200 35273 "" "Mozilla/5.0 (compatible; Googlebot/2.1; +http://www.google.com/bot.html)"
86.192.197.158 - - [18/Sep/2006:15:43:29 +0000] "GET /Porte_de_la_Baie/Communes/Gen_ts--59.html HTTP/1.1" 200 38801 "http://www.google.fr/search?hl=fr&q=robert+de+torigny&meta=lr%3Dlang_fr" "Mozilla/4.0 (compatible; MSIE 6.0; Windows NT 5.1; SV1; FREE; Wanadoo 7.1; .NET CLR 1.1.4322)"
66.249.66.48 - - [18/Sep/2006:15:47:24 +0000] "GET /Porte_de_la_Baie/Communes/Saint-Jean_le_Thomas/H_bergement--126.html HTTP/1.1" 200 35273 "" "Mozilla/5.0 (compatible; Googlebot/2.1; +http://www.google.com/bot.html)"
66.249.66.48 - - [18/Sep/2006:15:57:27 +0000] "GET /Porte_de_la_Baie/Communes/Saint-Jean_le_Thomas/H_bergement--126.html HTTP/1.1" 200 35273 "" "Mozilla/5.0 (compatible; Googlebot/2.1; +http://www.google.com/bot.html)"
86.195.123.179 - - [18/Sep/2006:16:15:11 +0000] "GET /Sartilly--66.html HTTP/1.1" 200 18450 "http://www.ville-angey.com/fr/vie-pratique.html" "Mozilla/5.0 (X11; U; Linux i686; fr; rv:1.8.0.7) Gecko/20060909 Firefox/1.5.0.7"
86.195.123.179 - - [18/Sep/2006:16:15:13 +0000] "GET /Sartilly/Vie_Pratique--137.html HTTP/1.1" 200 16153 "http://www.ville-sartilly.com/" "Mozilla/5.0 (X11; U; Linux i686; fr; rv:1.8.0.7) Gecko/20060909 Firefox/1.5.0.7"
207.46.98.66 - - [18/Sep/2006:16:27:17 +0000] "GET /Sartilly--66.html HTTP/1.1" 200 18450 "" "msnbot/1.0 (+http://search.msn.com/msnbot.htm)"
72.30.107.141 - - [18/Sep/2006:16:39:06 +0000] "GET /Porte_de_la_Baie/Communes/Champcey/Vie_Pratique--89.html HTTP/1.1" 200 9737 "" "Mozilla/5.0 (compatible; Yahoo! Slurp; http://help.yahoo.com/help/us/ysearch/slurp)"
86.212.141.200 - - [18/Sep/2006:16:42:45 +0000] "GET /Porte_de_la_Baie/Communes/Saint-Jean_le_Thomas--68.html HTTP/1.1" 200 19663 "http://www.portedelabaie.com/fr/communes/carolles/tourisme.html" "Mozilla/4.0 (compatible; MSIE 6.0; Windows NT 5.1; SV1; .NET CLR 1.1.4322)"
86.212.141.200 - - [18/Sep/2006:16:44:11 +0000] "GET /Porte_de_la_Baie/Communes/Saint-Jean_le_Thomas/Vie_Pratique--125.html HTTP/1.1" 200 9979 "http://www.portedelabaie.com/fr/communes/saint-jean-le-thomas.html" "Mozilla/4.0 (compatible; MSIE 6.0; Windows NT 5.1; SV1; .NET CLR 1.1.4322)"
86.212.141.200 - - [18/Sep/2006:16:44:15 +0000] "GET /Porte_de_la_Baie/Communes/Saint-Jean_le_Thomas--68.html HTTP/1.1" 200 19663 "http://www.portedelabaie.com/fr/communes/carolles/tourisme.html" "Mozilla/4.0 (compatible; MSIE 6.0; Windows NT 5.1; SV1; .NET CLR 1.1.4322)"
86.212.141.200 - - [18/Sep/2006:16:44:55 +0000] "GET /Porte_de_la_Baie/Communes/Saint-Jean_le_Thomas/D_couvrir--128.html HTTP/1.1" 200 13713 "http://www.portedelabaie.com/fr/communes/saint-jean-le-thomas.html" "Mozilla/4.0 (compatible; MSIE 6.0; Windows NT 5.1; SV1; .NET CLR 1.1.4322)"
194.146.96.6 - - [18/Sep/2006:16:51:37 +0000] "GET /Porte_de_la_Baie/Communes/Lolif--58.html HTTP/1.1" 200 20956 "http://www.google.fr/search?hl=fr&q=lolif&meta=" "Mozilla/4.0 (compatible; MSIE 6.0; Windows NT 5.1; SV1; .NET CLR 1.1.4322)"
194.146.96.6 - - [18/Sep/2006:16:52:19 +0000] "GET /Porte_de_la_Baie/Communes/Lolif/Tourisme--115.html HTTP/1.1" 200 9667 "http://www.portedelabaie.com/fr/communes/lolif.html" "Mozilla/4.0 (compatible; MSIE 6.0; Windows NT 5.1; SV1; .NET CLR 1.1.4322)"
194.146.96.6 - - [18/Sep/2006:16:52:28 +0000] "GET /Porte_de_la_Baie/Communes/Lolif/Vie_Pratique--113.html HTTP/1.1" 200 9679 "http://www.portedelabaie.com/fr/communes/lolif/tourisme.html" "Mozilla/4.0 (compatible; MSIE 6.0; Windows NT 5.1; SV1; .NET CLR 1.1.4322)"
194.146.96.6 - - [18/Sep/2006:16:53:17 +0000] "GET /Porte_de_la_Baie/Communes/Lolif/Vie_Pratique--113.html HTTP/1.1" 200 9679 "http://www.portedelabaie.com/fr/communes/lolif.html" "Mozilla/4.0 (compatible; MSIE 6.0; Windows NT 5.1; SV1; .NET CLR 1.1.4322)"
86.220.46.167 - - [18/Sep/2006:17:03:49 +0000] "GET /Sartilly--66.html HTTP/1.1" 200 18450 "http://www.portedelabaie.com/" "Mozilla/4.0 (compatible; MSIE 5.5; Windows 98; Win 9x 4.90)"
86.220.46.167 - - [18/Sep/2006:17:04:14 +0000] "GET /Sartilly/D_couvrir--140.html HTTP/1.1" 200 14406 "http://www.ville-sartilly.com/" "Mozilla/4.0 (compatible; MSIE 5.5; Windows 98; Win 9x 4.90)"
86.220.46.167 - - [18/Sep/2006:17:04:35 +0000] "GET /Sartilly/Tourisme--139.html HTTP/1.1" 200 14226 "http://www.ville-sartilly.com/fr/decouvrir.html" "Mozilla/4.0 (compatible; MSIE 5.5; Windows 98; Win 9x 4.90)"
86.220.46.167 - - [18/Sep/2006:17:04:54 +0000] "GET /Sartilly/Vie_Pratique--137.html HTTP/1.1" 200 16153 "http://www.ville-sartilly.com/fr/tourisme.html" "Mozilla/4.0 (compatible; MSIE 5.5; Windows 98; Win 9x 4.90)"
86.220.46.167 - - [18/Sep/2006:17:05:13 +0000] "GET /Sartilly/Loisirs--136.html HTTP/1.1" 200 12595 "http://www.ville-sartilly.com/fr/vie-pratique.html" "Mozilla/4.0 (compatible; MSIE 5.5; Windows 98; Win 9x 4.90)"
86.220.46.167 - - [18/Sep/2006:17:05:15 +0000] "GET /Sartilly/Loisirs--136.html HTTP/1.1" 200 12595 "http://www.ville-sartilly.com/fr/loisirs.html" "Mozilla/4.0 (compatible; MSIE 5.5; Windows 98; Win 9x 4.90)"
84.100.29.182 - - [18/Sep/2006:18:34:39 +0000] "GET /Sartilly/Loisirs--136.html HTTP/1.1" 200 12596 "" "Mozilla/4.0 (compatible; MSIE 6.0; Windows NT 5.1; SV1; .NET CLR 1.1.4322; HbTools 4.8.0)"
84.100.29.182 - - [18/Sep/2006:18:34:51 +0000] "GET /Sartilly/Vie_Pratique--137.html HTTP/1.1" 200 16153 "http://www.portedelabaie.com/index.php?id=136" "Mozilla/4.0 (compatible; MSIE 6.0; Windows NT 5.1; SV1; .NET CLR 1.1.4322; HbTools 4.8.0)"
90.8.108.211 - - [18/Sep/2006:18:47:26 +0000] "GET /Sartilly--66.html HTTP/1.1" 200 18450 "http://www.portedelabaie.com/" "Mozilla/4.0 (compatible; MSIE 5.5; Windows 98; Win 9x 4.90)"
62.35.208.211 - - [18/Sep/2006:18:59:30 +0000] "GET /Porte_de_la_Baie/Communes/Saint-Jean_le_Thomas--68.html HTTP/1.1" 200 19663 "http://www.portedelabaie.com/fr/decouvrir.html" "Mozilla/4.0 (compatible; MSIE 6.0; Windows NT 5.1; SV1)"
62.35.208.211 - - [18/Sep/2006:19:00:08 +0000] "GET /Porte_de_la_Baie/Communes/Saint-Jean_le_Thomas/Vie_Pratique--125.html HTTP/1.1" 200 9979 "http://www.portedelabaie.com/fr/communes/saint-jean-le-thomas.html" "Mozilla/4.0 (compatible; MSIE 6.0; Windows NT 5.1; SV1)"
62.35.208.211 - - [18/Sep/2006:19:00:21 +0000] "GET /Porte_de_la_Baie/Communes/Saint-Jean_le_Thomas/Loisirs--124.html HTTP/1.1" 200 9964 "http://www.portedelabaie.com/fr/communes/saint-jean-le-thomas/vie-pratique.html" "Mozilla/4.0 (compatible; MSIE 6.0; Windows NT 5.1; SV1)"
62.35.208.211 - - [18/Sep/2006:19:00:29 +0000] "GET /Porte_de_la_Baie/Communes/Saint-Jean_le_Thomas/H_bergement--126.html HTTP/1.1" 200 29048 "http://www.portedelabaie.com/fr/communes/saint-jean-le-thomas/loisirs.html" "Mozilla/4.0 (compatible; MSIE 6.0; Windows NT 5.1; SV1)"
62.35.208.211 - - [18/Sep/2006:19:00:51 +0000] "GET /Porte_de_la_Baie/Communes/Saint-Jean_le_Thomas/H_bergement--126.html HTTP/1.1" 200 35539 "http://www.portedelabaie.com/fr/communes/saint-jean-le-thomas/hebergement.html" "Mozilla/4.0 (compatible; MSIE 6.0; Windows NT 5.1; SV1)"
62.35.208.211 - - [18/Sep/2006:19:01:17 +0000] "GET /Porte_de_la_Baie/Communes/Saint-Jean_le_Thomas/H_bergement--126.html HTTP/1.1" 200 35494 "http://www.portedelabaie.com/index.php?id=126" "Mozilla/4.0 (compatible; MSIE 6.0; Windows NT 5.1; SV1)"
62.35.208.211 - - [18/Sep/2006:19:01:25 +0000] "GET /Porte_de_la_Baie/Communes/Saint-Jean_le_Thomas/H_bergement--126.html HTTP/1.1" 200 35580 "http://www.portedelabaie.com/no_cache/fr/communes/saint-jean-le-thomas/hebergement.html?tx_travelguide_pi1%5Bscat%5D=-1&tx_travelguide_pi1%5Bsloc%5D=4&tx_travelguide_pi1%5Bpointer%5D=1&tx_travelguide_pi1%5Bmode%5D=1" "Mozilla/4.0 (compatible; MSIE 6.0; Windows NT 5.1; SV1)"
62.35.208.211 - - [18/Sep/2006:19:01:32 +0000] "GET /Porte_de_la_Baie/Communes/Saint-Jean_le_Thomas/H_bergement--126.html HTTP/1.1" 200 35649 "http://www.portedelabaie.com/no_cache/fr/communes/saint-jean-le-thomas/hebergement.html?tx_travelguide_pi1%5Bscat%5D=-1&tx_travelguide_pi1%5Bsloc%5D=4&tx_travelguide_pi1%5Bpointer%5D=2&tx_travelguide_pi1%5Bmode%5D=1" "Mozilla/4.0 (compatible; MSIE 6.0; Windows NT 5.1; SV1)"
62.35.208.211 - - [18/Sep/2006:19:01:51 +0000] "GET /Porte_de_la_Baie/Communes/Saint-Jean_le_Thomas/H_bergement--126.html HTTP/1.1" 200 28070 "http://www.portedelabaie.com/no_cache/fr/communes/saint-jean-le-thomas/hebergement.html?tx_travelguide_pi1%5Bscat%5D=-1&tx_travelguide_pi1%5Bsloc%5D=4&tx_travelguide_pi1%5Bpointer%5D=3&tx_travelguide_pi1%5Bmode%5D=1" "Mozilla/4.0 (compatible; MSIE 6.0; Windows NT 5.1; SV1)"
62.35.208.211 - - [18/Sep/2006:19:02:04 +0000] "GET /Porte_de_la_Baie/Communes/Saint-Jean_le_Thomas/H_bergement--126.html HTTP/1.1" 200 27028 "http://www.portedelabaie.com/fr/communes/saint-jean-le-thomas/hebergement.html?tx_travelguide_pi1%5Buid%5D=31&tx_travelguide_pi1%5BCMD%5D=singleView&cHash=261378eef2" "Mozilla/4.0 (compatible; MSIE 6.0; Windows NT 5.1; SV1)"
207.46.98.67 - - [18/Sep/2006:19:12:25 +0000] "GET /Sartilly--66.html HTTP/1.1" 200 18450 "" "msnbot/1.0 (+http://search.msn.com/msnbot.htm)"
66.249.66.48 - - [18/Sep/2006:19:21:38 +0000] "GET /Sartilly--66.html HTTP/1.1" 200 18450 "" "Mozilla/5.0 (compatible; Googlebot/2.1; +http://www.google.com/bot.html)"
131.107.0.96 - - [18/Sep/2006:19:27:01 +0000] "GET /Sartilly--66.html HTTP/1.1" 200 18450 "" "Mozilla/4.0 (compatible; MSIE 6.0; Windows NT 5.2; WOW64; SV1)"
66.249.66.48 - - [18/Sep/2006:19:31:02 +0000] "GET /Porte_de_la_Baie/Communes/Bacilly/Actualit_s--174.html HTTP/1.1" 200 9614 "" "Mozilla/5.0 (compatible; Googlebot/2.1; +http://www.google.com/bot.html)"
82.230.162.122 - - [18/Sep/2006:19:37:08 +0000] "GET /Porte_de_la_Baie/Communes/Saint-Jean_le_Thomas--68.html HTTP/1.1" 200 19663 "http://www.google.fr/search?q=saint+jean+le+thomas&start=0&ie=utf-8&oe=utf-8&client=firefox-a&rls=org.mozilla:fr:official" "Mozilla/5.0 (Windows; U; Windows NT 5.1; fr; rv:1.8.0.6) Gecko/20060728 Firefox/1.5.0.6"
82.230.162.122 - - [18/Sep/2006:19:37:36 +0000] "GET /Porte_de_la_Baie/Communes/Saint-Jean_le_Thomas/H_bergement--126.html HTTP/1.1" 200 29048 "http://www.portedelabaie.com/fr/communes/saint-jean-le-thomas.html" "Mozilla/5.0 (Windows; U; Windows NT 5.1; fr; rv:1.8.0.6) Gecko/20060728 Firefox/1.5.0.6"
82.230.162.122 - - [18/Sep/2006:19:37:43 +0000] "GET /Porte_de_la_Baie/Communes/Saint-Jean_le_Thomas/H_bergement--126.html HTTP/1.1" 200 29048 "http://www.portedelabaie.com/fr/communes/saint-jean-le-thomas/hebergement.html" "Mozilla/5.0 (Windows; U; Windows NT 5.1; fr; rv:1.8.0.6) Gecko/20060728 Firefox/1.5.0.6"
82.230.162.122 - - [18/Sep/2006:19:37:58 +0000] "GET /Porte_de_la_Baie/Communes/Saint-Jean_le_Thomas/H_bergement--126.html HTTP/1.1" 200 29048 "http://www.portedelabaie.com/fr/communes/saint-jean-le-thomas/hebergement.html?tx_travelguide_pi1%5Bscat%5D=1&tx_travelguide_pi1%5Bsloc%5D=1" "Mozilla/5.0 (Windows; U; Windows NT 5.1; fr; rv:1.8.0.6) Gecko/20060728 Firefox/1.5.0.6"
82.230.162.122 - - [18/Sep/2006:19:38:23 +0000] "GET /Porte_de_la_Baie/Communes/Saint-Jean_le_Thomas/H_bergement--126.html HTTP/1.1" 200 35539 "http://www.portedelabaie.com/fr/communes/saint-jean-le-thomas/hebergement.html?tx_travelguide_pi1%5Bscat%5D=1&tx_travelguide_pi1%5Bsloc%5D=4" "Mozilla/5.0 (Windows; U; Windows NT 5.1; fr; rv:1.8.0.6) Gecko/20060728 Firefox/1.5.0.6"
82.230.162.122 - - [18/Sep/2006:19:38:35 +0000] "GET /Porte_de_la_Baie/Communes/Saint-Jean_le_Thomas/H_bergement--126.html HTTP/1.1" 200 28116 "http://www.portedelabaie.com/index.php?id=126" "Mozilla/5.0 (Windows; U; Windows NT 5.1; fr; rv:1.8.0.6) Gecko/20060728 Firefox/1.5.0.6"
66.249.66.48 - - [18/Sep/2006:19:42:21 +0000] "GET /Porte_de_la_Baie/Communes/Bacilly/Actualit_s--174.html HTTP/1.1" 200 9614 "" "Mozilla/5.0 (compatible; Googlebot/2.1; +http://www.google.com/bot.html)"
66.249.66.48 - - [18/Sep/2006:20:16:36 +0000] "GET /Porte_de_la_Baie/Communes/Bacilly/Actualit_s--174.html HTTP/1.1" 200 9614 "" "Mozilla/5.0 (compatible; Googlebot/2.1; +http://www.google.com/bot.html)"
66.249.66.48 - - [18/Sep/2006:20:28:00 +0000] "GET /Porte_de_la_Baie/Communes/Bacilly/Actualit_s--174.html HTTP/1.1" 200 9614 "" "Mozilla/5.0 (compatible; Googlebot/2.1; +http://www.google.com/bot.html)"
83.115.213.67 - - [18/Sep/2006:20:36:29 +0000] "GET /Porte_de_la_Baie/Communes/Gen_ts--59.html HTTP/1.1" 200 38801 "http://www.google.fr/search?q=Gen%C3%AAts&hl=fr&lr=&start=20&sa=N" "Mozilla/4.0 (compatible; MSIE 6.0; Windows NT 5.1; Wanadoo 6.0; SV1; .NET CLR 1.1.4322)"
86.195.196.232 - - [18/Sep/2006:20:36:48 +0000] "GET /Porte_de_la_Baie/Communes/Saint-Jean_le_Thomas--68.html HTTP/1.1" 200 19663 "http://www.google.fr/search?client=firefox-a&rls=org.mozilla:fr:official_s&hl=fr&q=Les%20hermelles&btnG=Recherche+Google&ie=UTF-8&oe=UTF-8&sa=N&tab=iw" "Mozilla/5.0 (Windows; U; Windows NT 5.1; fr; rv:1.8.0.7) Gecko/20060909 Firefox/1.5.0.7"
83.115.213.67 - - [18/Sep/2006:20:38:02 +0000] "GET /Porte_de_la_Baie/Communes/Gen_ts/Loisirs--106.html HTTP/1.1" 200 9682 "http://www.portedelabaie.com/fr/communes/genets.html" "Mozilla/4.0 (compatible; MSIE 6.0; Windows NT 5.1; Wanadoo 6.0; SV1; .NET CLR 1.1.4322)"
83.115.213.67 - - [18/Sep/2006:20:38:21 +0000] "GET /Porte_de_la_Baie/Communes/Gen_ts/Actualit_s--180.html HTTP/1.1" 200 10781 "http://www.portedelabaie.com/fr/communes/genets.html" "Mozilla/4.0 (compatible; MSIE 6.0; Windows NT 5.1; Wanadoo 6.0; SV1; .NET CLR 1.1.4322)"
66.249.66.48 - - [18/Sep/2006:20:39:18 +0000] "GET /Porte_de_la_Baie/Communes/Bacilly/Actualit_s--174.html HTTP/1.1" 200 9614 "" "Mozilla/5.0 (compatible; Googlebot/2.1; +http://www.google.com/bot.html)"
66.249.66.48 - - [18/Sep/2006:20:50:47 +0000] "GET /Porte_de_la_Baie/Communes/Bacilly/Actualit_s--174.html HTTP/1.1" 200 9614 "" "Mozilla/5.0 (compatible; Googlebot/2.1; +http://www.google.com/bot.html)"
66.249.66.48 - - [18/Sep/2006:21:02:43 +0000] "GET /Porte_de_la_Baie/Communes/Bacilly/Actualit_s--174.html HTTP/1.1" 200 9614 "" "Mozilla/5.0 (compatible; Googlebot/2.1; +http://www.google.com/bot.html)"
66.249.66.48 - - [18/Sep/2006:21:13:25 +0000] "GET /Porte_de_la_Baie/Communes/Bacilly/Actualit_s--174.html HTTP/1.1" 200 9614 "" "Mozilla/5.0 (compatible; Googlebot/2.1; +http://www.google.com/bot.html)"
66.249.66.48 - - [18/Sep/2006:21:24:48 +0000] "GET /Porte_de_la_Baie/Communes/Bacilly/Actualit_s--174.html HTTP/1.1" 200 9614 "" "Mozilla/5.0 (compatible; Googlebot/2.1; +http://www.google.com/bot.html)"
66.249.66.48 - - [18/Sep/2006:21:59:05 +0000] "GET /Porte_de_la_Baie/Communes/Bacilly/Actualit_s--174.html HTTP/1.1" 200 9614 "" "Mozilla/5.0 (compatible; Googlebot/2.1; +http://www.google.com/bot.html)"
66.249.66.48 - - [18/Sep/2006:22:33:24 +0000] "GET /Porte_de_la_Baie/Communes/Bacilly/Actualit_s--174.html HTTP/1.1" 200 9614 "" "Mozilla/5.0 (compatible; Googlebot/2.1; +http://www.google.com/bot.html)"
66.249.66.48 - - [18/Sep/2006:22:44:49 +0000] "GET /Porte_de_la_Baie/Communes/Bacilly/Actualit_s--174.html HTTP/1.1" 200 9614 "" "Mozilla/5.0 (compatible; Googlebot/2.1; +http://www.google.com/bot.html)"
66.249.66.48 - - [18/Sep/2006:22:56:00 +0000] "GET /Porte_de_la_Baie/Communes/Bacilly/Actualit_s--174.html HTTP/1.1" 200 9614 "" "Mozilla/5.0 (compatible; Googlebot/2.1; +http://www.google.com/bot.html)"
207.46.98.67 - - [18/Sep/2006:23:46:36 +0000] "GET /Sartilly--66.html HTTP/1.1" 200 18450 "" "msnbot/1.0 (+http://search.msn.com/msnbot.htm)"
207.46.98.65 - - [19/Sep/2006:00:33:00 +0000] "GET /Sartilly--66.html HTTP/1.1" 200 18450 "" "msnbot/1.0 (+http://search.msn.com/msnbot.htm)"
65.214.44.49 - - [19/Sep/2006:01:32:32 +0000] "GET /Sartilly--66.html HTTP/1.1" 200 18450 "" "Mozilla/2.0 (compatible; Ask Jeeves/Teoma; +http://about.ask.com/en/docs/about/webmasters.shtml)"
65.214.44.49 - - [19/Sep/2006:01:33:04 +0000] "GET /Sartilly/Loisirs--136.html HTTP/1.1" 200 12595 "" "Mozilla/2.0 (compatible; Ask Jeeves/Teoma; +http://about.ask.com/en/docs/about/webmasters.shtml)"
207.46.98.66 - - [19/Sep/2006:01:58:01 +0000] "GET /Sartilly--66.html HTTP/1.1" 200 18450 "" "msnbot/1.0 (+http://search.msn.com/msnbot.htm)"
66.249.66.238 - - [19/Sep/2006:02:01:03 +0000] "GET /Porte_de_la_Baie/Communes/Lolif/Vie_Pratique--113.html HTTP/1.1" 200 9679 "" "Mozilla/5.0 (compatible; Googlebot/2.1; +http://www.google.com/bot.html)"
207.46.98.67 - - [19/Sep/2006:04:22:28 +0000] "GET /Sartilly--66.html HTTP/1.1" 200 18450 "" "msnbot/1.0 (+http://search.msn.com/msnbot.htm)"
65.214.44.49 - - [19/Sep/2006:04:58:30 +0000] "GET /Sartilly/D_couvrir--140.html HTTP/1.1" 200 14406 "" "Mozilla/2.0 (compatible; Ask Jeeves/Teoma; +http://about.ask.com/en/docs/about/webmasters.shtml)"
207.46.98.65 - - [19/Sep/2006:05:01:55 +0000] "GET /Sartilly--66.html HTTP/1.1" 200 18450 "" "msnbot/1.0 (+http://search.msn.com/msnbot.htm)"
72.30.129.30 - - [19/Sep/2006:05:12:31 +0000] "GET /Porte_de_la_Baie/Communes/Dragey-Ronthon/Tourisme--103.html HTTP/1.1" 200 9845 "" "Mozilla/5.0 (compatible; Yahoo! Slurp; http://help.yahoo.com/help/us/ysearch/slurp)"
207.46.98.73 - - [19/Sep/2006:05:38:39 +0000] "GET /Porte_de_la_Baie/Communes/Champeaux/D_couvrir--98.html HTTP/1.1" 200 9748 "" "msnbot/1.0 (+http://search.msn.com/msnbot.htm)"
65.214.44.49 - - [19/Sep/2006:08:25:47 +0000] "GET /Sartilly/Tourisme--139.html HTTP/1.1" 200 14226 "" "Mozilla/2.0 (compatible; Ask Jeeves/Teoma; +http://about.ask.com/en/docs/about/webmasters.shtml)"
207.46.98.75 - - [19/Sep/2006:09:33:28 +0000] "GET /Sartilly/Loisirs--136.html HTTP/1.1" 200 12596 "" "msnbot/1.0 (+http://search.msn.com/msnbot.htm)"
207.46.98.75 - - [19/Sep/2006:09:33:28 +0000] "GET /Sartilly/Calendrier--135.html HTTP/1.1" 200 17249 "" "msnbot/1.0 (+http://search.msn.com/msnbot.htm)"
86.75.100.215 - - [19/Sep/2006:09:59:12 +0000] "GET /Porte_de_la_Baie/Communes/Lolif--58.html HTTP/1.1" 200 20956 "" "Mozilla/4.0 (compatible; MSIE 6.0; Windows NT 5.1; {F71ADDA1-19D4-4F65-BD9A-F2DBDE6F986A}; SV1; FREE)"
86.75.100.215 - - [19/Sep/2006:09:59:42 +0000] "GET /Porte_de_la_Baie/Communes/Lolif/D_couvrir--116.html HTTP/1.1" 200 9670 "" "Mozilla/4.0 (compatible; MSIE 6.0; Windows NT 5.1; {F71ADDA1-19D4-4F65-BD9A-F2DBDE6F986A}; SV1; FREE)"
86.75.100.215 - - [19/Sep/2006:09:59:47 +0000] "GET /Porte_de_la_Baie/Communes/Lolif/Tourisme--115.html HTTP/1.1" 200 9667 "" "Mozilla/4.0 (compatible; MSIE 6.0; Windows NT 5.1; {F71ADDA1-19D4-4F65-BD9A-F2DBDE6F986A}; SV1; FREE)"
86.75.100.215 - - [19/Sep/2006:10:00:00 +0000] "GET /Porte_de_la_Baie/Communes/Lolif/Vie_Pratique--113.html HTTP/1.1" 200 9679 "" "Mozilla/4.0 (compatible; MSIE 6.0; Windows NT 5.1; {F71ADDA1-19D4-4F65-BD9A-F2DBDE6F986A}; SV1; FREE)"
207.46.98.66 - - [19/Sep/2006:10:45:34 +0000] "GET /Sartilly--66.html HTTP/1.1" 200 18450 "" "msnbot/1.0 (+http://search.msn.com/msnbot.htm)"
207.46.98.66 - - [19/Sep/2006:10:45:35 +0000] "GET /Sartilly/Actualit_s--185.html HTTP/1.1" 200 10475 "" "msnbot/1.0 (+http://search.msn.com/msnbot.htm)"
194.183.239.138 - - [19/Sep/2006:10:49:07 +0000] "GET /Porte_de_la_Baie/Communes/Dragey-Ronthon--60.html HTTP/1.1" 200 22267 "http://www.google.com/search?hl=en&lr=&q=dragey+manoir&btnG=Search" "Mozilla/5.0 (Windows; U; Windows NT 5.0; fr; rv:1.8.0.7) Gecko/20060909 Firefox/1.5.0.7"
207.46.98.66 - - [19/Sep/2006:10:54:01 +0000] "GET /Sartilly/D_couvrir--140.html HTTP/1.1" 200 14406 "" "msnbot/1.0 (+http://search.msn.com/msnbot.htm)"
86.205.157.160 - - [19/Sep/2006:10:54:14 +0000] "GET /Porte_de_la_Baie/Communes/Champcey--62.html HTTP/1.1" 200 20016 "http://www.portedelabaie.com/fr/actualites.html?tx_newsflexible_article%5Bid%5D=1&cHash=d1d4329339" "Mozilla/4.0 (compatible; MSIE 6.0; Windows NT 5.1; SV1; .NET CLR 1.1.4322)"
86.205.157.160 - - [19/Sep/2006:10:54:20 +0000] "GET /Porte_de_la_Baie/Communes/Saint-Jean_le_Thomas--68.html HTTP/1.1" 200 19663 "http://www.portedelabaie.com/fr/communes/champcey.html" "Mozilla/4.0 (compatible; MSIE 6.0; Windows NT 5.1; SV1; .NET CLR 1.1.4322)"
86.205.157.160 - - [19/Sep/2006:10:56:31 +0000] "GET /Porte_de_la_Baie/Communes/Champcey--62.html HTTP/1.1" 200 20016 "http://www.portedelabaie.com/fr/actualites.html?tx_newsflexible_article%5Bid%5D=1&cHash=d1d4329339" "Mozilla/4.0 (compatible; MSIE 6.0; Windows NT 5.1; SV1; .NET CLR 1.1.4322)"
86.205.157.160 - - [19/Sep/2006:10:56:46 +0000] "GET /Porte_de_la_Baie/Communes/Champcey/Tourisme--91.html HTTP/1.1" 200 9725 "http://www.portedelabaie.com/fr/communes/champcey.html" "Mozilla/4.0 (compatible; MSIE 6.0; Windows NT 5.1; SV1; .NET CLR 1.1.4322)"
86.205.157.160 - - [19/Sep/2006:10:56:48 +0000] "GET /Porte_de_la_Baie/Communes/Champcey/H_bergement--90.html HTTP/1.1" 200 28025 "http://www.portedelabaie.com/fr/communes/champcey/tourisme.html" "Mozilla/4.0 (compatible; MSIE 6.0; Windows NT 5.1; SV1; .NET CLR 1.1.4322)"
86.205.157.160 - - [19/Sep/2006:10:56:52 +0000] "GET /Porte_de_la_Baie/Communes/Champcey/Vie_Pratique--89.html HTTP/1.1" 200 9737 "http://www.portedelabaie.com/fr/communes/champcey/hebergement.html" "Mozilla/4.0 (compatible; MSIE 6.0; Windows NT 5.1; SV1; .NET CLR 1.1.4322)"
86.205.157.160 - - [19/Sep/2006:10:56:55 +0000] "GET /Porte_de_la_Baie/Communes/Champcey/D_couvrir--92.html HTTP/1.1" 200 9728 "http://www.portedelabaie.com/fr/communes/champcey/vie-pratique.html" "Mozilla/4.0 (compatible; MSIE 6.0; Windows NT 5.1; SV1; .NET CLR 1.1.4322)"
86.205.157.160 - - [19/Sep/2006:10:56:57 +0000] "GET /Porte_de_la_Baie/Communes/Champcey/D_couvrir--92.html HTTP/1.1" 200 9728 "http://www.portedelabaie.com/fr/communes/champcey/decouvrir.html" "Mozilla/4.0 (compatible; MSIE 6.0; Windows NT 5.1; SV1; .NET CLR 1.1.4322)"
86.205.157.160 - - [19/Sep/2006:10:58:51 +0000] "GET /Porte_de_la_Baie/Communes/Champcey/D_couvrir--92.html HTTP/1.1" 200 9728 "http://www.portedelabaie.com/fr/communes/champcey/decouvrir.html" "Mozilla/4.0 (compatible; MSIE 6.0; Windows NT 5.1; SV1; .NET CLR 1.1.4322)"
207.46.98.67 - - [19/Sep/2006:11:11:57 +0000] "GET /Sartilly--66.html HTTP/1.1" 200 18450 "" "msnbot/1.0 (+http://search.msn.com/msnbot.htm)"
207.46.98.67 - - [19/Sep/2006:11:11:59 +0000] "GET /Sartilly/Actualit_s--185.html HTTP/1.1" 200 10475 "" "msnbot/1.0 (+http://search.msn.com/msnbot.htm)"
207.46.98.67 - - [19/Sep/2006:11:16:20 +0000] "GET /Sartilly/Vie_Pratique--137.html HTTP/1.1" 200 16153 "" "msnbot/1.0 (+http://search.msn.com/msnbot.htm)"
207.46.98.67 - - [19/Sep/2006:11:17:36 +0000] "GET /Sartilly/Loisirs--136.html HTTP/1.1" 200 12595 "" "msnbot/1.0 (+http://search.msn.com/msnbot.htm)"
207.46.98.67 - - [19/Sep/2006:11:17:39 +0000] "GET /Sartilly/Calendrier--135.html HTTP/1.1" 200 17251 "" "msnbot/1.0 (+http://search.msn.com/msnbot.htm)"
207.46.98.67 - - [19/Sep/2006:11:20:07 +0000] "GET /Sartilly--66.html HTTP/1.1" 200 18450 "" "msnbot/1.0 (+http://search.msn.com/msnbot.htm)"
207.46.98.67 - - [19/Sep/2006:11:20:13 +0000] "GET /Sartilly/H_bergement--138.html HTTP/1.1" 200 26563 "" "msnbot/1.0 (+http://search.msn.com/msnbot.htm)"
207.46.98.65 - - [19/Sep/2006:11:20:27 +0000] "GET /Sartilly--66.html HTTP/1.1" 200 18450 "" "msnbot/1.0 (+http://search.msn.com/msnbot.htm)"
207.46.98.65 - - [19/Sep/2006:11:20:28 +0000] "GET /Sartilly/Tourisme--139.html HTTP/1.1" 200 14226 "" "msnbot/1.0 (+http://search.msn.com/msnbot.htm)"
