207.46.98.66 - - [19/Sep/2006:11:30:36 +0000] "GET /Sartilly/Calendrier--135.html HTTP/1.1" 200 10314 "" "msnbot/1.0 (+http://search.msn.com/msnbot.htm)"
207.46.98.66 - - [19/Sep/2006:11:30:36 +0000] "GET /Sartilly/Calendrier--135.html HTTP/1.1" 200 10298 "" "msnbot/1.0 (+http://search.msn.com/msnbot.htm)"
207.46.98.66 - - [19/Sep/2006:11:31:33 +0000] "GET /Sartilly/Calendrier--135.html HTTP/1.1" 200 10305 "" "msnbot/1.0 (+http://search.msn.com/msnbot.htm)"
86.205.157.160 - - [19/Sep/2006:11:38:09 +0000] "GET /Sartilly--66.html HTTP/1.1" 200 18450 "" "Mozilla/4.0 (compatible; MSIE 6.0; Windows NT 5.1; .NET CLR 1.1.4322)"
86.205.157.160 - - [19/Sep/2006:11:38:15 +0000] "GET /Porte_de_la_Baie/Communes/Champcey--62.html HTTP/1.1" 200 20016 "" "Mozilla/4.0 (compatible; MSIE 6.0; Windows NT 5.1; .NET CLR 1.1.4322)"
86.205.157.160 - - [19/Sep/2006:11:38:22 +0000] "GET /Porte_de_la_Baie/Communes/Lolif--58.html HTTP/1.1" 200 20956 "http://www.portedelabaie.com/" "Mozilla/4.0 (compatible; MSIE 6.0; Windows NT 5.1; .NET CLR 1.1.4322)"
66.249.66.238 - - [19/Sep/2006:11:44:18 +0000] "GET /Porte_de_la_Baie/Communes/Lolif/Actualit_s--181.html HTTP/1.1" 200 10764 "" "Mozilla/5.0 (compatible; Googlebot/2.1; +http://www.google.com/bot.html)"
86.205.157.160 - - [19/Sep/2006:11:47:10 +0000] "GET /Sartilly--66.html HTTP/1.1" 200 18459 "" "Mozilla/4.0 (compatible; MSIE 6.0; Windows NT 5.1; .NET CLR 1.1.4322)"
86.205.157.160 - - [19/Sep/2006:11:47:27 +0000] "GET /Sartilly--66.html HTTP/1.1" 200 18459 "" "Mozilla/4.0 (compatible; MSIE 6.0; Windows NT 5.1; .NET CLR 1.1.4322)"
86.205.157.160 - - [19/Sep/2006:11:47:47 +0000] "GET /Sartilly/D_couvrir--140.html HTTP/1.1" 200 14396 "" "Mozilla/4.0 (compatible; MSIE 6.0; Windows NT 5.1; .NET CLR 1.1.4322)"
86.205.157.160 - - [19/Sep/2006:11:48:19 +0000] "GET /Sartilly/Tourisme--139.html HTTP/1.1" 200 14228 "http://www.ville-sartilly.com/fr/decouvrir.html" "Mozilla/4.0 (compatible; MSIE 6.0; Windows NT 5.1; .NET CLR 1.1.4322)"
86.195.57.253 - - [19/Sep/2006:11:50:51 +0000] "GET /Porte_de_la_Baie/Communes/Bacilly/H_bergement--78.html HTTP/1.1" 200 28390 "" "Mozilla/5.0 (X11; U; Linux i686; fr; rv:1.8.0.7) Gecko/20060909 Firefox/1.5.0.7"
86.195.57.253 - - [19/Sep/2006:11:50:57 +0000] "GET /Porte_de_la_Baie/Communes/Bacilly/Calendrier--75.html HTTP/1.1" 200 17789 "http://www.portedelabaie.com/no_cache/fr/communes/bacilly/hebergement.html" "Mozilla/5.0 (X11; U; Linux i686; fr; rv:1.8.0.7) Gecko/20060909 Firefox/1.5.0.7"
86.205.157.160 - - [19/Sep/2006:11:53:08 +0000] "GET /Sartilly--66.html HTTP/1.1" 200 18459 "" "Mozilla/4.0 (compatible; MSIE 6.0; Windows NT 5.1; .NET CLR 1.1.4322)"
65.214.44.49 - - [19/Sep/2006:11:55:35 +0000] "GET /Sartilly/Calendrier--135.html HTTP/1.1" 200 17251 "" "Mozilla/2.0 (compatible; Ask Jeeves/Teoma; +http://about.ask.com/en/docs/about/webmasters.shtml)"
207.46.98.66 - - [19/Sep/2006:12:03:50 +0000] "GET /Sartilly/H_bergement--138.html HTTP/1.1" 200 26563 "" "msnbot/1.0 (+http://search.msn.com/msnbot.htm)"
207.46.98.66 - - [19/Sep/2006:12:03:54 +0000] "GET /Sartilly/H_bergement--138.html HTTP/1.1" 200 26563 "" "msnbot/1.0 (+http://search.msn.com/msnbot.htm)"
207.46.98.66 - - [19/Sep/2006:12:06:37 +0000] "GET /Sartilly/Calendrier--135.html HTTP/1.1" 200 10298 "" "msnbot/1.0 (+http://search.msn.com/msnbot.htm)"
207.46.98.66 - - [19/Sep/2006:12:06:53 +0000] "GET /Sartilly/H_bergement--138.html HTTP/1.1" 200 26563 "" "msnbot/1.0 (+http://search.msn.com/msnbot.htm)"
207.46.98.66 - - [19/Sep/2006:12:06:53 +0000] "GET /Sartilly/H_bergement--138.html HTTP/1.1" 200 26563 "" "msnbot/1.0 (+http://search.msn.com/msnbot.htm)"
207.46.98.66 - - [19/Sep/2006:12:07:44 +0000] "GET /Sartilly/H_bergement--138.html HTTP/1.1" 200 26563 "" "msnbot/1.0 (+http://search.msn.com/msnbot.htm)"
207.46.98.66 - - [19/Sep/2006:12:07:53 +0000] "GET /Sartilly/H_bergement--138.html HTTP/1.1" 200 26563 "" "msnbot/1.0 (+http://search.msn.com/msnbot.htm)"
207.46.98.65 - - [19/Sep/2006:12:11:45 +0000] "GET /Sartilly/H_bergement--138.html HTTP/1.1" 200 26563 "" "msnbot/1.0 (+http://search.msn.com/msnbot.htm)"
207.46.98.67 - - [19/Sep/2006:12:19:06 +0000] "GET /Sartilly/H_bergement--138.html HTTP/1.1" 200 26563 "" "msnbot/1.0 (+http://search.msn.com/msnbot.htm)"
207.46.98.65 - - [19/Sep/2006:12:25:51 +0000] "GET /Sartilly/Calendrier--135.html HTTP/1.1" 200 10305 "" "msnbot/1.0 (+http://search.msn.com/msnbot.htm)"
207.46.98.65 - - [19/Sep/2006:12:25:51 +0000] "GET /Sartilly/Calendrier--135.html HTTP/1.1" 200 17303 "" "msnbot/1.0 (+http://search.msn.com/msnbot.htm)"
207.46.98.65 - - [19/Sep/2006:12:25:51 +0000] "GET /Sartilly/Calendrier--135.html HTTP/1.1" 200 10354 "" "msnbot/1.0 (+http://search.msn.com/msnbot.htm)"
207.46.98.66 - - [19/Sep/2006:12:29:15 +0000] "GET /Sartilly/Calendrier--135.html HTTP/1.1" 200 10353 "" "msnbot/1.0 (+http://search.msn.com/msnbot.htm)"
207.46.98.65 - - [19/Sep/2006:12:31:08 +0000] "GET /Sartilly/H_bergement--138.html HTTP/1.1" 200 26563 "" "msnbot/1.0 (+http://search.msn.com/msnbot.htm)"
207.46.98.65 - - [19/Sep/2006:12:31:08 +0000] "GET /Sartilly/H_bergement--138.html HTTP/1.1" 200 26563 "" "msnbot/1.0 (+http://search.msn.com/msnbot.htm)"
207.46.98.65 - - [19/Sep/2006:12:31:15 +0000] "GET /Sartilly/H_bergement--138.html HTTP/1.1" 200 26563 "" "msnbot/1.0 (+http://search.msn.com/msnbot.htm)"
207.46.98.65 - - [19/Sep/2006:12:31:15 +0000] "GET /Sartilly/H_bergement--138.html HTTP/1.1" 200 26563 "" "msnbot/1.0 (+http://search.msn.com/msnbot.htm)"
207.46.98.65 - - [19/Sep/2006:12:31:39 +0000] "GET /Sartilly/H_bergement--138.html HTTP/1.1" 200 26563 "" "msnbot/1.0 (+http://search.msn.com/msnbot.htm)"
207.46.98.65 - - [19/Sep/2006:12:31:40 +0000] "GET /Sartilly/H_bergement--138.html HTTP/1.1" 200 26563 "" "msnbot/1.0 (+http://search.msn.com/msnbot.htm)"
207.46.98.65 - - [19/Sep/2006:12:31:39 +0000] "GET /Sartilly/H_bergement--138.html HTTP/1.1" 200 26563 "" "msnbot/1.0 (+http://search.msn.com/msnbot.htm)"
207.46.98.65 - - [19/Sep/2006:12:31:45 +0000] "GET /Sartilly/H_bergement--138.html HTTP/1.1" 200 26563 "" "msnbot/1.0 (+http://search.msn.com/msnbot.htm)"
207.46.98.65 - - [19/Sep/2006:12:31:45 +0000] "GET /Sartilly/H_bergement--138.html HTTP/1.1" 200 26563 "" "msnbot/1.0 (+http://search.msn.com/msnbot.htm)"
207.46.98.65 - - [19/Sep/2006:12:31:45 +0000] "GET /Sartilly/H_bergement--138.html HTTP/1.1" 200 26563 "" "msnbot/1.0 (+http://search.msn.com/msnbot.htm)"
207.46.98.65 - - [19/Sep/2006:12:31:47 +0000] "GET /Sartilly/H_bergement--138.html HTTP/1.1" 200 26563 "" "msnbot/1.0 (+http://search.msn.com/msnbot.htm)"
207.46.98.65 - - [19/Sep/2006:12:31:47 +0000] "GET /Sartilly/H_bergement--138.html HTTP/1.1" 200 26563 "" "msnbot/1.0 (+http://search.msn.com/msnbot.htm)"
207.46.98.65 - - [19/Sep/2006:12:31:47 +0000] "GET /Sartilly/H_bergement--138.html HTTP/1.1" 200 26563 "" "msnbot/1.0 (+http://search.msn.com/msnbot.htm)"
207.46.98.65 - - [19/Sep/2006:12:31:49 +0000] "GET /Sartilly/H_bergement--138.html HTTP/1.1" 200 26563 "" "msnbot/1.0 (+http://search.msn.com/msnbot.htm)"
207.46.98.65 - - [19/Sep/2006:12:31:49 +0000] "GET /Sartilly/H_bergement--138.html HTTP/1.1" 200 26563 "" "msnbot/1.0 (+http://search.msn.com/msnbot.htm)"
207.46.98.65 - - [19/Sep/2006:12:31:51 +0000] "GET /Sartilly/H_bergement--138.html HTTP/1.1" 200 26563 "" "msnbot/1.0 (+http://search.msn.com/msnbot.htm)"
207.46.98.65 - - [19/Sep/2006:12:31:51 +0000] "GET /Sartilly/H_bergement--138.html HTTP/1.1" 200 26563 "" "msnbot/1.0 (+http://search.msn.com/msnbot.htm)"
207.46.98.65 - - [19/Sep/2006:12:32:02 +0000] "GET /Sartilly/H_bergement--138.html HTTP/1.1" 200 26563 "" "msnbot/1.0 (+http://search.msn.com/msnbot.htm)"
207.46.98.65 - - [19/Sep/2006:12:32:10 +0000] "GET /Sartilly/H_bergement--138.html HTTP/1.1" 200 26563 "" "msnbot/1.0 (+http://search.msn.com/msnbot.htm)"
207.46.98.67 - - [19/Sep/2006:12:35:57 +0000] "GET /Sartilly/Calendrier--135.html HTTP/1.1" 200 10314 "" "msnbot/1.0 (+http://search.msn.com/msnbot.htm)"
207.46.98.67 - - [19/Sep/2006:12:41:23 +0000] "GET /Sartilly/Calendrier--135.html HTTP/1.1" 200 12986 "" "msnbot/1.0 (+http://search.msn.com/msnbot.htm)"
207.46.98.67 - - [19/Sep/2006:12:47:07 +0000] "GET /Sartilly/Calendrier--135.html HTTP/1.1" 200 10355 "" "msnbot/1.0 (+http://search.msn.com/msnbot.htm)"
207.46.98.67 - - [19/Sep/2006:12:47:07 +0000] "GET /Sartilly/Calendrier--135.html HTTP/1.1" 200 10306 "" "msnbot/1.0 (+http://search.msn.com/msnbot.htm)"
207.46.98.67 - - [19/Sep/2006:12:48:08 +0000] "GET /Sartilly/H_bergement--138.html HTTP/1.1" 200 26563 "" "msnbot/1.0 (+http://search.msn.com/msnbot.htm)"
207.46.98.67 - - [19/Sep/2006:12:48:08 +0000] "GET /Sartilly/H_bergement--138.html HTTP/1.1" 200 26563 "" "msnbot/1.0 (+http://search.msn.com/msnbot.htm)"
207.46.98.67 - - [19/Sep/2006:12:48:08 +0000] "GET /Sartilly/H_bergement--138.html HTTP/1.1" 200 26563 "" "msnbot/1.0 (+http://search.msn.com/msnbot.htm)"
207.46.98.67 - - [19/Sep/2006:12:48:19 +0000] "GET /Sartilly/H_bergement--138.html HTTP/1.1" 200 26563 "" "msnbot/1.0 (+http://search.msn.com/msnbot.htm)"
207.46.98.67 - - [19/Sep/2006:12:48:19 +0000] "GET /Sartilly/H_bergement--138.html HTTP/1.1" 200 26563 "" "msnbot/1.0 (+http://search.msn.com/msnbot.htm)"
207.46.98.67 - - [19/Sep/2006:12:48:27 +0000] "GET /Sartilly/H_bergement--138.html HTTP/1.1" 200 26563 "" "msnbot/1.0 (+http://search.msn.com/msnbot.htm)"
207.46.98.67 - - [19/Sep/2006:12:48:27 +0000] "GET /Sartilly/H_bergement--138.html HTTP/1.1" 200 26563 "" "msnbot/1.0 (+http://search.msn.com/msnbot.htm)"
207.46.98.67 - - [19/Sep/2006:12:48:29 +0000] "GET /Sartilly/H_bergement--138.html HTTP/1.1" 200 26563 "" "msnbot/1.0 (+http://search.msn.com/msnbot.htm)"
207.46.98.67 - - [19/Sep/2006:12:48:28 +0000] "GET /Sartilly/H_bergement--138.html HTTP/1.1" 200 26563 "" "msnbot/1.0 (+http://search.msn.com/msnbot.htm)"
207.46.98.67 - - [19/Sep/2006:12:48:34 +0000] "GET /Sartilly/H_bergement--138.html HTTP/1.1" 200 26563 "" "msnbot/1.0 (+http://search.msn.com/msnbot.htm)"
207.46.98.67 - - [19/Sep/2006:12:48:34 +0000] "GET /Sartilly/H_bergement--138.html HTTP/1.1" 200 26563 "" "msnbot/1.0 (+http://search.msn.com/msnbot.htm)"
207.46.98.67 - - [19/Sep/2006:12:48:45 +0000] "GET /Sartilly/H_bergement--138.html HTTP/1.1" 200 26563 "" "msnbot/1.0 (+http://search.msn.com/msnbot.htm)"
207.46.98.67 - - [19/Sep/2006:12:48:45 +0000] "GET /Sartilly/H_bergement--138.html HTTP/1.1" 200 26563 "" "msnbot/1.0 (+http://search.msn.com/msnbot.htm)"
207.46.98.66 - - [19/Sep/2006:12:49:47 +0000] "GET /Sartilly/H_bergement--138.html HTTP/1.1" 200 26563 "" "msnbot/1.0 (+http://search.msn.com/msnbot.htm)"
207.46.98.66 - - [19/Sep/2006:12:49:47 +0000] "GET /Sartilly/H_bergement--138.html HTTP/1.1" 200 26563 "" "msnbot/1.0 (+http://search.msn.com/msnbot.htm)"
207.46.98.66 - - [19/Sep/2006:12:49:49 +0000] "GET /Sartilly/H_bergement--138.html HTTP/1.1" 200 26563 "" "msnbot/1.0 (+http://search.msn.com/msnbot.htm)"
207.46.98.66 - - [19/Sep/2006:12:49:49 +0000] "GET /Sartilly/H_bergement--138.html HTTP/1.1" 200 26563 "" "msnbot/1.0 (+http://search.msn.com/msnbot.htm)"
207.46.98.66 - - [19/Sep/2006:12:49:51 +0000] "GET /Sartilly/H_bergement--138.html HTTP/1.1" 200 26563 "" "msnbot/1.0 (+http://search.msn.com/msnbot.htm)"
207.46.98.66 - - [19/Sep/2006:12:49:50 +0000] "GET /Sartilly/H_bergement--138.html HTTP/1.1" 200 26563 "" "msnbot/1.0 (+http://search.msn.com/msnbot.htm)"
207.46.98.66 - - [19/Sep/2006:12:50:01 +0000] "GET /Sartilly/H_bergement--138.html HTTP/1.1" 200 26563 "" "msnbot/1.0 (+http://search.msn.com/msnbot.htm)"
207.46.98.66 - - [19/Sep/2006:12:50:07 +0000] "GET /Sartilly/H_bergement--138.html HTTP/1.1" 200 26563 "" "msnbot/1.0 (+http://search.msn.com/msnbot.htm)"
207.46.98.67 - - [19/Sep/2006:13:52:59 +0000] "GET /Sartilly/Calendrier--135.html HTTP/1.1" 200 10356 "" "msnbot/1.0 (+http://search.msn.com/msnbot.htm)"
207.46.98.67 - - [19/Sep/2006:14:03:50 +0000] "GET /Sartilly/Calendrier--135.html HTTP/1.1" 200 12986 "" "msnbot/1.0 (+http://search.msn.com/msnbot.htm)"
86.220.105.38 - - [19/Sep/2006:14:04:39 +0000] "GET /Sartilly--66.html HTTP/1.1" 200 18459 "http://www.portedelabaie.com/" "Mozilla/4.0 (compatible; MSIE 5.5; Windows 98; Win 9x 4.90)"
86.220.105.38 - - [19/Sep/2006:14:05:30 +0000] "GET /Sartilly--66.html HTTP/1.1" 200 18459 "http://www.portedelabaie.com/" "Mozilla/4.0 (compatible; MSIE 5.5; Windows 98; Win 9x 4.90)"
86.220.105.38 - - [19/Sep/2006:14:05:37 +0000] "GET /Sartilly/D_couvrir--140.html HTTP/1.1" 200 14396 "http://www.ville-sartilly.com/" "Mozilla/4.0 (compatible; MSIE 5.5; Windows 98; Win 9x 4.90)"
86.220.105.38 - - [19/Sep/2006:14:05:53 +0000] "GET /Sartilly/Tourisme--139.html HTTP/1.1" 200 14228 "http://www.ville-sartilly.com/fr/decouvrir.html" "Mozilla/4.0 (compatible; MSIE 5.5; Windows 98; Win 9x 4.90)"
86.220.105.38 - - [19/Sep/2006:14:05:58 +0000] "GET /Sartilly/Tourisme--139.html HTTP/1.1" 200 14228 "http://www.ville-sartilly.com/fr/tourisme.html" "Mozilla/4.0 (compatible; MSIE 5.5; Windows 98; Win 9x 4.90)"
86.220.105.38 - - [19/Sep/2006:14:06:04 +0000] "GET /Sartilly/D_couvrir--140.html HTTP/1.1" 200 14396 "http://www.ville-sartilly.com/fr/tourisme.html" "Mozilla/4.0 (compatible; MSIE 5.5; Windows 98; Win 9x 4.90)"
86.220.105.38 - - [19/Sep/2006:14:06:11 +0000] "GET /Sartilly/Tourisme--139.html HTTP/1.1" 200 14228 "http://www.ville-sartilly.com/fr/decouvrir.html" "Mozilla/4.0 (compatible; MSIE 5.5; Windows 98; Win 9x 4.90)"
86.220.105.38 - - [19/Sep/2006:14:06:28 +0000] "GET /Sartilly/H_bergement--138.html HTTP/1.1" 200 26563 "http://www.ville-sartilly.com/fr/tourisme.html" "Mozilla/4.0 (compatible; MSIE 5.5; Windows 98; Win 9x 4.90)"
86.220.105.38 - - [19/Sep/2006:14:06:43 +0000] "GET /Sartilly/Vie_Pratique--137.html HTTP/1.1" 200 16153 "http://www.ville-sartilly.com/fr/hebergement.html" "Mozilla/4.0 (compatible; MSIE 5.5; Windows 98; Win 9x 4.90)"
86.220.105.38 - - [19/Sep/2006:14:06:44 +0000] "GET /Sartilly/Vie_Pratique--137.html HTTP/1.1" 200 16153 "http://www.ville-sartilly.com/fr/vie-pratique.html" "Mozilla/4.0 (compatible; MSIE 5.5; Windows 98; Win 9x 4.90)"
86.220.105.38 - - [19/Sep/2006:14:06:58 +0000] "GET /Sartilly/Loisirs--136.html HTTP/1.1" 200 572 "http://www.ville-sartilly.com/fr/vie-pratique.html" "Mozilla/4.0 (compatible; MSIE 5.5; Windows 98; Win 9x 4.90)"
86.220.105.38 - - [19/Sep/2006:14:06:57 +0000] "GET /Sartilly/Loisirs--136.html HTTP/1.1" 200 12595 "http://www.ville-sartilly.com/fr/vie-pratique.html" "Mozilla/4.0 (compatible; MSIE 5.5; Windows 98; Win 9x 4.90)"
86.220.105.38 - - [19/Sep/2006:14:07:06 +0000] "GET /Sartilly/Loisirs--136.html HTTP/1.1" 200 12595 "http://www.ville-sartilly.com/fr/vie-pratique.html" "Mozilla/4.0 (compatible; MSIE 5.5; Windows 98; Win 9x 4.90)"
86.220.105.38 - - [19/Sep/2006:14:07:21 +0000] "GET /Sartilly/Calendrier--135.html HTTP/1.1" 200 17251 "http://www.ville-sartilly.com/fr/loisirs.html" "Mozilla/4.0 (compatible; MSIE 5.5; Windows 98; Win 9x 4.90)"
81.246.162.49 - - [19/Sep/2006:14:42:56 +0000] "GET /Porte_de_la_Baie/Communes/Gen_ts--59.html HTTP/1.1" 200 38801 "http://www.google.be/search?hl=nl&q=plan+%2Bbec+d%27andaine+%2B+genets&meta=" "Mozilla/4.0 (compatible; MSIE 6.0; Windows 98; Win 9x 4.90)"
81.246.162.49 - - [19/Sep/2006:14:43:45 +0000] "GET /Porte_de_la_Baie/Communes/Gen_ts/Tourisme--109.html HTTP/1.1" 200 9685 "http://www.portedelabaie.com/fr/communes/genets.html" "Mozilla/4.0 (compatible; MSIE 6.0; Windows 98; Win 9x 4.90)"
81.246.162.49 - - [19/Sep/2006:14:43:54 +0000] "GET /Porte_de_la_Baie/Communes/Gen_ts/D_couvrir--110.html HTTP/1.1" 200 9688 "http://www.portedelabaie.com/fr/communes/genets/tourisme.html" "Mozilla/4.0 (compatible; MSIE 6.0; Windows 98; Win 9x 4.90)"
81.246.162.49 - - [19/Sep/2006:14:44:02 +0000] "GET /Porte_de_la_Baie/Communes/Gen_ts/H_bergement--108.html HTTP/1.1" 200 27856 "http://www.portedelabaie.com/fr/communes/genets/decouvrir.html" "Mozilla/4.0 (compatible; MSIE 6.0; Windows 98; Win 9x 4.90)"
81.246.162.49 - - [19/Sep/2006:14:44:29 +0000] "GET /Porte_de_la_Baie/Communes/Gen_ts/Vie_Pratique--107.html HTTP/1.1" 200 9697 "http://www.portedelabaie.com/fr/communes/genets/hebergement.html" "Mozilla/4.0 (compatible; MSIE 6.0; Windows 98; Win 9x 4.90)"
81.246.162.49 - - [19/Sep/2006:14:44:31 +0000] "GET /Porte_de_la_Baie/Communes/Gen_ts/Loisirs--106.html HTTP/1.1" 200 9682 "http://www.portedelabaie.com/fr/communes/genets/vie-pratique.html" "Mozilla/4.0 (compatible; MSIE 6.0; Windows 98; Win 9x 4.90)"
81.246.162.49 - - [19/Sep/2006:14:44:34 +0000] "GET /Porte_de_la_Baie/Communes/Gen_ts/Calendrier--105.html HTTP/1.1" 200 17739 "http://www.portedelabaie.com/fr/communes/genets/loisirs.html" "Mozilla/4.0 (compatible; MSIE 6.0; Windows 98; Win 9x 4.90)"
81.246.162.49 - - [19/Sep/2006:14:48:45 +0000] "GET /Porte_de_la_Baie/Communes/Gen_ts--59.html HTTP/1.1" 200 38801 "http://www.google.be/search?hl=nl&q=plan+%2Bbec+d%27andaine+%2B+mont+saint+michel&meta=" "Mozilla/4.0 (compatible; MSIE 6.0; Windows 98; Win 9x 4.90)"
207.46.98.66 - - [19/Sep/2006:14:56:22 +0000] "GET /Sartilly/Calendrier--135.html HTTP/1.1" 200 10294 "" "msnbot/1.0 (+http://search.msn.com/msnbot.htm)"
86.192.38.171 - - [19/Sep/2006:15:23:21 +0000] "GET /Porte_de_la_Baie/Communes/Dragey-Ronthon--60.html HTTP/1.1" 200 22267 "http://www.google.fr/search?hl=fr&q=PLAGE+DE+DRAGEY&meta=" "Mozilla/4.0 (compatible; MSIE 6.0; Windows NT 5.1; SV1; FunWebProducts; HbTools 4.8.0)"
65.214.44.49 - - [19/Sep/2006:15:23:26 +0000] "GET /Sartilly--66.html HTTP/1.1" 200 18459 "" "Mozilla/2.0 (compatible; Ask Jeeves/Teoma; +http://about.ask.com/en/docs/about/webmasters.shtml)"
86.192.38.171 - - [19/Sep/2006:15:23:41 +0000] "GET /Porte_de_la_Baie/Communes/Dragey-Ronthon/D_couvrir--104.html HTTP/1.1" 200 9848 "http://www.portedelabaie.com/fr/communes/dragey-ronthon.html" "Mozilla/4.0 (compatible; MSIE 6.0; Windows NT 5.1; SV1; FunWebProducts; HbTools 4.8.0)"
86.192.38.171 - - [19/Sep/2006:15:23:49 +0000] "GET /Porte_de_la_Baie/Communes/Dragey-Ronthon/Loisirs--100.html HTTP/1.1" 200 9842 "http://www.portedelabaie.com/fr/communes/dragey-ronthon/decouvrir.html" "Mozilla/4.0 (compatible; MSIE 6.0; Windows NT 5.1; SV1; FunWebProducts; HbTools 4.8.0)"
86.192.38.171 - - [19/Sep/2006:15:23:53 +0000] "GET /Porte_de_la_Baie/Communes/Dragey-Ronthon/Tourisme--103.html HTTP/1.1" 200 9845 "http://www.portedelabaie.com/fr/communes/dragey-ronthon/loisirs.html" "Mozilla/4.0 (compatible; MSIE 6.0; Windows NT 5.1; SV1; FunWebProducts; HbTools 4.8.0)"
65.214.44.49 - - [19/Sep/2006:15:23:56 +0000] "GET /Sartilly/Vie_Pratique--137.html HTTP/1.1" 200 16153 "" "Mozilla/2.0 (compatible; Ask Jeeves/Teoma; +http://about.ask.com/en/docs/about/webmasters.shtml)"
81.50.52.237 - - [19/Sep/2006:15:41:12 +0000] "GET /Porte_de_la_Baie/Communes/Bacilly--64.html HTTP/1.1" 200 16830 "" "Mozilla/4.0 (compatible; MSIE 6.0; Windows NT 5.1)"
207.46.98.67 - - [19/Sep/2006:15:48:54 +0000] "GET /Sartilly--66.html HTTP/1.1" 200 18459 "" "msnbot/1.0 (+http://search.msn.com/msnbot.htm)"
62.210.218.230 - - [19/Sep/2006:16:33:40 +0000] "GET /Porte_de_la_Baie/Communes/Bacilly--64.html HTTP/1.1" 200 16830 "http://www.google.fr/search?hl=fr&q=bacilly&meta=cr%3DcountryFR" "Mozilla/4.0 (compatible; MSIE 6.0; Windows 98)"
62.210.218.230 - - [19/Sep/2006:16:33:59 +0000] "GET /Porte_de_la_Baie/Communes/Bacilly/Vie_Pratique--77.html HTTP/1.1" 200 9735 "http://www.portedelabaie.com/fr/communes/bacilly.html" "Mozilla/4.0 (compatible; MSIE 6.0; Windows 98)"
62.210.218.230 - - [19/Sep/2006:16:34:05 +0000] "GET /Porte_de_la_Baie/Communes/Bacilly/H_bergement--78.html HTTP/1.1" 200 28390 "http://www.portedelabaie.com/fr/communes/bacilly/vie-pratique.html" "Mozilla/4.0 (compatible; MSIE 6.0; Windows 98)"
86.195.57.253 - - [19/Sep/2006:16:44:00 +0000] "GET /Porte_de_la_Baie/Communes/Bacilly/Calendrier--75.html HTTP/1.1" 200 17789 "http://www.portedelabaie.com/no_cache/fr/communes/bacilly/hebergement.html" "Mozilla/5.0 (X11; U; Linux i686; fr; rv:1.8.0.7) Gecko/20060909 Firefox/1.5.0.7"
86.195.57.253 - - [19/Sep/2006:16:44:04 +0000] "GET /Porte_de_la_Baie/Communes/Bacilly/Calendrier--75.html HTTP/1.1" 200 17789 "http://www.portedelabaie.com/no_cache/fr/communes/bacilly/hebergement.html" "Mozilla/5.0 (X11; U; Linux i686; fr; rv:1.8.0.7) Gecko/20060909 Firefox/1.5.0.7"
207.46.98.65 - - [19/Sep/2006:16:48:55 +0000] "GET /Sartilly--66.html HTTP/1.1" 200 18459 "" "msnbot/1.0 (+http://search.msn.com/msnbot.htm)"
207.46.98.67 - - [19/Sep/2006:17:13:27 +0000] "GET /Sartilly--66.html HTTP/1.1" 200 18459 "" "msnbot/1.0 (+http://search.msn.com/msnbot.htm)"
82.239.215.56 - - [19/Sep/2006:17:16:40 +0000] "GET /Porte_de_la_Baie/Communes/Champeaux/H_bergement--96.html HTTP/1.1" 200 28178 "http://www.google.fr/search?hl=fr&q=champeaux&btnG=Recherche+Google&meta=" "Mozilla/5.0 (Windows; U; Win98; fr; rv:1.8.0.7) Gecko/20060909 Firefox/1.5.0.7"
66.249.66.238 - - [19/Sep/2006:19:50:27 +0000] "GET /Porte_de_la_Baie/Communes/Champeaux/H_bergement--96.html HTTP/1.1" 200 28178 "" "Mozilla/5.0 (compatible; Googlebot/2.1; +http://www.google.com/bot.html)"
66.249.66.238 - - [19/Sep/2006:20:21:58 +0000] "GET /Sartilly--66.html HTTP/1.1" 200 18459 "" "Mozilla/5.0 (compatible; Googlebot/2.1; +http://www.google.com/bot.html)"
81.250.190.46 - - [19/Sep/2006:20:33:39 +0000] "GET /Porte_de_la_Baie/Communes/Saint-Jean_le_Thomas--68.html HTTP/1.1" 200 19663 "http://www.google.fr/search?hl=fr&q=hermelles&meta=" "Mozilla/4.0 (compatible; MSIE 6.0; Windows NT 5.1; Wanadoo 6.2; .NET CLR 1.1.4322; HbTools 4.8.0)"
207.46.98.74 - - [19/Sep/2006:21:22:18 +0000] "GET /Porte_de_la_Baie/Communes/Champeaux/H_bergement--96.html HTTP/1.1" 200 28178 "" "msnbot/1.0 (+http://search.msn.com/msnbot.htm)"
207.46.98.74 - - [19/Sep/2006:21:22:36 +0000] "GET /Porte_de_la_Baie/Communes/Champeaux/Vie_Pratique--95.html HTTP/1.1" 200 9757 "" "msnbot/1.0 (+http://search.msn.com/msnbot.htm)"
86.208.30.26 - - [19/Sep/2006:22:03:28 +0000] "GET /Porte_de_la_Baie/Communes/Champeaux/Loisirs--94.html HTTP/1.1" 200 9742 "http://www.google.com/search?client=safari&rls=fr&q=bec+d\'andaine&ie=UTF-8&oe=UTF-8" "Mozilla/5.0 (Macintosh; U; PPC Mac OS X; fr) AppleWebKit/418.8 (KHTML, like Gecko) Safari/419.3"
86.208.30.26 - - [19/Sep/2006:22:03:43 +0000] "GET /Porte_de_la_Baie/Communes/Champeaux/Tourisme--97.html HTTP/1.1" 200 9745 "http://www.portedelabaie.com/index.php?id=94" "Mozilla/5.0 (Macintosh; U; PPC Mac OS X; fr) AppleWebKit/418.8 (KHTML, like Gecko) Safari/419.3"
86.208.30.26 - - [19/Sep/2006:22:03:50 +0000] "GET /Porte_de_la_Baie/Communes/Champeaux/D_couvrir--98.html HTTP/1.1" 200 9748 "http://www.portedelabaie.com/fr/communes/champeaux/tourisme.html" "Mozilla/5.0 (Macintosh; U; PPC Mac OS X; fr) AppleWebKit/418.8 (KHTML, like Gecko) Safari/419.3"
207.46.98.65 - - [19/Sep/2006:22:19:01 +0000] "GET /Sartilly--66.html HTTP/1.1" 200 18459 "" "msnbot/1.0 (+http://search.msn.com/msnbot.htm)"
207.46.98.67 - - [19/Sep/2006:22:23:58 +0000] "GET /Sartilly--66.html HTTP/1.1" 200 18459 "" "msnbot/1.0 (+http://search.msn.com/msnbot.htm)"
66.249.66.238 - - [19/Sep/2006:22:46:46 +0000] "GET /Porte_de_la_Baie/Communes/Dragey-Ronthon/H_bergement--102.html HTTP/1.1" 200 28536 "" "Mozilla/5.0 (compatible; Googlebot/2.1; +http://www.google.com/bot.html)"
66.249.66.238 - - [19/Sep/2006:23:34:05 +0000] "GET /Porte_de_la_Baie/Communes/Bacilly/Calendrier--75.html HTTP/1.1" 200 10692 "" "Mozilla/5.0 (compatible; Googlebot/2.1; +http://www.google.com/bot.html)"
83.152.42.211 - - [19/Sep/2006:23:37:42 +0000] "GET /Porte_de_la_Baie/Communes/Gen_ts--59.html HTTP/1.1" 200 38801 "http://www.google.fr/search?hl=fr&q=plan+bec+d%27andaine&meta=" "Mozilla/4.0 (compatible; MSIE 7.0; Windows NT 5.1)"
83.152.42.211 - - [19/Sep/2006:23:38:00 +0000] "GET /Porte_de_la_Baie/Communes/Champeaux/Loisirs--94.html HTTP/1.1" 200 9742 "http://www.google.fr/search?hl=fr&q=plan+bec+d%27andaine&meta=" "Mozilla/4.0 (compatible; MSIE 7.0; Windows NT 5.1)"
86.195.180.134 - - [19/Sep/2006:23:57:35 +0000] "GET /Porte_de_la_Baie/Communes/Champeaux/D_couvrir--98.html HTTP/1.1" 200 9748 "http://images.google.fr/imgres?imgurl=http://www.portedelabaie.com/typo3temp/pics/6bb5d85919.jpg&imgrefurl=http://www.portedelabaie.com/index.php%3Fid%3D98&h=138&w=171&sz=4&hl=fr&start=99&tbnid=VqtYLxZNT85UBM:&tbnh=81&tbnw=100&prev=/images%3Fq%3Dcarolles%26start%3D80%26ndsp%3D20%26svnum%3D10%26hl%3Dfr%26lr%3D%26client%3Dfirefox-a%26rls%3Dorg.mozilla:fr:official_s%26sa%3DN" "Mozilla/5.0 (Windows; U; Windows NT 5.0; fr; rv:1.8.0.7) Gecko/20060909 Firefox/1.5.0.7"
65.214.44.49 - - [20/Sep/2006:00:01:09 +0000] "GET /Sartilly/H_bergement--138.html HTTP/1.1" 200 26563 "" "Mozilla/2.0 (compatible; Ask Jeeves/Teoma; +http://about.ask.com/en/docs/about/webmasters.shtml)"
207.46.98.74 - - [20/Sep/2006:00:15:38 +0000] "GET /Porte_de_la_Baie/Communes/Champeaux/Calendrier--93.html HTTP/1.1" 200 17813 "" "msnbot/1.0 (+http://search.msn.com/msnbot.htm)"
207.46.98.74 - - [20/Sep/2006:00:15:54 +0000] "GET /Porte_de_la_Baie/Communes/Dragey-Ronthon/Calendrier--99.html HTTP/1.1" 200 17968 "" "msnbot/1.0 (+http://search.msn.com/msnbot.htm)"
207.46.98.74 - - [20/Sep/2006:00:17:44 +0000] "GET /Porte_de_la_Baie/Communes/Champeaux/H_bergement--96.html HTTP/1.1" 200 28110 "" "msnbot/1.0 (+http://search.msn.com/msnbot.htm)"
66.249.66.238 - - [20/Sep/2006:00:58:40 +0000] "GET /Porte_de_la_Baie/Communes/Champeaux/Loisirs--94.html HTTP/1.1" 200 9742 "" "Mozilla/5.0 (compatible; Googlebot/2.1; +http://www.google.com/bot.html)"
66.249.66.238 - - [20/Sep/2006:01:08:41 +0000] "GET /Porte_de_la_Baie/Communes/Champeaux/H_bergement--96.html HTTP/1.1" 200 28110 "" "Mozilla/5.0 (compatible; Googlebot/2.1; +http://www.google.com/bot.html)"
72.30.129.28 - - [20/Sep/2006:01:21:07 +0000] "GET /Sartilly--66.html HTTP/1.1" 200 18459 "" "Mozilla/5.0 (compatible; Yahoo! Slurp; http://help.yahoo.com/help/us/ysearch/slurp)"
72.30.128.224 - - [20/Sep/2006:01:21:34 +0000] "GET /Sartilly--66.html HTTP/1.1" 200 18459 "" "Mozilla/5.0 (compatible; Yahoo! Slurp; http://help.yahoo.com/help/us/ysearch/slurp)"
66.249.66.238 - - [20/Sep/2006:01:36:18 +0000] "GET /Porte_de_la_Baie/Communes/Champeaux/H_bergement--96.html HTTP/1.1" 200 28110 "" "Mozilla/5.0 (compatible; Googlebot/2.1; +http://www.google.com/bot.html)"
66.249.66.238 - - [20/Sep/2006:01:38:53 +0000] "GET /Sartilly/H_bergement--138.html HTTP/1.1" 200 26563 "" "Mozilla/5.0 (compatible; Googlebot/2.1; +http://www.google.com/bot.html)"
66.249.66.238 - - [20/Sep/2006:01:56:48 +0000] "GET /Porte_de_la_Baie/Communes/Champeaux/H_bergement--96.html HTTP/1.1" 200 28110 "" "Mozilla/5.0 (compatible; Googlebot/2.1; +http://www.google.com/bot.html)"
207.12.133.130 - - [20/Sep/2006:02:10:58 +0000] "GET /Porte_de_la_Baie/Communes/Champeaux/Tourisme--97.html HTTP/1.1" 200 9745 "http://images.google.com/imgres?imgurl=http://www.portedelabaie.com/typo3temp/pics/25ac324655.jpg&imgrefurl=http://www.portedelabaie.com/index.php%3Fid%3D97&h=184&w=121&sz=5&hl=en&start=177&tbnid=NQ40N345zsGywM:&tbnh=102&tbnw=67&prev=/images%3Fq%3Dvieux%2Bmanoir%26start%3D160%26ndsp%3D20%26svnum%3D10%26hl%3Den%26lr%3D%26sa%3DN" "Mozilla/4.0 (compatible; MSIE 6.0; Windows NT 5.1; SV1; .NET CLR 1.1.4322; InfoPath.1)"
207.12.133.130 - - [20/Sep/2006:02:11:15 +0000] "GET /Porte_de_la_Baie/Communes/Champeaux/Tourisme--97.html HTTP/1.1" 200 9745 "http://images.google.com/imgres?imgurl=http://www.portedelabaie.com/typo3temp/pics/25ac324655.jpg&imgrefurl=http://www.portedelabaie.com/index.php%3Fid%3D97&h=184&w=121&sz=5&hl=en&start=177&tbnid=NQ40N345zsGywM:&tbnh=102&tbnw=67&prev=/images%3Fq%3Dvieux%2Bmanoir%26start%3D160%26ndsp%3D20%26svnum%3D10%26hl%3Den%26lr%3D%26sa%3DN" "Mozilla/4.0 (compatible; MSIE 6.0; Windows NT 5.1; SV1; .NET CLR 1.1.4322; InfoPath.1)"
207.12.133.130 - - [20/Sep/2006:02:11:24 +0000] "GET /Porte_de_la_Baie/Communes/Champeaux/Tourisme--97.html HTTP/1.1" 200 9745 "http://images.google.com/imgres?imgurl=http://www.portedelabaie.com/typo3temp/pics/25ac324655.jpg&imgrefurl=http://www.portedelabaie.com/index.php%3Fid%3D97&h=184&w=121&sz=5&tbnid=NQ40N345zsGywM:&tbnh=102&tbnw=67&hl=en&prev=/images%3Fq%3Dvieux%2Bmanoir%26start%3D160%26ndsp%3D20%26svnum%3D10%26hl%3Den%26lr%3D%26sa%3DN&frame=small" "Mozilla/4.0 (compatible; MSIE 6.0; Windows NT 5.1; SV1; .NET CLR 1.1.4322; InfoPath.1)"
207.12.133.130 - - [20/Sep/2006:02:11:28 +0000] "GET /Porte_de_la_Baie/Communes/Champeaux/Tourisme--97.html HTTP/1.1" 200 9745 "http://www.portedelabaie.com/index.php?id=97" "Mozilla/4.0 (compatible; MSIE 6.0; Windows NT 5.1; SV1; .NET CLR 1.1.4322; InfoPath.1)"
207.12.133.130 - - [20/Sep/2006:02:11:33 +0000] "GET /Porte_de_la_Baie/Communes/Champeaux/D_couvrir--98.html HTTP/1.1" 200 9748 "http://www.portedelabaie.com/fr/communes/champeaux/tourisme.html" "Mozilla/4.0 (compatible; MSIE 6.0; Windows NT 5.1; SV1; .NET CLR 1.1.4322; InfoPath.1)"
207.12.133.130 - - [20/Sep/2006:02:11:41 +0000] "GET /Porte_de_la_Baie/Communes/Champeaux/Tourisme--97.html HTTP/1.1" 200 9745 "http://www.portedelabaie.com/fr/communes/champeaux/decouvrir.html" "Mozilla/4.0 (compatible; MSIE 6.0; Windows NT 5.1; SV1; .NET CLR 1.1.4322; InfoPath.1)"
66.249.66.238 - - [20/Sep/2006:02:59:18 +0000] "GET /Sartilly/D_couvrir--140.html HTTP/1.1" 200 14396 "" "Mozilla/5.0 (compatible; Googlebot/2.1; +http://www.google.com/bot.html)"
66.249.66.238 - - [20/Sep/2006:03:12:30 +0000] "GET /Porte_de_la_Baie/Communes/Champeaux/H_bergement--96.html HTTP/1.1" 200 28110 "" "Mozilla/5.0 (compatible; Googlebot/2.1; +http://www.google.com/bot.html)"
66.249.65.134 - - [20/Sep/2006:03:59:35 +0000] "GET /Sartilly/Calendrier--135.html HTTP/1.1" 200 17249 "" "Mozilla/5.0 (compatible; Googlebot/2.1; +http://www.google.com/bot.html)"
38.118.25.59 - - [20/Sep/2006:04:09:53 +0000] "GET /Sartilly--66.html HTTP/1.1" 200 18459 "" "Mozilla/4.0 (compatible; MSIE 6.0; Windows XP)"
38.118.25.59 - - [20/Sep/2006:04:10:35 +0000] "GET /Sartilly--66.html HTTP/1.1" 200 18459 "http://www.ville-sartilly.com/" "Mozilla/4.0 (compatible; MSIE 6.0; Windows XP)"
38.118.25.59 - - [20/Sep/2006:04:10:35 +0000] "GET /Sartilly/Actualit_s--185.html HTTP/1.1" 200 10475 "http://www.ville-sartilly.com/" "Mozilla/4.0 (compatible; MSIE 6.0; Windows XP)"
38.118.25.59 - - [20/Sep/2006:04:10:36 +0000] "GET /Sartilly/Loisirs--136.html HTTP/1.1" 200 12595 "http://www.ville-sartilly.com/" "Mozilla/4.0 (compatible; MSIE 6.0; Windows XP)"
38.118.25.59 - - [20/Sep/2006:04:10:37 +0000] "GET /Sartilly/Loisirs--136.html HTTP/1.1" 200 12595 "http://www.ville-sartilly.com/" "Mozilla/4.0 (compatible; MSIE 6.0; Windows XP)"
38.118.25.59 - - [20/Sep/2006:04:10:37 +0000] "GET /Sartilly/H_bergement--138.html HTTP/1.1" 200 26563 "http://www.ville-sartilly.com/" "Mozilla/4.0 (compatible; MSIE 6.0; Windows XP)"
38.118.25.59 - - [20/Sep/2006:04:10:39 +0000] "GET /Sartilly/H_bergement--138.html HTTP/1.1" 200 26563 "http://www.ville-sartilly.com/" "Mozilla/4.0 (compatible; MSIE 6.0; Windows XP)"
38.118.25.59 - - [20/Sep/2006:04:10:40 +0000] "GET /Sartilly/Calendrier--135.html HTTP/1.1" 200 17251 "http://www.ville-sartilly.com/" "Mozilla/4.0 (compatible; MSIE 6.0; Windows XP)"
38.118.25.59 - - [20/Sep/2006:04:10:41 +0000] "GET /Sartilly/Vie_Pratique--137.html HTTP/1.1" 200 16153 "http://www.ville-sartilly.com/" "Mozilla/4.0 (compatible; MSIE 6.0; Windows XP)"
38.118.25.59 - - [20/Sep/2006:04:10:41 +0000] "GET /Sartilly/Tourisme--139.html HTTP/1.1" 200 14228 "http://www.ville-sartilly.com/" "Mozilla/4.0 (compatible; MSIE 6.0; Windows XP)"
38.118.25.59 - - [20/Sep/2006:04:10:44 +0000] "GET /Sartilly/D_couvrir--140.html HTTP/1.1" 200 14396 "http://www.ville-sartilly.com/" "Mozilla/4.0 (compatible; MSIE 6.0; Windows XP)"
38.118.25.59 - - [20/Sep/2006:04:11:31 +0000] "GET /Sartilly/H_bergement--138.html HTTP/1.1" 200 26563 "http://www.ville-sartilly.com/fr/hebergement.html" "Mozilla/4.0 (compatible; MSIE 6.0; Windows XP)"
207.46.98.75 - - [20/Sep/2006:04:36:38 +0000] "GET /Porte_de_la_Baie/Communes/Dragey-Ronthon/Calendrier--99.html HTTP/1.1" 200 10833 "" "msnbot/1.0 (+http://search.msn.com/msnbot.htm)"
207.46.98.75 - - [20/Sep/2006:04:36:38 +0000] "GET /Porte_de_la_Baie/Communes/Dragey-Ronthon/Calendrier--99.html HTTP/1.1" 200 13628 "" "msnbot/1.0 (+http://search.msn.com/msnbot.htm)"
66.249.65.134 - - [20/Sep/2006:04:40:10 +0000] "GET /Sartilly/D_couvrir--140.html HTTP/1.1" 200 14396 "" "Mozilla/5.0 (compatible; Googlebot/2.1; +http://www.google.com/bot.html)"
66.249.65.134 - - [20/Sep/2006:04:44:44 +0000] "GET /Porte_de_la_Baie/Communes/Lolif/Calendrier--111.html HTTP/1.1" 200 10655 "" "Mozilla/5.0 (compatible; Googlebot/2.1; +http://www.google.com/bot.html)"
65.214.44.49 - - [20/Sep/2006:05:05:19 +0000] "GET /Sartilly--66.html HTTP/1.1" 200 18459 "" "Mozilla/2.0 (compatible; Ask Jeeves/Teoma; +http://about.ask.com/en/docs/about/webmasters.shtml)"
65.214.44.49 - - [20/Sep/2006:05:05:42 +0000] "GET /Sartilly--66.html HTTP/1.1" 200 18459 "" "Mozilla/2.0 (compatible; Ask Jeeves/Teoma; +http://about.ask.com/en/docs/about/webmasters.shtml)"
66.249.65.134 - - [20/Sep/2006:05:20:04 +0000] "GET /Sartilly/Vie_Pratique--137.html HTTP/1.1" 200 16141 "" "Mozilla/5.0 (compatible; Googlebot/2.1; +http://www.google.com/bot.html)"
66.249.65.134 - - [20/Sep/2006:05:30:06 +0000] "GET /Porte_de_la_Baie/Communes/Saint-Jean_le_Thomas/H_bergement--126.html HTTP/1.1" 200 31392 "" "Mozilla/5.0 (compatible; Googlebot/2.1; +http://www.google.com/bot.html)"
66.249.65.134 - - [20/Sep/2006:05:43:07 +0000] "GET /Porte_de_la_Baie/Communes/Bacilly/Calendrier--75.html HTTP/1.1" 200 13457 "" "Mozilla/5.0 (compatible; Googlebot/2.1; +http://www.google.com/bot.html)"
66.249.65.134 - - [20/Sep/2006:05:43:09 +0000] "GET /Porte_de_la_Baie/Communes/Saint-Jean_le_Thomas/H_bergement--126.html HTTP/1.1" 200 31392 "" "Mozilla/5.0 (compatible; Googlebot/2.1; +http://www.google.com/bot.html)"
66.131.141.55 - - [20/Sep/2006:06:00:53 +0000] "GET /Porte_de_la_Baie/Communes/Champcey/D_couvrir--92.html HTTP/1.1" 200 9728 "http://images.google.ca/imgres?imgurl=http://www.portedelabaie.com/typo3temp/pics/2a94d5d517.jpg&imgrefurl=http://www.portedelabaie.com/index.php%3Fid%3D92&h=299&w=160&sz=13&hl=fr&start=111&tbnid=qDnnF3bloyOZ6M:&tbnh=116&tbnw=62&prev=/images%3Fq%3D18%2BEME%2BSIECLE%26start%3D108%26ndsp%3D18%26svnum%3D10%26hl%3Dfr%26lr%3Dlang_en%7Clang_fr%26client%3Dfirefox-a%26rls%3Dorg.mozilla:en-US:official_s%26sa%3DN" "Mozilla/5.0 (Windows; U; Windows NT 5.1; en-US; rv:1.8.0.7) Gecko/20060909 Firefox/1.5.0.7"
66.249.65.134 - - [20/Sep/2006:06:40:32 +0000] "GET /Porte_de_la_Baie/Communes/Champeaux/Loisirs--94.html HTTP/1.1" 200 9742 "" "Mozilla/5.0 (compatible; Googlebot/2.1; +http://www.google.com/bot.html)"
66.249.65.134 - - [20/Sep/2006:06:57:07 +0000] "GET /Porte_de_la_Baie/Communes/Saint-Jean_le_Thomas/H_bergement--126.html HTTP/1.1" 200 31392 "" "Mozilla/5.0 (compatible; Googlebot/2.1; +http://www.google.com/bot.html)"
66.249.65.134 - - [20/Sep/2006:07:08:47 +0000] "GET /Porte_de_la_Baie/Communes/Saint-Jean_le_Thomas/H_bergement--126.html HTTP/1.1" 200 31392 "" "Mozilla/5.0 (compatible; Googlebot/2.1; +http://www.google.com/bot.html)"
66.249.65.134 - - [20/Sep/2006:07:20:50 +0000] "GET /Sartilly/H_bergement--138.html HTTP/1.1" 200 26563 "" "Mozilla/5.0 (compatible; Googlebot/2.1; +http://www.google.com/bot.html)"
207.46.98.67 - - [20/Sep/2006:07:25:25 +0000] "GET /Sartilly--66.html HTTP/1.1" 200 18459 "" "msnbot/1.0 (+http://search.msn.com/msnbot.htm)"
66.249.65.134 - - [20/Sep/2006:07:57:20 +0000] "GET /Sartilly/Actualit_s--185.html HTTP/1.1" 200 10475 "" "Mozilla/5.0 (compatible; Googlebot/2.1; +http://www.google.com/bot.html)"
66.249.65.134 - - [20/Sep/2006:08:12:04 +0000] "GET /Porte_de_la_Baie/Communes/Saint-Jean_le_Thomas/H_bergement--126.html HTTP/1.1" 200 31392 "" "Mozilla/5.0 (compatible; Googlebot/2.1; +http://www.google.com/bot.html)"
66.249.65.134 - - [20/Sep/2006:08:21:17 +0000] "GET /Porte_de_la_Baie/Communes/Champcey--62.html HTTP/1.1" 200 20016 "" "Mozilla/5.0 (compatible; Googlebot/2.1; +http://www.google.com/bot.html)"
66.249.65.134 - - [20/Sep/2006:08:29:25 +0000] "GET /Porte_de_la_Baie/Communes/Saint-Jean_le_Thomas/H_bergement--126.html HTTP/1.1" 200 31392 "" "Mozilla/5.0 (compatible; Googlebot/2.1; +http://www.google.com/bot.html)"
66.249.65.134 - - [20/Sep/2006:09:06:00 +0000] "GET /Sartilly/Vie_Pratique--137.html HTTP/1.1" 200 16141 "" "Mozilla/5.0 (compatible; Googlebot/2.1; +http://www.google.com/bot.html)"
66.249.65.134 - - [20/Sep/2006:09:21:30 +0000] "GET /Sartilly/H_bergement--138.html HTTP/1.1" 200 26563 "" "Mozilla/5.0 (compatible; Googlebot/2.1; +http://www.google.com/bot.html)"
66.249.65.134 - - [20/Sep/2006:09:27:27 +0000] "GET /Porte_de_la_Baie/Communes/Saint-Jean_le_Thomas/H_bergement--126.html HTTP/1.1" 200 31392 "" "Mozilla/5.0 (compatible; Googlebot/2.1; +http://www.google.com/bot.html)"
86.220.113.160 - - [20/Sep/2006:10:02:53 +0000] "GET /Porte_de_la_Baie/Communes/Saint-Jean_le_Thomas--68.html HTTP/1.1" 200 19663 "http://www.portedelabaie.com/" "Mozilla/4.0 (compatible; MSIE 6.0; Windows NT 5.1; .NET CLR 1.1.4322)"
86.220.113.160 - - [20/Sep/2006:10:02:58 +0000] "GET /Porte_de_la_Baie/Communes/Saint-Jean_le_Thomas/D_couvrir--128.html HTTP/1.1" 200 13713 "http://www.portedelabaie.com/fr/communes/saint-jean-le-thomas.html" "Mozilla/4.0 (compatible; MSIE 6.0; Windows NT 5.1; .NET CLR 1.1.4322)"
86.220.113.160 - - [20/Sep/2006:10:03:02 +0000] "GET /Porte_de_la_Baie/Communes/Saint-Jean_le_Thomas/Tourisme--127.html HTTP/1.1" 200 9967 "http://www.portedelabaie.com/fr/communes/saint-jean-le-thomas/decouvrir.html" "Mozilla/4.0 (compatible; MSIE 6.0; Windows NT 5.1; .NET CLR 1.1.4322)"
86.220.113.160 - - [20/Sep/2006:10:03:05 +0000] "GET /Porte_de_la_Baie/Communes/Saint-Jean_le_Thomas/Vie_Pratique--125.html HTTP/1.1" 200 9979 "http://www.portedelabaie.com/fr/communes/saint-jean-le-thomas/tourisme.html" "Mozilla/4.0 (compatible; MSIE 6.0; Windows NT 5.1; .NET CLR 1.1.4322)"
86.220.113.160 - - [20/Sep/2006:10:03:07 +0000] "GET /Porte_de_la_Baie/Communes/Saint-Jean_le_Thomas/Loisirs--124.html HTTP/1.1" 200 9964 "http://www.portedelabaie.com/fr/communes/saint-jean-le-thomas/vie-pratique.html" "Mozilla/4.0 (compatible; MSIE 6.0; Windows NT 5.1; .NET CLR 1.1.4322)"
86.220.113.160 - - [20/Sep/2006:10:03:09 +0000] "GET /Porte_de_la_Baie/Communes/Saint-Jean_le_Thomas/Calendrier--123.html HTTP/1.1" 200 18189 "http://www.portedelabaie.com/fr/communes/saint-jean-le-thomas/loisirs.html" "Mozilla/4.0 (compatible; MSIE 6.0; Windows NT 5.1; .NET CLR 1.1.4322)"
86.220.113.160 - - [20/Sep/2006:10:03:12 +0000] "GET /Porte_de_la_Baie/Communes/Saint-Jean_le_Thomas/D_couvrir--128.html HTTP/1.1" 200 13713 "http://www.portedelabaie.com/fr/communes/saint-jean-le-thomas/calendrier.html" "Mozilla/4.0 (compatible; MSIE 6.0; Windows NT 5.1; .NET CLR 1.1.4322)"
66.249.65.134 - - [20/Sep/2006:10:17:33 +0000] "GET /Porte_de_la_Baie/Communes/Saint-Jean_le_Thomas/H_bergement--126.html HTTP/1.1" 200 31392 "" "Mozilla/5.0 (compatible; Googlebot/2.1; +http://www.google.com/bot.html)"
66.249.65.134 - - [20/Sep/2006:10:17:34 +0000] "GET /Sartilly/Calendrier--135.html HTTP/1.1" 200 17303 "" "Mozilla/5.0 (compatible; Googlebot/2.1; +http://www.google.com/bot.html)"
66.249.65.134 - - [20/Sep/2006:10:28:26 +0000] "GET /Porte_de_la_Baie/Communes/Saint-Jean_le_Thomas/H_bergement--126.html HTTP/1.1" 200 29048 "" "Mozilla/5.0 (compatible; Googlebot/2.1; +http://www.google.com/bot.html)"
66.249.65.134 - - [20/Sep/2006:10:39:54 +0000] "GET /Porte_de_la_Baie/Communes/Saint-Jean_le_Thomas/Calendrier--123.html HTTP/1.1" 200 18157 "" "Mozilla/5.0 (compatible; Googlebot/2.1; +http://www.google.com/bot.html)"
87.90.230.135 - - [20/Sep/2006:10:54:45 +0000] "GET /Porte_de_la_Baie/Communes/Champeaux/Vie_Pratique--95.html HTTP/1.1" 200 9757 "http://recherche.club-internet.fr/fast-cgi/tsc?q=dragey+ronthon&lang=primary&context=ci-all&type=all&PortalLanguage=fr&UserLanguage=fr&language=fr&mandant=toi&device=html&search_type=new" "Mozilla/4.0 (compatible; MSIE 6.0; Windows NT 5.1; SV1; (R1 1.5); .NET CLR 1.1.4322)"
87.90.230.135 - - [20/Sep/2006:10:54:58 +0000] "GET /Porte_de_la_Baie/Communes/Champeaux/Tourisme--97.html HTTP/1.1" 200 9745 "http://www.portedelabaie.com/index.php?id=95" "Mozilla/4.0 (compatible; MSIE 6.0; Windows NT 5.1; SV1; (R1 1.5); .NET CLR 1.1.4322)"
87.90.230.135 - - [20/Sep/2006:10:55:00 +0000] "GET /Porte_de_la_Baie/Communes/Champeaux/Tourisme--97.html HTTP/1.1" 200 9745 "http://www.portedelabaie.com/fr/communes/champeaux/tourisme.html" "Mozilla/4.0 (compatible; MSIE 6.0; Windows NT 5.1; SV1; (R1 1.5); .NET CLR 1.1.4322)"
87.90.230.135 - - [20/Sep/2006:10:55:04 +0000] "GET /Porte_de_la_Baie/Communes/Champeaux/Vie_Pratique--95.html HTTP/1.1" 200 9757 "http://www.portedelabaie.com/fr/communes/champeaux/tourisme.html" "Mozilla/4.0 (compatible; MSIE 6.0; Windows NT 5.1; SV1; (R1 1.5); .NET CLR 1.1.4322)"
87.90.230.135 - - [20/Sep/2006:10:55:08 +0000] "GET /Porte_de_la_Baie/Communes/Champeaux/Loisirs--94.html HTTP/1.1" 200 9742 "http://www.portedelabaie.com/fr/communes/champeaux/vie-pratique.html" "Mozilla/4.0 (compatible; MSIE 6.0; Windows NT 5.1; SV1; (R1 1.5); .NET CLR 1.1.4322)"
87.90.230.135 - - [20/Sep/2006:10:55:54 +0000] "GET /Porte_de_la_Baie/Communes/Dragey-Ronthon/Tourisme--103.html HTTP/1.1" 200 9845 "http://recherche.club-internet.fr/fast-cgi/tsc?PortalLanguage=fr&UserLanguage=fr&device=html&lang=primary&language=fr&mandant=toi&q=dragey+ronthon&search_type=new&type=all&useragent=Mozilla%2F4.0%20(compatible%3B%20MSIE%206.0%3B%20Windows%20NT%205.1%3B%20SV1%3B%20(R1%201.5)%3B%20.NET%20CLR%201.1.4322)&context=ci-all&adpage=2&premium_start=1&premium_num=1&ci_start=0&ci_num=1&p4p_start=0&nav_dir=1&www_start=10&www_num=10" "Mozilla/4.0 (compatible; MSIE 6.0; Windows NT 5.1; SV1; (R1 1.5); .NET CLR 1.1.4322)"
66.249.65.134 - - [20/Sep/2006:11:13:57 +0000] "GET /Porte_de_la_Baie/Communes/Saint-Jean_le_Thomas/H_bergement--126.html HTTP/1.1" 200 31392 "" "Mozilla/5.0 (compatible; Googlebot/2.1; +http://www.google.com/bot.html)"
66.249.65.134 - - [20/Sep/2006:11:28:20 +0000] "GET /Porte_de_la_Baie/Communes/Saint-Jean_le_Thomas/H_bergement--126.html HTTP/1.1" 200 29048 "" "Mozilla/5.0 (compatible; Googlebot/2.1; +http://www.google.com/bot.html)"
66.249.65.134 - - [20/Sep/2006:11:37:16 +0000] "GET /Porte_de_la_Baie/Communes/Champeaux/Tourisme--97.html HTTP/1.1" 200 9745 "" "Mozilla/5.0 (compatible; Googlebot/2.1; +http://www.google.com/bot.html)"
66.249.65.134 - - [20/Sep/2006:12:15:26 +0000] "GET /Sartilly/Calendrier--135.html HTTP/1.1" 200 10336 "" "Mozilla/5.0 (compatible; Googlebot/2.1; +http://www.google.com/bot.html)"
66.249.65.134 - - [20/Sep/2006:12:36:23 +0000] "GET /Sartilly/Calendrier--135.html HTTP/1.1" 200 10354 "" "Mozilla/5.0 (compatible; Googlebot/2.1; +http://www.google.com/bot.html)"
66.249.65.134 - - [20/Sep/2006:12:47:42 +0000] "GET /Sartilly/Calendrier--135.html HTTP/1.1" 200 10298 "" "Mozilla/5.0 (compatible; Googlebot/2.1; +http://www.google.com/bot.html)"
66.249.65.134 - - [20/Sep/2006:12:59:11 +0000] "GET /Porte_de_la_Baie/Communes/Saint-Jean_le_Thomas/H_bergement--126.html HTTP/1.1" 200 31392 "" "Mozilla/5.0 (compatible; Googlebot/2.1; +http://www.google.com/bot.html)"
66.249.65.134 - - [20/Sep/2006:13:11:16 +0000] "GET /Porte_de_la_Baie/Communes/Saint-Jean_le_Thomas/H_bergement--126.html HTTP/1.1" 200 31392 "" "Mozilla/5.0 (compatible; Googlebot/2.1; +http://www.google.com/bot.html)"
81.255.145.61 - - [20/Sep/2006:13:17:29 +0000] "GET /Porte_de_la_Baie/Communes/Gen_ts--59.html HTTP/1.1" 200 38801 "" "Mozilla/4.0 (compatible; MSIE 6.0; Windows NT 5.1)"
159.50.203.8 - - [20/Sep/2006:13:22:21 +0000] "GET /Porte_de_la_Baie/Communes/Gen_ts--59.html HTTP/1.1" 200 38801 "http://www.google.fr/search?hl=fr&q=notre-dame-de-tombelaine&meta=" "Mozilla/4.0 (compatible; MSIE 6.0; Windows NT 5.1; .NET CLR 1.0.3705; .NET CLR 1.1.4322)"
159.50.203.8 - - [20/Sep/2006:13:26:13 +0000] "GET /Porte_de_la_Baie/Communes/Gen_ts/D_couvrir--110.html HTTP/1.1" 200 9688 "http://www.portedelabaie.com/fr/communes/genets.html" "Mozilla/4.0 (compatible; MSIE 6.0; Windows NT 5.1; .NET CLR 1.0.3705; .NET CLR 1.1.4322)"
159.50.203.8 - - [20/Sep/2006:13:26:19 +0000] "GET /Porte_de_la_Baie/Communes/Gen_ts/D_couvrir--110.html HTTP/1.1" 200 9688 "http://www.portedelabaie.com/fr/communes/genets/decouvrir.html" "Mozilla/4.0 (compatible; MSIE 6.0; Windows NT 5.1; .NET CLR 1.0.3705; .NET CLR 1.1.4322)"
159.50.203.8 - - [20/Sep/2006:13:26:21 +0000] "GET /Porte_de_la_Baie/Communes/Gen_ts/D_couvrir--110.html HTTP/1.1" 200 9688 "http://www.portedelabaie.com/fr/communes/genets/decouvrir.html" "Mozilla/4.0 (compatible; MSIE 6.0; Windows NT 5.1; .NET CLR 1.0.3705; .NET CLR 1.1.4322)"
159.50.203.8 - - [20/Sep/2006:13:26:29 +0000] "GET /Porte_de_la_Baie/Communes/Gen_ts/Tourisme--109.html HTTP/1.1" 200 9685 "http://www.portedelabaie.com/fr/communes/genets/decouvrir.html" "Mozilla/4.0 (compatible; MSIE 6.0; Windows NT 5.1; .NET CLR 1.0.3705; .NET CLR 1.1.4322)"
159.50.203.8 - - [20/Sep/2006:13:26:53 +0000] "GET /Porte_de_la_Baie/Communes/Gen_ts/Tourisme--109.html HTTP/1.1" 200 9685 "http://www.portedelabaie.com/fr/communes/genets/tourisme.html" "Mozilla/4.0 (compatible; MSIE 6.0; Windows NT 5.1; .NET CLR 1.0.3705; .NET CLR 1.1.4322)"
159.50.203.8 - - [20/Sep/2006:13:26:52 +0000] "GET /Porte_de_la_Baie/Communes/Gen_ts/Tourisme--109.html HTTP/1.1" 200 9685 "http://www.portedelabaie.com/fr/communes/genets/tourisme.html" "Mozilla/4.0 (compatible; MSIE 6.0; Windows NT 5.1; .NET CLR 1.0.3705; .NET CLR 1.1.4322)"
159.50.203.8 - - [20/Sep/2006:13:26:55 +0000] "GET /Porte_de_la_Baie/Communes/Gen_ts/Tourisme--109.html HTTP/1.1" 200 9685 "http://www.portedelabaie.com/fr/communes/genets/tourisme.html" "Mozilla/4.0 (compatible; MSIE 6.0; Windows NT 5.1; .NET CLR 1.0.3705; .NET CLR 1.1.4322)"
159.50.203.8 - - [20/Sep/2006:13:26:58 +0000] "GET /Porte_de_la_Baie/Communes/Gen_ts/Tourisme--109.html HTTP/1.1" 200 9685 "http://www.portedelabaie.com/fr/communes/genets/tourisme.html" "Mozilla/4.0 (compatible; MSIE 6.0; Windows NT 5.1; .NET CLR 1.0.3705; .NET CLR 1.1.4322)"
159.50.203.8 - - [20/Sep/2006:13:26:59 +0000] "GET /Porte_de_la_Baie/Communes/Gen_ts/Tourisme--109.html HTTP/1.1" 200 9685 "http://www.portedelabaie.com/fr/communes/genets/tourisme.html" "Mozilla/4.0 (compatible; MSIE 6.0; Windows NT 5.1; .NET CLR 1.0.3705; .NET CLR 1.1.4322)"
159.50.203.8 - - [20/Sep/2006:13:27:03 +0000] "GET /Porte_de_la_Baie/Communes/Gen_ts/H_bergement--108.html HTTP/1.1" 200 27856 "http://www.portedelabaie.com/fr/communes/genets/tourisme.html" "Mozilla/4.0 (compatible; MSIE 6.0; Windows NT 5.1; .NET CLR 1.0.3705; .NET CLR 1.1.4322)"
159.50.203.8 - - [20/Sep/2006:13:27:08 +0000] "GET /Porte_de_la_Baie/Communes/Gen_ts/Tourisme--109.html HTTP/1.1" 200 9685 "http://www.portedelabaie.com/fr/communes/genets/hebergement.html" "Mozilla/4.0 (compatible; MSIE 6.0; Windows NT 5.1; .NET CLR 1.0.3705; .NET CLR 1.1.4322)"
159.50.203.8 - - [20/Sep/2006:13:27:10 +0000] "GET /Porte_de_la_Baie/Communes/Gen_ts/Tourisme--109.html HTTP/1.1" 200 9685 "http://www.portedelabaie.com/fr/communes/genets/tourisme.html" "Mozilla/4.0 (compatible; MSIE 6.0; Windows NT 5.1; .NET CLR 1.0.3705; .NET CLR 1.1.4322)"
159.50.203.8 - - [20/Sep/2006:13:27:22 +0000] "GET /Porte_de_la_Baie/Communes/Gen_ts/Vie_Pratique--107.html HTTP/1.1" 200 9697 "http://www.portedelabaie.com/fr/communes/genets/tourisme.html" "Mozilla/4.0 (compatible; MSIE 6.0; Windows NT 5.1; .NET CLR 1.0.3705; .NET CLR 1.1.4322)"
66.249.65.134 - - [20/Sep/2006:13:51:39 +0000] "GET /Porte_de_la_Baie/Communes/Saint-Jean_le_Thomas/H_bergement--126.html HTTP/1.1" 200 31392 "" "Mozilla/5.0 (compatible; Googlebot/2.1; +http://www.google.com/bot.html)"
66.249.65.134 - - [20/Sep/2006:13:51:40 +0000] "GET /Sartilly/Calendrier--135.html HTTP/1.1" 200 10314 "" "Mozilla/5.0 (compatible; Googlebot/2.1; +http://www.google.com/bot.html)"
66.249.65.134 - - [20/Sep/2006:14:05:06 +0000] "GET /Porte_de_la_Baie/Communes/Saint-Jean_le_Thomas/H_bergement--126.html HTTP/1.1" 200 31392 "" "Mozilla/5.0 (compatible; Googlebot/2.1; +http://www.google.com/bot.html)"
80.124.139.217 - - [20/Sep/2006:14:13:32 +0000] "GET /Porte_de_la_Baie/Communes/Gen_ts--59.html HTTP/1.1" 200 38801 "http://www.portedelabaie.com/fr.html" "Mozilla/4.0 (compatible; MSIE 6.0; Windows NT 5.1; SV1; InfoPath.1)"
80.124.139.217 - - [20/Sep/2006:14:17:36 +0000] "GET /Porte_de_la_Baie/Communes/Dragey-Ronthon--60.html HTTP/1.1" 200 22267 "http://www.portedelabaie.com/fr.html" "Mozilla/4.0 (compatible; MSIE 6.0; Windows NT 5.1; SV1; InfoPath.1)"
80.124.139.217 - - [20/Sep/2006:14:19:05 +0000] "GET /Porte_de_la_Baie/Communes/Champeaux--61.html HTTP/1.1" 200 21120 "http://www.portedelabaie.com/fr.html" "Mozilla/4.0 (compatible; MSIE 6.0; Windows NT 5.1; SV1; InfoPath.1)"
80.124.139.217 - - [20/Sep/2006:14:20:37 +0000] "GET /Porte_de_la_Baie/Communes/Champeaux/Calendrier--93.html HTTP/1.1" 200 17835 "http://www.portedelabaie.com/fr/communes/champeaux.html" "Mozilla/4.0 (compatible; MSIE 6.0; Windows NT 5.1; SV1; InfoPath.1)"
80.124.139.217 - - [20/Sep/2006:14:21:10 +0000] "GET /Porte_de_la_Baie/Communes/Champeaux/Tourisme--97.html HTTP/1.1" 200 9745 "http://www.portedelabaie.com/fr/communes/champeaux/calendrier.html" "Mozilla/4.0 (compatible; MSIE 6.0; Windows NT 5.1; SV1; InfoPath.1)"
80.124.139.217 - - [20/Sep/2006:14:21:17 +0000] "GET /Porte_de_la_Baie/Communes/Champeaux/D_couvrir--98.html HTTP/1.1" 200 9748 "http://www.portedelabaie.com/fr/communes/champeaux/tourisme.html" "Mozilla/4.0 (compatible; MSIE 6.0; Windows NT 5.1; SV1; InfoPath.1)"
80.124.139.217 - - [20/Sep/2006:14:21:19 +0000] "GET /Porte_de_la_Baie/Communes/Champeaux/D_couvrir--98.html HTTP/1.1" 200 9748 "http://www.portedelabaie.com/fr/communes/champeaux/decouvrir.html" "Mozilla/4.0 (compatible; MSIE 6.0; Windows NT 5.1; SV1; InfoPath.1)"
