82.181.51.127 - - [14/Sep/2006:10:38:24 +0000] "GET /Porte_de_la_Baie/Communes/Champeaux--61.html HTTP/1.1" 200 21082 "http://www.google.com/search?client=safari&rls=fi-fi&q=Edouard+Herriot+de+%C2%AB%C2%A0plus+beau+kilom%C3%A8tre+de+France%C2%A0%C2%BB&ie=UTF-8&oe=UTF-8" "Mozilla/5.0 (Macintosh; U; Intel Mac OS X; fi-fi) AppleWebKit/418.8 (KHTML, like Gecko) Safari/419.3"
207.46.98.73 - - [14/Sep/2006:10:40:19 +0000] "GET /Porte_de_la_Baie/Communes/Champeaux/Loisirs--94.html HTTP/1.1" 200 9698 "" "msnbot/1.0 (+http://search.msn.com/msnbot.htm)"
82.47.83.82 - - [14/Sep/2006:10:40:33 +0000] "GET /Porte_de_la_Baie/Communes/Saint-Jean_le_Thomas--68.html HTTP/1.1" 200 19601 "http://www.montviron.com/" "Mozilla/4.0 (compatible; MSIE 6.0; Windows NT 5.1; SV1; .NET CLR 1.1.4322)"
83.199.246.90 - - [14/Sep/2006:11:14:00 +0000] "GET /Porte_de_la_Baie/Communes/Saint-Jean_le_Thomas--68.html HTTP/1.1" 200 19601 "http://www.montviron.com/fr/tourisme.html" "Mozilla/5.0 (X11; U; Linux i686; fr; rv:1.8.0.6) Gecko/20060728 Firefox/1.5.0.6"
83.199.246.90 - - [14/Sep/2006:11:14:03 +0000] "GET /Porte_de_la_Baie/Communes/Saint-Jean_le_Thomas/D_couvrir--128.html HTTP/1.1" 200 13651 "http://www.portedelabaie.com/fr/communes/saint-jean-le-thomas.html" "Mozilla/5.0 (X11; U; Linux i686; fr; rv:1.8.0.6) Gecko/20060728 Firefox/1.5.0.6"
83.199.246.90 - - [14/Sep/2006:11:14:10 +0000] "GET /Porte_de_la_Baie/Communes/Saint-Jean_le_Thomas--68.html HTTP/1.1" 200 19601 "http://www.portedelabaie.com/fr/communes/saint-jean-le-thomas/decouvrir.html" "Mozilla/5.0 (X11; U; Linux i686; fr; rv:1.8.0.6) Gecko/20060728 Firefox/1.5.0.6"
83.199.246.90 - - [14/Sep/2006:11:17:55 +0000] "GET /Porte_de_la_Baie/Communes/Saint-Jean_le_Thomas--68.html HTTP/1.1" 200 19601 "http://www.portedelabaie.com/fr/communes/saint-jean-le-thomas/decouvrir.html" "Mozilla/5.0 (X11; U; Linux i686; fr; rv:1.8.0.6) Gecko/20060728 Firefox/1.5.0.6"
83.199.246.90 - - [14/Sep/2006:11:18:10 +0000] "GET /Porte_de_la_Baie/Communes/Saint-Jean_le_Thomas--68.html HTTP/1.1" 200 19601 "http://www.portedelabaie.com/fr/communes/saint-jean-le-thomas/decouvrir.html" "Mozilla/5.0 (X11; U; Linux i686; fr; rv:1.8.0.6) Gecko/20060728 Firefox/1.5.0.6"
83.199.246.90 - - [14/Sep/2006:11:18:28 +0000] "GET /Porte_de_la_Baie/Communes/Saint-Jean_le_Thomas--68.html HTTP/1.1" 200 19601 "http://www.portedelabaie.com/fr/communes/saint-jean-le-thomas/decouvrir.html" "Mozilla/5.0 (X11; U; Linux i686; fr; rv:1.8.0.6) Gecko/20060728 Firefox/1.5.0.6"
83.199.246.90 - - [14/Sep/2006:11:19:02 +0000] "GET /Porte_de_la_Baie/Communes/Champeaux/D_couvrir--98.html HTTP/1.1" 200 9710 "" "Mozilla/5.0 (X11; U; Linux i686; fr; rv:1.8.0.6) Gecko/20060728 Firefox/1.5.0.6"
83.157.29.76 - - [14/Sep/2006:11:33:52 +0000] "GET /Porte_de_la_Baie/Communes/Champeaux/D_couvrir--98.html HTTP/1.1" 200 9710 "" "PeerFactor Crawler"
86.205.153.123 - - [14/Sep/2006:11:36:02 +0000] "GET /Porte_de_la_Baie/Communes/Gen_ts--59.html HTTP/1.1" 200 38769 "http://www.portedelabaie.com/fr/marches-publics.html" "Mozilla/4.0 (compatible; MSIE 6.0; Windows NT 5.1; SV1; .NET CLR 1.1.4322)"
81.80.205.197 - - [14/Sep/2006:11:56:53 +0000] "GET /Porte_de_la_Baie/Communes/Champeaux/D_couvrir--98.html HTTP/1.1" 200 9710 "http://perso.orange.fr/ot.pontorson/hebergement.htm" "Mozilla/4.0 (compatible; MSIE 6.0; Windows NT 5.1)"
81.80.205.197 - - [14/Sep/2006:11:56:58 +0000] "GET /Porte_de_la_Baie/Communes/Champeaux/H_bergement--96.html HTTP/1.1" 200 27693 "http://www.portedelabaie.com/index.php?id=98" "Mozilla/4.0 (compatible; MSIE 6.0; Windows NT 5.1)"
81.80.205.197 - - [14/Sep/2006:11:57:20 +0000] "GET /Porte_de_la_Baie/Communes/Champeaux/H_bergement--96.html HTTP/1.1" 200 27693 "http://www.portedelabaie.com/fr/communes/champeaux/hebergement.html" "Mozilla/4.0 (compatible; MSIE 6.0; Windows NT 5.1)"
81.80.205.197 - - [14/Sep/2006:11:57:26 +0000] "GET /Porte_de_la_Baie/Communes/Champeaux/H_bergement--96.html HTTP/1.1" 200 27693 "http://www.portedelabaie.com/fr/communes/champeaux/hebergement.html?tx_travelguide_pi1%5Bscat%5D=4&tx_travelguide_pi1%5Bsloc%5D=1" "Mozilla/4.0 (compatible; MSIE 6.0; Windows NT 5.1)"
81.80.205.197 - - [14/Sep/2006:11:57:36 +0000] "GET /Porte_de_la_Baie/Communes/Champeaux/H_bergement--96.html HTTP/1.1" 200 27693 "http://www.portedelabaie.com/fr/communes/champeaux/hebergement.html?tx_travelguide_pi1%5Bscat%5D=4&tx_travelguide_pi1%5Bsloc%5D=1" "Mozilla/4.0 (compatible; MSIE 6.0; Windows NT 5.1)"
81.80.205.197 - - [14/Sep/2006:11:57:48 +0000] "GET /Porte_de_la_Baie/Communes/Champeaux/H_bergement--96.html HTTP/1.1" 200 33557 "http://www.portedelabaie.com/fr/communes/champeaux/hebergement.html" "Mozilla/4.0 (compatible; MSIE 6.0; Windows NT 5.1)"
81.80.205.197 - - [14/Sep/2006:11:58:06 +0000] "GET /Porte_de_la_Baie/Communes/Champeaux/H_bergement--96.html HTTP/1.1" 200 26945 "http://www.portedelabaie.com/index.php?id=96" "Mozilla/4.0 (compatible; MSIE 6.0; Windows NT 5.1)"
81.80.205.197 - - [14/Sep/2006:11:58:11 +0000] "GET /Porte_de_la_Baie/Communes/Champeaux/H_bergement--96.html HTTP/1.1" 200 26945 "http://www.portedelabaie.com/fr/communes/champeaux/hebergement.html?tx_travelguide_pi1%5Buid%5D=38&tx_travelguide_pi1%5BCMD%5D=singleView&cHash=a6882fd9cc" "Mozilla/4.0 (compatible; MSIE 6.0; Windows NT 5.1)"
66.249.66.48 - - [14/Sep/2006:12:11:58 +0000] "GET /Porte_de_la_Baie/Communes/Champcey--62.html HTTP/1.1" 200 19980 "" "Mozilla/5.0 (compatible; Googlebot/2.1; +http://www.google.com/bot.html)"
66.249.66.48 - - [14/Sep/2006:12:12:32 +0000] "GET /Sartilly/D_couvrir--140.html HTTP/1.1" 200 11477 "" "Mozilla/5.0 (compatible; Googlebot/2.1; +http://www.google.com/bot.html)"
66.249.66.48 - - [14/Sep/2006:12:12:38 +0000] "GET /Porte_de_la_Baie/Communes/Champeaux--61.html HTTP/1.1" 200 21082 "" "Mozilla/5.0 (compatible; Googlebot/2.1; +http://www.google.com/bot.html)"
66.249.66.48 - - [14/Sep/2006:12:12:42 +0000] "GET /Porte_de_la_Baie/Communes/Gen_ts--59.html HTTP/1.1" 200 38769 "" "Mozilla/5.0 (compatible; Googlebot/2.1; +http://www.google.com/bot.html)"
66.249.66.48 - - [14/Sep/2006:12:12:42 +0000] "GET /Porte_de_la_Baie/Communes/Dragey-Ronthon--60.html HTTP/1.1" 200 22219 "" "Mozilla/5.0 (compatible; Googlebot/2.1; +http://www.google.com/bot.html)"
66.249.66.48 - - [14/Sep/2006:12:12:45 +0000] "GET /Sartilly/H_bergement--138.html HTTP/1.1" 200 26561 "" "Mozilla/5.0 (compatible; Googlebot/2.1; +http://www.google.com/bot.html)"
66.249.66.48 - - [14/Sep/2006:12:13:20 +0000] "GET /Porte_de_la_Baie/Communes/Champeaux/Tourisme--97.html HTTP/1.1" 200 9707 "" "Mozilla/5.0 (compatible; Googlebot/2.1; +http://www.google.com/bot.html)"
194.3.110.38 - - [14/Sep/2006:12:14:25 +0000] "GET /Porte_de_la_Baie/Communes/Lolif--58.html HTTP/1.1" 200 20924 "http://www.google.fr/search?hl=fr&q=LOLIF&btnG=Rechercher&meta=" "Mozilla/4.0 (compatible; MSIE 5.5; Windows 98; .NET CLR 1.0.3705; .NET CLR 1.1.4322)"
83.199.246.90 - - [14/Sep/2006:12:24:56 +0000] "GET /Porte_de_la_Baie/Communes/Bacilly/H_bergement--78.html HTTP/1.1" 200 32207 "http://www.portedelabaie.com/no_cache/fr/communes/bacilly/hebergement.html" "Mozilla/5.0 (X11; U; Linux i686; fr; rv:1.8.0.6) Gecko/20060728 Firefox/1.5.0.6"
83.199.246.90 - - [14/Sep/2006:12:25:06 +0000] "GET /Porte_de_la_Baie/Communes/Gen_ts--59.html HTTP/1.1" 200 38769 "http://www.portedelabaie.com/no_cache/fr/communes/bacilly/hebergement.html?tx_travelguide_pi1%5Bscat%5D=6&tx_travelguide_pi1%5Bsloc%5D=2" "Mozilla/5.0 (X11; U; Linux i686; fr; rv:1.8.0.6) Gecko/20060728 Firefox/1.5.0.6"
83.199.246.90 - - [14/Sep/2006:12:25:28 +0000] "GET /Porte_de_la_Baie/Communes/Gen_ts/Vie_Pratique--107.html HTTP/1.1" 200 9665 "http://www.portedelabaie.com/fr/communes/genets.html" "Mozilla/5.0 (X11; U; Linux i686; fr; rv:1.8.0.6) Gecko/20060728 Firefox/1.5.0.6"
83.202.164.82 - - [14/Sep/2006:12:26:53 +0000] "GET /Porte_de_la_Baie/Communes/Champeaux/D_couvrir--98.html HTTP/1.1" 200 9710 "http://www.google.fr/search?hl=fr&q=office+de+tourisme+granville&meta=" "Mozilla/4.0 (compatible; MSIE 6.0; Windows NT 5.1; SV1; Wanadoo 6.1)"
83.202.164.82 - - [14/Sep/2006:12:27:02 +0000] "GET /Porte_de_la_Baie/Communes/Champeaux/Vie_Pratique--95.html HTTP/1.1" 200 9719 "http://www.portedelabaie.com/index.php?id=98" "Mozilla/4.0 (compatible; MSIE 6.0; Windows NT 5.1; SV1; Wanadoo 6.1)"
83.202.164.82 - - [14/Sep/2006:12:27:10 +0000] "GET /Porte_de_la_Baie/Communes/Champeaux/Vie_Pratique--95.html HTTP/1.1" 200 9719 "http://www.portedelabaie.com/fr/communes/champeaux/vie-pratique.html" "Mozilla/4.0 (compatible; MSIE 6.0; Windows NT 5.1; SV1; Wanadoo 6.1)"
83.202.164.82 - - [14/Sep/2006:12:27:15 +0000] "GET /Porte_de_la_Baie/Communes/Champeaux/D_couvrir--98.html HTTP/1.1" 200 9710 "http://www.portedelabaie.com/fr/communes/champeaux/vie-pratique.html" "Mozilla/4.0 (compatible; MSIE 6.0; Windows NT 5.1; SV1; Wanadoo 6.1)"
83.202.164.82 - - [14/Sep/2006:12:27:21 +0000] "GET /Porte_de_la_Baie/Communes/Champeaux/D_couvrir--98.html HTTP/1.1" 200 9710 "http://www.portedelabaie.com/fr/communes/champeaux/decouvrir.html" "Mozilla/4.0 (compatible; MSIE 6.0; Windows NT 5.1; SV1; Wanadoo 6.1)"
83.199.246.90 - - [14/Sep/2006:12:29:36 +0000] "GET /Porte_de_la_Baie/Communes/Gen_ts--59.html HTTP/1.1" 200 38769 "http://www.stpierrelangers.com/fr/decouvrir.html" "Mozilla/5.0 (X11; U; Linux i686; fr; rv:1.8.0.6) Gecko/20060728 Firefox/1.5.0.6"
207.46.98.66 - - [14/Sep/2006:12:31:30 +0000] "GET /Sartilly--66.html HTTP/1.1" 200 18481 "" "msnbot/1.0 (+http://search.msn.com/msnbot.htm)"
62.233.33.119 - - [14/Sep/2006:12:40:24 +0000] "GET /Porte_de_la_Baie/Communes/Champeaux/D_couvrir--98.html HTTP/1.1" 200 9710 "http://www.ville-carolles.fr" "Mozilla/4.0 (compatible; MSIE 6.0; Windows NT 5.1; SV1; .NET CLR 1.1.4322)"
86.215.123.87 - - [14/Sep/2006:12:59:14 +0000] "GET /Porte_de_la_Baie/Communes/Lolif--58.html HTTP/1.1" 200 20924 "" "Mozilla/4.0 (compatible; MSIE 6.0; Windows NT 5.1; SV1; Wanadoo 6.0; .NET CLR 1.1.4322)"
207.46.98.67 - - [14/Sep/2006:12:59:47 +0000] "GET /Sartilly--66.html HTTP/1.1" 200 18481 "" "msnbot/1.0 (+http://search.msn.com/msnbot.htm)"
86.215.123.87 - - [14/Sep/2006:13:00:04 +0000] "GET /Porte_de_la_Baie/Communes/Lolif/H_bergement--114.html HTTP/1.1" 200 27741 "http://www.portedelabaie.com/fr/communes/lolif.html" "Mozilla/4.0 (compatible; MSIE 6.0; Windows NT 5.1; SV1; Wanadoo 6.0; .NET CLR 1.1.4322)"
86.215.123.87 - - [14/Sep/2006:13:00:36 +0000] "GET /Porte_de_la_Baie/Communes/Lolif/Vie_Pratique--113.html HTTP/1.1" 200 9647 "http://www.portedelabaie.com/fr/communes/lolif/hebergement.html" "Mozilla/4.0 (compatible; MSIE 6.0; Windows NT 5.1; SV1; Wanadoo 6.0; .NET CLR 1.1.4322)"
86.215.123.87 - - [14/Sep/2006:13:01:04 +0000] "GET /Porte_de_la_Baie/Communes/Lolif/H_bergement--114.html HTTP/1.1" 200 27741 "http://www.portedelabaie.com/fr/communes/lolif/vie-pratique.html" "Mozilla/4.0 (compatible; MSIE 6.0; Windows NT 5.1; SV1; Wanadoo 6.0; .NET CLR 1.1.4322)"
213.246.47.66 - - [14/Sep/2006:13:08:08 +0000] "GET /Porte_de_la_Baie/Communes/Champeaux/D_couvrir--98.html HTTP/1.1" 200 9710 "" "Mozilla/5.0 (compatible; NetguideFrBot/0.1; http://www.netguide.fr/)"
82.47.83.82 - - [14/Sep/2006:13:23:58 +0000] "GET /Porte_de_la_Baie/Communes/Bacilly--64.html HTTP/1.1" 200 16796 "http://www.ville-angey.com/" "Mozilla/4.0 (compatible; MSIE 6.0; Windows NT 5.1; SV1; .NET CLR 1.1.4322)"
88.122.68.23 - - [14/Sep/2006:13:56:36 +0000] "GET /Porte_de_la_Baie/Communes/Champeaux/D_couvrir--98.html HTTP/1.1" 200 9710 "" "PeerFactor Crawler"
83.186.142.23 - - [14/Sep/2006:13:57:17 +0000] "GET /Porte_de_la_Baie/Communes/Champeaux/D_couvrir--98.html HTTP/1.1" 200 9710 "" "PeerFactor Crawler"
90.8.6.213 - - [14/Sep/2006:14:13:48 +0000] "GET /Sartilly--66.html HTTP/1.1" 200 18481 "" "Mozilla/4.0 (compatible; MSIE 6.0; Windows NT 5.1; .NET CLR 1.1.4322)"
83.206.37.61 - - [14/Sep/2006:14:24:59 +0000] "GET /Porte_de_la_Baie/Communes/Champeaux/D_couvrir--98.html HTTP/1.1" 200 9710 "http://www.granville-interactiv.com/sports.php" "Mozilla/5.0 (Windows; U; Windows NT 5.1; fr; rv:1.8.0.6) Gecko/20060728 Firefox/1.5.0.6"
83.206.37.61 - - [14/Sep/2006:14:25:08 +0000] "GET /Porte_de_la_Baie/Communes/Champeaux/Loisirs--94.html HTTP/1.1" 200 9704 "http://www.portedelabaie.com/index.php?id=98" "Mozilla/5.0 (Windows; U; Windows NT 5.1; fr; rv:1.8.0.6) Gecko/20060728 Firefox/1.5.0.6"
84.172.204.16 - - [14/Sep/2006:14:41:26 +0000] "GET /Porte_de_la_Baie/Communes/Champeaux/D_couvrir--98.html HTTP/1.1" 200 9710 "http://www.google.de/search?sourceid=navclient&hl=de&ie=UTF-8&rls=GGLG,GGLG:2006-09,GGLG:de&q=carolles" "Mozilla/4.0 (compatible; MSIE 6.0; Windows NT 5.0)"
90.8.6.213 - - [14/Sep/2006:14:53:59 +0000] "GET /Porte_de_la_Baie/Communes/Bacilly--64.html HTTP/1.1" 200 16796 "" "Mozilla/4.0 (compatible; MSIE 6.0; Windows NT 5.1; .NET CLR 1.1.4322)"
90.8.6.213 - - [14/Sep/2006:14:54:09 +0000] "GET /Porte_de_la_Baie/Communes/Bacilly/H_bergement--78.html HTTP/1.1" 200 28356 "http://www.portedelabaie.com/fr/communes/bacilly.html" "Mozilla/4.0 (compatible; MSIE 6.0; Windows NT 5.1; .NET CLR 1.1.4322)"
90.8.6.213 - - [14/Sep/2006:14:56:06 +0000] "GET /Sartilly--66.html HTTP/1.1" 200 17349 "" "Mozilla/4.0 (compatible; MSIE 6.0; Windows NT 5.1; .NET CLR 1.1.4322)"
90.8.6.213 - - [14/Sep/2006:14:58:25 +0000] "GET /Porte_de_la_Baie/Communes/Gen_ts--59.html HTTP/1.1" 200 38769 "http://www.portedelabaie.com/fr/decouvrir.html" "Mozilla/4.0 (compatible; MSIE 6.0; Windows NT 5.1; .NET CLR 1.1.4322)"
90.8.6.213 - - [14/Sep/2006:14:59:37 +0000] "GET /Sartilly--66.html HTTP/1.1" 200 17349 "" "Mozilla/4.0 (compatible; MSIE 6.0; Windows NT 5.1; .NET CLR 1.1.4322)"
90.8.6.213 - - [14/Sep/2006:14:59:42 +0000] "GET /Sartilly/Tourisme--139.html HTTP/1.1" 200 13205 "http://www.ville-sartilly.com/" "Mozilla/4.0 (compatible; MSIE 6.0; Windows NT 5.1; .NET CLR 1.1.4322)"
90.8.6.213 - - [14/Sep/2006:15:03:02 +0000] "GET /Sartilly/Tourisme--139.html HTTP/1.1" 200 13181 "" "Mozilla/4.0 (compatible; MSIE 6.0; Windows NT 5.1; .NET CLR 1.1.4322)"
90.8.6.213 - - [14/Sep/2006:15:04:05 +0000] "GET /Sartilly/Tourisme--139.html HTTP/1.1" 200 14703 "" "Mozilla/4.0 (compatible; MSIE 6.0; Windows NT 5.1; .NET CLR 1.1.4322)"
90.8.6.213 - - [14/Sep/2006:15:04:22 +0000] "GET /Sartilly/D_couvrir--140.html HTTP/1.1" 200 11478 "http://www.ville-sartilly.com/fr/tourisme.html" "Mozilla/4.0 (compatible; MSIE 6.0; Windows NT 5.1; .NET CLR 1.1.4322)"
90.8.6.213 - - [14/Sep/2006:15:04:26 +0000] "GET /Sartilly--66.html HTTP/1.1" 200 17370 "http://www.ville-sartilly.com/fr/decouvrir.html" "Mozilla/4.0 (compatible; MSIE 6.0; Windows NT 5.1; .NET CLR 1.1.4322)"
90.8.6.213 - - [14/Sep/2006:15:04:38 +0000] "GET /Sartilly/Tourisme--139.html HTTP/1.1" 200 14703 "http://www.ville-sartilly.com/fr.html" "Mozilla/4.0 (compatible; MSIE 6.0; Windows NT 5.1; .NET CLR 1.1.4322)"
86.213.60.233 - - [14/Sep/2006:15:05:36 +0000] "GET /Porte_de_la_Baie/Communes/Bacilly--64.html HTTP/1.1" 200 16796 "" "Mozilla/4.0 (compatible; MSIE 6.0; Windows NT 5.1)"
90.8.6.213 - - [14/Sep/2006:15:05:50 +0000] "GET /Sartilly/Tourisme--139.html HTTP/1.1" 200 14723 "" "Mozilla/4.0 (compatible; MSIE 6.0; Windows NT 5.1; .NET CLR 1.1.4322)"
90.8.6.213 - - [14/Sep/2006:15:06:14 +0000] "GET /Sartilly/Tourisme--139.html HTTP/1.1" 200 14617 "" "Mozilla/4.0 (compatible; MSIE 6.0; Windows NT 5.1; .NET CLR 1.1.4322)"
90.8.6.213 - - [14/Sep/2006:15:06:34 +0000] "GET /Sartilly/Tourisme--139.html HTTP/1.1" 200 14618 "" "Mozilla/4.0 (compatible; MSIE 6.0; Windows NT 5.1; .NET CLR 1.1.4322)"
90.8.6.213 - - [14/Sep/2006:15:07:52 +0000] "GET /Sartilly/Tourisme--139.html HTTP/1.1" 200 14618 "" "Mozilla/4.0 (compatible; MSIE 6.0; Windows NT 5.1; .NET CLR 1.1.4322)"
66.196.91.117 - - [14/Sep/2006:15:07:54 +0000] "GET /Porte_de_la_Baie/Communes/Champeaux/D_couvrir--98.html HTTP/1.1" 200 9710 "" "Mozilla/5.0 (compatible; Yahoo! Slurp; http://help.yahoo.com/help/us/ysearch/slurp)"
90.8.6.213 - - [14/Sep/2006:15:08:05 +0000] "GET /Sartilly/Tourisme--139.html HTTP/1.1" 200 14618 "http://www.ville-sartilly.com/fr.html" "Mozilla/4.0 (compatible; MSIE 6.0; Windows NT 5.1; .NET CLR 1.1.4322)"
90.8.6.213 - - [14/Sep/2006:15:09:25 +0000] "GET /Porte_de_la_Baie/Communes/Gen_ts--59.html HTTP/1.1" 200 38769 "" "Mozilla/4.0 (compatible; MSIE 6.0; Windows NT 5.1; .NET CLR 1.1.4322)"
85.68.181.171 - - [14/Sep/2006:15:09:34 +0000] "GET /Porte_de_la_Baie/Communes/Champeaux/D_couvrir--98.html HTTP/1.1" 200 9710 "" "Mozilla/4.0 (compatible ; MSIE 6.0; Windows NT 5.1)"
90.8.6.213 - - [14/Sep/2006:15:10:01 +0000] "GET /Sartilly--66.html HTTP/1.1" 200 17370 "" "Mozilla/4.0 (compatible; MSIE 6.0; Windows NT 5.1; .NET CLR 1.1.4322)"
90.8.6.213 - - [14/Sep/2006:15:10:04 +0000] "GET /Sartilly/Tourisme--139.html HTTP/1.1" 200 14618 "" "Mozilla/4.0 (compatible; MSIE 6.0; Windows NT 5.1; .NET CLR 1.1.4322)"
90.8.6.213 - - [14/Sep/2006:15:10:59 +0000] "GET /Sartilly/D_couvrir--140.html HTTP/1.1" 200 11478 "" "Mozilla/4.0 (compatible; MSIE 6.0; Windows NT 5.1; .NET CLR 1.1.4322)"
90.8.6.213 - - [14/Sep/2006:15:11:15 +0000] "GET /Sartilly/H_bergement--138.html HTTP/1.1" 200 26561 "http://www.ville-sartilly.com/fr/decouvrir.html" "Mozilla/4.0 (compatible; MSIE 6.0; Windows NT 5.1; .NET CLR 1.1.4322)"
85.68.181.171 - - [14/Sep/2006:15:24:23 +0000] "GET /Porte_de_la_Baie/Communes/Champeaux/D_couvrir--98.html HTTP/1.1" 200 9710 "" "Mozilla/4.0 (compatible ; MSIE 6.0; Windows NT 5.1)"
90.8.6.213 - - [14/Sep/2006:15:33:29 +0000] "GET /Sartilly--66.html HTTP/1.1" 200 18470 "" "Mozilla/4.0 (compatible; MSIE 6.0; Windows NT 5.1; .NET CLR 1.1.4322)"
90.8.6.213 - - [14/Sep/2006:15:34:37 +0000] "GET /Sartilly--66.html HTTP/1.1" 200 18466 "" "Mozilla/4.0 (compatible; MSIE 6.0; Windows NT 5.1; .NET CLR 1.1.4322)"
90.8.6.213 - - [14/Sep/2006:15:35:14 +0000] "GET /Sartilly--66.html HTTP/1.1" 200 18495 "" "Mozilla/4.0 (compatible; MSIE 6.0; Windows NT 5.1; .NET CLR 1.1.4322)"
90.8.6.213 - - [14/Sep/2006:15:35:38 +0000] "GET /Sartilly--66.html HTTP/1.1" 200 18495 "" "Mozilla/4.0 (compatible; MSIE 6.0; Windows NT 5.1; .NET CLR 1.1.4322)"
90.8.6.213 - - [14/Sep/2006:15:35:59 +0000] "GET /Sartilly--66.html HTTP/1.1" 200 18478 "" "Mozilla/4.0 (compatible; MSIE 6.0; Windows NT 5.1; .NET CLR 1.1.4322)"
90.8.6.213 - - [14/Sep/2006:15:36:27 +0000] "GET /Sartilly--66.html HTTP/1.1" 200 18471 "" "Mozilla/4.0 (compatible; MSIE 6.0; Windows NT 5.1; .NET CLR 1.1.4322)"
90.8.6.213 - - [14/Sep/2006:15:41:48 +0000] "GET /Sartilly--66.html HTTP/1.1" 200 18489 "" "Mozilla/4.0 (compatible; MSIE 6.0; Windows NT 5.1; .NET CLR 1.1.4322)"
66.249.66.48 - - [14/Sep/2006:15:43:55 +0000] "GET /Porte_de_la_Baie/Communes/Dragey-Ronthon/Vie_Pratique--101.html HTTP/1.1" 200 9809 "" "Mozilla/5.0 (compatible; Googlebot/2.1; +http://www.google.com/bot.html)"
90.8.6.213 - - [14/Sep/2006:15:44:07 +0000] "GET /Sartilly--66.html HTTP/1.1" 200 18489 "" "Mozilla/4.0 (compatible; MSIE 6.0; Windows NT 5.1; .NET CLR 1.1.4322)"
66.249.66.48 - - [14/Sep/2006:15:46:27 +0000] "GET /Sartilly--66.html HTTP/1.1" 200 18489 "" "Mozilla/5.0 (compatible; Googlebot/2.1; +http://www.google.com/bot.html)"
66.249.66.48 - - [14/Sep/2006:15:46:27 +0000] "GET /Sartilly/H_bergement--138.html HTTP/1.1" 200 26561 "" "Mozilla/5.0 (compatible; Googlebot/2.1; +http://www.google.com/bot.html)"
90.8.6.213 - - [14/Sep/2006:15:48:28 +0000] "GET /Sartilly--66.html HTTP/1.1" 200 18505 "" "Mozilla/4.0 (compatible; MSIE 6.0; Windows NT 5.1; .NET CLR 1.1.4322)"
66.249.66.48 - - [14/Sep/2006:15:49:23 +0000] "GET /Porte_de_la_Baie/Communes/Gen_ts/H_bergement--108.html HTTP/1.1" 200 27824 "" "Mozilla/5.0 (compatible; Googlebot/2.1; +http://www.google.com/bot.html)"
90.8.6.213 - - [14/Sep/2006:15:50:00 +0000] "GET /Sartilly--66.html HTTP/1.1" 200 18448 "" "Mozilla/4.0 (compatible; MSIE 6.0; Windows NT 5.1; .NET CLR 1.1.4322)"
90.8.6.213 - - [14/Sep/2006:15:50:44 +0000] "GET /Sartilly--66.html HTTP/1.1" 200 18391 "" "Mozilla/4.0 (compatible; MSIE 6.0; Windows NT 5.1; .NET CLR 1.1.4322)"
66.249.66.48 - - [14/Sep/2006:15:51:18 +0000] "GET /Sartilly--66.html HTTP/1.1" 200 18391 "" "Mozilla/5.0 (compatible; Googlebot/2.1; +http://www.google.com/bot.html)"
66.249.66.48 - - [14/Sep/2006:15:53:28 +0000] "GET /Sartilly/Loisirs--136.html HTTP/1.1" 200 12593 "" "Mozilla/5.0 (compatible; Googlebot/2.1; +http://www.google.com/bot.html)"
90.8.6.213 - - [14/Sep/2006:15:53:51 +0000] "GET /Sartilly--66.html HTTP/1.1" 200 18448 "" "Mozilla/4.0 (compatible; MSIE 6.0; Windows NT 5.1; .NET CLR 1.1.4322)"
90.8.6.213 - - [14/Sep/2006:15:53:59 +0000] "GET /Sartilly/Tourisme--139.html HTTP/1.1" 200 14709 "http://www.ville-sartilly.com/" "Mozilla/4.0 (compatible; MSIE 6.0; Windows NT 5.1; .NET CLR 1.1.4322)"
66.249.66.48 - - [14/Sep/2006:15:54:54 +0000] "GET /Sartilly/Tourisme--139.html HTTP/1.1" 200 14709 "" "Mozilla/5.0 (compatible; Googlebot/2.1; +http://www.google.com/bot.html)"
66.249.66.48 - - [14/Sep/2006:15:56:18 +0000] "GET /Porte_de_la_Baie/Communes/Champcey/Calendrier--87.html HTTP/1.1" 200 17269 "" "Mozilla/5.0 (compatible; Googlebot/2.1; +http://www.google.com/bot.html)"
66.249.66.48 - - [14/Sep/2006:15:57:35 +0000] "GET /Sartilly/D_couvrir--140.html HTTP/1.1" 200 11478 "" "Mozilla/5.0 (compatible; Googlebot/2.1; +http://www.google.com/bot.html)"
66.249.66.48 - - [14/Sep/2006:15:57:39 +0000] "GET /Sartilly/Calendrier--135.html HTTP/1.1" 200 16751 "" "Mozilla/5.0 (compatible; Googlebot/2.1; +http://www.google.com/bot.html)"
66.249.66.48 - - [14/Sep/2006:15:58:47 +0000] "GET /Sartilly/Vie_Pratique--137.html HTTP/1.1" 200 16151 "" "Mozilla/5.0 (compatible; Googlebot/2.1; +http://www.google.com/bot.html)"
66.249.66.48 - - [14/Sep/2006:15:59:18 +0000] "GET /Sartilly/H_bergement--138.html HTTP/1.1" 200 26561 "" "Mozilla/5.0 (compatible; Googlebot/2.1; +http://www.google.com/bot.html)"
66.249.66.48 - - [14/Sep/2006:16:01:56 +0000] "GET /Sartilly/H_bergement--138.html HTTP/1.1" 200 26561 "" "Mozilla/5.0 (compatible; Googlebot/2.1; +http://www.google.com/bot.html)"
66.249.66.48 - - [14/Sep/2006:16:03:48 +0000] "GET /Sartilly/H_bergement--138.html HTTP/1.1" 200 26561 "" "Mozilla/5.0 (compatible; Googlebot/2.1; +http://www.google.com/bot.html)"
66.249.66.48 - - [14/Sep/2006:16:05:10 +0000] "GET /Sartilly/H_bergement--138.html HTTP/1.1" 200 26561 "" "Mozilla/5.0 (compatible; Googlebot/2.1; +http://www.google.com/bot.html)"
66.249.66.48 - - [14/Sep/2006:16:05:14 +0000] "GET /Sartilly/H_bergement--138.html HTTP/1.1" 200 26561 "" "Mozilla/5.0 (compatible; Googlebot/2.1; +http://www.google.com/bot.html)"
72.30.129.30 - - [14/Sep/2006:16:05:42 +0000] "GET /Porte_de_la_Baie/Communes/Dragey-Ronthon/Tourisme--103.html HTTP/1.1" 200 9797 "" "Mozilla/5.0 (compatible; Yahoo! Slurp; http://help.yahoo.com/help/us/ysearch/slurp)"
66.249.66.48 - - [14/Sep/2006:16:06:25 +0000] "GET /Sartilly/H_bergement--138.html HTTP/1.1" 200 26561 "" "Mozilla/5.0 (compatible; Googlebot/2.1; +http://www.google.com/bot.html)"
66.249.66.48 - - [14/Sep/2006:16:06:45 +0000] "GET /Sartilly/H_bergement--138.html HTTP/1.1" 200 26561 "" "Mozilla/5.0 (compatible; Googlebot/2.1; +http://www.google.com/bot.html)"
86.215.79.7 - - [14/Sep/2006:16:06:58 +0000] "GET /Porte_de_la_Baie/Communes/Champeaux/D_couvrir--98.html HTTP/1.1" 200 9710 "http://perso.orange.fr/ot.pontorson/hebergement.htm" "Mozilla/4.0 (compatible; MSIE 6.0; Windows NT 5.1; SV1; .NET CLR 1.1.4322)"
86.215.79.7 - - [14/Sep/2006:16:06:58 +0000] "GET /Porte_de_la_Baie/Communes/Champeaux/D_couvrir--98.html HTTP/1.1" 200 9710 "http://perso.orange.fr/ot.pontorson/hebergement.htm" "Mozilla/4.0 (compatible; MSIE 6.0; Windows NT 5.1; SV1; .NET CLR 1.1.4322)"
86.215.79.7 - - [14/Sep/2006:16:07:02 +0000] "GET /Porte_de_la_Baie/Communes/Champeaux/H_bergement--96.html HTTP/1.1" 200 27693 "http://www.portedelabaie.com/index.php?id=98" "Mozilla/4.0 (compatible; MSIE 6.0; Windows NT 5.1; SV1; .NET CLR 1.1.4322)"
66.249.66.48 - - [14/Sep/2006:16:07:04 +0000] "GET /Sartilly/H_bergement--138.html HTTP/1.1" 200 26561 "" "Mozilla/5.0 (compatible; Googlebot/2.1; +http://www.google.com/bot.html)"
66.249.66.48 - - [14/Sep/2006:16:07:07 +0000] "GET /Sartilly/H_bergement--138.html HTTP/1.1" 200 26561 "" "Mozilla/5.0 (compatible; Googlebot/2.1; +http://www.google.com/bot.html)"
66.249.66.48 - - [14/Sep/2006:16:07:10 +0000] "GET /Sartilly/H_bergement--138.html HTTP/1.1" 200 26561 "" "Mozilla/5.0 (compatible; Googlebot/2.1; +http://www.google.com/bot.html)"
193.55.130.208 - - [14/Sep/2006:16:07:16 +0000] "GET /Porte_de_la_Baie/Communes/Gen_ts--59.html HTTP/1.1" 200 38769 "http://www.google.fr/search?client=firefox-a&rls=org.mozilla%3Afr-FR%3Aofficial_s&hl=fr&q=Bec+d%27Andaine&meta=&btnG=Recherche+Google" "Mozilla/5.0 (Windows; U; Windows NT 5.1; fr-FR; rv:1.7.12) Gecko/20050919 Firefox/1.0.7"
86.215.79.7 - - [14/Sep/2006:16:07:19 +0000] "GET /Porte_de_la_Baie/Communes/Champeaux/Tourisme--97.html HTTP/1.1" 200 9707 "http://www.portedelabaie.com/fr/communes/champeaux/hebergement.html" "Mozilla/4.0 (compatible; MSIE 6.0; Windows NT 5.1; SV1; .NET CLR 1.1.4322)"
86.215.79.7 - - [14/Sep/2006:16:07:22 +0000] "GET /Porte_de_la_Baie/Communes/Champeaux/H_bergement--96.html HTTP/1.1" 200 27693 "http://www.portedelabaie.com/fr/communes/champeaux/tourisme.html" "Mozilla/4.0 (compatible; MSIE 6.0; Windows NT 5.1; SV1; .NET CLR 1.1.4322)"
86.215.79.7 - - [14/Sep/2006:16:07:33 +0000] "GET /Porte_de_la_Baie/Communes/Champeaux/D_couvrir--98.html HTTP/1.1" 200 9710 "http://www.portedelabaie.com/fr/communes/champeaux/hebergement.html" "Mozilla/4.0 (compatible; MSIE 6.0; Windows NT 5.1; SV1; .NET CLR 1.1.4322)"
86.215.79.7 - - [14/Sep/2006:16:07:37 +0000] "GET /Porte_de_la_Baie/Communes/Champeaux/H_bergement--96.html HTTP/1.1" 200 27693 "http://www.portedelabaie.com/fr/communes/champeaux/decouvrir.html" "Mozilla/4.0 (compatible; MSIE 6.0; Windows NT 5.1; SV1; .NET CLR 1.1.4322)"
86.215.79.7 - - [14/Sep/2006:16:07:48 +0000] "GET /Porte_de_la_Baie/Communes/Champeaux/H_bergement--96.html HTTP/1.1" 200 27693 "http://www.portedelabaie.com/fr/communes/champeaux/hebergement.html" "Mozilla/4.0 (compatible; MSIE 6.0; Windows NT 5.1; SV1; .NET CLR 1.1.4322)"
66.249.66.48 - - [14/Sep/2006:16:08:42 +0000] "GET /Porte_de_la_Baie/Communes/Champeaux/Calendrier--93.html HTTP/1.1" 200 17299 "" "Mozilla/5.0 (compatible; Googlebot/2.1; +http://www.google.com/bot.html)"
66.249.66.48 - - [14/Sep/2006:16:08:46 +0000] "GET /Sartilly/H_bergement--138.html HTTP/1.1" 200 26561 "" "Mozilla/5.0 (compatible; Googlebot/2.1; +http://www.google.com/bot.html)"
66.249.66.48 - - [14/Sep/2006:16:08:48 +0000] "GET /Sartilly/H_bergement--138.html HTTP/1.1" 200 26561 "" "Mozilla/5.0 (compatible; Googlebot/2.1; +http://www.google.com/bot.html)"
66.249.66.48 - - [14/Sep/2006:16:10:43 +0000] "GET /Sartilly/H_bergement--138.html HTTP/1.1" 200 26561 "" "Mozilla/5.0 (compatible; Googlebot/2.1; +http://www.google.com/bot.html)"
66.249.66.48 - - [14/Sep/2006:16:10:49 +0000] "GET /Sartilly/H_bergement--138.html HTTP/1.1" 200 26561 "" "Mozilla/5.0 (compatible; Googlebot/2.1; +http://www.google.com/bot.html)"
66.249.66.48 - - [14/Sep/2006:16:10:50 +0000] "GET /Sartilly/H_bergement--138.html HTTP/1.1" 200 26561 "" "Mozilla/5.0 (compatible; Googlebot/2.1; +http://www.google.com/bot.html)"
66.249.66.48 - - [14/Sep/2006:16:10:56 +0000] "GET /Sartilly/H_bergement--138.html HTTP/1.1" 200 26561 "" "Mozilla/5.0 (compatible; Googlebot/2.1; +http://www.google.com/bot.html)"
66.249.66.48 - - [14/Sep/2006:16:11:03 +0000] "GET /Sartilly/H_bergement--138.html HTTP/1.1" 200 26561 "" "Mozilla/5.0 (compatible; Googlebot/2.1; +http://www.google.com/bot.html)"
66.249.66.48 - - [14/Sep/2006:16:11:34 +0000] "GET /Sartilly/H_bergement--138.html HTTP/1.1" 200 26561 "" "Mozilla/5.0 (compatible; Googlebot/2.1; +http://www.google.com/bot.html)"
66.249.66.48 - - [14/Sep/2006:16:11:37 +0000] "GET /Sartilly/H_bergement--138.html HTTP/1.1" 200 26561 "" "Mozilla/5.0 (compatible; Googlebot/2.1; +http://www.google.com/bot.html)"
66.249.66.48 - - [14/Sep/2006:16:11:50 +0000] "GET /Sartilly/H_bergement--138.html HTTP/1.1" 200 26561 "" "Mozilla/5.0 (compatible; Googlebot/2.1; +http://www.google.com/bot.html)"
66.249.66.48 - - [14/Sep/2006:16:11:53 +0000] "GET /Sartilly/H_bergement--138.html HTTP/1.1" 200 26561 "" "Mozilla/5.0 (compatible; Googlebot/2.1; +http://www.google.com/bot.html)"
66.249.66.48 - - [14/Sep/2006:16:12:09 +0000] "GET /Sartilly/H_bergement--138.html HTTP/1.1" 200 26561 "" "Mozilla/5.0 (compatible; Googlebot/2.1; +http://www.google.com/bot.html)"
66.249.66.48 - - [14/Sep/2006:16:13:19 +0000] "GET /Sartilly/H_bergement--138.html HTTP/1.1" 200 26561 "" "Mozilla/5.0 (compatible; Googlebot/2.1; +http://www.google.com/bot.html)"
66.249.66.48 - - [14/Sep/2006:16:13:38 +0000] "GET /Sartilly/H_bergement--138.html HTTP/1.1" 200 26561 "" "Mozilla/5.0 (compatible; Googlebot/2.1; +http://www.google.com/bot.html)"
66.249.66.48 - - [14/Sep/2006:16:13:40 +0000] "GET /Sartilly/H_bergement--138.html HTTP/1.1" 200 26561 "" "Mozilla/5.0 (compatible; Googlebot/2.1; +http://www.google.com/bot.html)"
66.249.66.48 - - [14/Sep/2006:16:13:42 +0000] "GET /Sartilly/H_bergement--138.html HTTP/1.1" 200 26561 "" "Mozilla/5.0 (compatible; Googlebot/2.1; +http://www.google.com/bot.html)"
66.249.66.48 - - [14/Sep/2006:16:14:56 +0000] "GET /Sartilly/H_bergement--138.html HTTP/1.1" 200 26561 "" "Mozilla/5.0 (compatible; Googlebot/2.1; +http://www.google.com/bot.html)"
66.249.66.48 - - [14/Sep/2006:16:15:18 +0000] "GET /Sartilly/H_bergement--138.html HTTP/1.1" 200 26561 "" "Mozilla/5.0 (compatible; Googlebot/2.1; +http://www.google.com/bot.html)"
66.249.66.48 - - [14/Sep/2006:16:15:34 +0000] "GET /Sartilly/H_bergement--138.html HTTP/1.1" 200 26561 "" "Mozilla/5.0 (compatible; Googlebot/2.1; +http://www.google.com/bot.html)"
66.249.66.48 - - [14/Sep/2006:16:15:36 +0000] "GET /Sartilly/H_bergement--138.html HTTP/1.1" 200 26561 "" "Mozilla/5.0 (compatible; Googlebot/2.1; +http://www.google.com/bot.html)"
66.249.66.48 - - [14/Sep/2006:16:15:38 +0000] "GET /Sartilly/H_bergement--138.html HTTP/1.1" 200 26561 "" "Mozilla/5.0 (compatible; Googlebot/2.1; +http://www.google.com/bot.html)"
66.249.66.48 - - [14/Sep/2006:16:15:50 +0000] "GET /Sartilly/H_bergement--138.html HTTP/1.1" 200 26561 "" "Mozilla/5.0 (compatible; Googlebot/2.1; +http://www.google.com/bot.html)"
66.249.66.48 - - [14/Sep/2006:16:16:06 +0000] "GET /Sartilly/H_bergement--138.html HTTP/1.1" 200 26561 "" "Mozilla/5.0 (compatible; Googlebot/2.1; +http://www.google.com/bot.html)"
66.249.66.48 - - [14/Sep/2006:16:16:08 +0000] "GET /Sartilly/H_bergement--138.html HTTP/1.1" 200 26561 "" "Mozilla/5.0 (compatible; Googlebot/2.1; +http://www.google.com/bot.html)"
66.249.66.48 - - [14/Sep/2006:16:16:42 +0000] "GET /Sartilly/H_bergement--138.html HTTP/1.1" 200 26561 "" "Mozilla/5.0 (compatible; Googlebot/2.1; +http://www.google.com/bot.html)"
66.249.66.48 - - [14/Sep/2006:16:16:50 +0000] "GET /Sartilly/H_bergement--138.html HTTP/1.1" 200 26561 "" "Mozilla/5.0 (compatible; Googlebot/2.1; +http://www.google.com/bot.html)"
66.249.66.48 - - [14/Sep/2006:16:16:52 +0000] "GET /Sartilly/H_bergement--138.html HTTP/1.1" 200 26561 "" "Mozilla/5.0 (compatible; Googlebot/2.1; +http://www.google.com/bot.html)"
66.249.66.48 - - [14/Sep/2006:16:16:53 +0000] "GET /Sartilly/H_bergement--138.html HTTP/1.1" 200 26561 "" "Mozilla/5.0 (compatible; Googlebot/2.1; +http://www.google.com/bot.html)"
66.249.66.48 - - [14/Sep/2006:16:16:56 +0000] "GET /Sartilly/H_bergement--138.html HTTP/1.1" 200 26561 "" "Mozilla/5.0 (compatible; Googlebot/2.1; +http://www.google.com/bot.html)"
66.249.66.48 - - [14/Sep/2006:16:16:58 +0000] "GET /Sartilly/H_bergement--138.html HTTP/1.1" 200 26561 "" "Mozilla/5.0 (compatible; Googlebot/2.1; +http://www.google.com/bot.html)"
66.249.66.48 - - [14/Sep/2006:16:17:00 +0000] "GET /Sartilly/H_bergement--138.html HTTP/1.1" 200 26561 "" "Mozilla/5.0 (compatible; Googlebot/2.1; +http://www.google.com/bot.html)"
66.249.66.48 - - [14/Sep/2006:16:17:02 +0000] "GET /Sartilly/H_bergement--138.html HTTP/1.1" 200 26561 "" "Mozilla/5.0 (compatible; Googlebot/2.1; +http://www.google.com/bot.html)"
66.249.66.48 - - [14/Sep/2006:16:17:04 +0000] "GET /Sartilly/H_bergement--138.html HTTP/1.1" 200 26561 "" "Mozilla/5.0 (compatible; Googlebot/2.1; +http://www.google.com/bot.html)"
66.249.66.48 - - [14/Sep/2006:16:17:05 +0000] "GET /Sartilly/H_bergement--138.html HTTP/1.1" 200 26561 "" "Mozilla/5.0 (compatible; Googlebot/2.1; +http://www.google.com/bot.html)"
66.249.66.48 - - [14/Sep/2006:16:17:07 +0000] "GET /Sartilly/H_bergement--138.html HTTP/1.1" 200 26561 "" "Mozilla/5.0 (compatible; Googlebot/2.1; +http://www.google.com/bot.html)"
66.249.66.48 - - [14/Sep/2006:16:17:09 +0000] "GET /Sartilly/H_bergement--138.html HTTP/1.1" 200 26561 "" "Mozilla/5.0 (compatible; Googlebot/2.1; +http://www.google.com/bot.html)"
66.249.66.48 - - [14/Sep/2006:16:17:10 +0000] "GET /Sartilly/H_bergement--138.html HTTP/1.1" 200 26561 "" "Mozilla/5.0 (compatible; Googlebot/2.1; +http://www.google.com/bot.html)"
66.249.66.48 - - [14/Sep/2006:16:17:16 +0000] "GET /Porte_de_la_Baie/Communes/Gen_ts/Loisirs--106.html HTTP/1.1" 200 9650 "" "Mozilla/5.0 (compatible; Googlebot/2.1; +http://www.google.com/bot.html)"
66.249.66.48 - - [14/Sep/2006:16:17:19 +0000] "GET /Porte_de_la_Baie/Communes/Gen_ts/Tourisme--109.html HTTP/1.1" 200 9653 "" "Mozilla/5.0 (compatible; Googlebot/2.1; +http://www.google.com/bot.html)"
66.249.66.48 - - [14/Sep/2006:16:17:20 +0000] "GET /Porte_de_la_Baie/Communes/Champcey/Loisirs--88.html HTTP/1.1" 200 9686 "" "Mozilla/5.0 (compatible; Googlebot/2.1; +http://www.google.com/bot.html)"
66.249.66.48 - - [14/Sep/2006:16:17:23 +0000] "GET /Porte_de_la_Baie/Communes/Gen_ts/D_couvrir--110.html HTTP/1.1" 200 9656 "" "Mozilla/5.0 (compatible; Googlebot/2.1; +http://www.google.com/bot.html)"
66.249.66.48 - - [14/Sep/2006:16:17:27 +0000] "GET /Porte_de_la_Baie/Communes/Gen_ts/Calendrier--105.html HTTP/1.1" 200 17209 "" "Mozilla/5.0 (compatible; Googlebot/2.1; +http://www.google.com/bot.html)"
66.249.66.48 - - [14/Sep/2006:16:17:29 +0000] "GET /Porte_de_la_Baie/Communes/Champeaux/Loisirs--94.html HTTP/1.1" 200 9704 "" "Mozilla/5.0 (compatible; Googlebot/2.1; +http://www.google.com/bot.html)"
66.249.66.48 - - [14/Sep/2006:16:17:30 +0000] "GET /Porte_de_la_Baie/Communes/Champeaux/Tourisme--97.html HTTP/1.1" 200 9707 "" "Mozilla/5.0 (compatible; Googlebot/2.1; +http://www.google.com/bot.html)"
66.249.66.48 - - [14/Sep/2006:16:17:35 +0000] "GET /Porte_de_la_Baie/Communes/Champcey/D_couvrir--92.html HTTP/1.1" 200 9692 "" "Mozilla/5.0 (compatible; Googlebot/2.1; +http://www.google.com/bot.html)"
66.249.66.48 - - [14/Sep/2006:16:17:44 +0000] "GET /Porte_de_la_Baie/Communes/Gen_ts/Vie_Pratique--107.html HTTP/1.1" 200 9665 "" "Mozilla/5.0 (compatible; Googlebot/2.1; +http://www.google.com/bot.html)"
66.249.66.48 - - [14/Sep/2006:16:17:45 +0000] "GET /Porte_de_la_Baie/Communes/Champeaux/D_couvrir--98.html HTTP/1.1" 200 9710 "" "Mozilla/5.0 (compatible; Googlebot/2.1; +http://www.google.com/bot.html)"
66.249.66.48 - - [14/Sep/2006:16:17:47 +0000] "GET /Porte_de_la_Baie/Communes/Champcey/H_bergement--90.html HTTP/1.1" 200 27989 "" "Mozilla/5.0 (compatible; Googlebot/2.1; +http://www.google.com/bot.html)"
66.249.66.48 - - [14/Sep/2006:16:17:52 +0000] "GET /Porte_de_la_Baie/Communes/Champeaux/H_bergement--96.html HTTP/1.1" 200 27693 "" "Mozilla/5.0 (compatible; Googlebot/2.1; +http://www.google.com/bot.html)"
66.249.66.48 - - [14/Sep/2006:16:17:53 +0000] "GET /Porte_de_la_Baie/Communes/Champcey/Vie_Pratique--89.html HTTP/1.1" 200 9701 "" "Mozilla/5.0 (compatible; Googlebot/2.1; +http://www.google.com/bot.html)"
66.249.66.48 - - [14/Sep/2006:16:17:55 +0000] "GET /Porte_de_la_Baie/Communes/Dragey-Ronthon/Loisirs--100.html HTTP/1.1" 200 9794 "" "Mozilla/5.0 (compatible; Googlebot/2.1; +http://www.google.com/bot.html)"
66.249.66.48 - - [14/Sep/2006:16:17:57 +0000] "GET /Porte_de_la_Baie/Communes/Champeaux/Vie_Pratique--95.html HTTP/1.1" 200 9719 "" "Mozilla/5.0 (compatible; Googlebot/2.1; +http://www.google.com/bot.html)"
66.249.66.48 - - [14/Sep/2006:16:17:58 +0000] "GET /Porte_de_la_Baie/Communes/Dragey-Ronthon/Tourisme--103.html HTTP/1.1" 200 9797 "" "Mozilla/5.0 (compatible; Googlebot/2.1; +http://www.google.com/bot.html)"
66.249.66.48 - - [14/Sep/2006:16:18:01 +0000] "GET /Porte_de_la_Baie/Communes/Dragey-Ronthon/D_couvrir--104.html HTTP/1.1" 200 9800 "" "Mozilla/5.0 (compatible; Googlebot/2.1; +http://www.google.com/bot.html)"
66.249.66.48 - - [14/Sep/2006:16:18:03 +0000] "GET /Porte_de_la_Baie/Communes/Dragey-Ronthon/Calendrier--99.html HTTP/1.1" 200 17449 "" "Mozilla/5.0 (compatible; Googlebot/2.1; +http://www.google.com/bot.html)"
66.249.66.48 - - [14/Sep/2006:16:18:04 +0000] "GET /Porte_de_la_Baie/Communes/Dragey-Ronthon/H_bergement--102.html HTTP/1.1" 200 28488 "" "Mozilla/5.0 (compatible; Googlebot/2.1; +http://www.google.com/bot.html)"
66.249.66.48 - - [14/Sep/2006:16:19:13 +0000] "GET /Sartilly/D_couvrir--140.html HTTP/1.1" 200 11477 "" "Mozilla/5.0 (compatible; Googlebot/2.1; +http://www.google.com/bot.html)"
66.249.66.48 - - [14/Sep/2006:16:19:15 +0000] "GET /Porte_de_la_Baie/Communes/Champcey/Tourisme--91.html HTTP/1.1" 200 9689 "" "Mozilla/5.0 (compatible; Googlebot/2.1; +http://www.google.com/bot.html)"
66.249.66.48 - - [14/Sep/2006:16:19:16 +0000] "GET /Sartilly/H_bergement--138.html HTTP/1.1" 200 26561 "" "Mozilla/5.0 (compatible; Googlebot/2.1; +http://www.google.com/bot.html)"
213.218.138.132 - - [14/Sep/2006:16:25:28 +0000] "GET /Porte_de_la_Baie/Communes/Champeaux/D_couvrir--98.html HTTP/1.1" 200 9710 "" ""
213.218.138.132 - - [14/Sep/2006:16:25:29 +0000] "GET /Porte_de_la_Baie/Communes/Champeaux/D_couvrir--98.html HTTP/1.1" 200 9710 "" ""
213.218.138.132 - - [14/Sep/2006:16:25:29 +0000] "GET /Porte_de_la_Baie/Communes/Champeaux/D_couvrir--98.html HTTP/1.1" 200 9710 "" ""
213.246.47.66 - - [14/Sep/2006:16:26:58 +0000] "GET /Porte_de_la_Baie/Communes/Champeaux/D_couvrir--98.html HTTP/1.1" 200 9710 "" "Mozilla/5.0 (compatible; NetguideFrBot/0.1; http://www.netguide.fr/)"
86.198.152.60 - - [14/Sep/2006:16:34:03 +0000] "GET /Porte_de_la_Baie/Communes/Champeaux/D_couvrir--98.html HTTP/1.1" 200 9710 "http://www.tourisme.fr/office-de-tourisme/carolles.htm" "Mozilla/5.0 (Windows; U; Windows NT 5.1; fr; rv:1.8.0.6) Gecko/20060728 Firefox/1.5.0.6"
81.243.215.146 - - [14/Sep/2006:16:34:11 +0000] "GET /Porte_de_la_Baie/Communes/Champeaux/D_couvrir--98.html HTTP/1.1" 200 9710 "http://www.ot-villedieu.fr/tourisme.htm" "Mozilla/4.0 (compatible; MSIE 6.0; Windows NT 5.1; SV1)"
81.243.215.146 - - [14/Sep/2006:16:34:23 +0000] "GET /Porte_de_la_Baie/Communes/Champeaux/H_bergement--96.html HTTP/1.1" 200 27693 "http://www.portedelabaie.com/index.php?id=98" "Mozilla/4.0 (compatible; MSIE 6.0; Windows NT 5.1; SV1)"
81.243.215.146 - - [14/Sep/2006:16:34:31 +0000] "GET /Porte_de_la_Baie/Communes/Champeaux/H_bergement--96.html HTTP/1.1" 200 27693 "http://www.portedelabaie.com/fr/communes/champeaux/hebergement.html" "Mozilla/4.0 (compatible; MSIE 6.0; Windows NT 5.1; SV1)"
81.243.215.146 - - [14/Sep/2006:16:34:37 +0000] "GET /Porte_de_la_Baie/Communes/Champeaux/Tourisme--97.html HTTP/1.1" 200 9707 "http://www.portedelabaie.com/fr/communes/champeaux/hebergement.html?tx_travelguide_pi1%5Bscat%5D=1&tx_travelguide_pi1%5Bsloc%5D=1" "Mozilla/4.0 (compatible; MSIE 6.0; Windows NT 5.1; SV1)"
86.198.152.60 - - [14/Sep/2006:16:34:44 +0000] "GET /Porte_de_la_Baie/Communes/Champeaux/Tourisme--97.html HTTP/1.1" 200 9707 "http://www.portedelabaie.com/index.php?id=98" "Mozilla/5.0 (Windows; U; Windows NT 5.1; fr; rv:1.8.0.6) Gecko/20060728 Firefox/1.5.0.6"
86.198.152.60 - - [14/Sep/2006:16:34:53 +0000] "GET /Porte_de_la_Baie/Communes/Champeaux/Tourisme--97.html HTTP/1.1" 200 9707 "http://www.portedelabaie.com/fr/communes/champeaux/tourisme.html" "Mozilla/5.0 (Windows; U; Windows NT 5.1; fr; rv:1.8.0.6) Gecko/20060728 Firefox/1.5.0.6"
86.198.152.60 - - [14/Sep/2006:16:34:58 +0000] "GET /Porte_de_la_Baie/Communes/Champeaux/Loisirs--94.html HTTP/1.1" 200 9704 "http://www.portedelabaie.com/fr/communes/champeaux/tourisme.html" "Mozilla/5.0 (Windows; U; Windows NT 5.1; fr; rv:1.8.0.6) Gecko/20060728 Firefox/1.5.0.6"
86.198.152.60 - - [14/Sep/2006:16:35:41 +0000] "GET /Porte_de_la_Baie/Communes/Champeaux/D_couvrir--98.html HTTP/1.1" 200 9710 "http://www.portedelabaie.com/fr/communes/champeaux/loisirs.html" "Mozilla/5.0 (Windows; U; Windows NT 5.1; fr; rv:1.8.0.6) Gecko/20060728 Firefox/1.5.0.6"
81.169.154.94 - - [14/Sep/2006:16:58:10 +0000] "GET /Porte_de_la_Baie/Communes/Champeaux/D_couvrir--98.html HTTP/1.1" 200 9710 "" "Mozilla/4.0 (compatible; MSIE 6.0; Windows NT 5.0; ODP entries t_st; http://tuezilla.de/t_st-odp-entries-agent.html)"
89.81.7.58 - - [14/Sep/2006:17:07:20 +0000] "GET /Porte_de_la_Baie/Communes/Dragey-Ronthon--60.html HTTP/1.1" 200 22219 "http://www.portedelabaie.com/fr/contacts.html" "Mozilla/4.0 (compatible; MSIE 6.0; Windows NT 5.1; SV1; .NET CLR 1.1.4322)"
195.68.50.5 - - [14/Sep/2006:17:09:57 +0000] "GET /Porte_de_la_Baie/Communes/Champeaux/D_couvrir--98.html HTTP/1.1" 200 9710 "http://www.google.fr/search?hl=fr&q=Carolles+&btnG=Recherche+Google&meta=" "Mozilla/5.0 (Windows; U; Windows NT 5.1; fr-FR; rv:1.7.12) Gecko/20050919 Firefox/1.0.7"
90.8.6.213 - - [14/Sep/2006:17:10:08 +0000] "GET /Sartilly/D_couvrir--140.html HTTP/1.1" 200 11592 "" "Mozilla/4.0 (compatible; MSIE 6.0; Windows NT 5.1; .NET CLR 1.1.4322)"
90.8.6.213 - - [14/Sep/2006:17:10:22 +0000] "GET /Sartilly/Tourisme--139.html HTTP/1.1" 200 14709 "http://www.ville-sartilly.com/fr/decouvrir.html" "Mozilla/4.0 (compatible; MSIE 6.0; Windows NT 5.1; .NET CLR 1.1.4322)"
195.68.50.5 - - [14/Sep/2006:17:10:31 +0000] "GET /Porte_de_la_Baie/Communes/Champeaux/D_couvrir--98.html HTTP/1.1" 200 9710 "http://www.google.fr/search?hl=fr&q=Carolles+&btnG=Recherche+Google&meta=" "Mozilla/5.0 (Windows; U; Windows NT 5.1; fr-FR; rv:1.7.12) Gecko/20050919 Firefox/1.0.7"
90.8.6.213 - - [14/Sep/2006:17:10:49 +0000] "GET /Sartilly/Vie_Pratique--137.html HTTP/1.1" 200 16151 "" "Mozilla/4.0 (compatible; MSIE 6.0; Windows NT 5.1; .NET CLR 1.1.4322)"
195.68.50.5 - - [14/Sep/2006:17:10:49 +0000] "GET /Porte_de_la_Baie/Communes/Champeaux/D_couvrir--98.html HTTP/1.1" 200 9710 "http://www.google.fr/search?hl=fr&q=Carolles+&btnG=Recherche+Google&meta=" "Mozilla/5.0 (Windows; U; Windows NT 5.1; fr-FR; rv:1.7.12) Gecko/20050919 Firefox/1.0.7"
90.8.6.213 - - [14/Sep/2006:17:10:55 +0000] "GET /Sartilly/D_couvrir--140.html HTTP/1.1" 200 11592 "" "Mozilla/4.0 (compatible; MSIE 6.0; Windows NT 5.1; .NET CLR 1.1.4322)"
195.68.50.5 - - [14/Sep/2006:17:11:03 +0000] "GET /Porte_de_la_Baie/Communes/Champeaux/D_couvrir--98.html HTTP/1.1" 200 9710 "http://www.google.fr/search?hl=fr&q=Carolles+&btnG=Recherche+Google&meta=" "Mozilla/5.0 (Windows; U; Windows NT 5.1; fr-FR; rv:1.7.12) Gecko/20050919 Firefox/1.0.7"
207.46.98.66 - - [14/Sep/2006:17:15:15 +0000] "GET /Sartilly--66.html HTTP/1.1" 200 18448 "" "msnbot/1.0 (+http://search.msn.com/msnbot.htm)"
90.8.6.213 - - [14/Sep/2006:17:15:46 +0000] "GET /Sartilly/D_couvrir--140.html HTTP/1.1" 200 12033 "" "Mozilla/4.0 (compatible; MSIE 6.0; Windows NT 5.1; .NET CLR 1.1.4322)"
90.8.6.213 - - [14/Sep/2006:17:17:49 +0000] "GET /Sartilly/D_couvrir--140.html HTTP/1.1" 200 10532 "" "Mozilla/4.0 (compatible; MSIE 6.0; Windows NT 5.1; .NET CLR 1.1.4322)"
90.8.6.213 - - [14/Sep/2006:17:19:24 +0000] "GET /Sartilly/D_couvrir--140.html HTTP/1.1" 200 11766 "" "Mozilla/4.0 (compatible; MSIE 6.0; Windows NT 5.1; .NET CLR 1.1.4322)"
90.8.6.213 - - [14/Sep/2006:17:20:07 +0000] "GET /Sartilly/D_couvrir--140.html HTTP/1.1" 200 11815 "" "Mozilla/4.0 (compatible; MSIE 6.0; Windows NT 5.1; .NET CLR 1.1.4322)"
90.8.6.213 - - [14/Sep/2006:17:22:36 +0000] "GET /Sartilly/D_couvrir--140.html HTTP/1.1" 200 11766 "" "Mozilla/4.0 (compatible; MSIE 6.0; Windows NT 5.1; .NET CLR 1.1.4322)"
90.8.6.213 - - [14/Sep/2006:17:23:25 +0000] "GET /Sartilly/D_couvrir--140.html HTTP/1.1" 200 11765 "" "Mozilla/4.0 (compatible; MSIE 6.0; Windows NT 5.1; .NET CLR 1.1.4322)"
90.8.6.213 - - [14/Sep/2006:17:23:59 +0000] "GET /Sartilly/D_couvrir--140.html HTTP/1.1" 200 11766 "" "Mozilla/4.0 (compatible; MSIE 6.0; Windows NT 5.1; .NET CLR 1.1.4322)"
90.8.6.213 - - [14/Sep/2006:17:25:05 +0000] "GET /Sartilly/D_couvrir--140.html HTTP/1.1" 200 12687 "" "Mozilla/4.0 (compatible; MSIE 6.0; Windows NT 5.1; .NET CLR 1.1.4322)"
90.8.6.213 - - [14/Sep/2006:17:30:33 +0000] "GET /Sartilly/D_couvrir--140.html HTTP/1.1" 200 14310 "" "Mozilla/4.0 (compatible; MSIE 6.0; Windows NT 5.1; .NET CLR 1.1.4322)"
90.8.6.213 - - [14/Sep/2006:17:31:02 +0000] "GET /Sartilly/D_couvrir--140.html HTTP/1.1" 200 14310 "" "Mozilla/4.0 (compatible; MSIE 6.0; Windows NT 5.1; .NET CLR 1.1.4322)"
90.8.6.213 - - [14/Sep/2006:17:31:50 +0000] "GET /Sartilly/D_couvrir--140.html HTTP/1.1" 200 14341 "" "Mozilla/4.0 (compatible; MSIE 6.0; Windows NT 5.1; .NET CLR 1.1.4322)"
90.8.6.213 - - [14/Sep/2006:17:32:14 +0000] "GET /Sartilly/D_couvrir--140.html HTTP/1.1" 200 14372 "" "Mozilla/4.0 (compatible; MSIE 6.0; Windows NT 5.1; .NET CLR 1.1.4322)"
90.8.6.213 - - [14/Sep/2006:17:32:45 +0000] "GET /Sartilly/D_couvrir--140.html HTTP/1.1" 200 14404 "" "Mozilla/4.0 (compatible; MSIE 6.0; Windows NT 5.1; .NET CLR 1.1.4322)"
207.46.98.67 - - [14/Sep/2006:17:34:38 +0000] "GET /Sartilly--66.html HTTP/1.1" 200 18468 "" "msnbot/1.0 (+http://search.msn.com/msnbot.htm)"
90.8.6.213 - - [14/Sep/2006:17:34:54 +0000] "GET /Sartilly/Tourisme--139.html HTTP/1.1" 200 13479 "" "Mozilla/4.0 (compatible; MSIE 6.0; Windows NT 5.1; .NET CLR 1.1.4322)"
90.8.6.213 - - [14/Sep/2006:17:34:57 +0000] "GET /Sartilly/Tourisme--139.html HTTP/1.1" 200 13479 "" "Mozilla/4.0 (compatible; MSIE 6.0; Windows NT 5.1; .NET CLR 1.1.4322)"
90.8.6.213 - - [14/Sep/2006:17:36:39 +0000] "GET /Sartilly/Tourisme--139.html HTTP/1.1" 200 14297 "" "Mozilla/4.0 (compatible; MSIE 6.0; Windows NT 5.1; .NET CLR 1.1.4322)"
90.8.6.213 - - [14/Sep/2006:17:37:09 +0000] "GET /Sartilly/Tourisme--139.html HTTP/1.1" 200 14297 "" "Mozilla/4.0 (compatible; MSIE 6.0; Windows NT 5.1; .NET CLR 1.1.4322)"
90.8.6.213 - - [14/Sep/2006:17:38:20 +0000] "GET /Sartilly/Tourisme--139.html HTTP/1.1" 200 14224 "" "Mozilla/4.0 (compatible; MSIE 6.0; Windows NT 5.1; .NET CLR 1.1.4322)"
90.8.6.213 - - [14/Sep/2006:17:50:10 +0000] "GET /Sartilly/D_couvrir--140.html HTTP/1.1" 200 14404 "" "Mozilla/4.0 (compatible; MSIE 6.0; Windows NT 5.1; .NET CLR 1.1.4322)"
90.8.6.213 - - [14/Sep/2006:17:50:29 +0000] "GET /Sartilly/Loisirs--136.html HTTP/1.1" 200 12593 "" "Mozilla/4.0 (compatible; MSIE 6.0; Windows NT 5.1; .NET CLR 1.1.4322)"
90.8.6.213 - - [14/Sep/2006:17:51:00 +0000] "GET /Sartilly/Calendrier--135.html HTTP/1.1" 200 16751 "" "Mozilla/4.0 (compatible; MSIE 6.0; Windows NT 5.1; .NET CLR 1.1.4322)"
90.8.6.213 - - [14/Sep/2006:18:05:33 +0000] "GET /Sartilly/Tourisme--139.html HTTP/1.1" 200 14224 "" "Mozilla/4.0 (compatible; MSIE 6.0; Windows NT 5.1; .NET CLR 1.1.4322)"
90.8.6.213 - - [14/Sep/2006:18:09:00 +0000] "GET /Sartilly/D_couvrir--140.html HTTP/1.1" 200 14404 "" "Mozilla/4.0 (compatible; MSIE 6.0; Windows NT 5.1; .NET CLR 1.1.4322)"
82.126.59.236 - - [14/Sep/2006:18:30:00 +0000] "GET /Porte_de_la_Baie/Communes/Champeaux/D_couvrir--98.html HTTP/1.1" 200 9710 "http://www.google.fr/search?q=carolles&start=0&ie=utf-8&oe=utf-8&client=firefox-a&rls=org.mozilla:fr:official" "Mozilla/5.0 (Windows; U; Windows NT 5.1; fr; rv:1.8.0.6) Gecko/20060728 Firefox/1.5.0.6"
83.199.246.90 - - [14/Sep/2006:18:34:13 +0000] "GET /Sartilly--66.html HTTP/1.1" 200 18448 "http://www.portedelabaie.com/no_cache/fr/communes/bacilly/hebergement.html?tx_travelguide_pi1%5Bscat%5D=4&tx_travelguide_pi1%5Bsloc%5D=9" "Mozilla/5.0 (X11; U; Linux i686; fr; rv:1.8.0.6) Gecko/20060728 Firefox/1.5.0.6"
195.93.102.65 - - [14/Sep/2006:18:42:22 +0000] "GET /Porte_de_la_Baie/Communes/Champcey/D_couvrir--92.html HTTP/1.1" 200 9692 "http://images.google.fr/imgres?imgurl=http://www.portedelabaie.com/typo3temp/pics/2a94d5d517.jpg&imgrefurl=http://www.portedelabaie.com/index.php%3Fid%3D92&h=299&w=160&sz=13&hl=fr&start=2&tbnid=qDnnF3bloyOZ6M:&tbnh=116&tbnw=62&prev=/images%3Fq%3Dcroquis%2Bdu%2B18%2Bsi%25C3%25A8cle%26svnum%3D10%26hl%3Dfr%26lr%3D%26ie%3DUTF-8" "Mozilla/4.0 (compatible; MSIE 6.0; AOL 9.0; Windows NT 5.1; SV1)"
195.93.102.65 - - [14/Sep/2006:18:43:27 +0000] "GET /Porte_de_la_Baie/Communes/Champcey/D_couvrir--92.html HTTP/1.1" 200 9692 "http://images.google.fr/imgres?imgurl=http://www.portedelabaie.com/typo3temp/pics/2a94d5d517.jpg&imgrefurl=http://www.portedelabaie.com/index.php%3Fid%3D92&h=299&w=160&sz=13&hl=fr&start=2&tbnid=qDnnF3bloyOZ6M:&tbnh=116&tbnw=62&prev=/images%3Fq%3D%2Bcroquis%2Bdu%2B18%2Bsi%25C3%25A8cle%26svnum%3D10%26hl%3Dfr%26lr%3D%26ie%3DUTF-8%26sa%3DG" "Mozilla/4.0 (compatible; MSIE 6.0; AOL 9.0; Windows NT 5.1; SV1)"
213.246.47.66 - - [14/Sep/2006:19:52:56 +0000] "GET /Porte_de_la_Baie/Communes/Champeaux/D_couvrir--98.html HTTP/1.1" 200 9710 "" "Mozilla/5.0 (compatible; NetguideFrBot/0.1; http://www.netguide.fr/)"
85.68.181.171 - - [14/Sep/2006:20:23:46 +0000] "GET /Porte_de_la_Baie/Communes/Champeaux/D_couvrir--98.html HTTP/1.1" 200 9710 "" "Mozilla/4.0 (compatible ; MSIE 6.0; Windows NT 5.1)"
82.66.212.151 - - [14/Sep/2006:20:26:58 +0000] "GET /Porte_de_la_Baie/Communes/Champeaux/D_couvrir--98.html HTTP/1.1" 200 9710 "http://www.google.fr/search?client=firefox-a&rls=org.mozilla%3Afr%3Aofficial_s&hl=fr&q=carolles&meta=&btnG=Recherche+Google" "Mozilla/5.0 (Windows; U; Windows NT 5.1; fr; rv:1.8.0.6) Gecko/20060728 Firefox/1.5.0.6"
90.8.4.98 - - [14/Sep/2006:20:32:30 +0000] "GET /Porte_de_la_Baie/Communes/Bacilly--64.html HTTP/1.1" 200 16796 "http://www.ville-angey.com/" "Mozilla/4.0 (compatible; MSIE 6.0; Windows NT 5.1; SV1; Wanadoo 6.7; .NET CLR 1.1.4322)"
