212.87.119.238 - - [16/Sep/2006:09:01:37 +0000] "GET /Sartilly--66.html HTTP/1.1" 200 18470 "http://www.portedelabaie.com/" "Mozilla/5.0 (Windows; U; Windows NT 5.1; fr; rv:1.8.0.7) Gecko/20060909 Firefox/1.5.0.7"
212.87.119.238 - - [16/Sep/2006:09:01:39 +0000] "GET /Sartilly--66.html HTTP/1.1" 200 18470 "" "Mozilla/5.0 (Windows; U; Windows NT 5.1; fr; rv:1.8.0.7) Gecko/20060909 Firefox/1.5.0.7"
86.203.41.60 - - [16/Sep/2006:09:01:46 +0000] "GET /Porte_de_la_Baie/Communes/Gen_ts/H_bergement--108.html HTTP/1.1" 200 27856 "http://www.portedelabaie.com/fr/communes/genets/hebergement.html?tx_travelguide_pi1%5Bscat%5D=6&tx_travelguide_pi1%5Bsloc%5D=2" "Mozilla/4.0 (compatible; MSIE 6.0; Windows NT 5.1; SV1; Wanadoo 5.6)"
86.203.41.60 - - [16/Sep/2006:09:01:51 +0000] "GET /Porte_de_la_Baie/Communes/Gen_ts/Tourisme--109.html HTTP/1.1" 200 9685 "http://www.portedelabaie.com/fr/communes/genets/hebergement.html?tx_travelguide_pi1%5Bscat%5D=6&tx_travelguide_pi1%5Bsloc%5D=2" "Mozilla/4.0 (compatible; MSIE 6.0; Windows NT 5.1; SV1; Wanadoo 5.6)"
212.87.119.238 - - [16/Sep/2006:09:01:59 +0000] "GET /Sartilly/D_couvrir--140.html HTTP/1.1" 200 14406 "http://www.ville-sartilly.com/" "Mozilla/5.0 (Windows; U; Windows NT 5.1; fr; rv:1.8.0.7) Gecko/20060909 Firefox/1.5.0.7"
86.203.41.60 - - [16/Sep/2006:09:02:01 +0000] "GET /Porte_de_la_Baie/Communes/Gen_ts/Tourisme--109.html HTTP/1.1" 200 9685 "http://www.portedelabaie.com/fr/communes/genets/tourisme.html" "Mozilla/4.0 (compatible; MSIE 6.0; Windows NT 5.1; SV1; Wanadoo 5.6)"
86.203.41.60 - - [16/Sep/2006:09:02:04 +0000] "GET /Porte_de_la_Baie/Communes/Gen_ts/Loisirs--106.html HTTP/1.1" 200 9682 "http://www.portedelabaie.com/fr/communes/genets/tourisme.html" "Mozilla/4.0 (compatible; MSIE 6.0; Windows NT 5.1; SV1; Wanadoo 5.6)"
86.203.41.60 - - [16/Sep/2006:09:02:23 +0000] "GET /Porte_de_la_Baie/Communes/Gen_ts--59.html HTTP/1.1" 200 38801 "http://www.portedelabaie.com/fr.html" "Mozilla/4.0 (compatible; MSIE 6.0; Windows NT 5.1; SV1; Wanadoo 5.6)"
212.87.119.238 - - [16/Sep/2006:09:02:45 +0000] "GET /Sartilly/Vie_Pratique--137.html HTTP/1.1" 200 16153 "http://www.ville-sartilly.com/fr/decouvrir.html" "Mozilla/5.0 (Windows; U; Windows NT 5.1; fr; rv:1.8.0.7) Gecko/20060909 Firefox/1.5.0.7"
66.249.66.48 - - [16/Sep/2006:09:03:02 +0000] "GET /Sartilly/Calendrier--135.html HTTP/1.1" 200 13590 "" "Mozilla/5.0 (compatible; Googlebot/2.1; +http://www.google.com/bot.html)"
212.87.119.238 - - [16/Sep/2006:09:03:15 +0000] "GET /Sartilly/Loisirs--136.html HTTP/1.1" 200 12595 "http://www.ville-sartilly.com/fr/vie-pratique.html" "Mozilla/5.0 (Windows; U; Windows NT 5.1; fr; rv:1.8.0.7) Gecko/20060909 Firefox/1.5.0.7"
212.87.119.238 - - [16/Sep/2006:09:03:43 +0000] "GET /Sartilly/Calendrier--135.html HTTP/1.1" 200 17206 "http://www.ville-sartilly.com/fr/loisirs.html" "Mozilla/5.0 (Windows; U; Windows NT 5.1; fr; rv:1.8.0.7) Gecko/20060909 Firefox/1.5.0.7"
212.87.119.238 - - [16/Sep/2006:09:04:15 +0000] "GET /Sartilly/Actualit_s--185.html HTTP/1.1" 200 10475 "http://www.ville-sartilly.com/fr/calendrier.html" "Mozilla/5.0 (Windows; U; Windows NT 5.1; fr; rv:1.8.0.7) Gecko/20060909 Firefox/1.5.0.7"
86.203.41.60 - - [16/Sep/2006:09:04:20 +0000] "GET /Porte_de_la_Baie/Communes/Gen_ts/Loisirs--106.html HTTP/1.1" 200 9682 "http://www.portedelabaie.com/fr/communes/genets/tourisme.html" "Mozilla/4.0 (compatible; MSIE 6.0; Windows NT 5.1; SV1; Wanadoo 5.6)"
86.203.41.60 - - [16/Sep/2006:09:04:21 +0000] "GET /Porte_de_la_Baie/Communes/Gen_ts/Tourisme--109.html HTTP/1.1" 200 9685 "http://www.portedelabaie.com/fr/communes/genets/tourisme.html" "Mozilla/4.0 (compatible; MSIE 6.0; Windows NT 5.1; SV1; Wanadoo 5.6)"
86.203.41.60 - - [16/Sep/2006:09:04:21 +0000] "GET /Porte_de_la_Baie/Communes/Gen_ts/H_bergement--108.html HTTP/1.1" 200 27856 "http://www.portedelabaie.com/fr/communes/genets/hebergement.html?tx_travelguide_pi1%5Bscat%5D=6&tx_travelguide_pi1%5Bsloc%5D=2" "Mozilla/4.0 (compatible; MSIE 6.0; Windows NT 5.1; SV1; Wanadoo 5.6)"
86.203.41.60 - - [16/Sep/2006:09:04:23 +0000] "GET /Porte_de_la_Baie/Communes/Gen_ts/H_bergement--108.html HTTP/1.1" 200 27856 "http://www.portedelabaie.com/fr/communes/genets.html" "Mozilla/4.0 (compatible; MSIE 6.0; Windows NT 5.1; SV1; Wanadoo 5.6)"
212.87.119.238 - - [16/Sep/2006:09:04:23 +0000] "GET /Sartilly/Actualit_s--185.html HTTP/1.1" 200 10475 "http://www.ville-sartilly.com/fr/actualites.html?tx_newsflexible_article%5Bid%5D=14&cHash=85d99d1155" "Mozilla/5.0 (Windows; U; Windows NT 5.1; fr; rv:1.8.0.7) Gecko/20060909 Firefox/1.5.0.7"
86.203.41.60 - - [16/Sep/2006:09:04:25 +0000] "GET /Porte_de_la_Baie/Communes/Gen_ts--59.html HTTP/1.1" 200 38801 "http://www.google.fr/search?q=genets&hl=fr&lr=&start=30&sa=N" "Mozilla/4.0 (compatible; MSIE 6.0; Windows NT 5.1; SV1; Wanadoo 5.6)"
212.87.119.238 - - [16/Sep/2006:09:04:40 +0000] "GET /Sartilly/Vie_Pratique--137.html HTTP/1.1" 200 16153 "http://www.ville-sartilly.com/fr/actualites.html?tx_newsflexible_article%5Bid%5D=14&cHash=85d99d1155" "Mozilla/5.0 (Windows; U; Windows NT 5.1; fr; rv:1.8.0.7) Gecko/20060909 Firefox/1.5.0.7"
66.249.66.48 - - [16/Sep/2006:09:16:01 +0000] "GET /Porte_de_la_Baie/Communes/Gen_ts/Calendrier--105.html HTTP/1.1" 200 10674 "" "Mozilla/5.0 (compatible; Googlebot/2.1; +http://www.google.com/bot.html)"
86.205.154.119 - - [16/Sep/2006:09:30:09 +0000] "GET /Sartilly--66.html HTTP/1.1" 200 18470 "http://www.portedelabaie.com/" "Mozilla/4.0 (compatible; MSIE 5.5; Windows 98; Win 9x 4.90)"
86.205.154.119 - - [16/Sep/2006:09:31:07 +0000] "GET /Sartilly/Actualit_s--185.html HTTP/1.1" 200 10475 "http://www.ville-sartilly.com/" "Mozilla/4.0 (compatible; MSIE 5.5; Windows 98; Win 9x 4.90)"
86.205.154.119 - - [16/Sep/2006:09:32:17 +0000] "GET /Sartilly/D_couvrir--140.html HTTP/1.1" 200 14406 "http://www.ville-sartilly.com/" "Mozilla/4.0 (compatible; MSIE 5.5; Windows 98; Win 9x 4.90)"
86.205.154.119 - - [16/Sep/2006:09:32:23 +0000] "GET /Sartilly--66.html HTTP/1.1" 200 18470 "http://www.ville-sartilly.com/fr/decouvrir.html" "Mozilla/4.0 (compatible; MSIE 5.5; Windows 98; Win 9x 4.90)"
86.205.154.119 - - [16/Sep/2006:09:36:56 +0000] "GET /Sartilly/Tourisme--139.html HTTP/1.1" 200 14226 "http://www.ville-sartilly.com/fr.html" "Mozilla/4.0 (compatible; MSIE 5.5; Windows 98; Win 9x 4.90)"
86.205.154.119 - - [16/Sep/2006:09:37:02 +0000] "GET /Sartilly/D_couvrir--140.html HTTP/1.1" 200 14406 "http://www.ville-sartilly.com/fr/tourisme.html" "Mozilla/4.0 (compatible; MSIE 5.5; Windows 98; Win 9x 4.90)"
86.205.154.119 - - [16/Sep/2006:09:37:08 +0000] "GET /Sartilly/D_couvrir--140.html HTTP/1.1" 200 14406 "http://www.ville-sartilly.com/fr/decouvrir.html" "Mozilla/4.0 (compatible; MSIE 5.5; Windows 98; Win 9x 4.90)"
86.205.154.119 - - [16/Sep/2006:09:38:38 +0000] "GET /Sartilly/Tourisme--139.html HTTP/1.1" 200 14226 "http://www.ville-sartilly.com/fr/decouvrir.html" "Mozilla/4.0 (compatible; MSIE 5.5; Windows 98; Win 9x 4.90)"
66.249.66.48 - - [16/Sep/2006:09:40:50 +0000] "GET /Porte_de_la_Baie/Communes/Dragey-Ronthon/Actualit_s--179.html HTTP/1.1" 200 10933 "" "Mozilla/5.0 (compatible; Googlebot/2.1; +http://www.google.com/bot.html)"
66.249.66.48 - - [16/Sep/2006:09:45:02 +0000] "GET /Porte_de_la_Baie/Communes/Saint-Jean_le_Thomas/H_bergement--126.html HTTP/1.1" 200 29116 "" "Mozilla/5.0 (compatible; Googlebot/2.1; +http://www.google.com/bot.html)"
66.249.66.48 - - [16/Sep/2006:09:58:56 +0000] "GET /Porte_de_la_Baie/Communes/Saint-Jean_le_Thomas--68.html HTTP/1.1" 200 19663 "" "Mozilla/5.0 (compatible; Googlebot/2.1; +http://www.google.com/bot.html)"
66.249.66.48 - - [16/Sep/2006:10:54:50 +0000] "GET /Porte_de_la_Baie/Communes/Dragey-Ronthon/H_bergement--102.html HTTP/1.1" 200 28604 "" "Mozilla/5.0 (compatible; Googlebot/2.1; +http://www.google.com/bot.html)"
66.249.66.48 - - [16/Sep/2006:11:08:45 +0000] "GET /Porte_de_la_Baie/Communes/Champeaux/Calendrier--93.html HTTP/1.1" 200 17768 "" "Mozilla/5.0 (compatible; Googlebot/2.1; +http://www.google.com/bot.html)"
66.249.66.48 - - [16/Sep/2006:11:19:11 +0000] "GET /Porte_de_la_Baie/Communes/Dragey-Ronthon/Calendrier--99.html HTTP/1.1" 200 14252 "" "Mozilla/5.0 (compatible; Googlebot/2.1; +http://www.google.com/bot.html)"
66.249.66.48 - - [16/Sep/2006:11:22:55 +0000] "GET /Porte_de_la_Baie/Communes/Dragey-Ronthon/Tourisme--103.html HTTP/1.1" 200 9845 "" "Mozilla/5.0 (compatible; Googlebot/2.1; +http://www.google.com/bot.html)"
66.249.66.48 - - [16/Sep/2006:11:31:56 +0000] "GET /Porte_de_la_Baie/Communes/Champcey/Calendrier--87.html HTTP/1.1" 200 14084 "" "Mozilla/5.0 (compatible; Googlebot/2.1; +http://www.google.com/bot.html)"
66.249.66.48 - - [16/Sep/2006:11:36:58 +0000] "GET /Porte_de_la_Baie/Communes/Bacilly/Calendrier--75.html HTTP/1.1" 200 17733 "" "Mozilla/5.0 (compatible; Googlebot/2.1; +http://www.google.com/bot.html)"
66.249.66.48 - - [16/Sep/2006:11:50:48 +0000] "GET /Porte_de_la_Baie/Communes/Bacilly/Calendrier--75.html HTTP/1.1" 200 17733 "" "Mozilla/5.0 (compatible; Googlebot/2.1; +http://www.google.com/bot.html)"
66.249.66.48 - - [16/Sep/2006:11:54:47 +0000] "GET /Porte_de_la_Baie/Communes/Champeaux/Calendrier--93.html HTTP/1.1" 200 10734 "" "Mozilla/5.0 (compatible; Googlebot/2.1; +http://www.google.com/bot.html)"
66.249.66.48 - - [16/Sep/2006:12:45:42 +0000] "GET /Porte_de_la_Baie/Communes/Lolif/Tourisme--115.html HTTP/1.1" 200 9667 "" "Mozilla/5.0 (compatible; Googlebot/2.1; +http://www.google.com/bot.html)"
66.249.66.48 - - [16/Sep/2006:12:45:43 +0000] "GET /Porte_de_la_Baie/Communes/Lolif/Loisirs--112.html HTTP/1.1" 200 9664 "" "Mozilla/5.0 (compatible; Googlebot/2.1; +http://www.google.com/bot.html)"
66.249.66.48 - - [16/Sep/2006:12:46:37 +0000] "GET /Porte_de_la_Baie/Communes/Bacilly/Actualit_s--174.html HTTP/1.1" 200 9614 "" "Mozilla/5.0 (compatible; Googlebot/2.1; +http://www.google.com/bot.html)"
66.249.66.48 - - [16/Sep/2006:13:00:56 +0000] "GET /Porte_de_la_Baie/Communes/Bacilly/Actualit_s--174.html HTTP/1.1" 200 9614 "" "Mozilla/5.0 (compatible; Googlebot/2.1; +http://www.google.com/bot.html)"
86.195.154.116 - - [16/Sep/2006:13:36:01 +0000] "GET /Sartilly/Loisirs--136.html HTTP/1.1" 200 12596 "http://www.google.fr/search?client=firefox-a&rls=org.mozilla%3Afr%3Aofficial_s&hl=fr&q=medecins+hopital+granville&meta=&btnG=Recherche+Google" "Mozilla/5.0 (Windows; U; Windows NT 5.1; fr; rv:1.8.0.6) Gecko/20060728 Firefox/1.5.0.6"
86.210.5.89 - - [16/Sep/2006:14:06:09 +0000] "GET /Porte_de_la_Baie/Communes/Saint-Jean_le_Thomas--68.html HTTP/1.1" 200 19663 "http://www.google.fr/search?hl=fr&q=la+vie+sur+les+hermelles&meta=" "Mozilla/4.0 (compatible; MSIE 6.0; Windows NT 5.1; .NET CLR 1.0.3705)"
82.249.52.167 - - [16/Sep/2006:14:36:48 +0000] "GET /Porte_de_la_Baie/Communes/Saint-Jean_le_Thomas--68.html HTTP/1.1" 200 19663 "http://www.google.fr/search?hl=fr&q=hermelles&sa=N&tab=iw" "Mozilla/4.0 (compatible; MSIE 6.0; Windows NT 5.1; SV1; SIMBAR Enabled; SIMBAR={99A7729A-62E4-419d-B148-8109D7BAB2F4}; SIMBAR=0; HbTools 4.8.0)"
83.115.29.206 - - [16/Sep/2006:14:41:06 +0000] "GET /Sartilly--66.html HTTP/1.1" 200 18470 "" "Mozilla/4.0 (compatible; MSIE 6.0; Windows NT 5.1; SV1; .NET CLR 1.1.4322)"
83.115.29.206 - - [16/Sep/2006:14:41:15 +0000] "GET /Sartilly/Loisirs--136.html HTTP/1.1" 200 12595 "http://www.ville-sartilly.com/" "Mozilla/4.0 (compatible; MSIE 6.0; Windows NT 5.1; SV1; .NET CLR 1.1.4322)"
83.115.29.206 - - [16/Sep/2006:14:41:29 +0000] "GET /Sartilly/Loisirs--136.html HTTP/1.1" 200 12595 "http://www.ville-sartilly.com/fr/loisirs.html" "Mozilla/4.0 (compatible; MSIE 6.0; Windows NT 5.1; SV1; .NET CLR 1.1.4322)"
83.114.226.239 - - [16/Sep/2006:15:00:10 +0000] "GET /Porte_de_la_Baie/Communes/Champeaux/Vie_Pratique--95.html HTTP/1.1" 200 9757 "http://fr.altavista.com/web/results?itag=ody&kgs=1&kls=0&q=une+porte+en+plein+cintre+&stq=10" "Mozilla/4.0 (compatible; MSIE 6.0; Windows NT 5.1; SV1)"
66.249.66.48 - - [16/Sep/2006:15:02:21 +0000] "GET /Porte_de_la_Baie/Communes/Bacilly/Tourisme--79.html HTTP/1.1" 200 9723 "" "Mozilla/5.0 (compatible; Googlebot/2.1; +http://www.google.com/bot.html)"
66.249.66.48 - - [16/Sep/2006:15:13:01 +0000] "GET /Porte_de_la_Baie/Communes/Lolif/Calendrier--111.html HTTP/1.1" 200 17664 "" "Mozilla/5.0 (compatible; Googlebot/2.1; +http://www.google.com/bot.html)"
72.30.102.223 - - [16/Sep/2006:15:17:29 +0000] "GET /Porte_de_la_Baie/Communes/Champeaux/D_couvrir--98.html HTTP/1.1" 200 9748 "" "Mozilla/5.0 (compatible; Yahoo! Slurp; http://help.yahoo.com/help/us/ysearch/slurp)"
66.249.66.48 - - [16/Sep/2006:15:24:19 +0000] "GET /Porte_de_la_Baie/Communes/Lolif/D_couvrir--116.html HTTP/1.1" 200 9670 "" "Mozilla/5.0 (compatible; Googlebot/2.1; +http://www.google.com/bot.html)"
66.249.66.48 - - [16/Sep/2006:15:36:04 +0000] "GET /Porte_de_la_Baie/Communes/Bacilly/Loisirs--76.html HTTP/1.1" 200 9720 "" "Mozilla/5.0 (compatible; Googlebot/2.1; +http://www.google.com/bot.html)"
86.195.3.40 - - [16/Sep/2006:15:46:59 +0000] "GET /Porte_de_la_Baie/Communes/Gen_ts--59.html HTTP/1.1" 200 38801 "http://www.google.fr/search?hl=fr&q=robert+de+torigny&meta=" "Mozilla/4.0 (compatible; MSIE 6.0; Windows 98)"
86.208.17.171 - - [16/Sep/2006:15:49:15 +0000] "GET /Porte_de_la_Baie/Communes/Saint-Jean_le_Thomas--68.html HTTP/1.1" 200 19663 "http://www.google.fr/search?q=saint+jean+le+thomas&hl=fr&lr=&cr=countryFR&start=0&sa=N" "Mozilla/4.0 (compatible; MSIE 6.0; Windows NT 5.1; SV1; Wanadoo 7.1; .NET CLR 1.0.3705; .NET CLR 1.1.4322)"
86.208.17.171 - - [16/Sep/2006:15:49:45 +0000] "GET /Porte_de_la_Baie/Communes/Saint-Jean_le_Thomas/H_bergement--126.html HTTP/1.1" 200 29048 "http://www.portedelabaie.com/fr/communes/saint-jean-le-thomas.html" "Mozilla/4.0 (compatible; MSIE 6.0; Windows NT 5.1; SV1; Wanadoo 7.1; .NET CLR 1.0.3705; .NET CLR 1.1.4322)"
86.208.17.171 - - [16/Sep/2006:15:50:20 +0000] "GET /Porte_de_la_Baie/Communes/Saint-Jean_le_Thomas/H_bergement--126.html HTTP/1.1" 200 29048 "http://www.portedelabaie.com/fr/communes/saint-jean-le-thomas/hebergement.html" "Mozilla/4.0 (compatible; MSIE 6.0; Windows NT 5.1; SV1; Wanadoo 7.1; .NET CLR 1.0.3705; .NET CLR 1.1.4322)"
66.249.66.48 - - [16/Sep/2006:16:13:25 +0000] "GET /Porte_de_la_Baie/Communes/Bacilly/D_couvrir--80.html HTTP/1.1" 200 9726 "" "Mozilla/5.0 (compatible; Googlebot/2.1; +http://www.google.com/bot.html)"
66.249.66.48 - - [16/Sep/2006:16:24:58 +0000] "GET /Porte_de_la_Baie/Communes/Lolif/H_bergement--114.html HTTP/1.1" 200 27773 "" "Mozilla/5.0 (compatible; Googlebot/2.1; +http://www.google.com/bot.html)"
66.249.66.48 - - [16/Sep/2006:17:03:59 +0000] "GET /Sartilly--66.html HTTP/1.1" 200 18470 "" "Mozilla/5.0 (compatible; Googlebot/2.1; +http://www.google.com/bot.html)"
80.200.219.36 - - [16/Sep/2006:17:04:22 +0000] "GET /Porte_de_la_Baie/Communes/Champeaux/H_bergement--96.html HTTP/1.1" 200 28110 "http://www.portedelabaie.com/fr/tourisme/week-end-du-vent.html" "Mozilla/4.0 (compatible; MSIE 6.0; Windows NT 5.1; SV1; .NET CLR 1.1.4322)"
66.249.66.48 - - [16/Sep/2006:17:17:16 +0000] "GET /Porte_de_la_Baie/Communes/Lolif/Vie_Pratique--113.html HTTP/1.1" 200 9679 "" "Mozilla/5.0 (compatible; Googlebot/2.1; +http://www.google.com/bot.html)"
81.111.199.84 - - [16/Sep/2006:17:23:43 +0000] "GET /Porte_de_la_Baie/Communes/Saint-Jean_le_Thomas--68.html HTTP/1.1" 200 19663 "http://search.ntlworld.com/ntlworld/search.php?q=photos+of+st+jean+le+thomas&cr=&start=20" "Mozilla/4.0 (compatible; MSIE 6.0; Windows NT 5.1; SV1; .NET CLR 1.1.4322)"
212.87.119.238 - - [16/Sep/2006:18:07:10 +0000] "GET /Sartilly--66.html HTTP/1.1" 200 18470 "http://www.portedelabaie.com/no_cache/fr/hebergement.html" "Mozilla/5.0 (Windows; U; Windows NT 5.1; fr; rv:1.8.0.7) Gecko/20060909 Firefox/1.5.0.7"
212.87.119.238 - - [16/Sep/2006:18:10:29 +0000] "GET /Sartilly--66.html HTTP/1.1" 200 18470 "http://www.google.be/search?sourceid=navclient-ff&ie=UTF-8&rls=GGGL,GGGL:2006-31,GGGL:fr&q=sartilly" "Mozilla/5.0 (Windows; U; Windows NT 5.1; fr; rv:1.8.0.7) Gecko/20060909 Firefox/1.5.0.7"
128.241.20.86 - - [16/Sep/2006:18:15:54 +0000] "GET /Porte_de_la_Baie/Communes/Champeaux/D_couvrir--98.html HTTP/1.1" 200 9748 "" "Mozilla/4.0 (compatible; MSIE 7.0; Windows NT 5.1; SV1; .NET CLR 2.0.50727)"
212.198.49.180 - - [16/Sep/2006:18:15:55 +0000] "GET /Porte_de_la_Baie/Communes/Champeaux/D_couvrir--98.html HTTP/1.1" 200 9748 "http://www.noos.fr/recherche/recherche_web.php?nbrresult=&Partner=noos_xml_fr_searchbox_home&Keywords=Carolles&rechechetype=1&x=52&y=9" "Mozilla/4.0 (compatible; MSIE 6.0; Windows NT 5.1; SV1; NOOS; .NET CLR 1.1.4322)"
128.241.20.88 - - [16/Sep/2006:18:16:11 +0000] "GET /Porte_de_la_Baie/Communes/Champeaux/Vie_Pratique--95.html HTTP/1.1" 200 9757 "" "Mozilla/4.0 (compatible; MSIE 7.0; Windows NT 5.1; SV1; .NET CLR 2.0.50727)"
212.198.49.180 - - [16/Sep/2006:18:16:13 +0000] "GET /Porte_de_la_Baie/Communes/Champeaux/Vie_Pratique--95.html HTTP/1.1" 200 9757 "http://www.portedelabaie.com/index.php?id=98" "Mozilla/4.0 (compatible; MSIE 6.0; Windows NT 5.1; SV1; NOOS; .NET CLR 1.1.4322)"
212.198.49.180 - - [16/Sep/2006:18:16:26 +0000] "GET /Porte_de_la_Baie/Communes/Champeaux/Vie_Pratique--95.html HTTP/1.1" 200 9757 "http://www.portedelabaie.com/fr/communes/champeaux/vie-pratique.html" "Mozilla/4.0 (compatible; MSIE 6.0; Windows NT 5.1; SV1; NOOS; .NET CLR 1.1.4322)"
128.241.20.89 - - [16/Sep/2006:18:17:10 +0000] "GET /Porte_de_la_Baie/Communes/Champeaux/D_couvrir--98.html HTTP/1.1" 200 9748 "" "Mozilla/4.0 (compatible; MSIE 7.0; Windows NT 5.1; SV1; .NET CLR 2.0.50727)"
212.198.49.180 - - [16/Sep/2006:18:17:11 +0000] "GET /Porte_de_la_Baie/Communes/Champeaux/D_couvrir--98.html HTTP/1.1" 200 9748 "http://www.portedelabaie.com/fr/communes/champeaux/vie-pratique.html" "Mozilla/4.0 (compatible; MSIE 6.0; Windows NT 5.1; SV1; NOOS; .NET CLR 1.1.4322)"
66.249.66.48 - - [16/Sep/2006:19:10:34 +0000] "GET /Porte_de_la_Baie/Communes/Bacilly/Vie_Pratique--77.html HTTP/1.1" 200 9735 "" "Mozilla/5.0 (compatible; Googlebot/2.1; +http://www.google.com/bot.html)"
81.48.20.77 - - [16/Sep/2006:19:12:29 +0000] "GET /Porte_de_la_Baie/Communes/Saint-Jean_le_Thomas--68.html HTTP/1.1" 200 19663 "http://www.google.fr/search?hl=fr&q=st+jean+le+thomas&meta=" "Mozilla/4.0 (compatible; MSIE 6.0; Windows NT 5.0)"
81.48.20.77 - - [16/Sep/2006:19:12:38 +0000] "GET /Porte_de_la_Baie/Communes/Saint-Jean_le_Thomas/Vie_Pratique--125.html HTTP/1.1" 200 9979 "http://www.portedelabaie.com/fr/communes/saint-jean-le-thomas.html" "Mozilla/4.0 (compatible; MSIE 6.0; Windows NT 5.0)"
81.48.20.77 - - [16/Sep/2006:19:12:40 +0000] "GET /Porte_de_la_Baie/Communes/Saint-Jean_le_Thomas/Loisirs--124.html HTTP/1.1" 200 9964 "http://www.portedelabaie.com/fr/communes/saint-jean-le-thomas/vie-pratique.html" "Mozilla/4.0 (compatible; MSIE 6.0; Windows NT 5.0)"
81.48.20.77 - - [16/Sep/2006:19:12:48 +0000] "GET /Porte_de_la_Baie/Communes/Saint-Jean_le_Thomas/Loisirs--124.html HTTP/1.1" 200 9964 "http://www.portedelabaie.com/fr/communes/saint-jean-le-thomas/loisirs.html" "Mozilla/4.0 (compatible; MSIE 6.0; Windows NT 5.0)"
81.48.20.77 - - [16/Sep/2006:19:12:52 +0000] "GET /Porte_de_la_Baie/Communes/Saint-Jean_le_Thomas/Loisirs--124.html HTTP/1.1" 200 9964 "http://www.portedelabaie.com/fr/communes/saint-jean-le-thomas/loisirs.html" "Mozilla/4.0 (compatible; MSIE 6.0; Windows NT 5.0)"
81.48.20.77 - - [16/Sep/2006:19:12:57 +0000] "GET /Porte_de_la_Baie/Communes/Saint-Jean_le_Thomas/Loisirs--124.html HTTP/1.1" 200 9964 "http://www.portedelabaie.com/fr/communes/saint-jean-le-thomas/loisirs.html" "Mozilla/4.0 (compatible; MSIE 6.0; Windows NT 5.0)"
81.48.20.77 - - [16/Sep/2006:19:12:59 +0000] "GET /Porte_de_la_Baie/Communes/Saint-Jean_le_Thomas/D_couvrir--128.html HTTP/1.1" 200 13713 "http://www.portedelabaie.com/fr/communes/saint-jean-le-thomas/loisirs.html" "Mozilla/4.0 (compatible; MSIE 6.0; Windows NT 5.0)"
81.48.20.77 - - [16/Sep/2006:19:13:04 +0000] "GET /Porte_de_la_Baie/Communes/Saint-Jean_le_Thomas/Loisirs--124.html HTTP/1.1" 200 9964 "http://www.portedelabaie.com/fr/communes/saint-jean-le-thomas/decouvrir.html" "Mozilla/4.0 (compatible; MSIE 6.0; Windows NT 5.0)"
81.48.20.77 - - [16/Sep/2006:19:13:13 +0000] "GET /Porte_de_la_Baie/Communes/Saint-Jean_le_Thomas/Loisirs--124.html HTTP/1.1" 200 9964 "http://www.portedelabaie.com/fr/communes/saint-jean-le-thomas/loisirs.html" "Mozilla/4.0 (compatible; MSIE 6.0; Windows NT 5.0)"
201.56.107.206 - - [16/Sep/2006:19:14:24 +0000] "GET /Porte_de_la_Baie/Communes/Champeaux--61.html HTTP/1.1" 200 21120 "http://www.google.com.br/search?hl=pt-BR&q=champeaux&btnG=Pesquisa+Google&meta=" "Mozilla/4.0 (compatible; MSIE 6.0; Windows NT 5.1; SV1)"
82.47.83.82 - - [16/Sep/2006:19:17:50 +0000] "GET /Porte_de_la_Baie/Communes/Bacilly--64.html HTTP/1.1" 200 16830 "http://www.ville-angey.com/" "Mozilla/4.0 (compatible; MSIE 6.0; Windows NT 5.1; SV1; .NET CLR 1.1.4322)"
82.47.83.82 - - [16/Sep/2006:19:18:17 +0000] "GET /Porte_de_la_Baie/Communes/Champcey--62.html HTTP/1.1" 200 20016 "http://www.portedelabaie.com/fr/communes/carolles.html" "Mozilla/4.0 (compatible; MSIE 6.0; Windows NT 5.1; SV1; .NET CLR 1.1.4322)"
82.47.83.82 - - [16/Sep/2006:19:18:31 +0000] "GET /Porte_de_la_Baie/Communes/Champeaux--61.html HTTP/1.1" 200 21120 "http://www.portedelabaie.com/fr/communes/champcey.html" "Mozilla/4.0 (compatible; MSIE 6.0; Windows NT 5.1; SV1; .NET CLR 1.1.4322)"
66.249.66.48 - - [16/Sep/2006:19:19:12 +0000] "GET /Porte_de_la_Baie/Communes/Saint-Jean_le_Thomas/Loisirs--124.html HTTP/1.1" 200 9964 "" "Mozilla/5.0 (compatible; Googlebot/2.1; +http://www.google.com/bot.html)"
82.47.83.82 - - [16/Sep/2006:19:26:33 +0000] "GET /Porte_de_la_Baie/Communes/Dragey-Ronthon--60.html HTTP/1.1" 200 22267 "http://www.portedelabaie.com/fr/communes/carolles.html" "Mozilla/4.0 (compatible; MSIE 6.0; Windows NT 5.1; SV1; .NET CLR 1.1.4322)"
66.249.66.48 - - [16/Sep/2006:19:30:54 +0000] "GET /Porte_de_la_Baie/Communes/Saint-Jean_le_Thomas/Tourisme--127.html HTTP/1.1" 200 9967 "" "Mozilla/5.0 (compatible; Googlebot/2.1; +http://www.google.com/bot.html)"
66.249.66.48 - - [16/Sep/2006:20:02:32 +0000] "GET /Porte_de_la_Baie/Communes/Bacilly/Calendrier--75.html HTTP/1.1" 200 17744 "" "Mozilla/5.0 (compatible; Googlebot/2.1; +http://www.google.com/bot.html)"
66.249.66.48 - - [16/Sep/2006:20:58:12 +0000] "GET /Porte_de_la_Baie/Communes/Saint-Jean_le_Thomas/D_couvrir--128.html HTTP/1.1" 200 13713 "" "Mozilla/5.0 (compatible; Googlebot/2.1; +http://www.google.com/bot.html)"
66.249.66.48 - - [16/Sep/2006:21:51:08 +0000] "GET /Porte_de_la_Baie/Communes/Saint-Jean_le_Thomas/Calendrier--123.html HTTP/1.1" 200 18144 "" "Mozilla/5.0 (compatible; Googlebot/2.1; +http://www.google.com/bot.html)"
86.199.191.83 - - [16/Sep/2006:22:38:21 +0000] "GET /Porte_de_la_Baie/Communes/Dragey-Ronthon/Vie_Pratique--101.html HTTP/1.1" 200 9857 "http://images.google.fr/imgres?imgurl=http://www.portedelabaie.com/typo3temp/pics/198d512e70.jpg&imgrefurl=http://www.portedelabaie.com/index.php%3Fid%3D101&h=120&w=160&sz=5&hl=fr&start=87&tbnid=Ks8zTnuZe1UaTM:&tbnh=74&tbnw=98&prev=/images%3Fq%3Dsartilly%26start%3D80%26ndsp%3D20%26svnum%3D10%26hl%3Dfr%26lr%3D%26rls%3DGGLJ,GGLJ:2006-23,GGLJ:fr%26sa%3DN" "Mozilla/4.0 (compatible; MSIE 6.0; Windows NT 5.1; SV1; .NET CLR 1.1.4322)"
65.55.212.216 - - [16/Sep/2006:22:43:43 +0000] "GET /Sartilly--66.html HTTP/1.1" 200 18470 "" "msnbot/0.9 (+http://search.msn.com/msnbot.htm)"
65.55.212.216 - - [16/Sep/2006:22:43:44 +0000] "GET /Sartilly--66.html HTTP/1.1" 200 18470 "" "msnbot/0.9 (+http://search.msn.com/msnbot.htm)"
65.55.212.216 - - [16/Sep/2006:22:43:44 +0000] "GET /Sartilly--66.html HTTP/1.1" 200 18470 "" "msnbot/0.9 (+http://search.msn.com/msnbot.htm)"
86.205.216.252 - - [16/Sep/2006:23:05:19 +0000] "GET /Sartilly--66.html HTTP/1.1" 200 18470 "http://www.portedelabaie.com/" "Mozilla/4.0 (compatible; MSIE 6.0; Windows NT 5.1; SV1; .NET CLR 1.1.4322)"
86.205.216.252 - - [16/Sep/2006:23:12:16 +0000] "GET /Porte_de_la_Baie/Communes/Gen_ts--59.html HTTP/1.1" 200 38801 "http://www.portedelabaie.com/fr.html" "Mozilla/4.0 (compatible; MSIE 6.0; Windows NT 5.1; SV1; .NET CLR 1.1.4322)"
86.205.216.252 - - [16/Sep/2006:23:15:24 +0000] "GET /Porte_de_la_Baie/Communes/Gen_ts--59.html HTTP/1.1" 200 38801 "http://www.portedelabaie.com/fr.html" "Mozilla/4.0 (compatible; MSIE 6.0; Windows NT 5.1; SV1; .NET CLR 1.1.4322)"
86.205.216.252 - - [16/Sep/2006:23:16:14 +0000] "GET /Sartilly--66.html HTTP/1.1" 200 18470 "http://www.portedelabaie.com/" "Mozilla/4.0 (compatible; MSIE 6.0; Windows NT 5.1; SV1; .NET CLR 1.1.4322)"
86.205.216.252 - - [16/Sep/2006:23:18:25 +0000] "GET /Sartilly--66.html HTTP/1.1" 200 18470 "http://www.ville-sartilly.com/" "Mozilla/4.0 (compatible; MSIE 6.0; Windows NT 5.1; SV1; .NET CLR 1.1.4322)"
86.205.216.252 - - [16/Sep/2006:23:18:35 +0000] "GET /Sartilly--66.html HTTP/1.1" 200 18470 "http://www.portedelabaie.com/" "Mozilla/4.0 (compatible; MSIE 6.0; Windows NT 5.1; SV1; .NET CLR 1.1.4322)"
202.160.179.63 - - [16/Sep/2006:23:57:11 +0000] "GET /Porte_de_la_Baie/Communes/Champeaux/D_couvrir--98.html HTTP/1.1" 200 9748 "" "Mozilla/5.0 (compatible; Yahoo! Slurp China; http://misc.yahoo.com.cn/help.html)"
66.249.66.48 - - [17/Sep/2006:00:01:00 +0000] "GET /Porte_de_la_Baie/Communes/Saint-Jean_le_Thomas/H_bergement--126.html HTTP/1.1" 200 29048 "" "Mozilla/5.0 (compatible; Googlebot/2.1; +http://www.google.com/bot.html)"
66.249.66.48 - - [17/Sep/2006:00:28:04 +0000] "GET /Porte_de_la_Baie/Communes/Saint-Jean_le_Thomas/Vie_Pratique--125.html HTTP/1.1" 200 9979 "" "Mozilla/5.0 (compatible; Googlebot/2.1; +http://www.google.com/bot.html)"
66.249.66.48 - - [17/Sep/2006:00:43:09 +0000] "GET /Porte_de_la_Baie/Communes/Bacilly/H_bergement--78.html HTTP/1.1" 200 28390 "" "Mozilla/5.0 (compatible; Googlebot/2.1; +http://www.google.com/bot.html)"
66.249.66.48 - - [17/Sep/2006:00:57:34 +0000] "GET /Porte_de_la_Baie/Communes/Saint-Jean_le_Thomas/Actualit_s--183.html HTTP/1.1" 200 11049 "" "Mozilla/5.0 (compatible; Googlebot/2.1; +http://www.google.com/bot.html)"
82.250.86.134 - - [17/Sep/2006:01:03:48 +0000] "GET /Porte_de_la_Baie/Communes/Champeaux--61.html HTTP/1.1" 200 21120 "http://www.google.fr/search?hl=fr&q=EGLISE+CHAMPEAUX&meta=" "Mozilla/4.0 (compatible; MSIE 6.0; Windows NT 5.1; SV1; .NET CLR 1.1.4322)"
80.134.87.196 - - [17/Sep/2006:01:18:37 +0000] "GET /Porte_de_la_Baie/Communes/Dragey-Ronthon/Tourisme--103.html HTTP/1.1" 200 9845 "http://images.google.de/imgres?imgurl=http://www.portedelabaie.com/typo3temp/pics/12b1b59878.jpg&imgrefurl=http://www.portedelabaie.com/index.php%3Fid%3D103&h=75&w=100&sz=3&hl=de&start=56&tbnid=8BBzVo_ZE2oc9M:&tbnh=62&tbnw=82&prev=/images%3Fq%3DSaint-Jean-Le-Thomas%26start%3D40%26ndsp%3D20%26svnum%3D10%26hl%3Dde%26lr%3D%26client%3Dfirefox-a%26rls%3Dorg.mozilla:de:official_s%26sa%3DN" "Mozilla/5.0 (Windows; U; Windows NT 5.1; de; rv:1.8.0.7) Gecko/20060909 Firefox/1.5.0.7"
80.134.87.196 - - [17/Sep/2006:01:19:14 +0000] "GET /Porte_de_la_Baie/Communes/Dragey-Ronthon/H_bergement--102.html HTTP/1.1" 200 28536 "http://www.portedelabaie.com/index.php?id=103" "Mozilla/5.0 (Windows; U; Windows NT 5.1; de; rv:1.8.0.7) Gecko/20060909 Firefox/1.5.0.7"
80.134.87.196 - - [17/Sep/2006:01:20:02 +0000] "GET /Porte_de_la_Baie/Communes/Dragey-Ronthon/H_bergement--102.html HTTP/1.1" 200 28604 "http://www.portedelabaie.com/fr/communes/dragey-ronthon/hebergement.html" "Mozilla/5.0 (Windows; U; Windows NT 5.1; de; rv:1.8.0.7) Gecko/20060909 Firefox/1.5.0.7"
80.134.87.196 - - [17/Sep/2006:01:20:25 +0000] "GET /Porte_de_la_Baie/Communes/Dragey-Ronthon/H_bergement--102.html HTTP/1.1" 200 28536 "http://www.portedelabaie.com/index.php?id=102" "Mozilla/5.0 (Windows; U; Windows NT 5.1; de; rv:1.8.0.7) Gecko/20060909 Firefox/1.5.0.7"
80.134.87.196 - - [17/Sep/2006:01:20:44 +0000] "GET /Porte_de_la_Baie/Communes/Dragey-Ronthon/H_bergement--102.html HTTP/1.1" 200 28536 "http://www.portedelabaie.com/fr/communes/dragey-ronthon/hebergement.html?tx_travelguide_pi1%5Bscat%5D=2&tx_travelguide_pi1%5Bsloc%5D=4" "Mozilla/5.0 (Windows; U; Windows NT 5.1; de; rv:1.8.0.7) Gecko/20060909 Firefox/1.5.0.7"
80.134.87.196 - - [17/Sep/2006:01:21:05 +0000] "GET /Porte_de_la_Baie/Communes/Dragey-Ronthon/H_bergement--102.html HTTP/1.1" 200 28536 "http://www.portedelabaie.com/fr/communes/dragey-ronthon/hebergement.html?tx_travelguide_pi1%5Bscat%5D=2&tx_travelguide_pi1%5Bsloc%5D=4" "Mozilla/5.0 (Windows; U; Windows NT 5.1; de; rv:1.8.0.7) Gecko/20060909 Firefox/1.5.0.7"
80.134.87.196 - - [17/Sep/2006:01:21:19 +0000] "GET /Porte_de_la_Baie/Communes/Dragey-Ronthon/H_bergement--102.html HTTP/1.1" 200 28536 "http://www.portedelabaie.com/index.php?id=103" "Mozilla/5.0 (Windows; U; Windows NT 5.1; de; rv:1.8.0.7) Gecko/20060909 Firefox/1.5.0.7"
80.134.87.196 - - [17/Sep/2006:01:21:27 +0000] "GET /Porte_de_la_Baie/Communes/Dragey-Ronthon/H_bergement--102.html HTTP/1.1" 200 28536 "http://www.portedelabaie.com/fr/communes/dragey-ronthon/hebergement.html" "Mozilla/5.0 (Windows; U; Windows NT 5.1; de; rv:1.8.0.7) Gecko/20060909 Firefox/1.5.0.7"
80.134.87.196 - - [17/Sep/2006:01:21:48 +0000] "GET /Porte_de_la_Baie/Communes/Dragey-Ronthon/Tourisme--103.html HTTP/1.1" 200 9845 "http://images.google.de/imgres?imgurl=http://www.portedelabaie.com/typo3temp/pics/12b1b59878.jpg&imgrefurl=http://www.portedelabaie.com/index.php%3Fid%3D103&h=75&w=100&sz=3&hl=de&start=56&tbnid=8BBzVo_ZE2oc9M:&tbnh=62&tbnw=82&prev=/images%3Fq%3DSaint-Jean-Le-Thomas%26start%3D40%26ndsp%3D20%26svnum%3D10%26hl%3Dde%26lr%3D%26client%3Dfirefox-a%26rls%3Dorg.mozilla:de:official_s%26sa%3DN" "Mozilla/5.0 (Windows; U; Windows NT 5.1; de; rv:1.8.0.7) Gecko/20060909 Firefox/1.5.0.7"
65.55.212.216 - - [17/Sep/2006:01:24:26 +0000] "GET /Sartilly/Tourisme--139.html HTTP/1.1" 200 14226 "" "msnbot/0.9 (+http://search.msn.com/msnbot.htm)"
66.249.66.48 - - [17/Sep/2006:01:31:08 +0000] "GET /Porte_de_la_Baie/Communes/Saint-Jean_le_Thomas/Actualit_s--183.html HTTP/1.1" 200 11049 "" "Mozilla/5.0 (compatible; Googlebot/2.1; +http://www.google.com/bot.html)"
65.55.212.216 - - [17/Sep/2006:01:37:53 +0000] "GET /Sartilly/Actualit_s--185.html HTTP/1.1" 200 10475 "" "msnbot/0.9 (+http://search.msn.com/msnbot.htm)"
66.249.66.48 - - [17/Sep/2006:01:40:56 +0000] "GET /Porte_de_la_Baie/Communes/Bacilly/Calendrier--75.html HTTP/1.1" 200 10664 "" "Mozilla/5.0 (compatible; Googlebot/2.1; +http://www.google.com/bot.html)"
65.55.212.216 - - [17/Sep/2006:02:15:09 +0000] "GET /Sartilly/D_couvrir--140.html HTTP/1.1" 200 14406 "" "msnbot/0.9 (+http://search.msn.com/msnbot.htm)"
65.55.212.216 - - [17/Sep/2006:02:22:30 +0000] "GET /Sartilly/Vie_Pratique--137.html HTTP/1.1" 200 16153 "" "msnbot/0.9 (+http://search.msn.com/msnbot.htm)"
65.55.212.216 - - [17/Sep/2006:02:23:25 +0000] "GET /Sartilly/Loisirs--136.html HTTP/1.1" 200 12595 "" "msnbot/0.9 (+http://search.msn.com/msnbot.htm)"
65.55.212.216 - - [17/Sep/2006:02:27:09 +0000] "GET /Sartilly/Calendrier--135.html HTTP/1.1" 200 17206 "" "msnbot/0.9 (+http://search.msn.com/msnbot.htm)"
66.249.66.48 - - [17/Sep/2006:02:42:58 +0000] "GET /Porte_de_la_Baie/Communes/Bacilly/Calendrier--75.html HTTP/1.1" 200 10672 "" "Mozilla/5.0 (compatible; Googlebot/2.1; +http://www.google.com/bot.html)"
66.249.66.48 - - [17/Sep/2006:02:49:49 +0000] "GET /Porte_de_la_Baie/Communes/Dragey-Ronthon/Vie_Pratique--101.html HTTP/1.1" 200 9857 "" "Mozilla/5.0 (compatible; Googlebot/2.1; +http://www.google.com/bot.html)"
66.249.66.48 - - [17/Sep/2006:02:55:32 +0000] "GET /Porte_de_la_Baie/Communes/Champeaux/Calendrier--93.html HTTP/1.1" 200 14112 "" "Mozilla/5.0 (compatible; Googlebot/2.1; +http://www.google.com/bot.html)"
66.249.66.48 - - [17/Sep/2006:03:50:09 +0000] "GET /Porte_de_la_Baie/Communes/Champcey/Actualit_s--177.html HTTP/1.1" 200 10819 "" "Mozilla/5.0 (compatible; Googlebot/2.1; +http://www.google.com/bot.html)"
65.55.212.216 - - [17/Sep/2006:03:57:55 +0000] "GET /Sartilly--66.html HTTP/1.1" 200 18470 "" "msnbot/0.9 (+http://search.msn.com/msnbot.htm)"
65.55.212.216 - - [17/Sep/2006:03:57:55 +0000] "GET /Sartilly/H_bergement--138.html HTTP/1.1" 200 26563 "" "msnbot/0.9 (+http://search.msn.com/msnbot.htm)"
65.55.212.216 - - [17/Sep/2006:04:54:38 +0000] "GET /Sartilly--66.html HTTP/1.1" 200 18470 "" "msnbot/0.9 (+http://search.msn.com/msnbot.htm)"
66.249.66.48 - - [17/Sep/2006:04:55:12 +0000] "GET /Porte_de_la_Baie/Communes/Bacilly/Calendrier--75.html HTTP/1.1" 200 10710 "" "Mozilla/5.0 (compatible; Googlebot/2.1; +http://www.google.com/bot.html)"
66.249.66.48 - - [17/Sep/2006:05:08:52 +0000] "GET /Porte_de_la_Baie/Communes/Champeaux/Calendrier--93.html HTTP/1.1" 200 10686 "" "Mozilla/5.0 (compatible; Googlebot/2.1; +http://www.google.com/bot.html)"
66.249.66.48 - - [17/Sep/2006:05:22:09 +0000] "GET /Porte_de_la_Baie/Communes/Bacilly/Calendrier--75.html HTTP/1.1" 200 14074 "" "Mozilla/5.0 (compatible; Googlebot/2.1; +http://www.google.com/bot.html)"
66.249.66.48 - - [17/Sep/2006:06:11:20 +0000] "GET /Porte_de_la_Baie/Communes/Lolif/Actualit_s--181.html HTTP/1.1" 200 10764 "" "Mozilla/5.0 (compatible; Googlebot/2.1; +http://www.google.com/bot.html)"
66.249.66.48 - - [17/Sep/2006:07:08:14 +0000] "GET /Porte_de_la_Baie/Communes/Champeaux/Calendrier--93.html HTTP/1.1" 200 17842 "" "Mozilla/5.0 (compatible; Googlebot/2.1; +http://www.google.com/bot.html)"
66.249.66.48 - - [17/Sep/2006:07:08:16 +0000] "GET /Porte_de_la_Baie/Communes/Bacilly/Calendrier--75.html HTTP/1.1" 200 17796 "" "Mozilla/5.0 (compatible; Googlebot/2.1; +http://www.google.com/bot.html)"
66.249.66.48 - - [17/Sep/2006:08:39:45 +0000] "GET /Porte_de_la_Baie/Communes/Champeaux/Calendrier--93.html HTTP/1.1" 200 10731 "" "Mozilla/5.0 (compatible; Googlebot/2.1; +http://www.google.com/bot.html)"
66.249.66.48 - - [17/Sep/2006:08:55:17 +0000] "GET /Porte_de_la_Baie/Communes/Champeaux/Calendrier--93.html HTTP/1.1" 200 10694 "" "Mozilla/5.0 (compatible; Googlebot/2.1; +http://www.google.com/bot.html)"
66.249.66.48 - - [17/Sep/2006:09:04:16 +0000] "GET /Porte_de_la_Baie/Communes/Champeaux/Calendrier--93.html HTTP/1.1" 200 10732 "" "Mozilla/5.0 (compatible; Googlebot/2.1; +http://www.google.com/bot.html)"
66.249.66.48 - - [17/Sep/2006:09:27:01 +0000] "GET /Porte_de_la_Baie/Communes/Champeaux/Calendrier--93.html HTTP/1.1" 200 10683 "" "Mozilla/5.0 (compatible; Googlebot/2.1; +http://www.google.com/bot.html)"
66.249.66.48 - - [17/Sep/2006:10:32:54 +0000] "GET /Porte_de_la_Baie/Communes/Bacilly/Calendrier--75.html HTTP/1.1" 200 10661 "" "Mozilla/5.0 (compatible; Googlebot/2.1; +http://www.google.com/bot.html)"
66.249.66.48 - - [17/Sep/2006:10:41:43 +0000] "GET /Porte_de_la_Baie/Communes/Bacilly/Actualit_s--174.html HTTP/1.1" 200 9614 "" "Mozilla/5.0 (compatible; Googlebot/2.1; +http://www.google.com/bot.html)"
195.93.102.10 - - [17/Sep/2006:10:43:26 +0000] "GET /Sartilly/H_bergement--138.html HTTP/1.1" 200 26563 "http://www.google.fr/search?hl=fr&ie=ISO-8859-1&q=Gites+sartilly&btnG=Recherche+Google&meta=lr%3Dlang_fr" "Mozilla/4.0 (compatible; MSIE 6.0; AOL 9.0; Windows NT 5.1; SV1; .NET CLR 1.1.4322; HbTools 4.8.0)"
195.93.102.68 - - [17/Sep/2006:10:44:03 +0000] "GET /Sartilly/H_bergement--138.html HTTP/1.1" 200 26563 "http://www.portedelabaie.com/index.php?id=138" "Mozilla/4.0 (compatible; MSIE 6.0; AOL 9.0; Windows NT 5.1; SV1; .NET CLR 1.1.4322; HbTools 4.8.0)"
195.93.102.6 - - [17/Sep/2006:10:44:23 +0000] "GET /Sartilly/H_bergement--138.html HTTP/1.1" 200 26563 "http://www.ville-sartilly.com/index.php?id=138" "Mozilla/4.0 (compatible; MSIE 6.0; AOL 9.0; Windows NT 5.1; SV1; .NET CLR 1.1.4322; HbTools 4.8.0)"
195.93.102.6 - - [17/Sep/2006:10:44:38 +0000] "GET /Sartilly/H_bergement--138.html HTTP/1.1" 200 26563 "http://www.ville-sartilly.com/fr/hebergement.html?tx_travelguide_pi1%5Bscat%5D=3&tx_travelguide_pi1%5Bsloc%5D=10" "Mozilla/4.0 (compatible; MSIE 6.0; AOL 9.0; Windows NT 5.1; SV1; .NET CLR 1.1.4322; HbTools 4.8.0)"
195.93.102.68 - - [17/Sep/2006:10:45:00 +0000] "GET /Sartilly/H_bergement--138.html HTTP/1.1" 200 26563 "http://www.ville-sartilly.com/fr/hebergement.html?tx_travelguide_pi1%5Bscat%5D=3&tx_travelguide_pi1%5Bsloc%5D=10" "Mozilla/4.0 (compatible; MSIE 6.0; AOL 9.0; Windows NT 5.1; SV1; .NET CLR 1.1.4322; HbTools 4.8.0)"
195.93.102.7 - - [17/Sep/2006:10:45:23 +0000] "GET /Sartilly/H_bergement--138.html HTTP/1.1" 200 26563 "http://www.ville-sartilly.com/index.php?id=138" "Mozilla/4.0 (compatible; MSIE 6.0; AOL 9.0; Windows NT 5.1; SV1; .NET CLR 1.1.4322; HbTools 4.8.0)"
86.71.58.68 - - [17/Sep/2006:10:56:18 +0000] "GET /Porte_de_la_Baie/Communes/Champeaux/Vie_Pratique--95.html HTTP/1.1" 200 9757 "http://www.google.fr/search?sourceid=navclient&hl=fr&ie=UTF-8&rls=GGLD,GGLD:2005-17,GGLD:fr&q=dragey" "Mozilla/4.0 (compatible; MSIE 6.0; Windows NT 5.0; FunWebProducts)"
86.71.58.68 - - [17/Sep/2006:10:56:27 +0000] "GET /Porte_de_la_Baie/Communes/Champeaux/Calendrier--93.html HTTP/1.1" 200 17790 "http://www.portedelabaie.com/index.php?id=95" "Mozilla/4.0 (compatible; MSIE 6.0; Windows NT 5.0; FunWebProducts)"
86.71.58.68 - - [17/Sep/2006:10:57:42 +0000] "GET /Porte_de_la_Baie/Communes/Champeaux/Vie_Pratique--95.html HTTP/1.1" 200 9757 "http://www.portedelabaie.com/fr/communes/champeaux/calendrier.html" "Mozilla/4.0 (compatible; MSIE 6.0; Windows NT 5.0; FunWebProducts)"
66.249.66.48 - - [17/Sep/2006:10:59:10 +0000] "GET /Porte_de_la_Baie/Communes/Bacilly/Actualit_s--174.html HTTP/1.1" 200 9614 "" "Mozilla/5.0 (compatible; Googlebot/2.1; +http://www.google.com/bot.html)"
217.74.99.25 - - [17/Sep/2006:11:14:38 +0000] "GET /Sartilly--66.html HTTP/1.1" 200 18470 "" "NG/2.0"
217.74.99.25 - - [17/Sep/2006:11:14:39 +0000] "GET /Sartilly--66.html HTTP/1.1" 200 18470 "" "NG/2.0"
66.249.66.48 - - [17/Sep/2006:11:26:40 +0000] "GET /Porte_de_la_Baie/Communes/Champeaux/Calendrier--93.html HTTP/1.1" 200 10733 "" "Mozilla/5.0 (compatible; Googlebot/2.1; +http://www.google.com/bot.html)"
66.249.66.48 - - [17/Sep/2006:11:39:16 +0000] "GET /Porte_de_la_Baie/Communes/Bacilly/Calendrier--75.html HTTP/1.1" 200 10672 "" "Mozilla/5.0 (compatible; Googlebot/2.1; +http://www.google.com/bot.html)"
66.249.66.48 - - [17/Sep/2006:11:48:16 +0000] "GET /Porte_de_la_Baie/Communes/Bacilly/Actualit_s--174.html HTTP/1.1" 200 10818 "" "Mozilla/5.0 (compatible; Googlebot/2.1; +http://www.google.com/bot.html)"
81.250.235.188 - - [17/Sep/2006:11:55:33 +0000] "GET /Sartilly--66.html HTTP/1.1" 200 18470 "http://fr.search.yahoo.com/search?p=sartilly&sp=1&fr2=sp-top&fr=FP-tab-web-t340&ei=UTF-8&SpellState=n-3647546791_q-tEJk6.5%2FY5bT.aWNGp8l0wABAA%40%40" "Mozilla/4.0 (compatible; MSIE 6.0; Windows 98)"
86.221.188.95 - - [17/Sep/2006:12:16:19 +0000] "GET /Porte_de_la_Baie/Communes/Lolif--58.html HTTP/1.1" 200 20956 "http://www.google.fr/search?hl=fr&q=lolif&btnG=Recherche+Google&meta=" "Mozilla/4.0 (compatible; MSIE 6.0; Windows NT 5.1; SV1; .NET CLR 1.1.4322)"
83.114.115.212 - - [17/Sep/2006:12:35:31 +0000] "GET /Porte_de_la_Baie/Communes/Dragey-Ronthon--60.html HTTP/1.1" 200 22267 "http://www.portedelabaie.com/fr/communes/carolles.html" "Mozilla/4.0 (compatible; MSIE 6.0; Windows NT 5.1; SV1; Wanadoo 6.2)"
83.114.115.212 - - [17/Sep/2006:12:35:55 +0000] "GET /Porte_de_la_Baie/Communes/Dragey-Ronthon/D_couvrir--104.html HTTP/1.1" 200 9848 "http://www.portedelabaie.com/fr/communes/dragey-ronthon.html" "Mozilla/4.0 (compatible; MSIE 6.0; Windows NT 5.1; SV1; Wanadoo 6.2)"
83.114.115.212 - - [17/Sep/2006:12:36:03 +0000] "GET /Porte_de_la_Baie/Communes/Dragey-Ronthon--60.html HTTP/1.1" 200 22267 "http://www.portedelabaie.com/fr/communes/dragey-ronthon/decouvrir.html" "Mozilla/4.0 (compatible; MSIE 6.0; Windows NT 5.1; SV1; Wanadoo 6.2)"
83.114.115.212 - - [17/Sep/2006:12:36:20 +0000] "GET /Porte_de_la_Baie/Communes/Dragey-Ronthon/Vie_Pratique--101.html HTTP/1.1" 200 9857 "http://www.portedelabaie.com/fr/communes/dragey-ronthon.html" "Mozilla/4.0 (compatible; MSIE 6.0; Windows NT 5.1; SV1; Wanadoo 6.2)"
83.114.115.212 - - [17/Sep/2006:12:36:27 +0000] "GET /Porte_de_la_Baie/Communes/Dragey-Ronthon/Vie_Pratique--101.html HTTP/1.1" 200 9857 "http://www.portedelabaie.com/fr/communes/dragey-ronthon/vie-pratique.html" "Mozilla/4.0 (compatible; MSIE 6.0; Windows NT 5.1; SV1; Wanadoo 6.2)"
83.114.115.212 - - [17/Sep/2006:12:36:39 +0000] "GET /Porte_de_la_Baie/Communes/Dragey-Ronthon/Tourisme--103.html HTTP/1.1" 200 9845 "http://www.portedelabaie.com/fr/communes/dragey-ronthon/vie-pratique.html" "Mozilla/4.0 (compatible; MSIE 6.0; Windows NT 5.1; SV1; Wanadoo 6.2)"
83.114.115.212 - - [17/Sep/2006:12:36:43 +0000] "GET /Porte_de_la_Baie/Communes/Dragey-Ronthon--60.html HTTP/1.1" 200 22267 "http://www.portedelabaie.com/fr/communes/dragey-ronthon/tourisme.html" "Mozilla/4.0 (compatible; MSIE 6.0; Windows NT 5.1; SV1; Wanadoo 6.2)"
83.114.115.212 - - [17/Sep/2006:12:37:16 +0000] "GET /Porte_de_la_Baie/Communes/Lolif--58.html HTTP/1.1" 200 20956 "http://www.portedelabaie.com/fr/communes/dragey-ronthon/tourisme.html" "Mozilla/4.0 (compatible; MSIE 6.0; Windows NT 5.1; SV1; Wanadoo 6.2)"
83.114.115.212 - - [17/Sep/2006:12:37:29 +0000] "GET /Porte_de_la_Baie/Communes/Lolif/Vie_Pratique--113.html HTTP/1.1" 200 9679 "http://www.portedelabaie.com/fr/communes/lolif.html" "Mozilla/4.0 (compatible; MSIE 6.0; Windows NT 5.1; SV1; Wanadoo 6.2)"
83.114.115.212 - - [17/Sep/2006:12:38:17 +0000] "GET /Porte_de_la_Baie/Communes/Saint-Jean_le_Thomas--68.html HTTP/1.1" 200 19663 "http://www.montviron.com/" "Mozilla/4.0 (compatible; MSIE 6.0; Windows NT 5.1; SV1; Wanadoo 6.2)"
83.114.115.212 - - [17/Sep/2006:12:39:10 +0000] "GET /Sartilly--66.html HTTP/1.1" 200 18470 "http://www.portedelabaie.com/fr/communes/saint-jean-le-thomas.html" "Mozilla/4.0 (compatible; MSIE 6.0; Windows NT 5.1; SV1; Wanadoo 6.2)"
66.249.66.48 - - [17/Sep/2006:12:45:36 +0000] "GET /Porte_de_la_Baie/Communes/Bacilly/Calendrier--75.html HTTP/1.1" 200 10656 "" "Mozilla/5.0 (compatible; Googlebot/2.1; +http://www.google.com/bot.html)"
66.249.66.48 - - [17/Sep/2006:13:06:57 +0000] "GET /Porte_de_la_Baie/Communes/Bacilly/Calendrier--75.html HTTP/1.1" 200 10711 "" "Mozilla/5.0 (compatible; Googlebot/2.1; +http://www.google.com/bot.html)"
88.122.32.146 - - [17/Sep/2006:13:16:16 +0000] "GET /Porte_de_la_Baie/Communes/Gen_ts--59.html HTTP/1.1" 200 38801 "http://www.google.fr/search?hl=fr&sa=X&oi=spell&resnum=0&ct=result&cd=1&q=architecte+utopiste+19e+si%C3%A8cle+fran%C3%A7ais&spell=1" "Mozilla/4.0 (compatible; MSIE 6.0; Windows NT 5.1; SV1)"
66.249.66.48 - - [17/Sep/2006:13:52:33 +0000] "GET /Porte_de_la_Baie/Communes/Champeaux/Calendrier--93.html HTTP/1.1" 200 10694 "" "Mozilla/5.0 (compatible; Googlebot/2.1; +http://www.google.com/bot.html)"
66.249.66.48 - - [17/Sep/2006:14:04:41 +0000] "GET /Porte_de_la_Baie/Communes/Bacilly/Calendrier--75.html HTTP/1.1" 200 10709 "" "Mozilla/5.0 (compatible; Googlebot/2.1; +http://www.google.com/bot.html)"
84.103.213.79 - - [17/Sep/2006:14:19:36 +0000] "GET /Porte_de_la_Baie/Communes/Champeaux/Loisirs--94.html HTTP/1.1" 200 9742 "http://www.google.fr/search?hl=fr&sa=X&oi=spell&resnum=0&ct=result&cd=1&q=bec+d%27andaine&spell=1" "Mozilla/5.0 (Windows; U; Windows NT 5.1; fr; rv:1.8.0.7) Gecko/20060909 Firefox/1.5.0.7"
66.249.66.48 - - [17/Sep/2006:14:41:25 +0000] "GET /Sartilly/Actualit_s--185.html HTTP/1.1" 200 10475 "" "Mozilla/5.0 (compatible; Googlebot/2.1; +http://www.google.com/bot.html)"
128.241.20.81 - - [17/Sep/2006:14:49:03 +0000] "GET /Porte_de_la_Baie/Communes/Gen_ts--59.html HTTP/1.1" 200 38801 "" "Mozilla/4.0 (compatible; MSIE 7.0; Windows NT 5.1; SV1; .NET CLR 2.0.50727)"
86.220.44.164 - - [17/Sep/2006:14:49:04 +0000] "GET /Porte_de_la_Baie/Communes/Gen_ts--59.html HTTP/1.1" 200 38801 "http://www.google.fr/search?hl=fr&q=genets+%2Beglise&meta=" "Mozilla/4.0 (compatible; MSIE 6.0; Windows NT 5.1; SV1; .NET CLR 1.1.4322; .NET CLR 2.0.50727)"
66.249.66.48 - - [17/Sep/2006:15:10:05 +0000] "GET /Porte_de_la_Baie/Communes/Champeaux/Calendrier--93.html HTTP/1.1" 200 10678 "" "Mozilla/5.0 (compatible; Googlebot/2.1; +http://www.google.com/bot.html)"
66.249.66.48 - - [17/Sep/2006:15:20:18 +0000] "GET /Porte_de_la_Baie/Communes/Saint-Jean_le_Thomas/H_bergement--126.html HTTP/1.1" 200 29048 "" "Mozilla/5.0 (compatible; Googlebot/2.1; +http://www.google.com/bot.html)"
66.249.66.48 - - [17/Sep/2006:15:52:42 +0000] "GET /Porte_de_la_Baie/Communes/Bacilly/Actualit_s--174.html HTTP/1.1" 200 10818 "" "Mozilla/5.0 (compatible; Googlebot/2.1; +http://www.google.com/bot.html)"
66.249.66.48 - - [17/Sep/2006:16:09:24 +0000] "GET /Porte_de_la_Baie/Communes/Saint-Jean_le_Thomas/H_bergement--126.html HTTP/1.1" 200 35273 "" "Mozilla/5.0 (compatible; Googlebot/2.1; +http://www.google.com/bot.html)"
66.249.66.48 - - [17/Sep/2006:16:23:47 +0000] "GET /Porte_de_la_Baie/Communes/Saint-Jean_le_Thomas/H_bergement--126.html HTTP/1.1" 200 35273 "" "Mozilla/5.0 (compatible; Googlebot/2.1; +http://www.google.com/bot.html)"
83.115.27.139 - - [17/Sep/2006:16:42:06 +0000] "GET /Sartilly--66.html HTTP/1.1" 200 18470 "" "Mozilla/4.0 (compatible; MSIE 6.0; Windows NT 5.1; SV1; .NET CLR 1.1.4322)"
83.115.27.139 - - [17/Sep/2006:16:42:08 +0000] "GET /Sartilly--66.html HTTP/1.1" 200 18470 "" "Mozilla/4.0 (compatible; MSIE 6.0; Windows NT 5.1; SV1; .NET CLR 1.1.4322)"
83.115.27.139 - - [17/Sep/2006:16:42:14 +0000] "GET /Sartilly/H_bergement--138.html HTTP/1.1" 200 26563 "" "Mozilla/4.0 (compatible; MSIE 6.0; Windows NT 5.1; SV1; .NET CLR 1.1.4322)"
66.249.66.48 - - [17/Sep/2006:17:13:51 +0000] "GET /Porte_de_la_Baie/Communes/Saint-Jean_le_Thomas/H_bergement--126.html HTTP/1.1" 200 35273 "" "Mozilla/5.0 (compatible; Googlebot/2.1; +http://www.google.com/bot.html)"
82.243.186.87 - - [17/Sep/2006:17:19:47 +0000] "GET /Porte_de_la_Baie/Communes/Champeaux/D_couvrir--98.html HTTP/1.1" 200 9748 "" "Mozilla/4.0 (compatible; MSIE 6.0; Windows NT 5.1; SV1; .NET CLR 1.1.4322)"
66.249.66.48 - - [17/Sep/2006:17:26:30 +0000] "GET /Porte_de_la_Baie/Communes/Saint-Jean_le_Thomas/H_bergement--126.html HTTP/1.1" 200 35273 "" "Mozilla/5.0 (compatible; Googlebot/2.1; +http://www.google.com/bot.html)"
24.69.174.229 - - [17/Sep/2006:17:32:51 +0000] "GET /Porte_de_la_Baie/Communes/Dragey-Ronthon/H_bergement--102.html HTTP/1.1" 200 28604 "http://images.google.com/imgres?imgurl=http://www.portedelabaie.com/typo3temp/pics/fb43381515.jpg&imgrefurl=http://www.portedelabaie.com/index.php%3Fid%3D102&h=249&w=160&sz=20&hl=en&start=1&tbnid=APl_d_YNhRgPmM:&tbnh=111&tbnw=71&prev=/images%3Fq%3Deglise%2B%25C3%25A0%2Bla%2Brennaissance%26svnum%3D10%26hl%3Den%26lr%3D%26client%3Dsafari%26rls%3Den%26sa%3DN" "Mozilla/5.0 (Macintosh; U; PPC Mac OS X; en) AppleWebKit/418.8 (KHTML, like Gecko) Safari/419.3"
66.249.66.48 - - [17/Sep/2006:18:04:05 +0000] "GET /Sartilly--66.html HTTP/1.1" 200 18470 "" "Mozilla/5.0 (compatible; Googlebot/2.1; +http://www.google.com/bot.html)"
66.249.66.48 - - [17/Sep/2006:18:34:08 +0000] "GET /Porte_de_la_Baie/Communes/Bacilly/Calendrier--75.html HTTP/1.1" 200 10712 "" "Mozilla/5.0 (compatible; Googlebot/2.1; +http://www.google.com/bot.html)"
66.249.66.48 - - [17/Sep/2006:18:46:10 +0000] "GET /Porte_de_la_Baie/Communes/Saint-Jean_le_Thomas/Calendrier--123.html HTTP/1.1" 200 10905 "" "Mozilla/5.0 (compatible; Googlebot/2.1; +http://www.google.com/bot.html)"
66.249.66.48 - - [17/Sep/2006:18:57:53 +0000] "GET /Porte_de_la_Baie/Communes/Saint-Jean_le_Thomas/H_bergement--126.html HTTP/1.1" 200 35273 "" "Mozilla/5.0 (compatible; Googlebot/2.1; +http://www.google.com/bot.html)"
66.249.66.48 - - [17/Sep/2006:19:39:45 +0000] "GET /Porte_de_la_Baie/Communes/Bacilly/Calendrier--75.html HTTP/1.1" 200 10661 "" "Mozilla/5.0 (compatible; Googlebot/2.1; +http://www.google.com/bot.html)"
66.249.66.48 - - [17/Sep/2006:19:54:47 +0000] "GET /Porte_de_la_Baie/Communes/Saint-Jean_le_Thomas/Calendrier--123.html HTTP/1.1" 200 10916 "" "Mozilla/5.0 (compatible; Googlebot/2.1; +http://www.google.com/bot.html)"
66.249.66.48 - - [17/Sep/2006:20:40:27 +0000] "GET /Porte_de_la_Baie/Communes/Saint-Jean_le_Thomas/H_bergement--126.html HTTP/1.1" 200 35273 "" "Mozilla/5.0 (compatible; Googlebot/2.1; +http://www.google.com/bot.html)"
66.249.66.48 - - [17/Sep/2006:20:51:13 +0000] "GET /Porte_de_la_Baie/Communes/Saint-Jean_le_Thomas/Calendrier--123.html HTTP/1.1" 200 18196 "" "Mozilla/5.0 (compatible; Googlebot/2.1; +http://www.google.com/bot.html)"
82.225.5.154 - - [17/Sep/2006:20:54:21 +0000] "GET /Porte_de_la_Baie/Communes/Champeaux--61.html HTTP/1.1" 200 21120 "http://www.google.fr/search?hl=fr&q=cabane+falaises+champeaux&btnG=Rechercher&meta=" "Mozilla/5.0 (Macintosh; U; PPC Mac OS X; fr) AppleWebKit/418 (KHTML, like Gecko) Safari/417.9.2"
65.55.212.234 - - [17/Sep/2006:21:16:09 +0000] "GET /Porte_de_la_Baie/Communes/Dragey-Ronthon/Tourisme--103.html HTTP/1.1" 200 9845 "" "msnbot/0.9 (+http://search.msn.com/msnbot.htm)"
82.241.204.19 - - [17/Sep/2006:21:42:10 +0000] "GET /Porte_de_la_Baie/Communes/Bacilly--64.html HTTP/1.1" 200 16830 "http://www.google.fr/search?sourceid=navclient-ff&ie=UTF-8&rls=GGGL,GGGL:2006-33,GGGL:fr&q=bacilly" "Mozilla/5.0 (Windows; U; Windows NT 5.1; fr; rv:1.8.0.7) Gecko/20060909 Firefox/1.5.0.7"
66.249.66.48 - - [17/Sep/2006:22:04:13 +0000] "GET /Porte_de_la_Baie/Communes/Bacilly/Calendrier--75.html HTTP/1.1" 200 17796 "" "Mozilla/5.0 (compatible; Googlebot/2.1; +http://www.google.com/bot.html)"
66.249.66.48 - - [17/Sep/2006:22:13:58 +0000] "GET /Porte_de_la_Baie/Communes/Saint-Jean_le_Thomas/H_bergement--126.html HTTP/1.1" 200 35273 "" "Mozilla/5.0 (compatible; Googlebot/2.1; +http://www.google.com/bot.html)"
217.128.20.232 - - [17/Sep/2006:22:14:45 +0000] "GET /Porte_de_la_Baie/Communes/Gen_ts--59.html HTTP/1.1" 200 38801 "http://www.portedelabaie.com/fr/communes/carolles/hebergement.html?tx_travelguide_pi1%5Bscat%5D=2&tx_travelguide_pi1%5Bsloc%5D=2" "Mozilla/4.0 (compatible; MSIE 6.0; Windows NT 5.1; SV1; .NET CLR 1.1.4322)"
