127.0.0.1 - - [30/Nov/2005:21:48:07 +0000] "GET /Porte_de_la_Baie/D_ouvrir--38.html HTTP/1.1" 200 21682 "http://localhost/CMS/sartilly/index.php?id=73" "Mozilla/5.0 (X11; U; Linux i686; fr-FR; rv:1.7.5) Gecko/20041108 Firefox/1.0"
192.168.0.1 - - [30/Nov/2005:21:49:04 +0000] "GET /Porte_de_la_Baie/D_ouvrir--38.html HTTP/1.1" 200 14191 "" "Mozilla/4.0 (compatible; MSIE 6.0; Windows NT 5.1)"
127.0.0.1 - - [30/Nov/2005:21:49:08 +0000] "GET /Porte_de_la_Baie/D_ouvrir--38.html HTTP/1.1" 200 21682 "" "Mozilla/5.0 (X11; U; Linux i686; fr-FR; rv:1.7.5) Gecko/20041108 Firefox/1.0"
127.0.0.1 - - [30/Nov/2005:21:49:13 +0000] "GET /Porte_de_la_Baie/D_ouvrir--38.html HTTP/1.1" 200 21851 "http://localhost/CMS/sartilly/index.php?id=73" "Mozilla/5.0 (X11; U; Linux i686; fr-FR; rv:1.7.5) Gecko/20041108 Firefox/1.0"
127.0.0.1 - - [30/Nov/2005:21:49:16 +0000] "GET /Porte_de_la_Baie/Les_Communes--91.html HTTP/1.1" 200 9141 "http://localhost/CMS/sartilly/index.php?id=38" "Mozilla/5.0 (X11; U; Linux i686; fr-FR; rv:1.7.5) Gecko/20041108 Firefox/1.0"
192.168.0.1 - - [30/Nov/2005:21:50:06 +0000] "GET /Porte_de_la_Baie/D_ouvrir--38.html HTTP/1.1" 200 14360 "" "Mozilla/4.0 (compatible; MSIE 6.0; Windows NT 5.1)"
127.0.0.1 - - [30/Nov/2005:21:50:17 +0000] "GET /Porte_de_la_Baie/D_ouvrir--38.html HTTP/1.1" 200 21851 "" "Mozilla/5.0 (X11; U; Linux i686; fr-FR; rv:1.7.5) Gecko/20041108 Firefox/1.0"
127.0.0.1 - - [30/Nov/2005:21:50:36 +0000] "GET /Porte_de_la_Baie/Les_Communes--91.html HTTP/1.1" 200 9141 "http://localhost/CMS/sartilly/index.php?id=38" "Mozilla/5.0 (X11; U; Linux i686; fr-FR; rv:1.7.5) Gecko/20041108 Firefox/1.0"
192.168.0.1 - - [30/Nov/2005:21:51:08 +0000] "GET /Porte_de_la_Baie/D_ouvrir--38.html HTTP/1.1" 200 14451 "" "Mozilla/4.0 (compatible; MSIE 6.0; Windows NT 5.1)"
127.0.0.1 - - [30/Nov/2005:21:51:11 +0000] "GET /Porte_de_la_Baie/Les_Communes--91.html HTTP/1.1" 200 9232 "http://localhost/CMS/sartilly/index.php?id=38" "Mozilla/5.0 (X11; U; Linux i686; fr-FR; rv:1.7.5) Gecko/20041108 Firefox/1.0"
127.0.0.1 - - [30/Nov/2005:21:51:26 +0000] "GET /Porte_de_la_Baie/D_ouvrir--38.html HTTP/1.1" 200 21942 "http://localhost/CMS/sartilly/index.php?id=91" "Mozilla/5.0 (X11; U; Linux i686; fr-FR; rv:1.7.5) Gecko/20041108 Firefox/1.0"
127.0.0.1 - - [30/Nov/2005:21:52:07 +0000] "GET /Porte_de_la_Baie/D_ouvrir--38.html HTTP/1.1" 200 21942 "http://localhost/CMS/sartilly/index.php?id=91" "Mozilla/5.0 (X11; U; Linux i686; fr-FR; rv:1.7.5) Gecko/20041108 Firefox/1.0"
192.168.0.1 - - [30/Nov/2005:21:52:10 +0000] "GET /Porte_de_la_Baie/D_ouvrir--38.html HTTP/1.1" 200 14451 "" "Mozilla/4.0 (compatible; MSIE 6.0; Windows NT 5.1)"
127.0.0.1 - - [30/Nov/2005:21:52:37 +0000] "GET /Porte_de_la_Baie/D_ouvrir--38.html HTTP/1.1" 200 21942 "http://localhost/CMS/sartilly/index.php?id=91" "Mozilla/5.0 (X11; U; Linux i686; fr-FR; rv:1.7.5) Gecko/20041108 Firefox/1.0"
192.168.0.1 - - [30/Nov/2005:21:52:47 +0000] "GET /Porte_de_la_Baie/D_ouvrir--38.html HTTP/1.1" 200 14451 "" "Mozilla/4.0 (compatible; MSIE 6.0; Windows NT 5.1)"
192.168.0.1 - - [30/Nov/2005:21:52:49 +0000] "GET /Porte_de_la_Baie/D_ouvrir--38.html HTTP/1.1" 200 14451 "" "Mozilla/4.0 (compatible; MSIE 6.0; Windows NT 5.1)"
192.168.0.1 - - [30/Nov/2005:21:53:17 +0000] "GET /Porte_de_la_Baie/D_ouvrir--38.html HTTP/1.1" 200 14451 "" "Mozilla/4.0 (compatible; MSIE 6.0; Windows NT 5.1)"
127.0.0.1 - - [30/Nov/2005:21:53:36 +0000] "GET /Porte_de_la_Baie/D_ouvrir--38.html HTTP/1.1" 200 21942 "http://localhost/CMS/sartilly/index.php?id=91" "Mozilla/5.0 (X11; U; Linux i686; fr-FR; rv:1.7.5) Gecko/20041108 Firefox/1.0"
192.168.0.1 - - [30/Nov/2005:21:53:53 +0000] "GET /Porte_de_la_Baie/D_ouvrir--38.html HTTP/1.1" 200 14451 "" "Mozilla/4.0 (compatible; MSIE 6.0; Windows NT 5.1)"
192.168.0.1 - - [30/Nov/2005:21:53:53 +0000] "GET /Porte_de_la_Baie/D_ouvrir--38.html HTTP/1.1" 200 14451 "" "Mozilla/4.0 (compatible; MSIE 6.0; Windows NT 5.1)"
192.168.0.1 - - [30/Nov/2005:21:54:08 +0000] "GET /Porte_de_la_Baie/D_ouvrir--38.html HTTP/1.1" 200 14282 "" "Mozilla/4.0 (compatible; MSIE 6.0; Windows NT 5.1)"
127.0.0.1 - - [30/Nov/2005:21:54:27 +0000] "GET /Porte_de_la_Baie/D_ouvrir--38.html HTTP/1.1" 200 21773 "http://localhost/CMS/sartilly/index.php?id=91" "Mozilla/5.0 (X11; U; Linux i686; fr-FR; rv:1.7.5) Gecko/20041108 Firefox/1.0"
127.0.0.1 - - [30/Nov/2005:21:54:59 +0000] "GET /Porte_de_la_Baie/D_ouvrir--38.html HTTP/1.1" 200 21773 "http://localhost/CMS/sartilly/index.php?id=91" "Mozilla/5.0 (X11; U; Linux i686; fr-FR; rv:1.7.5) Gecko/20041108 Firefox/1.0"
192.168.0.1 - - [30/Nov/2005:21:55:09 +0000] "GET /Porte_de_la_Baie/D_ouvrir--38.html HTTP/1.1" 200 14282 "" "Mozilla/4.0 (compatible; MSIE 6.0; Windows NT 5.1)"
127.0.0.1 - - [30/Nov/2005:21:55:13 +0000] "GET /Porte_de_la_Baie/D_ouvrir--38.html HTTP/1.1" 200 21773 "http://localhost/CMS/sartilly/index.php?id=91" "Mozilla/5.0 (X11; U; Linux i686; fr-FR; rv:1.7.5) Gecko/20041108 Firefox/1.0"
127.0.0.1 - - [30/Nov/2005:21:55:50 +0000] "GET /Porte_de_la_Baie/D_ouvrir--38.html HTTP/1.1" 200 21773 "http://localhost/CMS/sartilly/index.php?id=91" "Mozilla/5.0 (X11; U; Linux i686; fr-FR; rv:1.7.5) Gecko/20041108 Firefox/1.0"
127.0.0.1 - - [30/Nov/2005:21:56:08 +0000] "GET /Porte_de_la_Baie/D_ouvrir--38.html HTTP/1.1" 200 21773 "http://localhost/CMS/sartilly/index.php?id=91" "Mozilla/5.0 (X11; U; Linux i686; fr-FR; rv:1.7.5) Gecko/20041108 Firefox/1.0"
192.168.0.1 - - [30/Nov/2005:21:56:11 +0000] "GET /Porte_de_la_Baie/D_ouvrir--38.html HTTP/1.1" 200 14282 "" "Mozilla/4.0 (compatible; MSIE 6.0; Windows NT 5.1)"
127.0.0.1 - - [30/Nov/2005:21:56:26 +0000] "GET /Porte_de_la_Baie/D_ouvrir--38.html HTTP/1.1" 200 21773 "http://localhost/CMS/sartilly/index.php?id=91" "Mozilla/5.0 (X11; U; Linux i686; fr-FR; rv:1.7.5) Gecko/20041108 Firefox/1.0"
127.0.0.1 - - [30/Nov/2005:21:56:37 +0000] "GET /Porte_de_la_Baie/D_ouvrir--38.html HTTP/1.1" 200 21773 "http://localhost/CMS/sartilly/index.php?id=91" "Mozilla/5.0 (X11; U; Linux i686; fr-FR; rv:1.7.5) Gecko/20041108 Firefox/1.0"
127.0.0.1 - - [30/Nov/2005:21:56:47 +0000] "GET /Porte_de_la_Baie/D_ouvrir--38.html HTTP/1.1" 200 21773 "http://localhost/CMS/sartilly/index.php?id=91" "Mozilla/5.0 (X11; U; Linux i686; fr-FR; rv:1.7.5) Gecko/20041108 Firefox/1.0"
127.0.0.1 - - [30/Nov/2005:21:57:03 +0000] "GET /Porte_de_la_Baie/D_ouvrir--38.html HTTP/1.1" 200 21773 "http://localhost/CMS/sartilly/index.php?id=91" "Mozilla/5.0 (X11; U; Linux i686; fr-FR; rv:1.7.5) Gecko/20041108 Firefox/1.0"
192.168.0.1 - - [30/Nov/2005:21:57:13 +0000] "GET /Porte_de_la_Baie/D_ouvrir--38.html HTTP/1.1" 200 14282 "" "Mozilla/4.0 (compatible; MSIE 6.0; Windows NT 5.1)"
192.168.0.1 - - [30/Nov/2005:21:57:23 +0000] "GET /Porte_de_la_Baie/D_ouvrir--38.html HTTP/1.1" 200 14282 "" "Mozilla/4.0 (compatible; MSIE 6.0; Windows NT 5.1)"
127.0.0.1 - - [30/Nov/2005:21:57:50 +0000] "GET /Porte_de_la_Baie/D_ouvrir--38.html HTTP/1.1" 200 21773 "http://localhost/CMS/sartilly/index.php?id=91" "Mozilla/5.0 (X11; U; Linux i686; fr-FR; rv:1.7.5) Gecko/20041108 Firefox/1.0"
127.0.0.1 - - [30/Nov/2005:21:58:04 +0000] "GET /Porte_de_la_Baie/D_ouvrir--38.html HTTP/1.1" 200 21773 "http://localhost/CMS/sartilly/index.php?id=91" "Mozilla/5.0 (X11; U; Linux i686; fr-FR; rv:1.7.5) Gecko/20041108 Firefox/1.0"
192.168.0.1 - - [30/Nov/2005:21:58:20 +0000] "GET /Porte_de_la_Baie/D_ouvrir--38.html HTTP/1.1" 200 14282 "" "Mozilla/4.0 (compatible; MSIE 6.0; Windows NT 5.1)"
127.0.0.1 - - [30/Nov/2005:21:58:36 +0000] "GET /Porte_de_la_Baie/D_ouvrir--38.html HTTP/1.1" 200 21773 "http://localhost/CMS/sartilly/index.php?id=91" "Mozilla/5.0 (X11; U; Linux i686; fr-FR; rv:1.7.5) Gecko/20041108 Firefox/1.0"
192.168.0.1 - - [30/Nov/2005:21:58:43 +0000] "GET /Porte_de_la_Baie/D_ouvrir--38.html HTTP/1.1" 200 14282 "" "Mozilla/4.0 (compatible; MSIE 6.0; Windows NT 5.1)"
192.168.0.1 - - [30/Nov/2005:21:58:57 +0000] "GET /Porte_de_la_Baie/D_ouvrir--38.html HTTP/1.1" 200 14282 "" "Mozilla/4.0 (compatible; MSIE 6.0; Windows NT 5.1)"
192.168.0.1 - - [30/Nov/2005:21:59:22 +0000] "GET /Porte_de_la_Baie--34.html HTTP/1.1" 200 7756 "http://192.168.0.1/CMS/sartilly/index.php?id=38" "Mozilla/4.0 (compatible; MSIE 6.0; Windows NT 5.1)"
127.0.0.1 - - [30/Nov/2005:21:59:31 +0000] "GET /Porte_de_la_Baie--34.html HTTP/1.1" 200 9238 "http://localhost/CMS/sartilly/index.php?id=38" "Mozilla/5.0 (X11; U; Linux i686; fr-FR; rv:1.7.5) Gecko/20041108 Firefox/1.0"
127.0.0.1 - - [30/Nov/2005:22:00:18 +0000] "GET /Porte_de_la_Baie--34.html HTTP/1.1" 200 9243 "http://localhost/CMS/sartilly/index.php?id=38" "Mozilla/5.0 (X11; U; Linux i686; fr-FR; rv:1.7.5) Gecko/20041108 Firefox/1.0"
192.168.0.1 - - [30/Nov/2005:22:00:24 +0000] "GET /Porte_de_la_Baie--34.html HTTP/1.1" 200 7761 "" "Mozilla/4.0 (compatible; MSIE 6.0; Windows NT 5.1)"
127.0.0.1 - - [30/Nov/2005:22:01:19 +0000] "GET /Porte_de_la_Baie/D_ouvrir--38.html HTTP/1.1" 200 21773 "" "Mozilla/5.0 (X11; U; Linux i686; fr-FR; rv:1.7.5) Gecko/20041108 Firefox/1.0"
192.168.0.1 - - [30/Nov/2005:22:02:12 +0000] "GET /Porte_de_la_Baie--34.html HTTP/1.1" 200 7761 "http://192.168.0.1/CMS/sartilly/index.php?id=38" "Mozilla/4.0 (compatible; MSIE 6.0; Windows NT 5.1)"
192.168.0.1 - - [30/Nov/2005:22:02:15 +0000] "GET /Porte_de_la_Baie--34.html HTTP/1.1" 200 7756 "http://192.168.0.1/CMS/sartilly/index.php?id=38" "Mozilla/4.0 (compatible; MSIE 6.0; Windows NT 5.1)"
127.0.0.1 - - [30/Nov/2005:22:02:19 +0000] "GET /Porte_de_la_Baie/D_ouvrir--38.html HTTP/1.1" 200 21773 "" "Mozilla/5.0 (X11; U; Linux i686; fr-FR; rv:1.7.5) Gecko/20041108 Firefox/1.0"
127.0.0.1 - - [30/Nov/2005:22:02:30 +0000] "GET /Porte_de_la_Baie--34.html HTTP/1.1" 200 9238 "http://localhost/CMS/sartilly/index.php?id=38" "Mozilla/5.0 (X11; U; Linux i686; fr-FR; rv:1.7.5) Gecko/20041108 Firefox/1.0"
192.168.0.1 - - [30/Nov/2005:22:03:15 +0000] "GET /Porte_de_la_Baie--34.html HTTP/1.1" 200 7756 "" "Mozilla/4.0 (compatible; MSIE 6.0; Windows NT 5.1)"
127.0.0.1 - - [30/Nov/2005:22:03:30 +0000] "GET /Porte_de_la_Baie/D_ouvrir--38.html HTTP/1.1" 200 21773 "" "Mozilla/5.0 (X11; U; Linux i686; fr-FR; rv:1.7.5) Gecko/20041108 Firefox/1.0"
192.168.0.1 - - [30/Nov/2005:22:04:17 +0000] "GET /Porte_de_la_Baie--34.html HTTP/1.1" 200 7756 "" "Mozilla/4.0 (compatible; MSIE 6.0; Windows NT 5.1)"
127.0.0.1 - - [30/Nov/2005:22:04:31 +0000] "GET /Porte_de_la_Baie/D_ouvrir--38.html HTTP/1.1" 200 21773 "" "Mozilla/5.0 (X11; U; Linux i686; fr-FR; rv:1.7.5) Gecko/20041108 Firefox/1.0"
127.0.0.1 - - [30/Nov/2005:22:05:32 +0000] "GET /Porte_de_la_Baie/D_ouvrir--38.html HTTP/1.1" 200 21773 "" "Mozilla/5.0 (X11; U; Linux i686; fr-FR; rv:1.7.5) Gecko/20041108 Firefox/1.0"
127.0.0.1 - - [30/Nov/2005:22:06:33 +0000] "GET /Porte_de_la_Baie/D_ouvrir--38.html HTTP/1.1" 200 21773 "" "Mozilla/5.0 (X11; U; Linux i686; fr-FR; rv:1.7.5) Gecko/20041108 Firefox/1.0"
127.0.0.1 - - [30/Nov/2005:22:07:34 +0000] "GET /Porte_de_la_Baie/D_ouvrir--38.html HTTP/1.1" 200 21773 "" "Mozilla/5.0 (X11; U; Linux i686; fr-FR; rv:1.7.5) Gecko/20041108 Firefox/1.0"
127.0.0.1 - - [30/Nov/2005:22:08:34 +0000] "GET /Porte_de_la_Baie/D_ouvrir--38.html HTTP/1.1" 200 21773 "" "Mozilla/5.0 (X11; U; Linux i686; fr-FR; rv:1.7.5) Gecko/20041108 Firefox/1.0"
127.0.0.1 - - [30/Nov/2005:22:09:35 +0000] "GET /Porte_de_la_Baie/D_ouvrir--38.html HTTP/1.1" 200 21773 "" "Mozilla/5.0 (X11; U; Linux i686; fr-FR; rv:1.7.5) Gecko/20041108 Firefox/1.0"
127.0.0.1 - - [30/Nov/2005:22:10:35 +0000] "GET /Porte_de_la_Baie/D_ouvrir--38.html HTTP/1.1" 200 21773 "" "Mozilla/5.0 (X11; U; Linux i686; fr-FR; rv:1.7.5) Gecko/20041108 Firefox/1.0"
127.0.0.1 - - [30/Nov/2005:22:11:34 +0000] "GET /Porte_de_la_Baie/D_ouvrir--38.html HTTP/1.1" 200 21712 "" "Mozilla/5.0 (X11; U; Linux i686; fr-FR; rv:1.7.5) Gecko/20041108 Firefox/1.0"
192.168.0.1 - - [30/Nov/2005:22:14:49 +0000] "GET /Porte_de_la_Baie/D_ouvrir--38.html HTTP/1.1" 200 14221 "http://192.168.0.1/CMS/sartilly/debug.htm" "Mozilla/4.0 (compatible; MSIE 6.0; Windows NT 5.1)"
127.0.0.1 - - [30/Nov/2005:22:17:39 +0000] "GET /Porte_de_la_Baie--34.html HTTP/1.1" 200 9179 "http://localhost/CMS/sartilly/index.php?id=38" "Mozilla/5.0 (X11; U; Linux i686; fr-FR; rv:1.7.5) Gecko/20041108 Firefox/1.0"
127.0.0.1 - - [30/Nov/2005:22:17:40 +0000] "GET /Porte_de_la_Baie--34.html HTTP/1.1" 200 9179 "http://localhost/CMS/sartilly/index.php?id=38" "Mozilla/5.0 (X11; U; Linux i686; fr-FR; rv:1.7.5) Gecko/20041108 Firefox/1.0"
192.168.0.1 - - [30/Nov/2005:22:17:50 +0000] "GET /Porte_de_la_Baie/D_ouvrir--38.html HTTP/1.1" 200 14221 "http://192.168.0.1/CMS/sartilly/debug.htm" "Mozilla/4.0 (compatible; MSIE 6.0; Windows NT 5.1)"
192.168.0.1 - - [30/Nov/2005:22:17:55 +0000] "GET /Porte_de_la_Baie--34.html HTTP/1.1" 200 7697 "http://192.168.0.1/CMS/sartilly/index.php?id=38" "Mozilla/4.0 (compatible; MSIE 6.0; Windows NT 5.1)"
192.168.0.1 - - [30/Nov/2005:22:17:57 +0000] "GET /Porte_de_la_Baie--34.html HTTP/1.1" 200 7697 "http://192.168.0.1/CMS/sartilly/index.php?id=38" "Mozilla/4.0 (compatible; MSIE 6.0; Windows NT 5.1)"
127.0.0.1 - - [30/Nov/2005:22:18:09 +0000] "GET /Porte_de_la_Baie/D_ouvrir--38.html HTTP/1.1" 200 21712 "http://localhost/CMS/sartilly/index.php?id=34" "Mozilla/5.0 (X11; U; Linux i686; fr-FR; rv:1.7.5) Gecko/20041108 Firefox/1.0"
127.0.0.1 - - [30/Nov/2005:22:28:22 +0000] "GET /Porte_de_la_Baie/D_ouvrir--38.html HTTP/1.1" 200 21151 "http://localhost/CMS/sartilly/index.php?id=34" "Mozilla/5.0 (X11; U; Linux i686; fr-FR; rv:1.7.5) Gecko/20041108 Firefox/1.0"
127.0.0.1 - - [30/Nov/2005:22:29:17 +0000] "GET /Porte_de_la_Baie/D_ouvrir--38.html HTTP/1.1" 200 21151 "http://localhost/CMS/sartilly/index.php?id=34" "Mozilla/5.0 (X11; U; Linux i686; fr-FR; rv:1.7.5) Gecko/20041108 Firefox/1.0"
127.0.0.1 - - [30/Nov/2005:22:29:55 +0000] "GET /Porte_de_la_Baie/D_ouvrir--38.html HTTP/1.1" 200 21151 "http://localhost/CMS/sartilly/index.php?id=34" "Mozilla/5.0 (X11; U; Linux i686; fr-FR; rv:1.7.5) Gecko/20041108 Firefox/1.0"
127.0.0.1 - - [30/Nov/2005:22:30:10 +0000] "GET /Porte_de_la_Baie/Les_Communes/Angey--100.html HTTP/1.1" 200 27409 "http://localhost/CMS/sartilly/index.php?id=38" "Mozilla/5.0 (X11; U; Linux i686; fr-FR; rv:1.7.5) Gecko/20041108 Firefox/1.0"
127.0.0.1 - - [30/Nov/2005:22:30:24 +0000] "GET /Porte_de_la_Baie/Les_Communes/Bacilly--99.html HTTP/1.1" 200 19238 "http://localhost/CMS/sartilly/index.php?id=100" "Mozilla/5.0 (X11; U; Linux i686; fr-FR; rv:1.7.5) Gecko/20041108 Firefox/1.0"
127.0.0.1 - - [30/Nov/2005:22:30:32 +0000] "GET /Porte_de_la_Baie/Les_Communes/Carolles--98.html HTTP/1.1" 200 13380 "http://localhost/CMS/sartilly/index.php?id=99" "Mozilla/5.0 (X11; U; Linux i686; fr-FR; rv:1.7.5) Gecko/20041108 Firefox/1.0"
127.0.0.1 - - [30/Nov/2005:22:30:35 +0000] "GET /Porte_de_la_Baie/Les_Communes/Champcey--97.html HTTP/1.1" 200 23015 "http://localhost/CMS/sartilly/index.php?id=98" "Mozilla/5.0 (X11; U; Linux i686; fr-FR; rv:1.7.5) Gecko/20041108 Firefox/1.0"
127.0.0.1 - - [30/Nov/2005:22:30:41 +0000] "GET /Porte_de_la_Baie/Les_Communes/Champeaux--96.html HTTP/1.1" 200 7349 "http://localhost/CMS/sartilly/index.php?id=97" "Mozilla/5.0 (X11; U; Linux i686; fr-FR; rv:1.7.5) Gecko/20041108 Firefox/1.0"
127.0.0.1 - - [30/Nov/2005:22:32:08 +0000] "GET /Porte_de_la_Baie/Les_Communes/Champeaux--96.html HTTP/1.1" 200 9451 "http://localhost/CMS/sartilly/index.php?id=97" "Mozilla/5.0 (X11; U; Linux i686; fr-FR; rv:1.7.5) Gecko/20041108 Firefox/1.0"
192.168.0.1 - - [30/Nov/2005:22:32:27 +0000] "GET /Porte_de_la_Baie--34.html HTTP/1.1" 200 8430 "http://192.168.0.1/CMS/sartilly/index.php?id=38" "Mozilla/4.0 (compatible; MSIE 6.0; Windows NT 5.1)"
192.168.0.1 - - [30/Nov/2005:22:32:39 +0000] "GET /Porte_de_la_Baie/D_ouvrir--38.html HTTP/1.1" 200 13660 "http://192.168.0.1/CMS/sartilly/index.php?id=34" "Mozilla/4.0 (compatible; MSIE 6.0; Windows NT 5.1)"
192.168.0.1 - - [30/Nov/2005:22:32:42 +0000] "GET /Porte_de_la_Baie--34.html HTTP/1.1" 200 8430 "http://192.168.0.1/CMS/sartilly/index.php?id=38" "Mozilla/4.0 (compatible; MSIE 6.0; Windows NT 5.1)"
192.168.0.1 - - [30/Nov/2005:22:32:44 +0000] "GET /Porte_de_la_Baie--34.html HTTP/1.1" 200 8430 "http://192.168.0.1/CMS/sartilly/index.php?id=38" "Mozilla/4.0 (compatible; MSIE 6.0; Windows NT 5.1)"
127.0.0.1 - - [30/Nov/2005:22:32:52 +0000] "GET /Porte_de_la_Baie--34.html HTTP/1.1" 200 9912 "http://localhost/CMS/sartilly/index.php?id=96" "Mozilla/5.0 (X11; U; Linux i686; fr-FR; rv:1.7.5) Gecko/20041108 Firefox/1.0"
127.0.0.1 - - [30/Nov/2005:22:32:54 +0000] "GET /Porte_de_la_Baie--34.html HTTP/1.1" 200 9912 "http://localhost/CMS/sartilly/index.php?id=96" "Mozilla/5.0 (X11; U; Linux i686; fr-FR; rv:1.7.5) Gecko/20041108 Firefox/1.0"
127.0.0.1 - - [30/Nov/2005:22:34:31 +0000] "GET /Porte_de_la_Baie--34.html HTTP/1.1" 200 10130 "http://localhost/CMS/sartilly/index.php?id=96" "Mozilla/5.0 (X11; U; Linux i686; fr-FR; rv:1.7.5) Gecko/20041108 Firefox/1.0"
192.168.0.1 - - [30/Nov/2005:22:34:46 +0000] "GET /Porte_de_la_Baie--34.html HTTP/1.1" 200 8648 "http://192.168.0.1/CMS/sartilly/index.php?id=38" "Mozilla/4.0 (compatible; MSIE 6.0; Windows NT 5.1)"
127.0.0.1 - - [30/Nov/2005:22:37:52 +0000] "GET /Porte_de_la_Baie--34.html HTTP/1.1" 200 9397 "http://localhost/CMS/sartilly/index.php?id=96" "Mozilla/5.0 (X11; U; Linux i686; fr-FR; rv:1.7.5) Gecko/20041108 Firefox/1.0"
127.0.0.1 - - [30/Nov/2005:22:37:56 +0000] "GET /Porte_de_la_Baie--34.html HTTP/1.1" 200 9397 "http://localhost/CMS/sartilly/index.php?id=96" "Mozilla/5.0 (X11; U; Linux i686; fr-FR; rv:1.7.5) Gecko/20041108 Firefox/1.0"
127.0.0.1 - - [30/Nov/2005:22:38:14 +0000] "GET /Porte_de_la_Baie--34.html HTTP/1.1" 200 9263 "http://localhost/CMS/sartilly/index.php?id=96" "Mozilla/5.0 (X11; U; Linux i686; fr-FR; rv:1.7.5) Gecko/20041108 Firefox/1.0"
127.0.0.1 - - [30/Nov/2005:22:38:19 +0000] "GET /Porte_de_la_Baie--34.html HTTP/1.1" 200 9180 "http://localhost/CMS/sartilly/index.php?id=96" "Mozilla/5.0 (X11; U; Linux i686; fr-FR; rv:1.7.5) Gecko/20041108 Firefox/1.0"
192.168.0.1 - - [30/Nov/2005:22:38:24 +0000] "GET /Porte_de_la_Baie--34.html HTTP/1.1" 200 7698 "http://192.168.0.1/CMS/sartilly/index.php?id=38" "Mozilla/4.0 (compatible; MSIE 6.0; Windows NT 5.1)"
192.168.0.1 - - [30/Nov/2005:22:38:44 +0000] "GET /Porte_de_la_Baie/D_ouvrir--38.html HTTP/1.1" 200 13702 "http://192.168.0.1/CMS/sartilly/index.php?id=34" "Mozilla/4.0 (compatible; MSIE 6.0; Windows NT 5.1)"
192.168.0.1 - - [30/Nov/2005:22:38:52 +0000] "GET /Porte_de_la_Baie/Les_Communes/Angey--100.html HTTP/1.1" 200 17642 "http://192.168.0.1/CMS/sartilly/index.php?id=38" "Mozilla/4.0 (compatible; MSIE 6.0; Windows NT 5.1)"
127.0.0.1 - - [30/Nov/2005:22:39:17 +0000] "GET /Porte_de_la_Baie/D_ouvrir--38.html HTTP/1.1" 200 21193 "http://localhost/CMS/sartilly/index.php?id=34" "Mozilla/5.0 (X11; U; Linux i686; fr-FR; rv:1.7.5) Gecko/20041108 Firefox/1.0"
127.0.0.1 - - [30/Nov/2005:22:39:20 +0000] "GET /Porte_de_la_Baie/Les_Communes/Angey--100.html HTTP/1.1" 200 27451 "http://localhost/CMS/sartilly/index.php?id=38" "Mozilla/5.0 (X11; U; Linux i686; fr-FR; rv:1.7.5) Gecko/20041108 Firefox/1.0"
127.0.0.1 - - [30/Nov/2005:22:39:23 +0000] "GET /Porte_de_la_Baie/Les_Communes/Angey--100.html HTTP/1.1" 200 27451 "http://localhost/CMS/sartilly/index.php?id=38" "Mozilla/5.0 (X11; U; Linux i686; fr-FR; rv:1.7.5) Gecko/20041108 Firefox/1.0"
192.168.0.1 - - [30/Nov/2005:22:39:34 +0000] "GET /Porte_de_la_Baie/Les_Communes/Bacilly--99.html HTTP/1.1" 200 13451 "http://192.168.0.1/CMS/sartilly/index.php?id=100" "Mozilla/4.0 (compatible; MSIE 6.0; Windows NT 5.1)"
192.168.0.1 - - [30/Nov/2005:22:39:45 +0000] "GET /Porte_de_la_Baie/Les_Communes/Angey--100.html HTTP/1.1" 200 17642 "http://192.168.0.1/CMS/sartilly/index.php?id=99" "Mozilla/4.0 (compatible; MSIE 6.0; Windows NT 5.1)"
192.168.0.1 - - [30/Nov/2005:22:39:47 +0000] "GET /Porte_de_la_Baie/Les_Communes/Carolles--98.html HTTP/1.1" 200 10419 "http://192.168.0.1/CMS/sartilly/index.php?id=100" "Mozilla/4.0 (compatible; MSIE 6.0; Windows NT 5.1)"
192.168.0.1 - - [30/Nov/2005:22:39:54 +0000] "GET /Porte_de_la_Baie/Les_Communes/Champcey--97.html HTTP/1.1" 200 15885 "http://192.168.0.1/CMS/sartilly/index.php?id=98" "Mozilla/4.0 (compatible; MSIE 6.0; Windows NT 5.1)"
192.168.0.1 - - [30/Nov/2005:22:40:30 +0000] "GET /Porte_de_la_Baie/Les_Communes/Champeaux--96.html HTTP/1.1" 200 8749 "http://192.168.0.1/CMS/sartilly/index.php?id=97" "Mozilla/4.0 (compatible; MSIE 6.0; Windows NT 5.1)"
192.168.0.1 - - [30/Nov/2005:22:40:35 +0000] "GET /Porte_de_la_Baie/Les_Communes/Champeaux--96.html HTTP/1.1" 200 8749 "http://192.168.0.1/CMS/sartilly/index.php?id=96" "Mozilla/4.0 (compatible; MSIE 6.0; Windows NT 5.1)"
192.168.0.1 - - [30/Nov/2005:22:40:37 +0000] "GET /Porte_de_la_Baie/Les_Communes/Champcey--97.html HTTP/1.1" 200 15885 "http://192.168.0.1/CMS/sartilly/index.php?id=96" "Mozilla/4.0 (compatible; MSIE 6.0; Windows NT 5.1)"
192.168.0.1 - - [30/Nov/2005:22:40:41 +0000] "GET /Porte_de_la_Baie/Les_Communes/Angey--100.html HTTP/1.1" 200 17642 "http://192.168.0.1/CMS/sartilly/index.php?id=97" "Mozilla/4.0 (compatible; MSIE 6.0; Windows NT 5.1)"
192.168.0.1 - - [30/Nov/2005:22:41:09 +0000] "GET /Porte_de_la_Baie/Les_Communes/Champeaux--96.html HTTP/1.1" 200 8749 "http://192.168.0.1/CMS/sartilly/index.php?id=100" "Mozilla/4.0 (compatible; MSIE 6.0; Windows NT 5.1)"
192.168.0.1 - - [30/Nov/2005:22:41:15 +0000] "GET /Porte_de_la_Baie/Les_Communes/Champcey--97.html HTTP/1.1" 200 15885 "http://192.168.0.1/CMS/sartilly/index.php?id=96" "Mozilla/4.0 (compatible; MSIE 6.0; Windows NT 5.1)"
127.0.0.1 - - [30/Nov/2005:22:42:48 +0000] "GET /Porte_de_la_Baie/Les_Communes/Champeaux--96.html HTTP/1.1" 200 9489 "http://localhost/CMS/sartilly/index.php?id=100" "Mozilla/5.0 (X11; U; Linux i686; fr-FR; rv:1.7.5) Gecko/20041108 Firefox/1.0"
127.0.0.1 - - [30/Nov/2005:22:44:52 +0000] "GET /Porte_de_la_Baie/Les_Communes/Champeaux--96.html HTTP/1.1" 200 9489 "http://localhost/CMS/sartilly/index.php?id=100" "Mozilla/5.0 (X11; U; Linux i686; fr-FR; rv:1.7.5) Gecko/20041108 Firefox/1.0"
127.0.0.1 - - [30/Nov/2005:22:50:42 +0000] "GET /Porte_de_la_Baie/Les_Communes/Bacilly--99.html HTTP/1.1" 200 19280 "http://localhost/CMS/sartilly/index.php?id=96" "Mozilla/5.0 (X11; U; Linux i686; fr-FR; rv:1.7.5) Gecko/20041108 Firefox/1.0"
127.0.0.1 - - [30/Nov/2005:22:53:11 +0000] "GET /Porte_de_la_Baie--34.html HTTP/1.1" 200 9104 "" "Mozilla/5.0 (X11; U; Linux i686; fr-FR; rv:1.7.5) Gecko/20041108 Firefox/1.0"
127.0.0.1 - - [30/Nov/2005:22:54:16 +0000] "GET /Porte_de_la_Baie/D_ouvrir--38.html HTTP/1.1" 200 21193 "http://localhost/CMS/sartilly/" "Mozilla/5.0 (X11; U; Linux i686; fr-FR; rv:1.7.5) Gecko/20041108 Firefox/1.0"
127.0.0.1 - - [30/Nov/2005:22:54:19 +0000] "GET /Porte_de_la_Baie/Les_Communes/Champeaux--96.html HTTP/1.1" 200 11466 "http://localhost/CMS/sartilly/index.php?id=38" "Mozilla/5.0 (X11; U; Linux i686; fr-FR; rv:1.7.5) Gecko/20041108 Firefox/1.0"
127.0.0.1 - - [30/Nov/2005:22:56:22 +0000] "GET /Porte_de_la_Baie/Les_Communes/Champeaux--96.html HTTP/1.1" 200 13527 "http://localhost/CMS/sartilly/index.php?id=38" "Mozilla/5.0 (X11; U; Linux i686; fr-FR; rv:1.7.5) Gecko/20041108 Firefox/1.0"
127.0.0.1 - - [30/Nov/2005:22:58:50 +0000] "GET /Porte_de_la_Baie/Les_Communes/Champeaux--96.html HTTP/1.1" 200 17290 "http://localhost/CMS/sartilly/index.php?id=38" "Mozilla/5.0 (X11; U; Linux i686; fr-FR; rv:1.7.5) Gecko/20041108 Firefox/1.0"
127.0.0.1 - - [30/Nov/2005:22:59:45 +0000] "GET /Porte_de_la_Baie/Les_Communes/Champeaux--96.html HTTP/1.1" 200 19084 "http://localhost/CMS/sartilly/index.php?id=38" "Mozilla/5.0 (X11; U; Linux i686; fr-FR; rv:1.7.5) Gecko/20041108 Firefox/1.0"
127.0.0.1 - - [30/Nov/2005:23:00:19 +0000] "GET /Porte_de_la_Baie/Les_Communes/Champeaux--96.html HTTP/1.1" 200 19079 "http://localhost/CMS/sartilly/index.php?id=38" "Mozilla/5.0 (X11; U; Linux i686; fr-FR; rv:1.7.5) Gecko/20041108 Firefox/1.0"
127.0.0.1 - - [30/Nov/2005:23:02:40 +0000] "GET /Porte_de_la_Baie/Les_Communes/Champeaux--96.html HTTP/1.1" 200 22873 "http://localhost/CMS/sartilly/index.php?id=38" "Mozilla/5.0 (X11; U; Linux i686; fr-FR; rv:1.7.5) Gecko/20041108 Firefox/1.0"
127.0.0.1 - - [30/Nov/2005:23:03:03 +0000] "GET /Porte_de_la_Baie/Les_Communes/Champeaux--96.html HTTP/1.1" 200 22873 "http://localhost/CMS/sartilly/index.php?id=38" "Mozilla/5.0 (X11; U; Linux i686; fr-FR; rv:1.7.5) Gecko/20041108 Firefox/1.0"
127.0.0.1 - - [30/Nov/2005:23:03:07 +0000] "GET /Porte_de_la_Baie/Les_Communes/Champeaux--96.html HTTP/1.1" 200 22873 "http://localhost/CMS/sartilly/index.php?id=38" "Mozilla/5.0 (X11; U; Linux i686; fr-FR; rv:1.7.5) Gecko/20041108 Firefox/1.0"
127.0.0.1 - - [30/Nov/2005:23:03:17 +0000] "GET /Porte_de_la_Baie/Les_Communes/Champeaux--96.html HTTP/1.1" 200 22873 "http://localhost/CMS/sartilly/index.php?id=38" "Mozilla/5.0 (X11; U; Linux i686; fr-FR; rv:1.7.5) Gecko/20041108 Firefox/1.0"
127.0.0.1 - - [30/Nov/2005:23:03:50 +0000] "GET /Porte_de_la_Baie/Les_Communes/Champeaux--96.html HTTP/1.1" 200 22869 "http://localhost/CMS/sartilly/index.php?id=38" "Mozilla/5.0 (X11; U; Linux i686; fr-FR; rv:1.7.5) Gecko/20041108 Firefox/1.0"
127.0.0.1 - - [30/Nov/2005:23:04:35 +0000] "GET /Porte_de_la_Baie/Les_Communes/Champeaux--96.html HTTP/1.1" 200 23127 "http://localhost/CMS/sartilly/index.php?id=38" "Mozilla/5.0 (X11; U; Linux i686; fr-FR; rv:1.7.5) Gecko/20041108 Firefox/1.0"
127.0.0.1 - - [30/Nov/2005:23:05:13 +0000] "GET /Porte_de_la_Baie/Les_Communes/Champeaux--96.html HTTP/1.1" 200 23177 "http://localhost/CMS/sartilly/index.php?id=38" "Mozilla/5.0 (X11; U; Linux i686; fr-FR; rv:1.7.5) Gecko/20041108 Firefox/1.0"
127.0.0.1 - - [30/Nov/2005:23:06:20 +0000] "GET /Porte_de_la_Baie/Les_Communes/Champeaux--96.html HTTP/1.1" 200 23233 "http://localhost/CMS/sartilly/index.php?id=38" "Mozilla/5.0 (X11; U; Linux i686; fr-FR; rv:1.7.5) Gecko/20041108 Firefox/1.0"
127.0.0.1 - - [30/Nov/2005:23:10:16 +0000] "GET /Porte_de_la_Baie/Les_Communes/Champeaux--96.html HTTP/1.1" 200 26212 "http://localhost/CMS/sartilly/index.php?id=38" "Mozilla/5.0 (X11; U; Linux i686; fr-FR; rv:1.7.5) Gecko/20041108 Firefox/1.0"
127.0.0.1 - - [30/Nov/2005:23:10:46 +0000] "GET /Porte_de_la_Baie/Les_Communes/Champeaux--96.html HTTP/1.1" 200 26188 "http://localhost/CMS/sartilly/index.php?id=38" "Mozilla/5.0 (X11; U; Linux i686; fr-FR; rv:1.7.5) Gecko/20041108 Firefox/1.0"
127.0.0.1 - - [30/Nov/2005:23:11:00 +0000] "GET /Porte_de_la_Baie/Les_Communes/Champeaux--96.html HTTP/1.1" 200 26190 "http://localhost/CMS/sartilly/index.php?id=38" "Mozilla/5.0 (X11; U; Linux i686; fr-FR; rv:1.7.5) Gecko/20041108 Firefox/1.0"
127.0.0.1 - - [30/Nov/2005:23:11:32 +0000] "GET /Porte_de_la_Baie/Les_Communes/Champeaux--96.html HTTP/1.1" 200 26276 "http://localhost/CMS/sartilly/index.php?id=38" "Mozilla/5.0 (X11; U; Linux i686; fr-FR; rv:1.7.5) Gecko/20041108 Firefox/1.0"
127.0.0.1 - - [30/Nov/2005:23:12:28 +0000] "GET /Porte_de_la_Baie/Les_Communes/Champeaux--96.html HTTP/1.1" 200 26320 "http://localhost/CMS/sartilly/index.php?id=38" "Mozilla/5.0 (X11; U; Linux i686; fr-FR; rv:1.7.5) Gecko/20041108 Firefox/1.0"
127.0.0.1 - - [30/Nov/2005:23:12:40 +0000] "GET /Porte_de_la_Baie/D_ouvrir/Visite/Banc_d_Hermelles--68.html HTTP/1.1" 200 18388 "http://localhost/CMS/sartilly/index.php?id=96" "Mozilla/5.0 (X11; U; Linux i686; fr-FR; rv:1.7.5) Gecko/20041108 Firefox/1.0"
127.0.0.1 - - [30/Nov/2005:23:13:00 +0000] "GET /Porte_de_la_Baie/Les_Communes/Champeaux--96.html HTTP/1.1" 200 26320 "http://localhost/CMS/sartilly/index.php?id=38" "Mozilla/5.0 (X11; U; Linux i686; fr-FR; rv:1.7.5) Gecko/20041108 Firefox/1.0"
127.0.0.1 - - [30/Nov/2005:23:13:04 +0000] "GET /Porte_de_la_Baie/D_ouvrir/Visite/Banc_d_Hermelles--68.html HTTP/1.1" 200 18388 "http://localhost/CMS/sartilly/index.php?id=96" "Mozilla/5.0 (X11; U; Linux i686; fr-FR; rv:1.7.5) Gecko/20041108 Firefox/1.0"
127.0.0.1 - - [30/Nov/2005:23:13:53 +0000] "GET /Porte_de_la_Baie/Les_Communes/Champeaux--96.html HTTP/1.1" 200 26327 "http://localhost/CMS/sartilly/index.php?id=38" "Mozilla/5.0 (X11; U; Linux i686; fr-FR; rv:1.7.5) Gecko/20041108 Firefox/1.0"
127.0.0.1 - - [30/Nov/2005:23:14:26 +0000] "GET /Porte_de_la_Baie/Les_Communes/Champeaux--96.html HTTP/1.1" 200 26334 "http://localhost/CMS/sartilly/index.php?id=38" "Mozilla/5.0 (X11; U; Linux i686; fr-FR; rv:1.7.5) Gecko/20041108 Firefox/1.0"
127.0.0.1 - - [30/Nov/2005:23:17:02 +0000] "GET /Porte_de_la_Baie/Les_Communes/Dragey-Ronthon--95.html HTTP/1.1" 200 8710 "http://localhost/CMS/sartilly/index.php?id=96" "Mozilla/5.0 (X11; U; Linux i686; fr-FR; rv:1.7.5) Gecko/20041108 Firefox/1.0"
127.0.0.1 - - [30/Nov/2005:23:17:22 +0000] "GET /Porte_de_la_Baie/Les_Communes/Dragey-Ronthon--95.html HTTP/1.1" 200 8717 "http://localhost/CMS/sartilly/typo3/alt_doc.php?edit[tt_content][187]=edit&columnsOnly=bodytext%2C%20rte_enabled&noView=0&returnUrl=%2FCMS%2Fsartilly%2Findex.php%3Fid%3D95" "Mozilla/5.0 (X11; U; Linux i686; fr-FR; rv:1.7.5) Gecko/20041108 Firefox/1.0"
127.0.0.1 - - [30/Nov/2005:23:17:40 +0000] "GET /Porte_de_la_Baie/Les_Communes/Dragey-Ronthon--95.html HTTP/1.1" 200 8717 "http://localhost/CMS/sartilly/typo3/alt_doc.php?edit[tt_content][187]=edit&columnsOnly=bodytext%2C%20rte_enabled&noView=0&returnUrl=%2FCMS%2Fsartilly%2Findex.php%3Fid%3D95" "Mozilla/5.0 (X11; U; Linux i686; fr-FR; rv:1.7.5) Gecko/20041108 Firefox/1.0"
127.0.0.1 - - [30/Nov/2005:23:18:20 +0000] "GET /Porte_de_la_Baie/Les_Communes/Dragey-Ronthon--95.html HTTP/1.1" 200 10200 "http://localhost/CMS/sartilly/typo3/alt_doc.php?edit[tt_content][187]=edit&columnsOnly=bodytext%2C%20rte_enabled&noView=0&returnUrl=%2FCMS%2Fsartilly%2Findex.php%3Fid%3D95" "Mozilla/5.0 (X11; U; Linux i686; fr-FR; rv:1.7.5) Gecko/20041108 Firefox/1.0"
127.0.0.1 - - [30/Nov/2005:23:21:42 +0000] "GET /Porte_de_la_Baie/Les_Communes/Dragey-Ronthon--95.html HTTP/1.1" 200 12370 "http://localhost/CMS/sartilly/typo3/alt_doc.php?edit[tt_content][187]=edit&columnsOnly=bodytext%2C%20rte_enabled&noView=0&returnUrl=%2FCMS%2Fsartilly%2Findex.php%3Fid%3D95" "Mozilla/5.0 (X11; U; Linux i686; fr-FR; rv:1.7.5) Gecko/20041108 Firefox/1.0"
127.0.0.1 - - [30/Nov/2005:23:22:00 +0000] "GET /Porte_de_la_Baie/Les_Communes/Dragey-Ronthon--95.html HTTP/1.1" 200 12874 "http://localhost/CMS/sartilly/typo3/alt_doc.php?edit[tt_content][187]=edit&columnsOnly=bodytext%2C%20rte_enabled&noView=0&returnUrl=%2FCMS%2Fsartilly%2Findex.php%3Fid%3D95" "Mozilla/5.0 (X11; U; Linux i686; fr-FR; rv:1.7.5) Gecko/20041108 Firefox/1.0"
127.0.0.1 - - [30/Nov/2005:23:23:59 +0000] "GET /Porte_de_la_Baie/Les_Communes/Dragey-Ronthon--95.html HTTP/1.1" 200 14928 "http://localhost/CMS/sartilly/typo3/alt_doc.php?edit[tt_content][187]=edit&columnsOnly=bodytext%2C%20rte_enabled&noView=0&returnUrl=%2FCMS%2Fsartilly%2Findex.php%3Fid%3D95" "Mozilla/5.0 (X11; U; Linux i686; fr-FR; rv:1.7.5) Gecko/20041108 Firefox/1.0"
127.0.0.1 - - [30/Nov/2005:23:24:29 +0000] "GET /Porte_de_la_Baie/Les_Communes/Dragey-Ronthon--95.html HTTP/1.1" 200 14932 "http://localhost/CMS/sartilly/typo3/alt_doc.php?edit[tt_content][187]=edit&columnsOnly=bodytext%2C%20rte_enabled&noView=0&returnUrl=%2FCMS%2Fsartilly%2Findex.php%3Fid%3D95" "Mozilla/5.0 (X11; U; Linux i686; fr-FR; rv:1.7.5) Gecko/20041108 Firefox/1.0"
127.0.0.1 - - [30/Nov/2005:23:25:04 +0000] "GET /Porte_de_la_Baie/Les_Communes/Dragey-Ronthon--95.html HTTP/1.1" 200 14974 "http://localhost/CMS/sartilly/typo3/alt_doc.php?edit[tt_content][187]=edit&columnsOnly=bodytext%2C%20rte_enabled&noView=0&returnUrl=%2FCMS%2Fsartilly%2Findex.php%3Fid%3D95" "Mozilla/5.0 (X11; U; Linux i686; fr-FR; rv:1.7.5) Gecko/20041108 Firefox/1.0"
127.0.0.1 - - [30/Nov/2005:23:26:12 +0000] "GET /Porte_de_la_Baie/Les_Communes/Dragey-Ronthon--95.html HTTP/1.1" 200 16710 "http://localhost/CMS/sartilly/typo3/alt_doc.php?edit[tt_content][187]=edit&columnsOnly=bodytext%2C%20rte_enabled&noView=0&returnUrl=%2FCMS%2Fsartilly%2Findex.php%3Fid%3D95" "Mozilla/5.0 (X11; U; Linux i686; fr-FR; rv:1.7.5) Gecko/20041108 Firefox/1.0"
127.0.0.1 - - [30/Nov/2005:23:26:42 +0000] "GET /Porte_de_la_Baie/Les_Communes/Dragey-Ronthon--95.html HTTP/1.1" 200 17269 "http://localhost/CMS/sartilly/typo3/alt_doc.php?edit[tt_content][187]=edit&columnsOnly=bodytext%2C%20rte_enabled&noView=0&returnUrl=%2FCMS%2Fsartilly%2Findex.php%3Fid%3D95" "Mozilla/5.0 (X11; U; Linux i686; fr-FR; rv:1.7.5) Gecko/20041108 Firefox/1.0"
127.0.0.1 - - [30/Nov/2005:23:27:03 +0000] "GET /Porte_de_la_Baie/Les_Communes/Dragey-Ronthon--95.html HTTP/1.1" 200 17309 "http://localhost/CMS/sartilly/typo3/alt_doc.php?edit[tt_content][187]=edit&columnsOnly=bodytext%2C%20rte_enabled&noView=0&returnUrl=%2FCMS%2Fsartilly%2Findex.php%3Fid%3D95" "Mozilla/5.0 (X11; U; Linux i686; fr-FR; rv:1.7.5) Gecko/20041108 Firefox/1.0"
127.0.0.1 - - [30/Nov/2005:23:29:48 +0000] "GET /Porte_de_la_Baie/Les_Communes/Dragey-Ronthon--95.html HTTP/1.1" 200 19980 "http://localhost/CMS/sartilly/typo3/alt_doc.php?edit[tt_content][187]=edit&columnsOnly=bodytext%2C%20rte_enabled&noView=0&returnUrl=%2FCMS%2Fsartilly%2Findex.php%3Fid%3D95" "Mozilla/5.0 (X11; U; Linux i686; fr-FR; rv:1.7.5) Gecko/20041108 Firefox/1.0"
127.0.0.1 - - [30/Nov/2005:23:31:03 +0000] "GET /Porte_de_la_Baie/Les_Communes/Dragey-Ronthon--95.html HTTP/1.1" 200 22266 "http://localhost/CMS/sartilly/typo3/alt_doc.php?edit[tt_content][187]=edit&columnsOnly=bodytext%2C%20rte_enabled&noView=0&returnUrl=%2FCMS%2Fsartilly%2Findex.php%3Fid%3D95" "Mozilla/5.0 (X11; U; Linux i686; fr-FR; rv:1.7.5) Gecko/20041108 Firefox/1.0"
127.0.0.1 - - [30/Nov/2005:23:31:29 +0000] "GET /Porte_de_la_Baie/Les_Communes/Dragey-Ronthon--95.html HTTP/1.1" 200 22379 "http://localhost/CMS/sartilly/typo3/alt_doc.php?edit[tt_content][187]=edit&columnsOnly=bodytext%2C%20rte_enabled&noView=0&returnUrl=%2FCMS%2Fsartilly%2Findex.php%3Fid%3D95" "Mozilla/5.0 (X11; U; Linux i686; fr-FR; rv:1.7.5) Gecko/20041108 Firefox/1.0"
127.0.0.1 - - [30/Nov/2005:23:32:46 +0000] "GET /Porte_de_la_Baie/Les_Communes/Dragey-Ronthon--95.html HTTP/1.1" 200 24276 "http://localhost/CMS/sartilly/typo3/alt_doc.php?edit[tt_content][187]=edit&columnsOnly=bodytext%2C%20rte_enabled&noView=0&returnUrl=%2FCMS%2Fsartilly%2Findex.php%3Fid%3D95" "Mozilla/5.0 (X11; U; Linux i686; fr-FR; rv:1.7.5) Gecko/20041108 Firefox/1.0"
127.0.0.1 - - [30/Nov/2005:23:35:41 +0000] "GET /Porte_de_la_Baie/Les_Communes/Dragey-Ronthon--95.html HTTP/1.1" 200 28091 "http://localhost/CMS/sartilly/typo3/alt_doc.php?edit[tt_content][187]=edit&columnsOnly=bodytext%2C%20rte_enabled&noView=0&returnUrl=%2FCMS%2Fsartilly%2Findex.php%3Fid%3D95" "Mozilla/5.0 (X11; U; Linux i686; fr-FR; rv:1.7.5) Gecko/20041108 Firefox/1.0"
127.0.0.1 - - [30/Nov/2005:23:36:23 +0000] "GET /Porte_de_la_Baie/Les_Communes/Dragey-Ronthon--95.html HTTP/1.1" 200 28091 "http://localhost/CMS/sartilly/typo3/alt_doc.php?edit[tt_content][187]=edit&columnsOnly=bodytext%2C%20rte_enabled&noView=0&returnUrl=%2FCMS%2Fsartilly%2Findex.php%3Fid%3D95" "Mozilla/5.0 (X11; U; Linux i686; fr-FR; rv:1.7.5) Gecko/20041108 Firefox/1.0"
127.0.0.1 - - [30/Nov/2005:23:36:43 +0000] "GET /Porte_de_la_Baie/Les_Communes/Dragey-Ronthon--95.html HTTP/1.1" 200 28091 "http://localhost/CMS/sartilly/typo3/alt_doc.php?edit[tt_content][187]=edit&columnsOnly=bodytext%2C%20rte_enabled&noView=0&returnUrl=%2FCMS%2Fsartilly%2Findex.php%3Fid%3D95" "Mozilla/5.0 (X11; U; Linux i686; fr-FR; rv:1.7.5) Gecko/20041108 Firefox/1.0"
127.0.0.1 - - [30/Nov/2005:23:37:10 +0000] "GET /Porte_de_la_Baie/Les_Communes/Dragey-Ronthon--95.html HTTP/1.1" 200 28260 "http://localhost/CMS/sartilly/typo3/alt_doc.php?edit[tt_content][187]=edit&columnsOnly=bodytext%2C%20rte_enabled&noView=0&returnUrl=%2FCMS%2Fsartilly%2Findex.php%3Fid%3D95" "Mozilla/5.0 (X11; U; Linux i686; fr-FR; rv:1.7.5) Gecko/20041108 Firefox/1.0"
127.0.0.1 - - [30/Nov/2005:23:37:44 +0000] "GET /Porte_de_la_Baie/Les_Communes/Dragey-Ronthon--95.html HTTP/1.1" 200 28371 "http://localhost/CMS/sartilly/typo3/alt_doc.php?edit[tt_content][187]=edit&columnsOnly=bodytext%2C%20rte_enabled&noView=0&returnUrl=%2FCMS%2Fsartilly%2Findex.php%3Fid%3D95" "Mozilla/5.0 (X11; U; Linux i686; fr-FR; rv:1.7.5) Gecko/20041108 Firefox/1.0"
127.0.0.1 - - [30/Nov/2005:23:38:22 +0000] "GET /Porte_de_la_Baie/Les_Communes/Dragey-Ronthon--95.html HTTP/1.1" 200 28427 "http://localhost/CMS/sartilly/typo3/alt_doc.php?edit[tt_content][187]=edit&columnsOnly=bodytext%2C%20rte_enabled&noView=0&returnUrl=%2FCMS%2Fsartilly%2Findex.php%3Fid%3D95" "Mozilla/5.0 (X11; U; Linux i686; fr-FR; rv:1.7.5) Gecko/20041108 Firefox/1.0"
127.0.0.1 - - [30/Nov/2005:23:39:28 +0000] "GET /Porte_de_la_Baie/Les_Communes/Dragey-Ronthon--95.html HTTP/1.1" 200 19041 "http://localhost/CMS/sartilly/typo3/alt_doc.php?edit[tt_content][187]=edit&columnsOnly=bodytext%2C%20rte_enabled&noView=0&returnUrl=%2FCMS%2Fsartilly%2Findex.php%3Fid%3D95" "Mozilla/5.0 (X11; U; Linux i686; fr-FR; rv:1.7.5) Gecko/20041108 Firefox/1.0"
192.168.0.1 - - [30/Nov/2005:23:40:40 +0000] "GET /Porte_de_la_Baie/Les_Communes/Champcey--97.html HTTP/1.1" 200 15885 "http://192.168.0.1/CMS/sartilly/index.php?id=96" "Mozilla/4.0 (compatible; MSIE 6.0; Windows NT 5.1)"
192.168.0.1 - - [30/Nov/2005:23:40:47 +0000] "GET /Porte_de_la_Baie/Les_Communes/Dragey-Ronthon--95.html HTTP/1.1" 200 19041 "http://192.168.0.1/CMS/sartilly/index.php?id=97" "Mozilla/4.0 (compatible; MSIE 6.0; Windows NT 5.1)"
127.0.0.1 - - [30/Nov/2005:23:51:56 +0000] "GET /Porte_de_la_Baie/Recherche--90.html HTTP/1.1" 200 15729 "http://localhost/CMS/sartilly/index.php?id=95" "Mozilla/5.0 (X11; U; Linux i686; fr-FR; rv:1.7.5) Gecko/20041108 Firefox/1.0"
127.0.0.1 - - [01/Dec/2005:08:48:06 +0000] "GET /Porte_de_la_Baie--34.html HTTP/1.1" 200 7698 "" "Mozilla/5.0 (X11; U; Linux i686; fr-FR; rv:1.7.5) Gecko/20041108 Firefox/1.0"
127.0.0.1 - - [01/Dec/2005:08:54:16 +0000] "GET /Porte_de_la_Baie/D_ouvrir--38.html HTTP/1.1" 200 21193 "http://localhost/CMS/sartilly/" "Mozilla/5.0 (X11; U; Linux i686; fr-FR; rv:1.7.5) Gecko/20041108 Firefox/1.0"
127.0.0.1 - - [01/Dec/2005:08:54:21 +0000] "GET /Porte_de_la_Baie/Les_Communes/Angey--100.html HTTP/1.1" 200 27452 "http://localhost/CMS/sartilly/index.php?id=38" "Mozilla/5.0 (X11; U; Linux i686; fr-FR; rv:1.7.5) Gecko/20041108 Firefox/1.0"
127.0.0.1 - - [01/Dec/2005:08:54:26 +0000] "GET /Porte_de_la_Baie/Les_Communes/Bacilly--99.html HTTP/1.1" 200 19280 "http://localhost/CMS/sartilly/index.php?id=100" "Mozilla/5.0 (X11; U; Linux i686; fr-FR; rv:1.7.5) Gecko/20041108 Firefox/1.0"
127.0.0.1 - - [01/Dec/2005:08:54:29 +0000] "GET /Porte_de_la_Baie/Les_Communes/Carolles--98.html HTTP/1.1" 200 13422 "http://localhost/CMS/sartilly/index.php?id=99" "Mozilla/5.0 (X11; U; Linux i686; fr-FR; rv:1.7.5) Gecko/20041108 Firefox/1.0"
127.0.0.1 - - [01/Dec/2005:08:54:32 +0000] "GET /Porte_de_la_Baie/Les_Communes/Champcey--97.html HTTP/1.1" 200 23057 "http://localhost/CMS/sartilly/index.php?id=98" "Mozilla/5.0 (X11; U; Linux i686; fr-FR; rv:1.7.5) Gecko/20041108 Firefox/1.0"
127.0.0.1 - - [01/Dec/2005:08:54:36 +0000] "GET /Porte_de_la_Baie/Les_Communes/Champeaux--96.html HTTP/1.1" 200 26334 "http://localhost/CMS/sartilly/index.php?id=97" "Mozilla/5.0 (X11; U; Linux i686; fr-FR; rv:1.7.5) Gecko/20041108 Firefox/1.0"
127.0.0.1 - - [01/Dec/2005:08:54:40 +0000] "GET /Porte_de_la_Baie/Les_Communes/Dragey-Ronthon--95.html HTTP/1.1" 200 28427 "http://localhost/CMS/sartilly/index.php?id=96" "Mozilla/5.0 (X11; U; Linux i686; fr-FR; rv:1.7.5) Gecko/20041108 Firefox/1.0"
127.0.0.1 - - [01/Dec/2005:08:56:14 +0000] "GET /Porte_de_la_Baie/Les_Communes/Gen_s--94.html HTTP/1.1" 200 8971 "http://localhost/CMS/sartilly/index.php?id=95" "Mozilla/5.0 (X11; U; Linux i686; fr-FR; rv:1.7.5) Gecko/20041108 Firefox/1.0"
127.0.0.1 - - [01/Dec/2005:08:59:45 +0000] "GET /Porte_de_la_Baie/Les_Communes/Gen_s--94.html HTTP/1.1" 200 12292 "http://localhost/CMS/sartilly/index.php?id=95" "Mozilla/5.0 (X11; U; Linux i686; fr-FR; rv:1.7.5) Gecko/20041108 Firefox/1.0"
127.0.0.1 - - [01/Dec/2005:09:03:37 +0000] "GET /Porte_de_la_Baie/Les_Communes/Gen_s--94.html HTTP/1.1" 200 13474 "http://localhost/CMS/sartilly/index.php?id=95" "Mozilla/5.0 (X11; U; Linux i686; fr-FR; rv:1.7.5) Gecko/20041108 Firefox/1.0"
127.0.0.1 - - [01/Dec/2005:09:04:09 +0000] "GET /Porte_de_la_Baie/Les_Communes/Gen_s--94.html HTTP/1.1" 200 13474 "http://localhost/CMS/sartilly/index.php?id=95" "Mozilla/5.0 (X11; U; Linux i686; fr-FR; rv:1.7.5) Gecko/20041108 Firefox/1.0"
127.0.0.1 - - [01/Dec/2005:09:05:38 +0000] "GET /Porte_de_la_Baie/Les_Communes/Gen_s--94.html HTTP/1.1" 200 16613 "http://localhost/CMS/sartilly/index.php?id=95" "Mozilla/5.0 (X11; U; Linux i686; fr-FR; rv:1.7.5) Gecko/20041108 Firefox/1.0"
127.0.0.1 - - [01/Dec/2005:09:06:06 +0000] "GET /Porte_de_la_Baie/Les_Communes/Gen_s--94.html HTTP/1.1" 200 16586 "http://localhost/CMS/sartilly/index.php?id=95" "Mozilla/5.0 (X11; U; Linux i686; fr-FR; rv:1.7.5) Gecko/20041108 Firefox/1.0"
127.0.0.1 - - [01/Dec/2005:09:08:24 +0000] "GET /Porte_de_la_Baie/Les_Communes/Gen_s--94.html HTTP/1.1" 200 16584 "http://localhost/CMS/sartilly/index.php?id=95" "Mozilla/5.0 (X11; U; Linux i686; fr-FR; rv:1.7.5) Gecko/20041108 Firefox/1.0"
127.0.0.1 - - [01/Dec/2005:09:10:01 +0000] "GET /Porte_de_la_Baie/Les_Communes/Gen_s--94.html HTTP/1.1" 200 18413 "http://localhost/CMS/sartilly/index.php?id=95" "Mozilla/5.0 (X11; U; Linux i686; fr-FR; rv:1.7.5) Gecko/20041108 Firefox/1.0"
127.0.0.1 - - [01/Dec/2005:09:10:21 +0000] "GET /Porte_de_la_Baie/Les_Communes/Gen_s--94.html HTTP/1.1" 200 18413 "http://localhost/CMS/sartilly/index.php?id=95" "Mozilla/5.0 (X11; U; Linux i686; fr-FR; rv:1.7.5) Gecko/20041108 Firefox/1.0"
127.0.0.1 - - [01/Dec/2005:09:11:32 +0000] "GET /Porte_de_la_Baie/Les_Communes/Gen_s--94.html HTTP/1.1" 200 20364 "http://localhost/CMS/sartilly/index.php?id=95" "Mozilla/5.0 (X11; U; Linux i686; fr-FR; rv:1.7.5) Gecko/20041108 Firefox/1.0"
127.0.0.1 - - [01/Dec/2005:09:11:40 +0000] "GET /Porte_de_la_Baie/Les_Communes/Gen_s--94.html HTTP/1.1" 200 20341 "http://localhost/CMS/sartilly/index.php?id=95" "Mozilla/5.0 (X11; U; Linux i686; fr-FR; rv:1.7.5) Gecko/20041108 Firefox/1.0"
127.0.0.1 - - [01/Dec/2005:09:16:14 +0000] "GET /Porte_de_la_Baie/Les_Communes/Gen_s--94.html HTTP/1.1" 200 23689 "http://localhost/CMS/sartilly/index.php?id=95" "Mozilla/5.0 (X11; U; Linux i686; fr-FR; rv:1.7.5) Gecko/20041108 Firefox/1.0"
127.0.0.1 - - [01/Dec/2005:09:16:34 +0000] "GET /Porte_de_la_Baie/Les_Communes/Gen_s--94.html HTTP/1.1" 200 23668 "http://localhost/CMS/sartilly/index.php?id=95" "Mozilla/5.0 (X11; U; Linux i686; fr-FR; rv:1.7.5) Gecko/20041108 Firefox/1.0"
127.0.0.1 - - [01/Dec/2005:09:19:33 +0000] "GET /Porte_de_la_Baie/Les_Communes/Gen_s--94.html HTTP/1.1" 200 26759 "http://localhost/CMS/sartilly/index.php?id=95" "Mozilla/5.0 (X11; U; Linux i686; fr-FR; rv:1.7.5) Gecko/20041108 Firefox/1.0"
127.0.0.1 - - [01/Dec/2005:09:19:54 +0000] "GET /Porte_de_la_Baie/Les_Communes/Gen_s--94.html HTTP/1.1" 200 26759 "http://localhost/CMS/sartilly/index.php?id=95" "Mozilla/5.0 (X11; U; Linux i686; fr-FR; rv:1.7.5) Gecko/20041108 Firefox/1.0"
127.0.0.1 - - [01/Dec/2005:09:20:29 +0000] "GET /Porte_de_la_Baie/Les_Communes/Gen_s--94.html HTTP/1.1" 200 27285 "http://localhost/CMS/sartilly/index.php?id=95" "Mozilla/5.0 (X11; U; Linux i686; fr-FR; rv:1.7.5) Gecko/20041108 Firefox/1.0"
127.0.0.1 - - [01/Dec/2005:09:20:37 +0000] "GET /Porte_de_la_Baie/Les_Communes/Gen_s--94.html HTTP/1.1" 200 27285 "http://localhost/CMS/sartilly/index.php?id=95" "Mozilla/5.0 (X11; U; Linux i686; fr-FR; rv:1.7.5) Gecko/20041108 Firefox/1.0"
127.0.0.1 - - [01/Dec/2005:09:22:19 +0000] "GET /Porte_de_la_Baie/Les_Communes/Gen_s--94.html HTTP/1.1" 200 29355 "http://localhost/CMS/sartilly/index.php?id=95" "Mozilla/5.0 (X11; U; Linux i686; fr-FR; rv:1.7.5) Gecko/20041108 Firefox/1.0"
127.0.0.1 - - [01/Dec/2005:09:24:54 +0000] "GET /Porte_de_la_Baie/Les_Communes/Gen_s--94.html HTTP/1.1" 200 31073 "http://localhost/CMS/sartilly/index.php?id=95" "Mozilla/5.0 (X11; U; Linux i686; fr-FR; rv:1.7.5) Gecko/20041108 Firefox/1.0"
127.0.0.1 - - [01/Dec/2005:09:26:08 +0000] "GET /Porte_de_la_Baie/Les_Communes/Gen_s--94.html HTTP/1.1" 200 33035 "http://localhost/CMS/sartilly/index.php?id=95" "Mozilla/5.0 (X11; U; Linux i686; fr-FR; rv:1.7.5) Gecko/20041108 Firefox/1.0"
127.0.0.1 - - [01/Dec/2005:09:29:26 +0000] "GET /Porte_de_la_Baie/Les_Communes/Gen_s--94.html HTTP/1.1" 200 33252 "http://localhost/CMS/sartilly/index.php?id=95" "Mozilla/5.0 (X11; U; Linux i686; fr-FR; rv:1.7.5) Gecko/20041108 Firefox/1.0"
127.0.0.1 - - [01/Dec/2005:09:30:48 +0000] "GET /Porte_de_la_Baie/Les_Communes/Gen_s--94.html HTTP/1.1" 200 36509 "http://localhost/CMS/sartilly/index.php?id=95" "Mozilla/5.0 (X11; U; Linux i686; fr-FR; rv:1.7.5) Gecko/20041108 Firefox/1.0"
127.0.0.1 - - [01/Dec/2005:09:31:09 +0000] "GET /Porte_de_la_Baie/Les_Communes/Gen_s--94.html HTTP/1.1" 200 36205 "http://localhost/CMS/sartilly/index.php?id=95" "Mozilla/5.0 (X11; U; Linux i686; fr-FR; rv:1.7.5) Gecko/20041108 Firefox/1.0"
127.0.0.1 - - [01/Dec/2005:09:31:45 +0000] "GET /Porte_de_la_Baie/Les_Communes/Gen_s--94.html HTTP/1.1" 200 35004 "http://localhost/CMS/sartilly/index.php?id=95" "Mozilla/5.0 (X11; U; Linux i686; fr-FR; rv:1.7.5) Gecko/20041108 Firefox/1.0"
127.0.0.1 - - [01/Dec/2005:09:33:10 +0000] "GET /Porte_de_la_Baie/Les_Communes/Gen_s--94.html HTTP/1.1" 200 36790 "http://localhost/CMS/sartilly/index.php?id=95" "Mozilla/5.0 (X11; U; Linux i686; fr-FR; rv:1.7.5) Gecko/20041108 Firefox/1.0"
127.0.0.1 - - [01/Dec/2005:09:35:32 +0000] "GET /Porte_de_la_Baie/Les_Communes/Gen_s--94.html HTTP/1.1" 200 38738 "http://localhost/CMS/sartilly/index.php?id=95" "Mozilla/5.0 (X11; U; Linux i686; fr-FR; rv:1.7.5) Gecko/20041108 Firefox/1.0"
127.0.0.1 - - [01/Dec/2005:09:35:47 +0000] "GET /Porte_de_la_Baie/Les_Communes/Gen_s--94.html HTTP/1.1" 200 38715 "http://localhost/CMS/sartilly/index.php?id=95" "Mozilla/5.0 (X11; U; Linux i686; fr-FR; rv:1.7.5) Gecko/20041108 Firefox/1.0"
127.0.0.1 - - [01/Dec/2005:09:37:06 +0000] "GET /Porte_de_la_Baie/Tourisme--37.html HTTP/1.1" 200 11026 "http://localhost/CMS/sartilly/index.php?id=94" "Mozilla/5.0 (X11; U; Linux i686; fr-FR; rv:1.7.5) Gecko/20041108 Firefox/1.0"
127.0.0.1 - - [01/Dec/2005:09:37:10 +0000] "GET /Porte_de_la_Baie/Tourisme/Randonn_s--45.html HTTP/1.1" 200 19905 "http://localhost/CMS/sartilly/index.php?id=37" "Mozilla/5.0 (X11; U; Linux i686; fr-FR; rv:1.7.5) Gecko/20041108 Firefox/1.0"
127.0.0.1 - - [01/Dec/2005:09:37:12 +0000] "GET /Porte_de_la_Baie/Tourisme/Randonn_s/Pedestres--49.html HTTP/1.1" 200 22523 "http://localhost/CMS/sartilly/index.php?id=45" "Mozilla/5.0 (X11; U; Linux i686; fr-FR; rv:1.7.5) Gecko/20041108 Firefox/1.0"
127.0.0.1 - - [01/Dec/2005:09:38:08 +0000] "GET /Porte_de_la_Baie/Tourisme/Patrimoine--47.html HTTP/1.1" 200 29696 "http://localhost/CMS/sartilly/index.php?id=49" "Mozilla/5.0 (X11; U; Linux i686; fr-FR; rv:1.7.5) Gecko/20041108 Firefox/1.0"
127.0.0.1 - - [01/Dec/2005:09:38:12 +0000] "GET /Porte_de_la_Baie/D_ouvrir--38.html HTTP/1.1" 200 21193 "http://localhost/CMS/sartilly/index.php?id=47" "Mozilla/5.0 (X11; U; Linux i686; fr-FR; rv:1.7.5) Gecko/20041108 Firefox/1.0"
127.0.0.1 - - [01/Dec/2005:09:38:19 +0000] "GET /Porte_de_la_Baie/D_ouvrir/Acc_--43.html HTTP/1.1" 200 16901 "http://localhost/CMS/sartilly/index.php?id=38" "Mozilla/5.0 (X11; U; Linux i686; fr-FR; rv:1.7.5) Gecko/20041108 Firefox/1.0"
127.0.0.1 - - [01/Dec/2005:09:38:20 +0000] "GET /Porte_de_la_Baie/D_ouvrir/Visite--42.html HTTP/1.1" 200 25368 "http://localhost/CMS/sartilly/index.php?id=43" "Mozilla/5.0 (X11; U; Linux i686; fr-FR; rv:1.7.5) Gecko/20041108 Firefox/1.0"
127.0.0.1 - - [01/Dec/2005:09:38:25 +0000] "GET /Porte_de_la_Baie/D_ouvrir/Histoire--41.html HTTP/1.1" 200 18136 "http://localhost/CMS/sartilly/index.php?id=42" "Mozilla/5.0 (X11; U; Linux i686; fr-FR; rv:1.7.5) Gecko/20041108 Firefox/1.0"
127.0.0.1 - - [01/Dec/2005:09:38:41 +0000] "GET /Porte_de_la_Baie/Les_Communes/Gen_s--94.html HTTP/1.1" 200 38766 "http://localhost/CMS/sartilly/index.php?id=41" "Mozilla/5.0 (X11; U; Linux i686; fr-FR; rv:1.7.5) Gecko/20041108 Firefox/1.0"
127.0.0.1 - - [01/Dec/2005:09:40:16 +0000] "GET /Porte_de_la_Baie/Les_Communes/Gen_s--94.html HTTP/1.1" 200 38817 "http://localhost/CMS/sartilly/index.php?id=41" "Mozilla/5.0 (X11; U; Linux i686; fr-FR; rv:1.7.5) Gecko/20041108 Firefox/1.0"
127.0.0.1 - - [01/Dec/2005:09:40:43 +0000] "GET /Porte_de_la_Baie/Les_Communes/Gen_s--94.html HTTP/1.1" 200 38817 "http://localhost/CMS/sartilly/index.php?id=41" "Mozilla/5.0 (X11; U; Linux i686; fr-FR; rv:1.7.5) Gecko/20041108 Firefox/1.0"
127.0.0.1 - - [01/Dec/2005:09:40:57 +0000] "GET /Porte_de_la_Baie/Les_Communes/Champeaux--96.html HTTP/1.1" 200 26334 "http://localhost/CMS/sartilly/index.php?id=94" "Mozilla/5.0 (X11; U; Linux i686; fr-FR; rv:1.7.5) Gecko/20041108 Firefox/1.0"
127.0.0.1 - - [01/Dec/2005:09:41:29 +0000] "GET /Porte_de_la_Baie/Les_Communes/Champeaux--96.html HTTP/1.1" 200 26334 "http://localhost/CMS/sartilly/index.php?id=94" "Mozilla/5.0 (X11; U; Linux i686; fr-FR; rv:1.7.5) Gecko/20041108 Firefox/1.0"
127.0.0.1 - - [01/Dec/2005:09:41:48 +0000] "GET /Porte_de_la_Baie/Les_Communes/Gen_s--94.html HTTP/1.1" 200 38817 "http://localhost/CMS/sartilly/index.php?id=96" "Mozilla/5.0 (X11; U; Linux i686; fr-FR; rv:1.7.5) Gecko/20041108 Firefox/1.0"
127.0.0.1 - - [01/Dec/2005:09:43:40 +0000] "GET /Porte_de_la_Baie/Les_Communes/Gen_s--94.html HTTP/1.1" 200 42082 "http://localhost/CMS/sartilly/index.php?id=96" "Mozilla/5.0 (X11; U; Linux i686; fr-FR; rv:1.7.5) Gecko/20041108 Firefox/1.0"
127.0.0.1 - - [01/Dec/2005:09:46:54 +0000] "GET /Porte_de_la_Baie/Les_Communes/Gen_s--94.html HTTP/1.1" 200 44010 "http://localhost/CMS/sartilly/index.php?id=96" "Mozilla/5.0 (X11; U; Linux i686; fr-FR; rv:1.7.5) Gecko/20041108 Firefox/1.0"
127.0.0.1 - - [01/Dec/2005:09:48:35 +0000] "GET /Porte_de_la_Baie/Les_Communes/Gen_s--94.html HTTP/1.1" 200 45960 "http://localhost/CMS/sartilly/index.php?id=96" "Mozilla/5.0 (X11; U; Linux i686; fr-FR; rv:1.7.5) Gecko/20041108 Firefox/1.0"
