66.249.65.34 - - [30/Sep/2006:00:28:40 +0000] "GET /Dragey-Ronthon--60.html HTTP/1.1" 200 22119 "" "Mozilla/5.0 (compatible; Googlebot/2.1; +http://www.google.com/bot.html)"
66.249.65.34 - - [30/Sep/2006:01:05:37 +0000] "GET /Dragey-Ronthon--60.html HTTP/1.1" 200 22119 "" "Mozilla/5.0 (compatible; Googlebot/2.1; +http://www.google.com/bot.html)"
66.249.65.34 - - [30/Sep/2006:01:34:22 +0000] "GET /Dragey-Ronthon--60.html HTTP/1.1" 200 22119 "" "Mozilla/5.0 (compatible; Googlebot/2.1; +http://www.google.com/bot.html)"
66.249.65.34 - - [30/Sep/2006:01:50:47 +0000] "GET /Dragey-Ronthon/Calendrier--99.html HTTP/1.1" 200 16448 "" "Mozilla/5.0 (compatible; Googlebot/2.1; +http://www.google.com/bot.html)"
207.46.98.47 - - [30/Sep/2006:03:39:55 +0000] "GET /Dragey-Ronthon--60.html HTTP/1.1" 200 22119 "" "msnbot/1.0 (+http://search.msn.com/msnbot.htm)"
207.46.98.47 - - [30/Sep/2006:03:39:57 +0000] "GET /Dragey-Ronthon--60.html HTTP/1.1" 200 22119 "" "msnbot/1.0 (+http://search.msn.com/msnbot.htm)"
207.46.98.49 - - [30/Sep/2006:04:24:13 +0000] "GET /Dragey-Ronthon--60.html HTTP/1.1" 200 22119 "" "msnbot/1.0 (+http://search.msn.com/msnbot.htm)"
66.249.65.34 - - [30/Sep/2006:05:05:42 +0000] "GET /Dragey-Ronthon--60.html HTTP/1.1" 200 22119 "" "Mozilla/5.0 (compatible; Googlebot/2.1; +http://www.google.com/bot.html)"
207.46.98.48 - - [30/Sep/2006:05:42:06 +0000] "GET /Dragey-Ronthon--60.html HTTP/1.1" 200 22119 "" "msnbot/1.0 (+http://search.msn.com/msnbot.htm)"
207.46.98.48 - - [30/Sep/2006:05:42:06 +0000] "GET /Dragey-Ronthon--60.html HTTP/1.1" 200 22119 "" "msnbot/1.0 (+http://search.msn.com/msnbot.htm)"
207.46.98.48 - - [30/Sep/2006:05:42:07 +0000] "GET /Dragey-Ronthon--60.html HTTP/1.1" 200 22119 "" "msnbot/1.0 (+http://search.msn.com/msnbot.htm)"
207.46.98.49 - - [30/Sep/2006:08:54:01 +0000] "GET /Dragey-Ronthon--60.html HTTP/1.1" 200 22119 "" "msnbot/1.0 (+http://search.msn.com/msnbot.htm)"
66.249.65.34 - - [30/Sep/2006:09:07:58 +0000] "GET /Dragey-Ronthon/Tourisme--103.html HTTP/1.1" 200 9735 "" "Mozilla/5.0 (compatible; Googlebot/2.1; +http://www.google.com/bot.html)"
66.249.65.34 - - [30/Sep/2006:09:20:19 +0000] "GET /Dragey-Ronthon/Calendrier--99.html HTTP/1.1" 200 16178 "" "Mozilla/5.0 (compatible; Googlebot/2.1; +http://www.google.com/bot.html)"
66.249.65.34 - - [30/Sep/2006:09:24:27 +0000] "GET /Dragey-Ronthon/Calendrier--99.html HTTP/1.1" 200 16302 "" "Mozilla/5.0 (compatible; Googlebot/2.1; +http://www.google.com/bot.html)"
86.208.210.234 - - [30/Sep/2006:10:46:41 +0000] "GET /Dragey-Ronthon--60.html HTTP/1.1" 200 22119 "http://www.portedelabaie.com/index.php?id=95" "Mozilla/4.0 (compatible; MSIE 6.0; Windows NT 5.1; SV1; Wanadoo 6.7; .NET CLR 1.1.4322)"
86.208.210.234 - - [30/Sep/2006:10:53:45 +0000] "GET /Dragey-Ronthon--60.html HTTP/1.1" 200 22161 "http://www.google.fr/search?hl=fr&q=plage+de+dragey&btnG=Recherche+Google&meta=" "Mozilla/4.0 (compatible; MSIE 6.0; Windows NT 5.1; SV1; Wanadoo 6.7; .NET CLR 1.1.4322)"
207.46.98.47 - - [30/Sep/2006:11:18:20 +0000] "GET /Dragey-Ronthon--60.html HTTP/1.1" 200 22119 "" "msnbot/1.0 (+http://search.msn.com/msnbot.htm)"
80.201.169.156 - - [30/Sep/2006:13:54:53 +0000] "GET /Dragey-Ronthon/Loisirs--100.html HTTP/1.1" 200 9732 "http://images.google.be/imgres?imgurl=http://www.portedelabaie.com/uploads/pics/saintsamson.jpg&imgrefurl=http://www.portedelabaie.com/index.php%3Fid%3D100&h=136&w=103&sz=14&hl=nl&start=254&tbnid=Sne8u-IisnalmM:&tbnh=92&tbnw=70&prev=/images%3Fq%3Dsaint%2Bsamson%26start%3D252%26ndsp%3D18%26svnum%3D10%26hl%3Dnl%26lr%3Dlang_en%7Clang_fr%7Clang_nl%26client%3Dfirefox-a%26rls%3Dorg.mozilla:nl:official_s%26sa%3DN" "Mozilla/5.0 (Windows; U; Windows NT 5.1; nl; rv:1.8.0.7) Gecko/20060909 Firefox/1.5.0.7"
207.46.98.47 - - [30/Sep/2006:14:37:08 +0000] "GET /Dragey-Ronthon--60.html HTTP/1.1" 200 22119 "" "msnbot/1.0 (+http://search.msn.com/msnbot.htm)"
72.30.101.206 - - [30/Sep/2006:15:52:19 +0000] "GET /Dragey-Ronthon--60.html HTTP/1.1" 200 22119 "" "Mozilla/5.0 (compatible; Yahoo! Slurp; http://help.yahoo.com/help/us/ysearch/slurp)"
72.30.101.206 - - [30/Sep/2006:18:49:40 +0000] "GET /Dragey-Ronthon--60.html HTTP/1.1" 200 22119 "" "Mozilla/5.0 (compatible; Yahoo! Slurp; http://help.yahoo.com/help/us/ysearch/slurp)"
72.30.133.222 - - [30/Sep/2006:18:49:41 +0000] "GET /Dragey-Ronthon--60.html HTTP/1.1" 200 22119 "" "Mozilla/5.0 (compatible; Yahoo! Slurp; http://help.yahoo.com/help/us/ysearch/slurp)"
72.30.129.30 - - [30/Sep/2006:18:53:26 +0000] "GET /Dragey-Ronthon/Tourisme--103.html HTTP/1.1" 200 9735 "" "Mozilla/5.0 (compatible; Yahoo! Slurp; http://help.yahoo.com/help/us/ysearch/slurp)"
207.46.98.49 - - [30/Sep/2006:19:07:15 +0000] "GET /Dragey-Ronthon--60.html HTTP/1.1" 200 22119 "" "msnbot/1.0 (+http://search.msn.com/msnbot.htm)"
196.217.216.235 - - [30/Sep/2006:19:52:08 +0000] "GET /Dragey-Ronthon/H_bergement--102.html HTTP/1.1" 200 28495 "http://images.google.fr/imgres?imgurl=http://www.portedelabaie.com/typo3temp/pics/fb43381515.jpg&imgrefurl=http://www.portedelabaie.com/index.php%3Fid%3D102&h=249&w=160&sz=20&hl=fr&start=87&tbnid=APl_d_YNhRgPmM:&tbnh=111&tbnw=71&prev=/images%3Fq%3Dvitrail%2Bfrance%2B%26start%3D72%26ndsp%3D18%26svnum%3D10%26hl%3Dfr%26lr%3D%26rls%3DGGLG,GGLG:2005-32,GGLG:fr%26sa%3DN" "Mozilla/4.0 (compatible; MSIE 6.0; Windows NT 5.1; SV1)"
80.201.169.156 - - [30/Sep/2006:21:12:22 +0000] "GET /Dragey-Ronthon/Loisirs--100.html HTTP/1.1" 200 9732 "http://images.google.be/imgres?imgurl=http://www.portedelabaie.com/uploads/pics/saintsamson.jpg&imgrefurl=http://www.portedelabaie.com/index.php%3Fid%3D100&h=136&w=103&sz=14&hl=nl&start=254&tbnid=Sne8u-IisnalmM:&tbnh=92&tbnw=70&prev=/images%3Fq%3Dsaint%2Bsamson%26start%3D252%26ndsp%3D18%26svnum%3D10%26hl%3Dnl%26lr%3Dlang_en%7Clang_fr%7Clang_nl%26client%3Dfirefox-a%26rls%3Dorg.mozilla:nl:official_s%26sa%3DN" "Mozilla/5.0 (Windows; U; Windows NT 5.1; nl; rv:1.8.0.7) Gecko/20060909 Firefox/1.5.0.7"
207.46.98.47 - - [30/Sep/2006:23:57:44 +0000] "GET /Dragey-Ronthon--60.html HTTP/1.1" 200 22119 "" "msnbot/1.0 (+http://search.msn.com/msnbot.htm)"
207.46.98.49 - - [30/Sep/2006:23:59:30 +0000] "GET /Dragey-Ronthon--60.html HTTP/1.1" 200 22119 "" "msnbot/1.0 (+http://search.msn.com/msnbot.htm)"
217.74.99.25 - - [01/Oct/2006:01:12:41 +0000] "GET /Dragey-Ronthon--60.html HTTP/1.1" 200 22119 "" "NG/2.0"
38.99.203.110 - - [01/Oct/2006:06:57:28 +0000] "GET /Dragey-Ronthon/Tourisme--103.html HTTP/1.1" 200 9735 "" "Mozilla/5.0 (compatible; MSIE 6.0; Windows NT 5.0)"
81.66.50.89 - - [01/Oct/2006:11:29:25 +0000] "GET /Dragey-Ronthon/H_bergement--102.html HTTP/1.1" 200 28495 "" "Mozilla/4.0 (compatible; MSIE 6.0; Windows NT 5.1; SV1)"
64.246.161.42 - - [01/Oct/2006:12:18:32 +0000] "GET /Dragey-Ronthon--60.html HTTP/1.1" 200 21767 "http://www.whois.sc/" "SurveyBot/2.3 (Whois Source)"
64.246.161.42 - - [01/Oct/2006:12:18:34 +0000] "GET /Dragey-Ronthon--60.html HTTP/1.1" 200 21767 "http://www.whois.sc/dragey-ronthon.com" "SurveyBot/2.3 (Whois Source)"
66.249.65.6 - - [01/Oct/2006:15:28:28 +0000] "GET /Dragey-Ronthon/Tourisme--103.html HTTP/1.1" 200 9735 "" "Mozilla/5.0 (compatible; Googlebot/2.1; +http://www.google.com/bot.html)"
66.249.65.6 - - [01/Oct/2006:15:39:31 +0000] "GET /Dragey-Ronthon/Vie_Pratique--101.html HTTP/1.1" 200 9747 "" "Mozilla/5.0 (compatible; Googlebot/2.1; +http://www.google.com/bot.html)"
66.249.65.6 - - [01/Oct/2006:15:45:03 +0000] "GET /Dragey-Ronthon/D_couvrir--104.html HTTP/1.1" 200 9738 "" "Mozilla/5.0 (compatible; Googlebot/2.1; +http://www.google.com/bot.html)"
66.249.65.6 - - [01/Oct/2006:15:50:34 +0000] "GET /Dragey-Ronthon/Calendrier--99.html HTTP/1.1" 200 16466 "" "Mozilla/5.0 (compatible; Googlebot/2.1; +http://www.google.com/bot.html)"
66.249.65.6 - - [01/Oct/2006:15:56:05 +0000] "GET /Dragey-Ronthon/H_bergement--102.html HTTP/1.1" 200 28495 "" "Mozilla/5.0 (compatible; Googlebot/2.1; +http://www.google.com/bot.html)"
65.55.212.234 - - [01/Oct/2006:16:02:21 +0000] "GET /Dragey-Ronthon/Tourisme--103.html HTTP/1.1" 200 9735 "" "msnbot-media/1.0 (+http://search.msn.com/msnbot.htm)"
80.201.198.64 - - [01/Oct/2006:16:15:10 +0000] "GET /Dragey-Ronthon/Loisirs--100.html HTTP/1.1" 200 9356 "http://images.google.be/imgres?imgurl=http://www.portedelabaie.com/uploads/pics/saintsamson.jpg&imgrefurl=http://www.portedelabaie.com/index.php%3Fid%3D100&h=136&w=103&sz=14&hl=nl&start=254&tbnid=Sne8u-IisnalmM:&tbnh=92&tbnw=70&prev=/images%3Fq%3Dsaint%2Bsamson%26start%3D252%26ndsp%3D18%26svnum%3D10%26hl%3Dnl%26lr%3Dlang_en%7Clang_fr%7Clang_nl%26client%3Dfirefox-a%26rls%3Dorg.mozilla:nl:official_s%26sa%3DN" "Mozilla/5.0 (Windows; U; Windows NT 5.1; nl; rv:1.8.0.7) Gecko/20060909 Firefox/1.5.0.7"
80.201.198.64 - - [01/Oct/2006:16:20:43 +0000] "GET /Dragey-Ronthon/Loisirs--100.html HTTP/1.1" 200 9356 "http://images.google.be/imgres?imgurl=http://www.portedelabaie.com/uploads/pics/saintsamson.jpg&imgrefurl=http://www.portedelabaie.com/index.php%3Fid%3D100&h=136&w=103&sz=14&hl=nl&start=254&tbnid=Sne8u-IisnalmM:&tbnh=92&tbnw=70&prev=/images%3Fq%3Dsaint%2Bsamson%26start%3D252%26ndsp%3D18%26svnum%3D10%26hl%3Dnl%26lr%3Dlang_en%7Clang_fr%7Clang_nl%26client%3Dfirefox-a%26rls%3Dorg.mozilla:nl:official_s%26sa%3DN" "Mozilla/5.0 (Windows; U; Windows NT 5.1; nl; rv:1.8.0.7) Gecko/20060909 Firefox/1.5.0.7"
66.249.65.6 - - [01/Oct/2006:17:18:59 +0000] "GET /Dragey-Ronthon--60.html HTTP/1.1" 200 21767 "" "Mozilla/5.0 (compatible; Googlebot/2.1; +http://www.google.com/bot.html)"
66.249.65.6 - - [01/Oct/2006:17:18:59 +0000] "GET /Dragey-Ronthon/Tourisme--103.html HTTP/1.1" 200 9735 "" "Mozilla/5.0 (compatible; Googlebot/2.1; +http://www.google.com/bot.html)"
66.249.65.6 - - [01/Oct/2006:18:52:54 +0000] "GET /Dragey-Ronthon/Vie_Pratique--101.html HTTP/1.1" 200 9747 "" "Mozilla/5.0 (compatible; Googlebot/2.1; +http://www.google.com/bot.html)"
66.249.65.6 - - [01/Oct/2006:19:42:38 +0000] "GET /Dragey-Ronthon/D_couvrir--104.html HTTP/1.1" 200 9738 "" "Mozilla/5.0 (compatible; Googlebot/2.1; +http://www.google.com/bot.html)"
66.249.65.6 - - [01/Oct/2006:22:22:52 +0000] "GET /Dragey-Ronthon/Calendrier--99.html HTTP/1.1" 200 16466 "" "Mozilla/5.0 (compatible; Googlebot/2.1; +http://www.google.com/bot.html)"
66.249.65.6 - - [01/Oct/2006:23:40:13 +0000] "GET /Dragey-Ronthon/Loisirs--100.html HTTP/1.1" 200 9732 "" "Mozilla/5.0 (compatible; Googlebot/2.1; +http://www.google.com/bot.html)"
66.249.65.6 - - [02/Oct/2006:00:57:34 +0000] "GET /Dragey-Ronthon/Calendrier--99.html HTTP/1.1" 200 15986 "" "Mozilla/5.0 (compatible; Googlebot/2.1; +http://www.google.com/bot.html)"
66.249.65.6 - - [02/Oct/2006:01:30:43 +0000] "GET /Dragey-Ronthon/H_bergement--102.html HTTP/1.1" 200 28495 "" "Mozilla/5.0 (compatible; Googlebot/2.1; +http://www.google.com/bot.html)"
66.249.65.6 - - [02/Oct/2006:01:47:18 +0000] "GET /Dragey-Ronthon/Calendrier--99.html HTTP/1.1" 200 15986 "" "Mozilla/5.0 (compatible; Googlebot/2.1; +http://www.google.com/bot.html)"
66.249.65.6 - - [02/Oct/2006:02:42:35 +0000] "GET /Dragey-Ronthon/H_bergement--102.html HTTP/1.1" 200 28495 "" "Mozilla/5.0 (compatible; Googlebot/2.1; +http://www.google.com/bot.html)"
66.249.65.6 - - [02/Oct/2006:02:48:05 +0000] "GET /Dragey-Ronthon/H_bergement--102.html HTTP/1.1" 200 28495 "" "Mozilla/5.0 (compatible; Googlebot/2.1; +http://www.google.com/bot.html)"
207.46.98.74 - - [02/Oct/2006:04:08:15 +0000] "GET /Dragey-Ronthon--60.html HTTP/1.1" 200 22161 "" "msnbot/1.0 (+http://search.msn.com/msnbot.htm)"
66.249.65.6 - - [02/Oct/2006:05:16:16 +0000] "GET /Dragey-Ronthon/H_bergement--102.html HTTP/1.1" 200 28495 "" "Mozilla/5.0 (compatible; Googlebot/2.1; +http://www.google.com/bot.html)"
66.249.65.6 - - [02/Oct/2006:05:43:09 +0000] "GET /Dragey-Ronthon/H_bergement--102.html HTTP/1.1" 200 28495 "" "Mozilla/5.0 (compatible; Googlebot/2.1; +http://www.google.com/bot.html)"
66.249.66.205 - - [02/Oct/2006:06:15:16 +0000] "GET /Dragey-Ronthon/H_bergement--102.html HTTP/1.1" 200 28495 "" "Mozilla/5.0 (compatible; Googlebot/2.1; +http://www.google.com/bot.html)"
66.249.66.205 - - [02/Oct/2006:06:20:53 +0000] "GET /Dragey-Ronthon/H_bergement--102.html HTTP/1.1" 200 28495 "" "Mozilla/5.0 (compatible; Googlebot/2.1; +http://www.google.com/bot.html)"
66.249.66.205 - - [02/Oct/2006:06:36:42 +0000] "GET /Dragey-Ronthon/H_bergement--102.html HTTP/1.1" 200 28495 "" "Mozilla/5.0 (compatible; Googlebot/2.1; +http://www.google.com/bot.html)"
207.46.98.49 - - [02/Oct/2006:06:41:12 +0000] "GET /Dragey-Ronthon--60.html HTTP/1.1" 200 21767 "" "msnbot/1.0 (+http://search.msn.com/msnbot.htm)"
66.249.66.205 - - [02/Oct/2006:07:25:02 +0000] "GET /Dragey-Ronthon/H_bergement--102.html HTTP/1.1" 200 28495 "" "Mozilla/5.0 (compatible; Googlebot/2.1; +http://www.google.com/bot.html)"
207.46.98.47 - - [02/Oct/2006:07:25:41 +0000] "GET /Dragey-Ronthon--60.html HTTP/1.1" 200 21767 "" "msnbot/1.0 (+http://search.msn.com/msnbot.htm)"
207.46.98.48 - - [02/Oct/2006:07:34:37 +0000] "GET /Dragey-Ronthon--60.html HTTP/1.1" 200 21767 "" "msnbot/1.0 (+http://search.msn.com/msnbot.htm)"
66.249.65.114 - - [02/Oct/2006:09:43:12 +0000] "GET /Dragey-Ronthon/Calendrier--99.html HTTP/1.1" 200 10725 "" "Mozilla/5.0 (compatible; Googlebot/2.1; +http://www.google.com/bot.html)"
67.68.127.150 - - [02/Oct/2006:11:31:01 +0000] "GET /Dragey-Ronthon--60.html HTTP/1.1" 200 21767 "http://www.portedelabaie.com/fr.html" "Mozilla/4.0 (compatible; MSIE 6.0; Windows NT 5.1; SYMPA; SV1)"
207.46.98.49 - - [02/Oct/2006:12:00:20 +0000] "GET /Dragey-Ronthon--60.html HTTP/1.1" 200 21767 "" "msnbot/1.0 (+http://search.msn.com/msnbot.htm)"
207.46.98.47 - - [02/Oct/2006:12:04:37 +0000] "GET /Dragey-Ronthon--60.html HTTP/1.1" 200 21767 "" "msnbot/1.0 (+http://search.msn.com/msnbot.htm)"
207.46.98.48 - - [02/Oct/2006:12:10:30 +0000] "GET /Dragey-Ronthon--60.html HTTP/1.1" 200 21767 "" "msnbot/1.0 (+http://search.msn.com/msnbot.htm)"
66.249.65.114 - - [02/Oct/2006:12:56:31 +0000] "GET /Dragey-Ronthon/Calendrier--99.html HTTP/1.1" 200 10350 "" "Mozilla/5.0 (compatible; Googlebot/2.1; +http://www.google.com/bot.html)"
66.249.65.114 - - [02/Oct/2006:13:14:43 +0000] "GET /Dragey-Ronthon/Vie_Pratique--101.html HTTP/1.1" 200 9731 "" "Mozilla/5.0 (compatible; Googlebot/2.1; +http://www.google.com/bot.html)"
81.66.22.80 - - [02/Oct/2006:14:57:47 +0000] "GET /Dragey-Ronthon--60.html HTTP/1.1" 200 22161 "http://www.google.com/search?q=%C3%A9glises+normandes&hl=fr&lr=&rls=SNYJ,SNYJ:2005-28,SNYJ:fr&start=40&sa=N" "Mozilla/4.0 (compatible; MSIE 6.0; Windows NT 5.1; SV1)"
66.249.65.114 - - [02/Oct/2006:15:12:59 +0000] "GET /Dragey-Ronthon/Calendrier--99.html HTTP/1.1" 200 11272 "" "Mozilla/5.0 (compatible; Googlebot/2.1; +http://www.google.com/bot.html)"
66.249.65.114 - - [02/Oct/2006:15:17:31 +0000] "GET /Dragey-Ronthon/Calendrier--99.html HTTP/1.1" 200 11272 "" "Mozilla/5.0 (compatible; Googlebot/2.1; +http://www.google.com/bot.html)"
66.249.65.114 - - [02/Oct/2006:15:53:55 +0000] "GET /Dragey-Ronthon/Calendrier--99.html HTTP/1.1" 200 10372 "" "Mozilla/5.0 (compatible; Googlebot/2.1; +http://www.google.com/bot.html)"
66.154.103.104 - - [02/Oct/2006:16:28:14 +0000] "GET /Dragey-Ronthon/Calendrier--99.html HTTP/1.1" 200 15891 "" "Gigabot/2.0; http://www.gigablast.com/spider.html"
207.46.98.47 - - [02/Oct/2006:16:45:17 +0000] "GET /Dragey-Ronthon--60.html HTTP/1.1" 200 22103 "" "msnbot/1.0 (+http://search.msn.com/msnbot.htm)"
207.46.98.48 - - [02/Oct/2006:17:13:42 +0000] "GET /Dragey-Ronthon--60.html HTTP/1.1" 200 22103 "" "msnbot/1.0 (+http://search.msn.com/msnbot.htm)"
207.46.98.49 - - [02/Oct/2006:17:19:46 +0000] "GET /Dragey-Ronthon--60.html HTTP/1.1" 200 22103 "" "msnbot/1.0 (+http://search.msn.com/msnbot.htm)"
66.249.65.114 - - [02/Oct/2006:18:10:23 +0000] "GET /Dragey-Ronthon/Calendrier--99.html HTTP/1.1" 200 10334 "" "Mozilla/5.0 (compatible; Googlebot/2.1; +http://www.google.com/bot.html)"
66.249.65.114 - - [02/Oct/2006:18:24:01 +0000] "GET /Dragey-Ronthon/Calendrier--99.html HTTP/1.1" 200 10372 "" "Mozilla/5.0 (compatible; Googlebot/2.1; +http://www.google.com/bot.html)"
65.55.212.191 - - [02/Oct/2006:18:35:29 +0000] "GET /Dragey-Ronthon--60.html HTTP/1.1" 200 22103 "" "msnbot-media/1.0 (+http://search.msn.com/msnbot.htm)"
66.249.65.114 - - [02/Oct/2006:18:42:13 +0000] "GET /Dragey-Ronthon/Calendrier--99.html HTTP/1.1" 200 10389 "" "Mozilla/5.0 (compatible; Googlebot/2.1; +http://www.google.com/bot.html)"
66.249.65.114 - - [02/Oct/2006:19:20:10 +0000] "GET /Dragey-Ronthon--60.html HTTP/1.1" 200 22103 "" "Mozilla/5.0 (compatible; Googlebot/2.1; +http://www.google.com/bot.html)"
66.249.65.114 - - [02/Oct/2006:19:20:11 +0000] "GET /Dragey-Ronthon--60.html HTTP/1.1" 200 22103 "" "Mozilla/5.0 (compatible; Googlebot/2.1; +http://www.google.com/bot.html)"
66.249.65.114 - - [02/Oct/2006:19:41:21 +0000] "GET /Dragey-Ronthon/Calendrier--99.html HTTP/1.1" 200 10341 "" "Mozilla/5.0 (compatible; Googlebot/2.1; +http://www.google.com/bot.html)"
66.249.65.114 - - [02/Oct/2006:19:45:54 +0000] "GET /Dragey-Ronthon/Calendrier--99.html HTTP/1.1" 200 11296 "" "Mozilla/5.0 (compatible; Googlebot/2.1; +http://www.google.com/bot.html)"
66.249.65.114 - - [02/Oct/2006:19:50:27 +0000] "GET /Dragey-Ronthon/Calendrier--99.html HTTP/1.1" 200 10390 "" "Mozilla/5.0 (compatible; Googlebot/2.1; +http://www.google.com/bot.html)"
66.249.65.114 - - [02/Oct/2006:20:08:40 +0000] "GET /Dragey-Ronthon/Calendrier--99.html HTTP/1.1" 200 10342 "" "Mozilla/5.0 (compatible; Googlebot/2.1; +http://www.google.com/bot.html)"
66.249.65.114 - - [02/Oct/2006:20:13:11 +0000] "GET /Dragey-Ronthon/Calendrier--99.html HTTP/1.1" 200 10350 "" "Mozilla/5.0 (compatible; Googlebot/2.1; +http://www.google.com/bot.html)"
66.249.65.114 - - [02/Oct/2006:20:22:17 +0000] "GET /Dragey-Ronthon/Calendrier--99.html HTTP/1.1" 200 11272 "" "Mozilla/5.0 (compatible; Googlebot/2.1; +http://www.google.com/bot.html)"
207.46.98.47 - - [02/Oct/2006:21:27:57 +0000] "GET /Dragey-Ronthon--60.html HTTP/1.1" 200 22103 "" "msnbot/1.0 (+http://search.msn.com/msnbot.htm)"
207.46.98.47 - - [02/Oct/2006:21:27:57 +0000] "GET /Dragey-Ronthon--60.html HTTP/1.1" 200 22103 "" "msnbot/1.0 (+http://search.msn.com/msnbot.htm)"
72.30.101.206 - - [02/Oct/2006:21:59:24 +0000] "GET /Dragey-Ronthon--60.html HTTP/1.1" 200 22103 "" "Mozilla/5.0 (compatible; Yahoo! Slurp; http://help.yahoo.com/help/us/ysearch/slurp)"
74.6.70.59 - - [02/Oct/2006:21:59:38 +0000] "GET /Dragey-Ronthon--60.html HTTP/1.1" 200 22103 "" "Mozilla/5.0 (compatible; Yahoo! Slurp; http://help.yahoo.com/help/us/ysearch/slurp)"
207.46.98.48 - - [02/Oct/2006:22:10:18 +0000] "GET /Dragey-Ronthon--60.html HTTP/1.1" 200 22103 "" "msnbot/1.0 (+http://search.msn.com/msnbot.htm)"
66.249.65.114 - - [02/Oct/2006:22:25:06 +0000] "GET /Dragey-Ronthon/Calendrier--99.html HTTP/1.1" 200 10392 "" "Mozilla/5.0 (compatible; Googlebot/2.1; +http://www.google.com/bot.html)"
207.46.98.49 - - [02/Oct/2006:22:32:29 +0000] "GET /Dragey-Ronthon--60.html HTTP/1.1" 200 22103 "" "msnbot/1.0 (+http://search.msn.com/msnbot.htm)"
66.249.65.114 - - [02/Oct/2006:22:38:45 +0000] "GET /Dragey-Ronthon/Calendrier--99.html HTTP/1.1" 200 10333 "" "Mozilla/5.0 (compatible; Googlebot/2.1; +http://www.google.com/bot.html)"
66.249.65.114 - - [02/Oct/2006:23:15:08 +0000] "GET /Dragey-Ronthon/Calendrier--99.html HTTP/1.1" 200 10330 "" "Mozilla/5.0 (compatible; Googlebot/2.1; +http://www.google.com/bot.html)"
66.249.65.114 - - [02/Oct/2006:23:28:47 +0000] "GET /Dragey-Ronthon/Calendrier--99.html HTTP/1.1" 200 10350 "" "Mozilla/5.0 (compatible; Googlebot/2.1; +http://www.google.com/bot.html)"
66.249.65.114 - - [03/Oct/2006:00:34:49 +0000] "GET /Dragey-Ronthon/Calendrier--99.html HTTP/1.1" 200 10372 "" "Mozilla/5.0 (compatible; Googlebot/2.1; +http://www.google.com/bot.html)"
66.249.65.114 - - [03/Oct/2006:01:17:53 +0000] "GET /Dragey-Ronthon/Calendrier--99.html HTTP/1.1" 200 10334 "" "Mozilla/5.0 (compatible; Googlebot/2.1; +http://www.google.com/bot.html)"
66.249.65.114 - - [03/Oct/2006:01:22:26 +0000] "GET /Dragey-Ronthon/Calendrier--99.html HTTP/1.1" 200 10342 "" "Mozilla/5.0 (compatible; Googlebot/2.1; +http://www.google.com/bot.html)"
66.249.65.114 - - [03/Oct/2006:01:27:00 +0000] "GET /Dragey-Ronthon/Calendrier--99.html HTTP/1.1" 200 10390 "" "Mozilla/5.0 (compatible; Googlebot/2.1; +http://www.google.com/bot.html)"
207.46.98.48 - - [03/Oct/2006:03:23:14 +0000] "GET /Dragey-Ronthon--60.html HTTP/1.1" 200 22103 "" "msnbot/1.0 (+http://search.msn.com/msnbot.htm)"
207.46.98.49 - - [03/Oct/2006:03:38:13 +0000] "GET /Dragey-Ronthon--60.html HTTP/1.1" 200 22103 "" "msnbot/1.0 (+http://search.msn.com/msnbot.htm)"
207.46.98.47 - - [03/Oct/2006:06:38:26 +0000] "GET /Dragey-Ronthon--60.html HTTP/1.1" 200 22103 "" "msnbot/1.0 (+http://search.msn.com/msnbot.htm)"
194.3.129.140 - - [03/Oct/2006:10:11:45 +0000] "GET /Dragey-Ronthon/Calendrier--99.html HTTP/1.1" 200 15598 "http://www.google.fr/search?q=bacilly&hl=fr&lr=&start=10&sa=N" "Mozilla/4.0 (compatible; MSIE 6.0; Windows 98)"
66.249.66.204 - - [04/Oct/2006:00:14:17 +0000] "GET /Dragey-Ronthon--60.html HTTP/1.1" 200 21767 "" "Mozilla/5.0 (compatible; Googlebot/2.1; +http://www.google.com/bot.html)"
66.249.66.204 - - [04/Oct/2006:00:14:18 +0000] "GET /Dragey-Ronthon/Actualit_s--179.html HTTP/1.1" 200 10511 "" "Mozilla/5.0 (compatible; Googlebot/2.1; +http://www.google.com/bot.html)"
60.28.17.40 - - [04/Oct/2006:00:18:18 +0000] "GET /Dragey-Ronthon--60.html HTTP/1.1" 200 21767 "" "Baiduspider+(+http://www.baidu.com/search/spider.htm)"
66.249.65.67 - - [04/Oct/2006:02:18:49 +0000] "GET /Dragey-Ronthon/Actualit_s--179.html HTTP/1.1" 200 10511 "" "Mozilla/5.0 (compatible; Googlebot/2.1; +http://www.google.com/bot.html)"
74.6.72.168 - - [04/Oct/2006:05:01:43 +0000] "GET /Dragey-Ronthon/Tourisme--103.html HTTP/1.1" 200 9359 "" "Mozilla/5.0 (compatible; Yahoo! Slurp; http://help.yahoo.com/help/us/ysearch/slurp)"
66.249.65.67 - - [04/Oct/2006:05:32:18 +0000] "GET /Dragey-Ronthon/Calendrier--99.html HTTP/1.1" 200 11296 "" "Mozilla/5.0 (compatible; Googlebot/2.1; +http://www.google.com/bot.html)"
66.249.65.67 - - [04/Oct/2006:07:17:03 +0000] "GET /Dragey-Ronthon/Actualit_s--179.html HTTP/1.1" 200 10511 "" "Mozilla/5.0 (compatible; Googlebot/2.1; +http://www.google.com/bot.html)"
66.249.65.67 - - [04/Oct/2006:08:45:38 +0000] "GET /Dragey-Ronthon/H_bergement--102.html HTTP/1.1" 200 25900 "" "Mozilla/5.0 (compatible; Googlebot/2.1; +http://www.google.com/bot.html)"
74.6.67.206 - - [04/Oct/2006:09:41:17 +0000] "GET /Dragey-Ronthon/Actualit_s--179.html HTTP/1.1" 200 9267 "" "Mozilla/5.0 (compatible; Yahoo! Slurp; http://help.yahoo.com/help/us/ysearch/slurp)"
66.249.65.67 - - [04/Oct/2006:09:41:25 +0000] "GET /Dragey-Ronthon/Actualit_s--179.html HTTP/1.1" 200 10511 "" "Mozilla/5.0 (compatible; Googlebot/2.1; +http://www.google.com/bot.html)"
66.249.65.67 - - [04/Oct/2006:11:35:49 +0000] "GET /Dragey-Ronthon/H_bergement--102.html HTTP/1.1" 200 26942 "" "Mozilla/5.0 (compatible; Googlebot/2.1; +http://www.google.com/bot.html)"
82.233.118.199 - - [04/Oct/2006:15:35:54 +0000] "GET /Dragey-Ronthon/H_bergement--102.html HTTP/1.1" 200 28159 "http://www.google.com/search?q=dragey+ronthon&hl=fr&lr=&start=10&sa=N" "Mozilla/4.0 (compatible; MSIE 6.0; Windows NT 5.1; SV1; .NET CLR 1.1.4322)"
82.233.118.199 - - [04/Oct/2006:15:36:06 +0000] "GET /Dragey-Ronthon/Vie_Pratique--101.html HTTP/1.1" 200 9411 "http://www.portedelabaie.com/fr/communes/dragey-ronthon/hebergement.html" "Mozilla/4.0 (compatible; MSIE 6.0; Windows NT 5.1; SV1; .NET CLR 1.1.4322)"
82.233.118.199 - - [04/Oct/2006:15:42:26 +0000] "GET /Dragey-Ronthon/Loisirs--100.html HTTP/1.1" 200 9356 "http://www.google.com/search?q=dragey+ronthon&hl=fr&lr=&start=80&sa=N" "Mozilla/4.0 (compatible; MSIE 6.0; Windows NT 5.1; SV1; .NET CLR 1.1.4322)"
82.233.118.199 - - [04/Oct/2006:15:42:33 +0000] "GET /Dragey-Ronthon/Calendrier--99.html HTTP/1.1" 200 15540 "http://www.google.com/search?q=dragey+ronthon&hl=fr&lr=&start=80&sa=N" "Mozilla/4.0 (compatible; MSIE 6.0; Windows NT 5.1; SV1; .NET CLR 1.1.4322)"
82.233.118.199 - - [04/Oct/2006:15:43:58 +0000] "GET /Dragey-Ronthon/Calendrier--99.html HTTP/1.1" 200 15540 "http://www.google.com/search?q=dragey+ronthon&hl=fr&lr=&start=80&sa=N" "Mozilla/4.0 (compatible; MSIE 6.0; Windows NT 5.1; SV1; .NET CLR 1.1.4322)"
160.62.4.10 - - [04/Oct/2006:18:21:55 +0000] "GET /Dragey-Ronthon--60.html HTTP/1.1" 200 21767 "http://www.portedelabaie.com/fr/communes/carolles/decouvrir/visite/la-plage.html" "Mozilla/4.0 (compatible; MSIE 6.0; Windows NT 5.1; Mozilla/4.0 (compatible; MSIE 6.0; Windows NT))"
72.30.111.148 - - [04/Oct/2006:18:33:27 +0000] "GET /Dragey-Ronthon--60.html HTTP/1.1" 200 21767 "" "Mozilla/5.0 (compatible; Yahoo! Slurp; http://help.yahoo.com/help/us/ysearch/slurp)"
74.6.71.181 - - [04/Oct/2006:18:33:28 +0000] "GET /Dragey-Ronthon/Vie_Pratique--101.html HTTP/1.1" 200 9411 "" "Mozilla/5.0 (compatible; Yahoo! Slurp; http://help.yahoo.com/help/us/ysearch/slurp)"
83.206.96.73 - - [04/Oct/2006:18:45:59 +0000] "GET /Dragey-Ronthon/H_bergement--102.html HTTP/1.1" 200 28159 "http://www.google.fr/search?hl=fr&q=DRAGEY+GITE&btnG=Recherche+Google&meta=" "Mozilla/4.0 (compatible; MSIE 6.0; Windows NT 5.1; .NET CLR 1.0.3705)"
83.206.96.73 - - [04/Oct/2006:18:45:59 +0000] "GET /Dragey-Ronthon/H_bergement--102.html HTTP/1.1" 200 28159 "http://www.google.fr/search?hl=fr&q=DRAGEY+GITE&btnG=Recherche+Google&meta=" "Mozilla/4.0 (compatible; MSIE 6.0; Windows NT 5.1; .NET CLR 1.0.3705)"
72.30.111.148 - - [04/Oct/2006:21:43:21 +0000] "GET /Dragey-Ronthon--60.html HTTP/1.1" 200 21767 "" "Mozilla/5.0 (compatible; Yahoo! Slurp; http://help.yahoo.com/help/us/ysearch/slurp)"
74.6.70.59 - - [04/Oct/2006:21:43:56 +0000] "GET /Dragey-Ronthon--60.html HTTP/1.1" 200 21767 "" "Mozilla/5.0 (compatible; Yahoo! Slurp; http://help.yahoo.com/help/us/ysearch/slurp)"
66.249.65.67 - - [04/Oct/2006:22:47:04 +0000] "GET /Dragey-Ronthon--60.html HTTP/1.1" 200 21767 "" "Mozilla/5.0 (compatible; Googlebot/2.1; +http://www.google.com/bot.html)"
66.249.65.67 - - [05/Oct/2006:04:33:02 +0000] "GET /Dragey-Ronthon--60.html HTTP/1.1" 200 21759 "" "Mozilla/5.0 (compatible; Googlebot/2.1; +http://www.google.com/bot.html)"
66.249.65.67 - - [05/Oct/2006:08:12:15 +0000] "GET /Dragey-Ronthon--60.html HTTP/1.1" 200 21759 "" "Mozilla/5.0 (compatible; Googlebot/2.1; +http://www.google.com/bot.html)"
66.249.65.67 - - [05/Oct/2006:12:18:38 +0000] "GET /Dragey-Ronthon/Calendrier--99.html HTTP/1.1" 200 15934 "" "Mozilla/5.0 (compatible; Googlebot/2.1; +http://www.google.com/bot.html)"
66.249.65.67 - - [05/Oct/2006:13:53:14 +0000] "GET /Dragey-Ronthon/Calendrier--99.html HTTP/1.1" 200 15986 "" "Mozilla/5.0 (compatible; Googlebot/2.1; +http://www.google.com/bot.html)"
66.249.65.67 - - [05/Oct/2006:14:02:26 +0000] "GET /Dragey-Ronthon/Calendrier--99.html HTTP/1.1" 200 15986 "" "Mozilla/5.0 (compatible; Googlebot/2.1; +http://www.google.com/bot.html)"
86.199.173.93 - - [05/Oct/2006:15:07:32 +0000] "GET /Dragey-Ronthon--60.html HTTP/1.1" 200 21747 "http://www.ville-champeaux.com/no_cache/fr/hebergement.html?tx_travelguide_pi1%5Bscat%5D=4&tx_travelguide_pi1%5Bsloc%5D=8" "Mozilla/5.0 (X11; U; Linux i686; fr; rv:1.8.0.7) Gecko/20060909 Firefox/1.5.0.7"
86.199.173.93 - - [05/Oct/2006:15:07:34 +0000] "GET /Dragey-Ronthon--60.html HTTP/1.1" 200 21747 "" "Mozilla/5.0 (X11; U; Linux i686; fr; rv:1.8.0.7) Gecko/20060909 Firefox/1.5.0.7"
86.199.173.93 - - [05/Oct/2006:15:07:36 +0000] "GET /Dragey-Ronthon/H_bergement--102.html HTTP/1.1" 200 26551 "http://www.dragey-ronthon.com/" "Mozilla/5.0 (X11; U; Linux i686; fr; rv:1.8.0.7) Gecko/20060909 Firefox/1.5.0.7"
86.199.173.93 - - [05/Oct/2006:15:07:38 +0000] "GET /Dragey-Ronthon/H_bergement--102.html HTTP/1.1" 200 26551 "http://www.dragey-ronthon.com/fr/hebergement.html" "Mozilla/5.0 (X11; U; Linux i686; fr; rv:1.8.0.7) Gecko/20060909 Firefox/1.5.0.7"
86.199.173.93 - - [05/Oct/2006:15:07:54 +0000] "GET /Dragey-Ronthon/H_bergement--102.html HTTP/1.1" 200 28983 "http://www.dragey-ronthon.com/fr/hebergement.html?tx_travelguide_pi1%5Bscat%5D=5&tx_travelguide_pi1%5Bsloc%5D=2" "Mozilla/5.0 (X11; U; Linux i686; fr; rv:1.8.0.7) Gecko/20060909 Firefox/1.5.0.7"
86.199.173.93 - - [05/Oct/2006:15:07:58 +0000] "GET /Dragey-Ronthon/H_bergement--102.html HTTP/1.1" 200 34172 "http://www.dragey-ronthon.com/fr/hebergement.html?tx_travelguide_pi1%5Bscat%5D=5&tx_travelguide_pi1%5Bsloc%5D=2" "Mozilla/5.0 (X11; U; Linux i686; fr; rv:1.8.0.7) Gecko/20060909 Firefox/1.5.0.7"
86.199.173.93 - - [05/Oct/2006:15:42:05 +0000] "GET /Dragey-Ronthon--60.html HTTP/1.1" 200 21673 "http://www.ville-champeaux.com/fr/plan-du-site.html" "Mozilla/5.0 (X11; U; Linux i686; fr; rv:1.8.0.7) Gecko/20060909 Firefox/1.5.0.7"
86.199.173.93 - - [05/Oct/2006:15:42:46 +0000] "GET /Dragey-Ronthon--60.html HTTP/1.1" 200 21851 "http://www.ville-champeaux.com/fr/plan-du-site.html" "Mozilla/5.0 (X11; U; Linux i686; fr; rv:1.8.0.7) Gecko/20060909 Firefox/1.5.0.7"
86.199.173.93 - - [05/Oct/2006:15:42:49 +0000] "GET /Dragey-Ronthon/Plan_du_Site--231.html HTTP/1.1" 200 10378 "http://www.dragey-ronthon.com/" "Mozilla/5.0 (X11; U; Linux i686; fr; rv:1.8.0.7) Gecko/20060909 Firefox/1.5.0.7"
195.93.102.72 - - [05/Oct/2006:15:43:40 +0000] "GET /Dragey-Ronthon--60.html HTTP/1.1" 200 21851 "" "Mozilla/4.0 (compatible; MSIE 6.0; AOL 9.0; Windows NT 5.1; SV1)"
195.93.102.71 - - [05/Oct/2006:15:43:53 +0000] "GET /Dragey-Ronthon/H_bergement--102.html HTTP/1.1" 200 27095 "" "Mozilla/4.0 (compatible; MSIE 6.0; AOL 9.0; Windows NT 5.1; SV1)"
195.93.102.69 - - [05/Oct/2006:15:44:06 +0000] "GET /Dragey-Ronthon/H_bergement--102.html HTTP/1.1" 200 28971 "" "Mozilla/4.0 (compatible; MSIE 6.0; AOL 9.0; Windows NT 5.1; SV1)"
66.249.65.67 - - [05/Oct/2006:17:06:15 +0000] "GET /Dragey-Ronthon--60.html HTTP/1.1" 200 21851 "" "Mozilla/5.0 (compatible; Googlebot/2.1; +http://www.google.com/bot.html)"
66.249.65.67 - - [05/Oct/2006:17:27:04 +0000] "GET /Dragey-Ronthon/Calendrier--99.html HTTP/1.1" 200 15296 "" "Mozilla/5.0 (compatible; Googlebot/2.1; +http://www.google.com/bot.html)"
194.250.149.181 - - [05/Oct/2006:17:54:55 +0000] "GET /Dragey-Ronthon--60.html HTTP/1.1" 200 21673 "" "Mozilla/4.0 (compatible; MSIE 6.0; Windows NT 5.1)"
194.250.149.181 - - [05/Oct/2006:18:01:11 +0000] "GET /Dragey-Ronthon--60.html HTTP/1.1" 200 21673 "" "Mozilla/4.0 (compatible; MSIE 6.0; Windows NT 5.1)"
74.6.72.168 - - [06/Oct/2006:03:26:08 +0000] "GET /Dragey-Ronthon/Tourisme--103.html HTTP/1.1" 200 9285 "" "Mozilla/5.0 (compatible; Yahoo! Slurp; http://help.yahoo.com/help/us/ysearch/slurp)"
74.6.67.148 - - [06/Oct/2006:03:30:34 +0000] "GET /Dragey-Ronthon--60.html HTTP/1.1" 200 21673 "" "Mozilla/5.0 (compatible; Yahoo! Slurp; http://help.yahoo.com/help/us/ysearch/slurp)"
74.6.65.226 - - [06/Oct/2006:03:30:53 +0000] "GET /Dragey-Ronthon/D_couvrir--104.html HTTP/1.1" 200 9288 "" "Mozilla/5.0 (compatible; Yahoo! Slurp; http://help.yahoo.com/help/us/ysearch/slurp)"
74.6.68.210 - - [06/Oct/2006:03:41:17 +0000] "GET /Dragey-Ronthon/Calendrier--99.html HTTP/1.1" 200 15244 "" "Mozilla/5.0 (compatible; Yahoo! Slurp; http://help.yahoo.com/help/us/ysearch/slurp)"
72.30.216.13 - - [06/Oct/2006:08:18:36 +0000] "GET /Dragey-Ronthon/Calendrier--99.html HTTP/1.1" 200 15457 "" "Mozilla/5.0 (compatible; Yahoo! Slurp; http://help.yahoo.com/help/us/ysearch/slurp)"
74.6.67.148 - - [06/Oct/2006:08:22:19 +0000] "GET /Dragey-Ronthon--60.html HTTP/1.1" 200 21673 "" "Mozilla/5.0 (compatible; Yahoo! Slurp; http://help.yahoo.com/help/us/ysearch/slurp)"
74.6.71.70 - - [06/Oct/2006:08:22:20 +0000] "GET /Dragey-Ronthon/Loisirs--100.html HTTP/1.1" 200 9282 "" "Mozilla/5.0 (compatible; Yahoo! Slurp; http://help.yahoo.com/help/us/ysearch/slurp)"
74.6.72.46 - - [06/Oct/2006:08:23:58 +0000] "GET /Dragey-Ronthon/H_bergement--102.html HTTP/1.1" 200 26917 "" "Mozilla/5.0 (compatible; Yahoo! Slurp; http://help.yahoo.com/help/us/ysearch/slurp)"
74.6.67.148 - - [06/Oct/2006:08:43:56 +0000] "GET /Dragey-Ronthon--60.html HTTP/1.1" 200 21673 "" "Mozilla/5.0 (compatible; Yahoo! Slurp; http://help.yahoo.com/help/us/ysearch/slurp)"
72.30.177.178 - - [06/Oct/2006:08:43:57 +0000] "GET /Dragey-Ronthon/Tourisme--103.html HTTP/1.1" 200 9285 "" "Mozilla/5.0 (compatible; Yahoo! Slurp; http://help.yahoo.com/help/us/ysearch/slurp)"
66.249.65.67 - - [06/Oct/2006:10:55:33 +0000] "GET /Dragey-Ronthon/Loisirs--100.html HTTP/1.1" 200 9282 "" "Mozilla/5.0 (compatible; Googlebot/2.1; +http://www.google.com/bot.html)"
66.249.65.67 - - [06/Oct/2006:12:39:06 +0000] "GET /Dragey-Ronthon/Vie_Pratique--101.html HTTP/1.1" 200 9297 "" "Mozilla/5.0 (compatible; Googlebot/2.1; +http://www.google.com/bot.html)"
66.249.65.67 - - [06/Oct/2006:14:57:10 +0000] "GET /Dragey-Ronthon--60.html HTTP/1.1" 200 21673 "" "Mozilla/5.0 (compatible; Googlebot/2.1; +http://www.google.com/bot.html)"
66.249.65.67 - - [06/Oct/2006:14:57:11 +0000] "GET /Dragey-Ronthon/Vie_Pratique--101.html HTTP/1.1" 200 9297 "" "Mozilla/5.0 (compatible; Googlebot/2.1; +http://www.google.com/bot.html)"
86.220.110.66 - - [06/Oct/2006:17:25:39 +0000] "GET /Dragey-Ronthon--60.html HTTP/1.1" 200 21673 "http://www.portedelabaie.com/" "Mozilla/4.0 (compatible; MSIE 6.0; Windows 98; Wanadoo 5.6)"
74.6.70.99 - - [06/Oct/2006:17:36:01 +0000] "GET /Dragey-Ronthon--60.html HTTP/1.1" 200 22095 "" "Mozilla/5.0 (compatible; Yahoo! Slurp; http://help.yahoo.com/help/us/ysearch/slurp)"
74.6.67.148 - - [06/Oct/2006:17:38:36 +0000] "GET /Dragey-Ronthon--60.html HTTP/1.1" 200 21673 "" "Mozilla/5.0 (compatible; Yahoo! Slurp; http://help.yahoo.com/help/us/ysearch/slurp)"
86.192.128.143 - - [06/Oct/2006:19:20:21 +0000] "GET /Dragey-Ronthon--60.html HTTP/1.1" 200 21681 "http://www.portedelabaie.com/fr.html" "Mozilla/4.0 (compatible; MSIE 6.0; Windows NT 5.1; SV1; .NET CLR 1.1.4322; .NET CLR 2.0.50727)"
86.192.128.143 - - [06/Oct/2006:19:21:12 +0000] "GET /Dragey-Ronthon/Loisirs--100.html HTTP/1.1" 200 9282 "http://www.dragey-ronthon.com/" "Mozilla/4.0 (compatible; MSIE 6.0; Windows NT 5.1; SV1; .NET CLR 1.1.4322; .NET CLR 2.0.50727)"
86.192.128.143 - - [06/Oct/2006:19:21:40 +0000] "GET /Dragey-Ronthon/D_couvrir--104.html HTTP/1.1" 200 9288 "http://www.dragey-ronthon.com/fr/loisirs.html" "Mozilla/4.0 (compatible; MSIE 6.0; Windows NT 5.1; SV1; .NET CLR 1.1.4322; .NET CLR 2.0.50727)"
86.192.128.143 - - [06/Oct/2006:19:21:46 +0000] "GET /Dragey-Ronthon/D_couvrir--104.html HTTP/1.1" 200 9288 "http://www.dragey-ronthon.com/fr/decouvrir.html" "Mozilla/4.0 (compatible; MSIE 6.0; Windows NT 5.1; SV1; .NET CLR 1.1.4322; .NET CLR 2.0.50727)"
86.192.128.143 - - [06/Oct/2006:19:21:56 +0000] "GET /Dragey-Ronthon/Calendrier--99.html HTTP/1.1" 200 15244 "http://www.dragey-ronthon.com/fr/decouvrir.html" "Mozilla/4.0 (compatible; MSIE 6.0; Windows NT 5.1; SV1; .NET CLR 1.1.4322; .NET CLR 2.0.50727)"
86.192.128.143 - - [06/Oct/2006:19:23:15 +0000] "GET /Dragey-Ronthon/H_bergement--102.html HTTP/1.1" 200 27733 "http://www.dragey-ronthon.com/fr/calendrier.html" "Mozilla/4.0 (compatible; MSIE 6.0; Windows NT 5.1; SV1; .NET CLR 1.1.4322; .NET CLR 2.0.50727)"
74.6.67.148 - - [06/Oct/2006:19:35:51 +0000] "GET /Dragey-Ronthon--60.html HTTP/1.1" 200 21681 "" "Mozilla/5.0 (compatible; Yahoo! Slurp; http://help.yahoo.com/help/us/ysearch/slurp)"
74.6.67.148 - - [06/Oct/2006:20:13:11 +0000] "GET /Dragey-Ronthon--60.html HTTP/1.1" 200 21681 "" "Mozilla/5.0 (compatible; Yahoo! Slurp; http://help.yahoo.com/help/us/ysearch/slurp)"
74.6.70.59 - - [06/Oct/2006:20:13:11 +0000] "GET /Dragey-Ronthon--60.html HTTP/1.1" 200 21681 "" "Mozilla/5.0 (compatible; Yahoo! Slurp; http://help.yahoo.com/help/us/ysearch/slurp)"
66.249.65.67 - - [07/Oct/2006:01:04:11 +0000] "GET /Dragey-Ronthon/Calendrier--99.html HTTP/1.1" 200 15920 "" "Mozilla/5.0 (compatible; Googlebot/2.1; +http://www.google.com/bot.html)"
66.249.65.67 - - [07/Oct/2006:01:07:05 +0000] "GET /Dragey-Ronthon/H_bergement--102.html HTTP/1.1" 200 27733 "" "Mozilla/5.0 (compatible; Googlebot/2.1; +http://www.google.com/bot.html)"
66.249.65.67 - - [07/Oct/2006:02:02:45 +0000] "GET /Dragey-Ronthon/H_bergement--102.html HTTP/1.1" 200 27757 "" "Mozilla/5.0 (compatible; Googlebot/2.1; +http://www.google.com/bot.html)"
66.249.65.67 - - [07/Oct/2006:02:25:37 +0000] "GET /Dragey-Ronthon/H_bergement--102.html HTTP/1.1" 200 27757 "" "Mozilla/5.0 (compatible; Googlebot/2.1; +http://www.google.com/bot.html)"
66.249.65.67 - - [07/Oct/2006:02:31:36 +0000] "GET /Dragey-Ronthon/H_bergement--102.html HTTP/1.1" 200 27829 "" "Mozilla/5.0 (compatible; Googlebot/2.1; +http://www.google.com/bot.html)"
66.249.65.67 - - [07/Oct/2006:02:51:13 +0000] "GET /Dragey-Ronthon/Loisirs--100.html HTTP/1.1" 200 9282 "" "Mozilla/5.0 (compatible; Googlebot/2.1; +http://www.google.com/bot.html)"
66.249.65.67 - - [07/Oct/2006:02:53:02 +0000] "GET /Dragey-Ronthon/H_bergement--102.html HTTP/1.1" 200 27805 "" "Mozilla/5.0 (compatible; Googlebot/2.1; +http://www.google.com/bot.html)"
66.249.65.67 - - [07/Oct/2006:03:26:02 +0000] "GET /Dragey-Ronthon/H_bergement--102.html HTTP/1.1" 200 27829 "" "Mozilla/5.0 (compatible; Googlebot/2.1; +http://www.google.com/bot.html)"
66.249.65.67 - - [07/Oct/2006:03:54:39 +0000] "GET /Dragey-Ronthon/Tourisme--103.html HTTP/1.1" 200 9293 "" "Mozilla/5.0 (compatible; Googlebot/2.1; +http://www.google.com/bot.html)"
66.249.65.67 - - [07/Oct/2006:06:53:19 +0000] "GET /Dragey-Ronthon/H_bergement--102.html HTTP/1.1" 200 30008 "" "Mozilla/5.0 (compatible; Googlebot/2.1; +http://www.google.com/bot.html)"
66.249.65.67 - - [07/Oct/2006:06:56:58 +0000] "GET /Dragey-Ronthon/H_bergement--102.html HTTP/1.1" 200 27733 "" "Mozilla/5.0 (compatible; Googlebot/2.1; +http://www.google.com/bot.html)"
66.249.65.67 - - [07/Oct/2006:06:58:11 +0000] "GET /Dragey-Ronthon/H_bergement--102.html HTTP/1.1" 200 29735 "" "Mozilla/5.0 (compatible; Googlebot/2.1; +http://www.google.com/bot.html)"
66.249.65.67 - - [07/Oct/2006:07:00:36 +0000] "GET /Dragey-Ronthon/H_bergement--102.html HTTP/1.1" 200 29557 "" "Mozilla/5.0 (compatible; Googlebot/2.1; +http://www.google.com/bot.html)"
66.249.65.67 - - [07/Oct/2006:07:01:54 +0000] "GET /Dragey-Ronthon/H_bergement--102.html HTTP/1.1" 200 34904 "" "Mozilla/5.0 (compatible; Googlebot/2.1; +http://www.google.com/bot.html)"
66.249.65.67 - - [07/Oct/2006:07:03:04 +0000] "GET /Dragey-Ronthon/H_bergement--102.html HTTP/1.1" 200 31366 "" "Mozilla/5.0 (compatible; Googlebot/2.1; +http://www.google.com/bot.html)"
66.249.65.67 - - [07/Oct/2006:07:04:14 +0000] "GET /Dragey-Ronthon/H_bergement--102.html HTTP/1.1" 200 29732 "" "Mozilla/5.0 (compatible; Googlebot/2.1; +http://www.google.com/bot.html)"
66.249.65.67 - - [07/Oct/2006:07:05:27 +0000] "GET /Dragey-Ronthon/H_bergement--102.html HTTP/1.1" 200 29622 "" "Mozilla/5.0 (compatible; Googlebot/2.1; +http://www.google.com/bot.html)"
66.249.65.67 - - [07/Oct/2006:07:06:39 +0000] "GET /Dragey-Ronthon/H_bergement--102.html HTTP/1.1" 200 29860 "" "Mozilla/5.0 (compatible; Googlebot/2.1; +http://www.google.com/bot.html)"
66.249.65.67 - - [07/Oct/2006:07:07:52 +0000] "GET /Dragey-Ronthon/H_bergement--102.html HTTP/1.1" 200 29566 "" "Mozilla/5.0 (compatible; Googlebot/2.1; +http://www.google.com/bot.html)"
66.249.65.67 - - [07/Oct/2006:07:09:05 +0000] "GET /Dragey-Ronthon/H_bergement--102.html HTTP/1.1" 200 31742 "" "Mozilla/5.0 (compatible; Googlebot/2.1; +http://www.google.com/bot.html)"
66.249.65.67 - - [07/Oct/2006:08:15:58 +0000] "GET /Dragey-Ronthon/H_bergement--102.html HTTP/1.1" 200 38027 "" "Mozilla/5.0 (compatible; Googlebot/2.1; +http://www.google.com/bot.html)"
66.249.65.67 - - [07/Oct/2006:08:18:28 +0000] "GET /Dragey-Ronthon/H_bergement--102.html HTTP/1.1" 200 29588 "" "Mozilla/5.0 (compatible; Googlebot/2.1; +http://www.google.com/bot.html)"
66.249.65.67 - - [07/Oct/2006:08:20:58 +0000] "GET /Dragey-Ronthon/H_bergement--102.html HTTP/1.1" 200 27805 "" "Mozilla/5.0 (compatible; Googlebot/2.1; +http://www.google.com/bot.html)"
66.249.65.67 - - [07/Oct/2006:08:23:28 +0000] "GET /Dragey-Ronthon/H_bergement--102.html HTTP/1.1" 200 29859 "" "Mozilla/5.0 (compatible; Googlebot/2.1; +http://www.google.com/bot.html)"
66.249.65.67 - - [07/Oct/2006:08:25:58 +0000] "GET /Dragey-Ronthon/H_bergement--102.html HTTP/1.1" 200 34890 "" "Mozilla/5.0 (compatible; Googlebot/2.1; +http://www.google.com/bot.html)"
66.249.65.67 - - [07/Oct/2006:08:28:28 +0000] "GET /Dragey-Ronthon/H_bergement--102.html HTTP/1.1" 200 35030 "" "Mozilla/5.0 (compatible; Googlebot/2.1; +http://www.google.com/bot.html)"
66.249.65.67 - - [07/Oct/2006:08:30:59 +0000] "GET /Dragey-Ronthon/H_bergement--102.html HTTP/1.1" 200 29561 "" "Mozilla/5.0 (compatible; Googlebot/2.1; +http://www.google.com/bot.html)"
66.249.65.67 - - [07/Oct/2006:08:33:29 +0000] "GET /Dragey-Ronthon/H_bergement--102.html HTTP/1.1" 200 29921 "" "Mozilla/5.0 (compatible; Googlebot/2.1; +http://www.google.com/bot.html)"
66.249.65.67 - - [07/Oct/2006:08:35:59 +0000] "GET /Dragey-Ronthon/H_bergement--102.html HTTP/1.1" 200 29582 "" "Mozilla/5.0 (compatible; Googlebot/2.1; +http://www.google.com/bot.html)"
66.249.65.67 - - [07/Oct/2006:08:38:29 +0000] "GET /Dragey-Ronthon/H_bergement--102.html HTTP/1.1" 200 44934 "" "Mozilla/5.0 (compatible; Googlebot/2.1; +http://www.google.com/bot.html)"
66.249.65.67 - - [07/Oct/2006:08:40:59 +0000] "GET /Dragey-Ronthon/H_bergement--102.html HTTP/1.1" 200 29587 "" "Mozilla/5.0 (compatible; Googlebot/2.1; +http://www.google.com/bot.html)"
66.249.65.67 - - [07/Oct/2006:08:43:41 +0000] "GET /Dragey-Ronthon/H_bergement--102.html HTTP/1.1" 200 29700 "" "Mozilla/5.0 (compatible; Googlebot/2.1; +http://www.google.com/bot.html)"
66.249.65.67 - - [07/Oct/2006:08:46:12 +0000] "GET /Dragey-Ronthon/H_bergement--102.html HTTP/1.1" 200 33201 "" "Mozilla/5.0 (compatible; Googlebot/2.1; +http://www.google.com/bot.html)"
66.249.65.67 - - [07/Oct/2006:08:49:00 +0000] "GET /Dragey-Ronthon/H_bergement--102.html HTTP/1.1" 200 27757 "" "Mozilla/5.0 (compatible; Googlebot/2.1; +http://www.google.com/bot.html)"
66.249.65.67 - - [07/Oct/2006:08:50:48 +0000] "GET /Dragey-Ronthon/H_bergement--102.html HTTP/1.1" 200 29769 "" "Mozilla/5.0 (compatible; Googlebot/2.1; +http://www.google.com/bot.html)"
66.249.65.67 - - [07/Oct/2006:08:53:19 +0000] "GET /Dragey-Ronthon/H_bergement--102.html HTTP/1.1" 200 29725 "" "Mozilla/5.0 (compatible; Googlebot/2.1; +http://www.google.com/bot.html)"
66.249.65.67 - - [07/Oct/2006:08:55:49 +0000] "GET /Dragey-Ronthon/H_bergement--102.html HTTP/1.1" 200 31218 "" "Mozilla/5.0 (compatible; Googlebot/2.1; +http://www.google.com/bot.html)"
66.249.65.67 - - [07/Oct/2006:08:58:20 +0000] "GET /Dragey-Ronthon/H_bergement--102.html HTTP/1.1" 200 29896 "" "Mozilla/5.0 (compatible; Googlebot/2.1; +http://www.google.com/bot.html)"
66.249.65.67 - - [07/Oct/2006:09:00:51 +0000] "GET /Dragey-Ronthon/H_bergement--102.html HTTP/1.1" 200 29583 "" "Mozilla/5.0 (compatible; Googlebot/2.1; +http://www.google.com/bot.html)"
66.249.65.67 - - [07/Oct/2006:09:05:52 +0000] "GET /Dragey-Ronthon/H_bergement--102.html HTTP/1.1" 200 27757 "" "Mozilla/5.0 (compatible; Googlebot/2.1; +http://www.google.com/bot.html)"
66.249.65.67 - - [07/Oct/2006:09:08:23 +0000] "GET /Dragey-Ronthon/H_bergement--102.html HTTP/1.1" 200 29609 "" "Mozilla/5.0 (compatible; Googlebot/2.1; +http://www.google.com/bot.html)"
66.249.65.67 - - [07/Oct/2006:09:10:54 +0000] "GET /Dragey-Ronthon/H_bergement--102.html HTTP/1.1" 200 34600 "" "Mozilla/5.0 (compatible; Googlebot/2.1; +http://www.google.com/bot.html)"
66.249.65.67 - - [07/Oct/2006:09:13:24 +0000] "GET /Dragey-Ronthon/H_bergement--102.html HTTP/1.1" 200 29599 "" "Mozilla/5.0 (compatible; Googlebot/2.1; +http://www.google.com/bot.html)"
66.249.65.67 - - [07/Oct/2006:09:19:09 +0000] "GET /Dragey-Ronthon/H_bergement--102.html HTTP/1.1" 200 31496 "" "Mozilla/5.0 (compatible; Googlebot/2.1; +http://www.google.com/bot.html)"
66.249.65.67 - - [07/Oct/2006:09:20:50 +0000] "GET /Dragey-Ronthon/H_bergement--102.html HTTP/1.1" 200 29715 "" "Mozilla/5.0 (compatible; Googlebot/2.1; +http://www.google.com/bot.html)"
66.249.65.67 - - [07/Oct/2006:09:23:12 +0000] "GET /Dragey-Ronthon/H_bergement--102.html HTTP/1.1" 200 29633 "" "Mozilla/5.0 (compatible; Googlebot/2.1; +http://www.google.com/bot.html)"
66.249.65.67 - - [07/Oct/2006:09:25:44 +0000] "GET /Dragey-Ronthon/H_bergement--102.html HTTP/1.1" 200 31274 "" "Mozilla/5.0 (compatible; Googlebot/2.1; +http://www.google.com/bot.html)"
66.249.65.67 - - [07/Oct/2006:09:28:16 +0000] "GET /Dragey-Ronthon/H_bergement--102.html HTTP/1.1" 200 29839 "" "Mozilla/5.0 (compatible; Googlebot/2.1; +http://www.google.com/bot.html)"
66.249.65.67 - - [07/Oct/2006:09:30:48 +0000] "GET /Dragey-Ronthon/H_bergement--102.html HTTP/1.1" 200 31206 "" "Mozilla/5.0 (compatible; Googlebot/2.1; +http://www.google.com/bot.html)"
66.249.65.67 - - [07/Oct/2006:09:33:20 +0000] "GET /Dragey-Ronthon/H_bergement--102.html HTTP/1.1" 200 29587 "" "Mozilla/5.0 (compatible; Googlebot/2.1; +http://www.google.com/bot.html)"
66.249.65.67 - - [07/Oct/2006:09:35:50 +0000] "GET /Dragey-Ronthon/H_bergement--102.html HTTP/1.1" 200 42423 "" "Mozilla/5.0 (compatible; Googlebot/2.1; +http://www.google.com/bot.html)"
66.249.65.67 - - [07/Oct/2006:09:37:49 +0000] "GET /Dragey-Ronthon/H_bergement--102.html HTTP/1.1" 200 33256 "" "Mozilla/5.0 (compatible; Googlebot/2.1; +http://www.google.com/bot.html)"
66.249.65.67 - - [07/Oct/2006:09:42:18 +0000] "GET /Dragey-Ronthon/H_bergement--102.html HTTP/1.1" 200 29656 "" "Mozilla/5.0 (compatible; Googlebot/2.1; +http://www.google.com/bot.html)"
66.249.65.67 - - [07/Oct/2006:09:44:33 +0000] "GET /Dragey-Ronthon/H_bergement--102.html HTTP/1.1" 200 29627 "" "Mozilla/5.0 (compatible; Googlebot/2.1; +http://www.google.com/bot.html)"
66.249.65.67 - - [07/Oct/2006:09:51:17 +0000] "GET /Dragey-Ronthon/H_bergement--102.html HTTP/1.1" 200 43027 "" "Mozilla/5.0 (compatible; Googlebot/2.1; +http://www.google.com/bot.html)"
66.249.65.67 - - [07/Oct/2006:10:07:00 +0000] "GET /Dragey-Ronthon/H_bergement--102.html HTTP/1.1" 200 31633 "" "Mozilla/5.0 (compatible; Googlebot/2.1; +http://www.google.com/bot.html)"
66.249.65.67 - - [07/Oct/2006:14:46:11 +0000] "GET /Dragey-Ronthon/Calendrier--99.html HTTP/1.1" 200 10620 "" "Mozilla/5.0 (compatible; Googlebot/2.1; +http://www.google.com/bot.html)"
82.238.169.103 - - [07/Oct/2006:17:23:13 +0000] "GET /Dragey-Ronthon--60.html HTTP/1.1" 200 21681 "http://search.msn.fr/results.aspx?q=dragey&FORM=MSNH&cp=65001" "Mozilla/4.0 (compatible; MSIE 6.0; Windows NT 5.1; {C5386A6F-F32D-B32D-E06E-C44CC824452F}; SIMBAR Enabled; SIMBAR={7302B26B-9E95-48bb-BC86-3E56F1F41952}; SIMBAR=0; .NET CLR 1.1.4322)"
82.238.169.103 - - [07/Oct/2006:17:23:17 +0000] "GET /Dragey-Ronthon/H_bergement--102.html HTTP/1.1" 200 27733 "http://www.dragey-ronthon.com/" "Mozilla/4.0 (compatible; MSIE 6.0; Windows NT 5.1; {C5386A6F-F32D-B32D-E06E-C44CC824452F}; SIMBAR Enabled; SIMBAR={7302B26B-9E95-48bb-BC86-3E56F1F41952}; SIMBAR=0; .NET CLR 1.1.4322)"
82.238.169.103 - - [07/Oct/2006:17:23:38 +0000] "GET /Dragey-Ronthon/H_bergement--102.html HTTP/1.1" 200 28775 "http://www.dragey-ronthon.com/no_cache/fr/hebergement.html" "Mozilla/4.0 (compatible; MSIE 6.0; Windows NT 5.1; {C5386A6F-F32D-B32D-E06E-C44CC824452F}; SIMBAR Enabled; SIMBAR={7302B26B-9E95-48bb-BC86-3E56F1F41952}; SIMBAR=0; .NET CLR 1.1.4322)"
82.238.169.103 - - [07/Oct/2006:17:23:48 +0000] "GET /Dragey-Ronthon/H_bergement--102.html HTTP/1.1" 200 25480 "http://www.dragey-ronthon.com/index.php?id=102" "Mozilla/4.0 (compatible; MSIE 6.0; Windows NT 5.1; {C5386A6F-F32D-B32D-E06E-C44CC824452F}; SIMBAR Enabled; SIMBAR={7302B26B-9E95-48bb-BC86-3E56F1F41952}; SIMBAR=0; .NET CLR 1.1.4322)"
82.238.169.103 - - [07/Oct/2006:17:23:57 +0000] "GET /Dragey-Ronthon/H_bergement--102.html HTTP/1.1" 200 26522 "http://www.dragey-ronthon.com/no_cache/fr/hebergement.html?tx_travelguide_pi1%5Buid%5D=93&tx_travelguide_pi1%5BCMD%5D=mapView&cHash=475a7bebd6" "Mozilla/4.0 (compatible; MSIE 6.0; Windows NT 5.1; {C5386A6F-F32D-B32D-E06E-C44CC824452F}; SIMBAR Enabled; SIMBAR={7302B26B-9E95-48bb-BC86-3E56F1F41952}; SIMBAR=0; .NET CLR 1.1.4322)"
66.249.65.67 - - [07/Oct/2006:18:00:53 +0000] "GET /Dragey-Ronthon--60.html HTTP/1.1" 200 21681 "" "Mozilla/5.0 (compatible; Googlebot/2.1; +http://www.google.com/bot.html)"
66.249.65.67 - - [07/Oct/2006:18:00:53 +0000] "GET /Dragey-Ronthon/H_bergement--102.html HTTP/1.1" 200 24912 "" "Mozilla/5.0 (compatible; Googlebot/2.1; +http://www.google.com/bot.html)"
66.249.65.67 - - [07/Oct/2006:18:12:56 +0000] "GET /Dragey-Ronthon/H_bergement--102.html HTTP/1.1" 200 25866 "" "Mozilla/5.0 (compatible; Googlebot/2.1; +http://www.google.com/bot.html)"
66.249.65.67 - - [07/Oct/2006:18:15:21 +0000] "GET /Dragey-Ronthon/H_bergement--102.html HTTP/1.1" 200 24816 "" "Mozilla/5.0 (compatible; Googlebot/2.1; +http://www.google.com/bot.html)"
66.249.65.67 - - [07/Oct/2006:18:17:46 +0000] "GET /Dragey-Ronthon/H_bergement--102.html HTTP/1.1" 200 24802 "" "Mozilla/5.0 (compatible; Googlebot/2.1; +http://www.google.com/bot.html)"
66.249.65.67 - - [07/Oct/2006:18:20:18 +0000] "GET /Dragey-Ronthon/H_bergement--102.html HTTP/1.1" 200 25988 "" "Mozilla/5.0 (compatible; Googlebot/2.1; +http://www.google.com/bot.html)"
66.249.65.67 - - [07/Oct/2006:18:27:33 +0000] "GET /Dragey-Ronthon/Tourisme--103.html HTTP/1.1" 200 9285 "" "Mozilla/5.0 (compatible; Googlebot/2.1; +http://www.google.com/bot.html)"
66.249.65.67 - - [07/Oct/2006:18:54:09 +0000] "GET /Dragey-Ronthon/Calendrier--99.html HTTP/1.1" 200 11158 "" "Mozilla/5.0 (compatible; Googlebot/2.1; +http://www.google.com/bot.html)"
66.249.65.67 - - [07/Oct/2006:19:35:36 +0000] "GET /Dragey-Ronthon/H_bergement--102.html HTTP/1.1" 200 24707 "" "Mozilla/5.0 (compatible; Googlebot/2.1; +http://www.google.com/bot.html)"
66.249.65.67 - - [07/Oct/2006:19:37:11 +0000] "GET /Dragey-Ronthon/H_bergement--102.html HTTP/1.1" 200 25858 "" "Mozilla/5.0 (compatible; Googlebot/2.1; +http://www.google.com/bot.html)"
