74.6.70.160 - - [13/Oct/2006:23:58:04 +0000] "GET /Angey--65.html HTTP/1.1" 200 20623 "" "Mozilla/5.0 (compatible; Yahoo! Slurp; http://help.yahoo.com/help/us/ysearch/slurp)"
74.6.71.82 - - [13/Oct/2006:23:58:09 +0000] "GET /Angey/H_bergement--72.html HTTP/1.1" 200 44265 "" "Mozilla/5.0 (compatible; Yahoo! Slurp; http://help.yahoo.com/help/us/ysearch/slurp)"
74.6.73.163 - - [14/Oct/2006:00:05:26 +0000] "GET /Angey/H_bergement--72.html HTTP/1.1" 200 25883 "" "Mozilla/5.0 (compatible; Yahoo! Slurp; http://help.yahoo.com/help/us/ysearch/slurp)"
74.6.70.85 - - [14/Oct/2006:00:08:26 +0000] "GET /Angey/H_bergement--72.html HTTP/1.1" 200 25872 "" "Mozilla/5.0 (compatible; Yahoo! Slurp; http://help.yahoo.com/help/us/ysearch/slurp)"
74.6.70.44 - - [14/Oct/2006:00:12:41 +0000] "GET /Angey/H_bergement--72.html HTTP/1.1" 200 25867 "" "Mozilla/5.0 (compatible; Yahoo! Slurp; http://help.yahoo.com/help/us/ysearch/slurp)"
74.6.67.144 - - [14/Oct/2006:00:23:25 +0000] "GET /Angey/H_bergement--72.html HTTP/1.1" 200 28987 "" "Mozilla/5.0 (compatible; Yahoo! Slurp; http://help.yahoo.com/help/us/ysearch/slurp)"
66.249.65.13 - - [14/Oct/2006:00:36:10 +0000] "GET /Angey/Tourisme--73.html HTTP/1.1" 200 9433 "" "Mozilla/5.0 (compatible; Googlebot/2.1; +http://www.google.com/bot.html)"
74.6.70.160 - - [14/Oct/2006:00:53:19 +0000] "GET /Angey--65.html HTTP/1.1" 200 20623 "" "Mozilla/5.0 (compatible; Yahoo! Slurp; http://help.yahoo.com/help/us/ysearch/slurp)"
74.6.70.240 - - [14/Oct/2006:00:53:20 +0000] "GET /Angey/H_bergement--72.html HTTP/1.1" 200 25933 "" "Mozilla/5.0 (compatible; Yahoo! Slurp; http://help.yahoo.com/help/us/ysearch/slurp)"
74.6.70.160 - - [14/Oct/2006:01:37:02 +0000] "GET /Angey--65.html HTTP/1.1" 200 20623 "" "Mozilla/5.0 (compatible; Yahoo! Slurp; http://help.yahoo.com/help/us/ysearch/slurp)"
72.30.177.190 - - [14/Oct/2006:01:37:03 +0000] "GET /Angey/H_bergement--72.html HTTP/1.1" 200 24998 "" "Mozilla/5.0 (compatible; Yahoo! Slurp; http://help.yahoo.com/help/us/ysearch/slurp)"
74.6.70.160 - - [14/Oct/2006:04:00:38 +0000] "GET /Angey--65.html HTTP/1.1" 200 20623 "" "Mozilla/5.0 (compatible; Yahoo! Slurp; http://help.yahoo.com/help/us/ysearch/slurp)"
74.6.71.246 - - [14/Oct/2006:04:00:42 +0000] "GET /Angey--65.html HTTP/1.1" 200 20623 "" "Mozilla/5.0 (compatible; Yahoo! Slurp; http://help.yahoo.com/help/us/ysearch/slurp)"
74.6.73.241 - - [14/Oct/2006:04:04:37 +0000] "GET /Angey/H_bergement--72.html HTTP/1.1" 200 29339 "" "Mozilla/5.0 (compatible; Yahoo! Slurp; http://help.yahoo.com/help/us/ysearch/slurp)"
74.6.72.89 - - [14/Oct/2006:05:27:32 +0000] "GET /Angey/H_bergement--72.html HTTP/1.1" 200 27064 "" "Mozilla/5.0 (compatible; Yahoo! Slurp; http://help.yahoo.com/help/us/ysearch/slurp)"
74.6.70.160 - - [14/Oct/2006:05:29:00 +0000] "GET /Angey--65.html HTTP/1.1" 200 20623 "" "Mozilla/5.0 (compatible; Yahoo! Slurp; http://help.yahoo.com/help/us/ysearch/slurp)"
72.30.216.15 - - [14/Oct/2006:05:29:01 +0000] "GET /Angey/H_bergement--72.html HTTP/1.1" 200 25967 "" "Mozilla/5.0 (compatible; Yahoo! Slurp; http://help.yahoo.com/help/us/ysearch/slurp)"
74.6.70.160 - - [14/Oct/2006:05:45:43 +0000] "GET /Angey--65.html HTTP/1.1" 200 20623 "" "Mozilla/5.0 (compatible; Yahoo! Slurp; http://help.yahoo.com/help/us/ysearch/slurp)"
74.6.68.222 - - [14/Oct/2006:05:45:44 +0000] "GET /Angey/H_bergement--72.html HTTP/1.1" 200 24816 "" "Mozilla/5.0 (compatible; Yahoo! Slurp; http://help.yahoo.com/help/us/ysearch/slurp)"
74.6.70.43 - - [14/Oct/2006:05:50:54 +0000] "GET /Angey/Vie_Pratique--71.html HTTP/1.1" 200 12646 "" "Mozilla/5.0 (compatible; Yahoo! Slurp; http://help.yahoo.com/help/us/ysearch/slurp)"
72.30.252.92 - - [14/Oct/2006:05:54:04 +0000] "GET /Angey/H_bergement--72.html HTTP/1.1" 200 33931 "" "Mozilla/5.0 (compatible; Yahoo! Slurp; http://help.yahoo.com/help/us/ysearch/slurp)"
74.6.73.232 - - [14/Oct/2006:06:06:42 +0000] "GET /Angey/H_bergement--72.html HTTP/1.1" 200 29046 "" "Mozilla/5.0 (compatible; Yahoo! Slurp; http://help.yahoo.com/help/us/ysearch/slurp)"
74.6.68.210 - - [14/Oct/2006:06:13:28 +0000] "GET /Angey/H_bergement--72.html HTTP/1.1" 200 34361 "" "Mozilla/5.0 (compatible; Yahoo! Slurp; http://help.yahoo.com/help/us/ysearch/slurp)"
74.6.70.160 - - [14/Oct/2006:06:43:44 +0000] "GET /Angey--65.html HTTP/1.1" 200 20623 "" "Mozilla/5.0 (compatible; Yahoo! Slurp; http://help.yahoo.com/help/us/ysearch/slurp)"
74.6.71.97 - - [14/Oct/2006:06:43:45 +0000] "GET /Angey/H_bergement--72.html HTTP/1.1" 200 25896 "" "Mozilla/5.0 (compatible; Yahoo! Slurp; http://help.yahoo.com/help/us/ysearch/slurp)"
74.6.70.160 - - [14/Oct/2006:07:17:11 +0000] "GET /Angey--65.html HTTP/1.1" 200 20623 "" "Mozilla/5.0 (compatible; Yahoo! Slurp; http://help.yahoo.com/help/us/ysearch/slurp)"
74.6.65.232 - - [14/Oct/2006:07:17:14 +0000] "GET /Angey/H_bergement--72.html HTTP/1.1" 200 24861 "" "Mozilla/5.0 (compatible; Yahoo! Slurp; http://help.yahoo.com/help/us/ysearch/slurp)"
74.6.70.160 - - [14/Oct/2006:07:36:26 +0000] "GET /Angey--65.html HTTP/1.1" 200 20623 "" "Mozilla/5.0 (compatible; Yahoo! Slurp; http://help.yahoo.com/help/us/ysearch/slurp)"
74.6.72.119 - - [14/Oct/2006:07:36:29 +0000] "GET /Angey/H_bergement--72.html HTTP/1.1" 200 29063 "" "Mozilla/5.0 (compatible; Yahoo! Slurp; http://help.yahoo.com/help/us/ysearch/slurp)"
74.6.70.28 - - [14/Oct/2006:07:44:10 +0000] "GET /Angey/H_bergement--72.html HTTP/1.1" 200 29031 "" "Mozilla/5.0 (compatible; Yahoo! Slurp; http://help.yahoo.com/help/us/ysearch/slurp)"
74.6.70.160 - - [14/Oct/2006:08:14:28 +0000] "GET /Angey--65.html HTTP/1.1" 200 20623 "" "Mozilla/5.0 (compatible; Yahoo! Slurp; http://help.yahoo.com/help/us/ysearch/slurp)"
74.6.67.81 - - [14/Oct/2006:08:14:38 +0000] "GET /Angey/H_bergement--72.html HTTP/1.1" 200 29191 "" "Mozilla/5.0 (compatible; Yahoo! Slurp; http://help.yahoo.com/help/us/ysearch/slurp)"
66.249.65.13 - - [14/Oct/2006:08:35:25 +0000] "GET /Angey--65.html HTTP/1.1" 200 20623 "" "Mozilla/5.0 (compatible; Googlebot/2.1; +http://www.google.com/bot.html)"
74.6.70.160 - - [14/Oct/2006:09:54:47 +0000] "GET /Angey--65.html HTTP/1.1" 200 20623 "" "Mozilla/5.0 (compatible; Yahoo! Slurp; http://help.yahoo.com/help/us/ysearch/slurp)"
74.6.68.107 - - [14/Oct/2006:09:54:50 +0000] "GET /Angey/H_bergement--72.html HTTP/1.1" 200 25917 "" "Mozilla/5.0 (compatible; Yahoo! Slurp; http://help.yahoo.com/help/us/ysearch/slurp)"
74.6.70.160 - - [14/Oct/2006:10:50:05 +0000] "GET /Angey--65.html HTTP/1.1" 200 20623 "" "Mozilla/5.0 (compatible; Yahoo! Slurp; http://help.yahoo.com/help/us/ysearch/slurp)"
74.6.72.70 - - [14/Oct/2006:10:50:15 +0000] "GET /Angey/Calendrier--69.html HTTP/1.1" 200 10423 "" "Mozilla/5.0 (compatible; Yahoo! Slurp; http://help.yahoo.com/help/us/ysearch/slurp)"
74.6.72.163 - - [14/Oct/2006:11:06:24 +0000] "GET /Angey/H_bergement--72.html HTTP/1.1" 200 24964 "" "Mozilla/5.0 (compatible; Yahoo! Slurp; http://help.yahoo.com/help/us/ysearch/slurp)"
74.6.65.252 - - [14/Oct/2006:11:23:37 +0000] "GET /Angey/H_bergement--72.html HTTP/1.1" 200 26102 "" "Mozilla/5.0 (compatible; Yahoo! Slurp; http://help.yahoo.com/help/us/ysearch/slurp)"
74.6.70.160 - - [14/Oct/2006:11:41:40 +0000] "GET /Angey--65.html HTTP/1.1" 200 20623 "" "Mozilla/5.0 (compatible; Yahoo! Slurp; http://help.yahoo.com/help/us/ysearch/slurp)"
74.6.71.47 - - [14/Oct/2006:11:41:56 +0000] "GET /Angey/H_bergement--72.html HTTP/1.1" 200 25884 "" "Mozilla/5.0 (compatible; Yahoo! Slurp; http://help.yahoo.com/help/us/ysearch/slurp)"
66.249.65.13 - - [14/Oct/2006:11:51:45 +0000] "GET /Angey/Calendrier--69.html HTTP/1.1" 200 11258 "" "Mozilla/5.0 (compatible; Googlebot/2.1; +http://www.google.com/bot.html)"
74.6.70.160 - - [14/Oct/2006:13:00:28 +0000] "GET /Angey--65.html HTTP/1.1" 200 20623 "" "Mozilla/5.0 (compatible; Yahoo! Slurp; http://help.yahoo.com/help/us/ysearch/slurp)"
72.30.226.154 - - [14/Oct/2006:13:00:34 +0000] "GET /Angey/H_bergement--72.html HTTP/1.1" 200 30605 "" "Mozilla/5.0 (compatible; Yahoo! Slurp; http://help.yahoo.com/help/us/ysearch/slurp)"
66.249.65.13 - - [14/Oct/2006:13:18:38 +0000] "GET /Angey/Calendrier--69.html HTTP/1.1" 200 10376 "" "Mozilla/5.0 (compatible; Googlebot/2.1; +http://www.google.com/bot.html)"
74.6.70.160 - - [14/Oct/2006:13:45:35 +0000] "GET /Angey--65.html HTTP/1.1" 200 20623 "" "Mozilla/5.0 (compatible; Yahoo! Slurp; http://help.yahoo.com/help/us/ysearch/slurp)"
74.6.71.118 - - [14/Oct/2006:13:46:01 +0000] "GET /Angey/H_bergement--72.html HTTP/1.1" 200 26013 "" "Mozilla/5.0 (compatible; Yahoo! Slurp; http://help.yahoo.com/help/us/ysearch/slurp)"
66.249.65.13 - - [14/Oct/2006:15:22:44 +0000] "GET /Angey/Calendrier--69.html HTTP/1.1" 200 10384 "" "Mozilla/5.0 (compatible; Googlebot/2.1; +http://www.google.com/bot.html)"
74.6.70.160 - - [14/Oct/2006:15:22:58 +0000] "GET /Angey--65.html HTTP/1.1" 200 20623 "" "Mozilla/5.0 (compatible; Yahoo! Slurp; http://help.yahoo.com/help/us/ysearch/slurp)"
74.6.72.48 - - [14/Oct/2006:15:23:12 +0000] "GET /Angey/H_bergement--72.html HTTP/1.1" 200 25990 "" "Mozilla/5.0 (compatible; Yahoo! Slurp; http://help.yahoo.com/help/us/ysearch/slurp)"
74.6.70.160 - - [14/Oct/2006:16:00:16 +0000] "GET /Angey--65.html HTTP/1.1" 200 20623 "" "Mozilla/5.0 (compatible; Yahoo! Slurp; http://help.yahoo.com/help/us/ysearch/slurp)"
74.6.70.82 - - [14/Oct/2006:16:00:21 +0000] "GET /Angey/H_bergement--72.html HTTP/1.1" 200 28987 "" "Mozilla/5.0 (compatible; Yahoo! Slurp; http://help.yahoo.com/help/us/ysearch/slurp)"
74.6.69.162 - - [14/Oct/2006:16:12:34 +0000] "GET /Angey/H_bergement--72.html HTTP/1.1" 200 25998 "" "Mozilla/5.0 (compatible; Yahoo! Slurp; http://help.yahoo.com/help/us/ysearch/slurp)"
74.6.70.160 - - [14/Oct/2006:17:52:04 +0000] "GET /Angey--65.html HTTP/1.1" 200 20623 "" "Mozilla/5.0 (compatible; Yahoo! Slurp; http://help.yahoo.com/help/us/ysearch/slurp)"
74.6.75.29 - - [14/Oct/2006:17:52:05 +0000] "GET /Angey--65.html HTTP/1.1" 200 20623 "" "Mozilla/5.0 (compatible; Yahoo! Slurp; http://help.yahoo.com/help/us/ysearch/slurp)"
74.6.70.160 - - [14/Oct/2006:18:26:19 +0000] "GET /Angey--65.html HTTP/1.1" 200 20623 "" "Mozilla/5.0 (compatible; Yahoo! Slurp; http://help.yahoo.com/help/us/ysearch/slurp)"
74.6.67.237 - - [14/Oct/2006:18:26:22 +0000] "GET /Angey/H_bergement--72.html HTTP/1.1" 200 24852 "" "Mozilla/5.0 (compatible; Yahoo! Slurp; http://help.yahoo.com/help/us/ysearch/slurp)"
74.6.70.160 - - [14/Oct/2006:18:58:58 +0000] "GET /Angey--65.html HTTP/1.1" 200 20623 "" "Mozilla/5.0 (compatible; Yahoo! Slurp; http://help.yahoo.com/help/us/ysearch/slurp)"
74.6.71.190 - - [14/Oct/2006:18:58:59 +0000] "GET /Angey/H_bergement--72.html HTTP/1.1" 200 28918 "" "Mozilla/5.0 (compatible; Yahoo! Slurp; http://help.yahoo.com/help/us/ysearch/slurp)"
74.6.70.160 - - [14/Oct/2006:22:02:44 +0000] "GET /Angey--65.html HTTP/1.1" 200 20623 "" "Mozilla/5.0 (compatible; Yahoo! Slurp; http://help.yahoo.com/help/us/ysearch/slurp)"
74.6.70.30 - - [14/Oct/2006:22:02:48 +0000] "GET /Angey/Calendrier--69.html HTTP/1.1" 200 10386 "" "Mozilla/5.0 (compatible; Yahoo! Slurp; http://help.yahoo.com/help/us/ysearch/slurp)"
74.6.70.160 - - [14/Oct/2006:23:17:58 +0000] "GET /Angey--65.html HTTP/1.1" 200 20623 "" "Mozilla/5.0 (compatible; Yahoo! Slurp; http://help.yahoo.com/help/us/ysearch/slurp)"
74.6.72.53 - - [14/Oct/2006:23:18:00 +0000] "GET /Angey/H_bergement--72.html HTTP/1.1" 200 25129 "" "Mozilla/5.0 (compatible; Yahoo! Slurp; http://help.yahoo.com/help/us/ysearch/slurp)"
74.6.70.160 - - [15/Oct/2006:00:21:25 +0000] "GET /Angey--65.html HTTP/1.1" 200 20623 "" "Mozilla/5.0 (compatible; Yahoo! Slurp; http://help.yahoo.com/help/us/ysearch/slurp)"
74.6.74.225 - - [15/Oct/2006:00:21:27 +0000] "GET /Angey/H_bergement--72.html HTTP/1.1" 200 28940 "" "Mozilla/5.0 (compatible; Yahoo! Slurp; http://help.yahoo.com/help/us/ysearch/slurp)"
74.6.70.160 - - [15/Oct/2006:03:16:58 +0000] "GET /Angey--65.html HTTP/1.1" 200 20623 "" "Mozilla/5.0 (compatible; Yahoo! Slurp; http://help.yahoo.com/help/us/ysearch/slurp)"
74.6.72.215 - - [15/Oct/2006:03:17:00 +0000] "GET /Angey/H_bergement--72.html HTTP/1.1" 200 24816 "" "Mozilla/5.0 (compatible; Yahoo! Slurp; http://help.yahoo.com/help/us/ysearch/slurp)"
74.6.70.160 - - [15/Oct/2006:07:11:45 +0000] "GET /Angey--65.html HTTP/1.1" 200 20623 "" "Mozilla/5.0 (compatible; Yahoo! Slurp; http://help.yahoo.com/help/us/ysearch/slurp)"
72.30.216.23 - - [15/Oct/2006:07:11:51 +0000] "GET /Angey/H_bergement--72.html HTTP/1.1" 200 25880 "" "Mozilla/5.0 (compatible; Yahoo! Slurp; http://help.yahoo.com/help/us/ysearch/slurp)"
66.249.65.13 - - [15/Oct/2006:10:15:35 +0000] "GET /Angey--65.html HTTP/1.1" 200 20623 "" "Mozilla/5.0 (compatible; Googlebot/2.1; +http://www.google.com/bot.html)"
66.249.65.13 - - [15/Oct/2006:11:43:57 +0000] "GET /Angey/Calendrier--69.html HTTP/1.1" 200 15444 "" "Mozilla/5.0 (compatible; Googlebot/2.1; +http://www.google.com/bot.html)"
66.249.65.13 - - [15/Oct/2006:12:21:01 +0000] "GET /Angey/Loisirs--70.html HTTP/1.1" 200 9430 "" "Mozilla/5.0 (compatible; Googlebot/2.1; +http://www.google.com/bot.html)"
66.249.65.13 - - [15/Oct/2006:12:23:52 +0000] "GET /Angey/Calendrier--69.html HTTP/1.1" 200 15392 "" "Mozilla/5.0 (compatible; Googlebot/2.1; +http://www.google.com/bot.html)"
84.6.7.196 - - [15/Oct/2006:21:58:22 +0000] "GET /Angey--65.html HTTP/1.1" 200 20623 "http://www.ville-champeaux.com/" "Mozilla/5.0 (Windows; U; Windows NT 5.1; fr; rv:1.8.0.7) Gecko/20060909 Firefox/1.5.0.7"
74.6.70.160 - - [16/Oct/2006:00:37:20 +0000] "GET /Angey--65.html HTTP/1.1" 200 20623 "" "Mozilla/5.0 (compatible; Yahoo! Slurp; http://help.yahoo.com/help/us/ysearch/slurp)"
72.30.226.139 - - [16/Oct/2006:00:37:41 +0000] "GET /Angey--65.html HTTP/1.1" 200 20683 "" "Mozilla/5.0 (compatible; Yahoo! Slurp; http://help.yahoo.com/help/us/ysearch/slurp)"
64.4.8.121 - - [16/Oct/2006:03:07:08 +0000] "GET /Angey--65.html HTTP/1.1" 200 20623 "" "msnbot/1.0 (+http://search.msn.com/msnbot.htm)"
64.4.8.121 - - [16/Oct/2006:03:07:09 +0000] "GET /Angey--65.html HTTP/1.1" 200 20623 "" "msnbot/1.0 (+http://search.msn.com/msnbot.htm)"
38.100.41.102 - - [16/Oct/2006:03:46:34 +0000] "GET /Angey--65.html HTTP/1.1" 200 20623 "" "Mozilla/4.0 (compatible; MSIE 6.0; Windows XP)"
38.100.41.102 - - [16/Oct/2006:03:47:30 +0000] "GET /Angey/Tourisme--73.html HTTP/1.1" 200 9433 "http://www.ville-angey.com/" "Mozilla/4.0 (compatible; MSIE 6.0; Windows XP)"
38.100.41.102 - - [16/Oct/2006:03:47:31 +0000] "GET /Angey--65.html HTTP/1.1" 200 20623 "http://www.ville-angey.com/" "Mozilla/4.0 (compatible; MSIE 6.0; Windows XP)"
38.100.41.102 - - [16/Oct/2006:03:47:31 +0000] "GET /Angey/Vie_Pratique--71.html HTTP/1.1" 200 12651 "http://www.ville-angey.com/" "Mozilla/4.0 (compatible; MSIE 6.0; Windows XP)"
38.100.41.102 - - [16/Oct/2006:03:47:37 +0000] "GET /Angey/Loisirs--70.html HTTP/1.1" 200 9430 "http://www.ville-angey.com/" "Mozilla/4.0 (compatible; MSIE 6.0; Windows XP)"
38.100.41.102 - - [16/Oct/2006:03:47:37 +0000] "GET /Angey/Plan_du_Site--227.html HTTP/1.1" 200 10185 "http://www.ville-angey.com/" "Mozilla/4.0 (compatible; MSIE 6.0; Windows XP)"
38.100.41.102 - - [16/Oct/2006:03:47:37 +0000] "GET /Angey/D_couvrir--74.html HTTP/1.1" 200 9436 "http://www.ville-angey.com/" "Mozilla/4.0 (compatible; MSIE 6.0; Windows XP)"
38.100.41.102 - - [16/Oct/2006:03:47:39 +0000] "GET /Angey/D_couvrir--74.html HTTP/1.1" 200 9436 "http://www.ville-angey.com/" "Mozilla/4.0 (compatible; MSIE 6.0; Windows XP)"
38.100.41.102 - - [16/Oct/2006:03:47:39 +0000] "GET /Angey/Actualit_s--175.html HTTP/1.1" 200 10494 "http://www.ville-angey.com/" "Mozilla/4.0 (compatible; MSIE 6.0; Windows XP)"
38.100.41.102 - - [16/Oct/2006:03:47:39 +0000] "GET /Angey--65.html HTTP/1.1" 200 20623 "http://www.ville-angey.com/" "Mozilla/4.0 (compatible; MSIE 6.0; Windows XP)"
38.100.41.102 - - [16/Oct/2006:03:47:39 +0000] "GET /Angey/H_bergement--72.html HTTP/1.1" 200 27064 "http://www.ville-angey.com/" "Mozilla/4.0 (compatible; MSIE 6.0; Windows XP)"
38.100.41.102 - - [16/Oct/2006:03:47:40 +0000] "GET /Angey/Calendrier--69.html HTTP/1.1" 200 15392 "http://www.ville-angey.com/" "Mozilla/4.0 (compatible; MSIE 6.0; Windows XP)"
66.249.65.13 - - [16/Oct/2006:05:02:04 +0000] "GET /Angey/Loisirs--70.html HTTP/1.1" 200 9430 "" "Mozilla/5.0 (compatible; Googlebot/2.1; +http://www.google.com/bot.html)"
64.246.165.10 - - [16/Oct/2006:09:53:52 +0000] "GET /Angey--65.html HTTP/1.1" 200 20623 "http://www.whois.sc/" "SurveyBot/2.3 (Whois Source)"
64.246.165.10 - - [16/Oct/2006:09:53:53 +0000] "GET /Angey--65.html HTTP/1.1" 200 20623 "http://www.whois.sc/ville-angey.com" "SurveyBot/2.3 (Whois Source)"
83.115.152.145 - - [16/Oct/2006:10:22:05 +0000] "GET /Angey--65.html HTTP/1.1" 200 20613 "http://www.ville-champeaux.com/fr/vie-pratique.html" "Mozilla/5.0 (X11; U; Linux i686; fr; rv:1.8.0.7) Gecko/20060909 Firefox/1.5.0.7"
83.115.152.145 - - [16/Oct/2006:10:22:08 +0000] "GET /Angey--65.html HTTP/1.1" 200 20613 "" "Mozilla/5.0 (X11; U; Linux i686; fr; rv:1.8.0.7) Gecko/20060909 Firefox/1.5.0.7"
83.115.152.145 - - [16/Oct/2006:10:22:10 +0000] "GET /Angey/Vie_Pratique--71.html HTTP/1.1" 200 12651 "http://www.ville-angey.com/" "Mozilla/5.0 (X11; U; Linux i686; fr; rv:1.8.0.7) Gecko/20060909 Firefox/1.5.0.7"
66.249.65.13 - - [16/Oct/2006:10:26:38 +0000] "GET /Angey--65.html HTTP/1.1" 200 20613 "" "Mozilla/5.0 (compatible; Googlebot/2.1; +http://www.google.com/bot.html)"
66.249.65.13 - - [16/Oct/2006:10:26:38 +0000] "GET /Angey--65.html HTTP/1.1" 200 20613 "" "Mozilla/5.0 (compatible; Googlebot/2.1; +http://www.google.com/bot.html)"
74.6.70.160 - - [16/Oct/2006:14:59:02 +0000] "GET /Angey--65.html HTTP/1.1" 200 20613 "" "Mozilla/5.0 (compatible; Yahoo! Slurp; http://help.yahoo.com/help/us/ysearch/slurp)"
74.6.75.29 - - [16/Oct/2006:14:59:03 +0000] "GET /Angey--65.html HTTP/1.1" 200 20613 "" "Mozilla/5.0 (compatible; Yahoo! Slurp; http://help.yahoo.com/help/us/ysearch/slurp)"
66.249.65.13 - - [16/Oct/2006:14:59:58 +0000] "GET /Angey--65.html HTTP/1.1" 200 20613 "" "Mozilla/5.0 (compatible; Googlebot/2.1; +http://www.google.com/bot.html)"
66.249.65.13 - - [16/Oct/2006:16:34:44 +0000] "GET /Angey/H_bergement--72.html HTTP/1.1" 200 24794 "" "Mozilla/5.0 (compatible; Googlebot/2.1; +http://www.google.com/bot.html)"
86.220.114.45 - - [16/Oct/2006:17:00:17 +0000] "GET /Angey/D_couvrir--74.html HTTP/1.1" 200 9436 "http://www.portedelabaie.com/typo3/sysext/viewpage/view/frameset.php?&id=74" "Mozilla/4.0 (compatible; MSIE 5.5; Windows 98; Wanadoo 7.1)"
66.249.65.115 - - [17/Oct/2006:10:30:59 +0000] "GET /Angey--65.html HTTP/1.1" 200 20623 "" "Mozilla/5.0 (compatible; Googlebot/2.1; +http://www.google.com/bot.html)"
64.140.49.66 - - [17/Oct/2006:12:56:36 +0000] "GET /Angey/H_bergement--72.html HTTP/1.1" 200 27064 "" "TurnitinBot/2.1 (http://www.turnitin.com/robot/crawlerinfo.html)"
64.140.49.66 - - [17/Oct/2006:12:57:21 +0000] "GET /Angey/Tourisme--73.html HTTP/1.1" 200 9433 "" "TurnitinBot/2.1 (http://www.turnitin.com/robot/crawlerinfo.html)"
64.140.49.66 - - [17/Oct/2006:13:37:08 +0000] "GET /Angey/Calendrier--69.html HTTP/1.1" 200 15429 "" "TurnitinBot/2.1 (http://www.turnitin.com/robot/crawlerinfo.html)"
64.140.49.66 - - [17/Oct/2006:13:37:52 +0000] "GET /Angey/Loisirs--70.html HTTP/1.1" 200 9430 "" "TurnitinBot/2.1 (http://www.turnitin.com/robot/crawlerinfo.html)"
64.140.49.66 - - [17/Oct/2006:13:38:37 +0000] "GET /Angey/Vie_Pratique--71.html HTTP/1.1" 200 12646 "" "TurnitinBot/2.1 (http://www.turnitin.com/robot/crawlerinfo.html)"
64.140.49.66 - - [17/Oct/2006:13:45:12 +0000] "GET /Angey/Actualit_s--175.html HTTP/1.1" 200 9341 "" "TurnitinBot/2.1 (http://www.turnitin.com/robot/crawlerinfo.html)"
66.249.65.115 - - [17/Oct/2006:14:41:31 +0000] "GET /Angey/Calendrier--69.html HTTP/1.1" 200 10364 "" "Mozilla/5.0 (compatible; Googlebot/2.1; +http://www.google.com/bot.html)"
66.249.65.115 - - [17/Oct/2006:15:24:01 +0000] "GET /Angey/Calendrier--69.html HTTP/1.1" 200 10426 "" "Mozilla/5.0 (compatible; Googlebot/2.1; +http://www.google.com/bot.html)"
86.205.222.245 - - [17/Oct/2006:15:35:15 +0000] "GET /Angey--65.html HTTP/1.1" 200 20623 "http://www.google.com/search?hl=hu&q=angey&lr=" "Mozilla/4.0 (compatible; MSIE 6.0; Windows NT 5.1; SV1; .NET CLR 1.1.4322; InfoPath.1)"
66.249.65.115 - - [17/Oct/2006:15:35:22 +0000] "GET /Angey/H_bergement--72.html HTTP/1.1" 200 27064 "" "Mozilla/5.0 (compatible; Googlebot/2.1; +http://www.google.com/bot.html)"
66.249.65.115 - - [17/Oct/2006:15:52:22 +0000] "GET /Angey/Calendrier--69.html HTTP/1.1" 200 10367 "" "Mozilla/5.0 (compatible; Googlebot/2.1; +http://www.google.com/bot.html)"
66.249.65.115 - - [17/Oct/2006:16:29:12 +0000] "GET /Angey/H_bergement--72.html HTTP/1.1" 200 27064 "" "Mozilla/5.0 (compatible; Googlebot/2.1; +http://www.google.com/bot.html)"
66.249.65.115 - - [17/Oct/2006:16:51:52 +0000] "GET /Angey/Tourisme--73.html HTTP/1.1" 200 9433 "" "Mozilla/5.0 (compatible; Googlebot/2.1; +http://www.google.com/bot.html)"
66.249.65.115 - - [17/Oct/2006:17:03:13 +0000] "GET /Angey/H_bergement--72.html HTTP/1.1" 200 27064 "" "Mozilla/5.0 (compatible; Googlebot/2.1; +http://www.google.com/bot.html)"
66.249.65.115 - - [17/Oct/2006:18:42:25 +0000] "GET /Angey/H_bergement--72.html HTTP/1.1" 200 27064 "" "Mozilla/5.0 (compatible; Googlebot/2.1; +http://www.google.com/bot.html)"
66.249.65.115 - - [17/Oct/2006:20:15:54 +0000] "GET /Angey/H_bergement--72.html HTTP/1.1" 200 27064 "" "Mozilla/5.0 (compatible; Googlebot/2.1; +http://www.google.com/bot.html)"
66.249.65.115 - - [17/Oct/2006:20:18:44 +0000] "GET /Angey/Calendrier--69.html HTTP/1.1" 200 10367 "" "Mozilla/5.0 (compatible; Googlebot/2.1; +http://www.google.com/bot.html)"
74.6.70.160 - - [17/Oct/2006:20:37:59 +0000] "GET /Angey--65.html HTTP/1.1" 200 20623 "" "Mozilla/5.0 (compatible; Yahoo! Slurp; http://help.yahoo.com/help/us/ysearch/slurp)"
74.6.73.41 - - [17/Oct/2006:20:38:02 +0000] "GET /Angey/Calendrier--69.html HTTP/1.1" 200 10384 "" "Mozilla/5.0 (compatible; Yahoo! Slurp; http://help.yahoo.com/help/us/ysearch/slurp)"
74.6.70.160 - - [17/Oct/2006:21:17:21 +0000] "GET /Angey--65.html HTTP/1.1" 200 20623 "" "Mozilla/5.0 (compatible; Yahoo! Slurp; http://help.yahoo.com/help/us/ysearch/slurp)"
74.6.70.159 - - [17/Oct/2006:21:17:26 +0000] "GET /Angey/Actualit_s--175.html HTTP/1.1" 200 11026 "" "Mozilla/5.0 (compatible; Yahoo! Slurp; http://help.yahoo.com/help/us/ysearch/slurp)"
207.46.98.141 - - [18/Oct/2006:05:18:01 +0000] "GET /Angey--65.html HTTP/1.1" 200 20623 "" "msnbot/1.0 (+http://search.msn.com/msnbot.htm)"
207.46.98.141 - - [18/Oct/2006:05:18:03 +0000] "GET /Angey--65.html HTTP/1.1" 200 20623 "" "msnbot/1.0 (+http://search.msn.com/msnbot.htm)"
74.6.70.160 - - [18/Oct/2006:09:17:42 +0000] "GET /Angey--65.html HTTP/1.1" 200 20623 "" "Mozilla/5.0 (compatible; Yahoo! Slurp; http://help.yahoo.com/help/us/ysearch/slurp)"
74.6.75.29 - - [18/Oct/2006:09:17:43 +0000] "GET /Angey--65.html HTTP/1.1" 200 20623 "" "Mozilla/5.0 (compatible; Yahoo! Slurp; http://help.yahoo.com/help/us/ysearch/slurp)"
67.162.138.161 - - [18/Oct/2006:09:25:35 +0000] "GET /Angey--65.html HTTP/1.1" 200 20623 "http://www.ville-angey.com/" "Mozilla/5.0 (compatible; heritrix/1.8.0 +http://crawlerx51.com)"
67.162.138.161 - - [18/Oct/2006:09:25:57 +0000] "GET /Angey--65.html HTTP/1.1" 200 20623 "http://www.portedelabaie.com/robots.txt" "Mozilla/5.0 (compatible; heritrix/1.8.0 +http://crawlerx51.com)"
66.249.65.115 - - [18/Oct/2006:10:35:06 +0000] "GET /Angey--65.html HTTP/1.1" 200 20623 "" "Mozilla/5.0 (compatible; Googlebot/2.1; +http://www.google.com/bot.html)"
207.46.98.141 - - [18/Oct/2006:12:01:56 +0000] "GET /Angey--65.html HTTP/1.1" 200 20623 "" "msnbot/1.0 (+http://search.msn.com/msnbot.htm)"
86.220.50.61 - - [18/Oct/2006:14:40:04 +0000] "GET /Angey--65.html HTTP/1.1" 200 20623 "http://www.ville-sartilly.com/" "Mozilla/4.0 (compatible; MSIE 6.0; Windows NT 5.1; SV1; .NET CLR 1.1.4322)"
86.220.50.61 - - [18/Oct/2006:14:50:52 +0000] "GET /Angey--65.html HTTP/1.1" 200 20623 "http://www.ville-sartilly.com/fr/vie-pratique.html" "Mozilla/4.0 (compatible; MSIE 6.0; Windows NT 5.1; SV1; .NET CLR 1.1.4322)"
86.220.50.61 - - [18/Oct/2006:14:50:57 +0000] "GET /Angey/Vie_Pratique--71.html HTTP/1.1" 200 12651 "http://www.ville-angey.com/" "Mozilla/4.0 (compatible; MSIE 6.0; Windows NT 5.1; SV1; .NET CLR 1.1.4322)"
82.127.28.88 - - [18/Oct/2006:15:35:23 +0000] "GET /Angey--65.html HTTP/1.1" 200 20623 "http://www.google.fr/search?hl=fr&q=angey&meta=" "Mozilla/4.0 (compatible; MSIE 6.0; Windows NT 5.2; SV1; .NET CLR 1.1.4322; .NET CLR 2.0.50727)"
87.120.5.2 - - [18/Oct/2006:16:42:25 +0000] "GET /Angey/Loisirs--70.html HTTP/1.1" 200 9430 "http://images.google.bg/imgres?imgurl=http://www.portedelabaie.com/uploads/pics/etoile_molene.jpg&imgrefurl=http://www.portedelabaie.com/index.php%3Fid%3D70&h=249&w=360&sz=16&hl=bg&start=4&tbnid=rJUatXTPWFuZtM:&tbnh=84&tbnw=121&prev=/images%3Fq%3Detoile%2Bmolene%26svnum%3D10%26hl%3Dbg%26lr%3D%26sa%3DN" "Mozilla/4.0 (compatible; MSIE 6.0; Windows NT 5.1; SV1; .NET CLR 1.1.4322; FDM)"
87.120.5.2 - - [18/Oct/2006:16:42:39 +0000] "GET /Angey/Loisirs--70.html HTTP/1.1" 200 9430 "http://images.google.bg/imgres?imgurl=http://www.portedelabaie.com/uploads/pics/etoile_molene.jpg&imgrefurl=http://www.portedelabaie.com/index.php%3Fid%3D70&h=249&w=360&sz=16&hl=bg&start=4&tbnid=rJUatXTPWFuZtM:&tbnh=84&tbnw=121&prev=/images%3Fq%3Detoile%2Bmolene%26svnum%3D10%26hl%3Dbg%26lr%3D%26sa%3DN" "Mozilla/4.0 (compatible; MSIE 6.0; Windows NT 5.1; SV1; .NET CLR 1.1.4322; FDM)"
66.249.65.115 - - [18/Oct/2006:17:38:02 +0000] "GET /Angey/Actualit_s--175.html HTTP/1.1" 200 10494 "" "Mozilla/5.0 (compatible; Googlebot/2.1; +http://www.google.com/bot.html)"
195.146.249.171 - - [18/Oct/2006:19:50:02 +0000] "GET /Angey/H_bergement--72.html HTTP/1.1" 200 30549 "http://www.google.fr/search?q=gen%C3%AAts+%2B+g%C3%AEte+%2B+50530&hl=fr&lr=&rls=GGGL,GGGL:2006-35,GGGL:fr&start=10&sa=N" "Mozilla/5.0 (Windows; U; Windows NT 5.1; fr; rv:1.8.0.7) Gecko/20060909 Firefox/1.5.0.7"
195.146.249.171 - - [18/Oct/2006:19:50:04 +0000] "GET /Angey--65.html HTTP/1.1" 200 20623 "" "Mozilla/5.0 (Windows; U; Windows NT 5.1; fr; rv:1.8.0.7) Gecko/20060909 Firefox/1.5.0.7"
66.249.65.115 - - [18/Oct/2006:21:04:24 +0000] "GET /Angey/Vie_Pratique--71.html HTTP/1.1" 200 12651 "" "Mozilla/5.0 (compatible; Googlebot/2.1; +http://www.google.com/bot.html)"
213.49.67.161 - - [18/Oct/2006:21:27:17 +0000] "GET /Angey/Vie_Pratique--71.html HTTP/1.1" 200 12646 "http://images.google.be/imgres?imgurl=http://www.portedelabaie.com/uploads/pics/lucerne_arrieres_01.jpg&imgrefurl=http://www.portedelabaie.com/index.php%3Fid%3D71&h=270&w=360&sz=19&hl=fr&start=3&tbnid=mvb5sUVK8W3UYM:&tbnh=91&tbnw=121&prev=/images%3Fq%3Dabbaye%2Bde%2Bla%2Blucerne%26svnum%3D10%26hl%3Dfr%26lr%3D%26sa%3DN" "Mozilla/4.0 (compatible; MSIE 6.0; Windows NT 5.1; SV1; .NET CLR 2.0.50727; .NET CLR 1.1.4322)"
66.249.65.115 - - [18/Oct/2006:21:38:18 +0000] "GET /Angey/H_bergement--72.html HTTP/1.1" 200 33931 "" "Mozilla/5.0 (compatible; Googlebot/2.1; +http://www.google.com/bot.html)"
66.249.65.115 - - [18/Oct/2006:22:12:16 +0000] "GET /Angey/H_bergement--72.html HTTP/1.1" 200 32587 "" "Mozilla/5.0 (compatible; Googlebot/2.1; +http://www.google.com/bot.html)"
66.249.65.115 - - [18/Oct/2006:22:54:41 +0000] "GET /Angey/H_bergement--72.html HTTP/1.1" 200 29063 "" "Mozilla/5.0 (compatible; Googlebot/2.1; +http://www.google.com/bot.html)"
207.46.98.141 - - [18/Oct/2006:22:59:12 +0000] "GET /Angey--65.html HTTP/1.1" 200 20623 "" "msnbot/1.0 (+http://search.msn.com/msnbot.htm)"
207.46.98.141 - - [18/Oct/2006:22:59:13 +0000] "GET /Angey/Actualit_s--175.html HTTP/1.1" 200 10494 "" "msnbot/1.0 (+http://search.msn.com/msnbot.htm)"
207.46.98.141 - - [18/Oct/2006:22:59:27 +0000] "GET /Angey/Tourisme--73.html HTTP/1.1" 200 9433 "" "msnbot/1.0 (+http://search.msn.com/msnbot.htm)"
207.46.98.141 - - [18/Oct/2006:23:06:10 +0000] "GET /Angey/D_couvrir--74.html HTTP/1.1" 200 9436 "" "msnbot/1.0 (+http://search.msn.com/msnbot.htm)"
62.147.18.163 - - [18/Oct/2006:23:30:31 +0000] "GET /Angey--65.html HTTP/1.1" 200 20623 "http://www.google.fr/search?hl=fr&q=angey&btnG=Recherche+Google&meta=" "Mozilla/4.0 (compatible; MSIE 6.0; Windows NT 5.1; SV1)"
66.249.65.115 - - [18/Oct/2006:23:37:04 +0000] "GET /Angey/H_bergement--72.html HTTP/1.1" 200 34221 "" "Mozilla/5.0 (compatible; Googlebot/2.1; +http://www.google.com/bot.html)"
207.46.98.142 - - [19/Oct/2006:00:15:26 +0000] "GET /Angey--65.html HTTP/1.1" 200 20623 "" "msnbot/1.0 (+http://search.msn.com/msnbot.htm)"
66.249.65.115 - - [19/Oct/2006:00:28:04 +0000] "GET /Angey/H_bergement--72.html HTTP/1.1" 200 29190 "" "Mozilla/5.0 (compatible; Googlebot/2.1; +http://www.google.com/bot.html)"
66.249.65.115 - - [19/Oct/2006:00:53:26 +0000] "GET /Angey/H_bergement--72.html HTTP/1.1" 200 34361 "" "Mozilla/5.0 (compatible; Googlebot/2.1; +http://www.google.com/bot.html)"
66.249.65.115 - - [19/Oct/2006:01:35:51 +0000] "GET /Angey/H_bergement--72.html HTTP/1.1" 200 28919 "" "Mozilla/5.0 (compatible; Googlebot/2.1; +http://www.google.com/bot.html)"
66.249.65.115 - - [19/Oct/2006:02:18:17 +0000] "GET /Angey/H_bergement--72.html HTTP/1.1" 200 28958 "" "Mozilla/5.0 (compatible; Googlebot/2.1; +http://www.google.com/bot.html)"
66.249.65.115 - - [19/Oct/2006:02:26:53 +0000] "GET /Angey/H_bergement--72.html HTTP/1.1" 200 32532 "" "Mozilla/5.0 (compatible; Googlebot/2.1; +http://www.google.com/bot.html)"
66.249.65.115 - - [19/Oct/2006:03:26:07 +0000] "GET /Angey/H_bergement--72.html HTTP/1.1" 200 31073 "" "Mozilla/5.0 (compatible; Googlebot/2.1; +http://www.google.com/bot.html)"
64.34.145.195 - - [19/Oct/2006:03:30:46 +0000] "GET /Angey--65.html HTTP/1.1" 200 20623 "" "SBIder/0.8-dev (SBIder; http://www.sitesell.com/sbider.html; http://support.sitesell.com/contact-support.html)"
64.34.145.195 - - [19/Oct/2006:03:30:46 +0000] "GET /Angey--65.html HTTP/1.1" 200 20623 "" "SBIder/0.8-dev (SBIder; http://www.sitesell.com/sbider.html; http://support.sitesell.com/contact-support.html)"
66.249.65.115 - - [19/Oct/2006:03:34:37 +0000] "GET /Angey/H_bergement--72.html HTTP/1.1" 200 30697 "" "Mozilla/5.0 (compatible; Googlebot/2.1; +http://www.google.com/bot.html)"
66.249.65.115 - - [19/Oct/2006:03:43:05 +0000] "GET /Angey/H_bergement--72.html HTTP/1.1" 200 28897 "" "Mozilla/5.0 (compatible; Googlebot/2.1; +http://www.google.com/bot.html)"
66.249.65.115 - - [19/Oct/2006:03:51:36 +0000] "GET /Angey/H_bergement--72.html HTTP/1.1" 200 28953 "" "Mozilla/5.0 (compatible; Googlebot/2.1; +http://www.google.com/bot.html)"
66.249.65.115 - - [19/Oct/2006:05:01:31 +0000] "GET /Angey/H_bergement--72.html HTTP/1.1" 200 28914 "" "Mozilla/5.0 (compatible; Googlebot/2.1; +http://www.google.com/bot.html)"
66.249.65.115 - - [19/Oct/2006:05:07:45 +0000] "GET /Angey/H_bergement--72.html HTTP/1.1" 200 30537 "" "Mozilla/5.0 (compatible; Googlebot/2.1; +http://www.google.com/bot.html)"
66.249.65.115 - - [19/Oct/2006:05:32:56 +0000] "GET /Angey/H_bergement--72.html HTTP/1.1" 200 30827 "" "Mozilla/5.0 (compatible; Googlebot/2.1; +http://www.google.com/bot.html)"
66.249.65.115 - - [19/Oct/2006:05:41:18 +0000] "GET /Angey/H_bergement--72.html HTTP/1.1" 200 42358 "" "Mozilla/5.0 (compatible; Googlebot/2.1; +http://www.google.com/bot.html)"
207.46.98.142 - - [19/Oct/2006:05:46:48 +0000] "GET /Angey--65.html HTTP/1.1" 200 20623 "" "msnbot/1.0 (+http://search.msn.com/msnbot.htm)"
207.46.98.142 - - [19/Oct/2006:05:46:49 +0000] "GET /Angey--65.html HTTP/1.1" 200 20623 "" "msnbot/1.0 (+http://search.msn.com/msnbot.htm)"
207.46.98.142 - - [19/Oct/2006:05:46:50 +0000] "GET /Angey/Vie_Pratique--71.html HTTP/1.1" 200 12651 "" "msnbot/1.0 (+http://search.msn.com/msnbot.htm)"
207.46.98.142 - - [19/Oct/2006:05:46:50 +0000] "GET /Angey--65.html HTTP/1.1" 200 20623 "" "msnbot/1.0 (+http://search.msn.com/msnbot.htm)"
207.46.98.142 - - [19/Oct/2006:05:46:51 +0000] "GET /Angey/Loisirs--70.html HTTP/1.1" 200 9430 "" "msnbot/1.0 (+http://search.msn.com/msnbot.htm)"
66.249.65.115 - - [19/Oct/2006:05:49:40 +0000] "GET /Angey/H_bergement--72.html HTTP/1.1" 200 28918 "" "Mozilla/5.0 (compatible; Googlebot/2.1; +http://www.google.com/bot.html)"
207.46.98.142 - - [19/Oct/2006:05:52:54 +0000] "GET /Angey/Actualit_s--175.html HTTP/1.1" 200 10494 "" "msnbot/1.0 (+http://search.msn.com/msnbot.htm)"
66.249.65.115 - - [19/Oct/2006:06:14:43 +0000] "GET /Angey/H_bergement--72.html HTTP/1.1" 200 29066 "" "Mozilla/5.0 (compatible; Googlebot/2.1; +http://www.google.com/bot.html)"
66.249.65.115 - - [19/Oct/2006:06:23:08 +0000] "GET /Angey/H_bergement--72.html HTTP/1.1" 200 28930 "" "Mozilla/5.0 (compatible; Googlebot/2.1; +http://www.google.com/bot.html)"
66.249.65.115 - - [19/Oct/2006:06:31:29 +0000] "GET /Angey/H_bergement--72.html HTTP/1.1" 200 30605 "" "Mozilla/5.0 (compatible; Googlebot/2.1; +http://www.google.com/bot.html)"
66.249.65.115 - - [19/Oct/2006:07:04:52 +0000] "GET /Angey/H_bergement--72.html HTTP/1.1" 200 44265 "" "Mozilla/5.0 (compatible; Googlebot/2.1; +http://www.google.com/bot.html)"
66.249.65.115 - - [19/Oct/2006:07:29:54 +0000] "GET /Angey/H_bergement--72.html HTTP/1.1" 200 29046 "" "Mozilla/5.0 (compatible; Googlebot/2.1; +http://www.google.com/bot.html)"
66.249.65.115 - - [19/Oct/2006:07:38:15 +0000] "GET /Angey/H_bergement--72.html HTTP/1.1" 200 30964 "" "Mozilla/5.0 (compatible; Googlebot/2.1; +http://www.google.com/bot.html)"
66.249.65.115 - - [19/Oct/2006:07:46:36 +0000] "GET /Angey/H_bergement--72.html HTTP/1.1" 200 30549 "" "Mozilla/5.0 (compatible; Googlebot/2.1; +http://www.google.com/bot.html)"
66.249.65.115 - - [19/Oct/2006:07:54:57 +0000] "GET /Angey/H_bergement--72.html HTTP/1.1" 200 28964 "" "Mozilla/5.0 (compatible; Googlebot/2.1; +http://www.google.com/bot.html)"
66.249.65.115 - - [19/Oct/2006:08:03:17 +0000] "GET /Angey/H_bergement--72.html HTTP/1.1" 200 37358 "" "Mozilla/5.0 (compatible; Googlebot/2.1; +http://www.google.com/bot.html)"
67.162.138.161 - - [19/Oct/2006:08:06:40 +0000] "GET /Angey--65.html HTTP/1.1" 200 20623 "http://www.ville-angey.com/" "Mozilla/5.0 (compatible; heritrix/1.8.0 +http://crawlerx51.com)"
67.162.138.161 - - [19/Oct/2006:08:06:56 +0000] "GET /Angey--65.html HTTP/1.1" 200 20623 "http://www.portedelabaie.com/robots.txt" "Mozilla/5.0 (compatible; heritrix/1.8.0 +http://crawlerx51.com)"
66.249.65.115 - - [19/Oct/2006:08:11:40 +0000] "GET /Angey/H_bergement--72.html HTTP/1.1" 200 29339 "" "Mozilla/5.0 (compatible; Googlebot/2.1; +http://www.google.com/bot.html)"
66.249.65.115 - - [19/Oct/2006:08:20:03 +0000] "GET /Angey/H_bergement--72.html HTTP/1.1" 200 28913 "" "Mozilla/5.0 (compatible; Googlebot/2.1; +http://www.google.com/bot.html)"
66.249.65.115 - - [19/Oct/2006:08:28:22 +0000] "GET /Angey/H_bergement--72.html HTTP/1.1" 200 29191 "" "Mozilla/5.0 (compatible; Googlebot/2.1; +http://www.google.com/bot.html)"
66.249.65.115 - - [19/Oct/2006:08:36:45 +0000] "GET /Angey/H_bergement--72.html HTTP/1.1" 200 28888 "" "Mozilla/5.0 (compatible; Googlebot/2.1; +http://www.google.com/bot.html)"
66.249.65.115 - - [19/Oct/2006:08:45:04 +0000] "GET /Angey/H_bergement--72.html HTTP/1.1" 200 28940 "" "Mozilla/5.0 (compatible; Googlebot/2.1; +http://www.google.com/bot.html)"
66.249.65.115 - - [19/Oct/2006:10:17:14 +0000] "GET /Angey/Calendrier--69.html HTTP/1.1" 200 10425 "" "Mozilla/5.0 (compatible; Googlebot/2.1; +http://www.google.com/bot.html)"
66.249.65.115 - - [19/Oct/2006:10:25:36 +0000] "GET /Angey/Calendrier--69.html HTTP/1.1" 200 10376 "" "Mozilla/5.0 (compatible; Googlebot/2.1; +http://www.google.com/bot.html)"
66.249.65.115 - - [19/Oct/2006:10:35:24 +0000] "GET /Angey--65.html HTTP/1.1" 200 20623 "" "Mozilla/5.0 (compatible; Googlebot/2.1; +http://www.google.com/bot.html)"
66.249.65.115 - - [19/Oct/2006:10:35:25 +0000] "GET /Angey/Calendrier--69.html HTTP/1.1" 200 10416 "" "Mozilla/5.0 (compatible; Googlebot/2.1; +http://www.google.com/bot.html)"
66.249.65.115 - - [19/Oct/2006:10:42:50 +0000] "GET /Angey/Calendrier--69.html HTTP/1.1" 200 10384 "" "Mozilla/5.0 (compatible; Googlebot/2.1; +http://www.google.com/bot.html)"
66.249.65.115 - - [19/Oct/2006:11:23:46 +0000] "GET /Angey/H_bergement--72.html HTTP/1.1" 200 34235 "" "Mozilla/5.0 (compatible; Googlebot/2.1; +http://www.google.com/bot.html)"
66.249.65.115 - - [19/Oct/2006:11:32:05 +0000] "GET /Angey/H_bergement--72.html HTTP/1.1" 200 41754 "" "Mozilla/5.0 (compatible; Googlebot/2.1; +http://www.google.com/bot.html)"
66.249.65.115 - - [19/Oct/2006:11:40:26 +0000] "GET /Angey/H_bergement--72.html HTTP/1.1" 200 29227 "" "Mozilla/5.0 (compatible; Googlebot/2.1; +http://www.google.com/bot.html)"
66.249.65.115 - - [19/Oct/2006:12:05:38 +0000] "GET /Angey/H_bergement--72.html HTTP/1.1" 200 28918 "" "Mozilla/5.0 (compatible; Googlebot/2.1; +http://www.google.com/bot.html)"
66.249.65.115 - - [19/Oct/2006:12:22:14 +0000] "GET /Angey/Actualit_s--175.html HTTP/1.1" 200 10494 "" "Mozilla/5.0 (compatible; Googlebot/2.1; +http://www.google.com/bot.html)"
66.249.65.115 - - [19/Oct/2006:12:30:42 +0000] "GET /Angey/H_bergement--72.html HTTP/1.1" 200 29170 "" "Mozilla/5.0 (compatible; Googlebot/2.1; +http://www.google.com/bot.html)"
207.46.98.142 - - [19/Oct/2006:12:41:50 +0000] "GET /Angey--65.html HTTP/1.1" 200 20623 "" "msnbot/1.0 (+http://search.msn.com/msnbot.htm)"
66.249.65.115 - - [19/Oct/2006:13:20:57 +0000] "GET /Angey/Calendrier--69.html HTTP/1.1" 200 10425 "" "Mozilla/5.0 (compatible; Googlebot/2.1; +http://www.google.com/bot.html)"
66.249.65.115 - - [19/Oct/2006:13:29:38 +0000] "GET /Angey/Calendrier--69.html HTTP/1.1" 200 10416 "" "Mozilla/5.0 (compatible; Googlebot/2.1; +http://www.google.com/bot.html)"
81.66.50.89 - - [19/Oct/2006:16:12:44 +0000] "GET /Angey/H_bergement--72.html HTTP/1.1" 200 34221 "" "Mozilla/4.0 (compatible; MSIE 6.0; Windows NT 5.1; SV1)"
81.66.50.89 - - [19/Oct/2006:16:35:29 +0000] "GET /Angey/H_bergement--72.html HTTP/1.1" 200 34235 "" "Mozilla/4.0 (compatible; MSIE 6.0; Windows NT 5.1; SV1)"
81.66.50.89 - - [19/Oct/2006:16:35:38 +0000] "GET /Angey/H_bergement--72.html HTTP/1.1" 200 34361 "" "Mozilla/4.0 (compatible; MSIE 6.0; Windows NT 5.1; SV1)"
81.66.50.89 - - [19/Oct/2006:16:37:18 +0000] "GET /Angey/H_bergement--72.html HTTP/1.1" 200 24794 "" "Mozilla/4.0 (compatible; MSIE 6.0; Windows NT 5.1; SV1)"
81.66.50.89 - - [19/Oct/2006:16:43:14 +0000] "GET /Angey/H_bergement--72.html HTTP/1.1" 200 24794 "" "Mozilla/4.0 (compatible; MSIE 6.0; Windows NT 5.1; SV1)"
81.66.50.89 - - [19/Oct/2006:16:43:51 +0000] "GET /Angey/H_bergement--72.html HTTP/1.1" 200 24794 "" "Mozilla/4.0 (compatible; MSIE 6.0; Windows NT 5.1; SV1)"
81.69.128.201 - - [19/Oct/2006:18:49:26 +0000] "GET /Angey--65.html HTTP/1.1" 200 20623 "http://www.portedelabaie.com/" "Mozilla/4.0 (compatible; MSIE 6.0; Windows NT 5.1; SV1; (R1 1.5))"
81.69.128.201 - - [19/Oct/2006:18:49:29 +0000] "GET /Angey/H_bergement--72.html HTTP/1.1" 200 27064 "http://www.ville-angey.com/" "Mozilla/4.0 (compatible; MSIE 6.0; Windows NT 5.1; SV1; (R1 1.5))"
81.69.128.201 - - [19/Oct/2006:18:49:48 +0000] "GET /Angey/H_bergement--72.html HTTP/1.1" 200 44265 "http://www.ville-angey.com/no_cache/fr/hebergement.html" "Mozilla/4.0 (compatible; MSIE 6.0; Windows NT 5.1; SV1; (R1 1.5))"
81.69.128.201 - - [19/Oct/2006:18:50:00 +0000] "GET /Angey/H_bergement--72.html HTTP/1.1" 200 44832 "http://www.ville-angey.com/no_cache/fr/hebergement.html?tx_travelguide_pi1%5Bscat%5D=3&tx_travelguide_pi1%5Bsloc%5D=10" "Mozilla/4.0 (compatible; MSIE 6.0; Windows NT 5.1; SV1; (R1 1.5))"
81.69.128.201 - - [19/Oct/2006:18:50:10 +0000] "GET /Angey/H_bergement--72.html HTTP/1.1" 200 25883 "http://www.ville-angey.com/no_cache/fr/hebergement.html?tx_travelguide_pi1%5Bscat%5D=3&tx_travelguide_pi1%5Bsloc%5D=10&tx_travelguide_pi1%5Bpointer%5D=1&tx_travelguide_pi1%5Bmode%5D=1" "Mozilla/4.0 (compatible; MSIE 6.0; Windows NT 5.1; SV1; (R1 1.5))"
81.69.128.201 - - [19/Oct/2006:18:50:14 +0000] "GET /Angey/H_bergement--72.html HTTP/1.1" 200 25883 "http://www.ville-angey.com/no_cache/fr/hebergement.html?tx_travelguide_pi1%5Buid%5D=55&tx_travelguide_pi1%5BCMD%5D=singleView&cHash=6295c87387" "Mozilla/4.0 (compatible; MSIE 6.0; Windows NT 5.1; SV1; (R1 1.5))"
81.69.128.201 - - [19/Oct/2006:18:50:40 +0000] "GET /Angey/H_bergement--72.html HTTP/1.1" 200 25894 "http://www.ville-angey.com/no_cache/fr/hebergement.html?tx_travelguide_pi1%5Bscat%5D=3&tx_travelguide_pi1%5Bsloc%5D=10" "Mozilla/4.0 (compatible; MSIE 6.0; Windows NT 5.1; SV1; (R1 1.5))"
207.46.98.142 - - [19/Oct/2006:19:00:00 +0000] "GET /Angey--65.html HTTP/1.1" 200 20623 "" "msnbot/1.0 (+http://search.msn.com/msnbot.htm)"
66.249.65.115 - - [19/Oct/2006:19:20:05 +0000] "GET /Angey/Calendrier--69.html HTTP/1.1" 200 15432 "" "Mozilla/5.0 (compatible; Googlebot/2.1; +http://www.google.com/bot.html)"
74.6.69.168 - - [19/Oct/2006:20:33:33 +0000] "GET /Angey/Tourisme--73.html HTTP/1.1" 200 9433 "" "Mozilla/5.0 (compatible; Yahoo! Slurp; http://help.yahoo.com/help/us/ysearch/slurp)"
86.220.51.146 - - [19/Oct/2006:22:41:47 +0000] "GET /Angey--65.html HTTP/1.1" 200 20623 "" "Mozilla/4.0 (compatible; MSIE 6.0; Windows NT 5.1; SV1; .NET CLR 1.1.4322)"
86.220.51.146 - - [19/Oct/2006:22:43:14 +0000] "GET /Angey/D_couvrir--74.html HTTP/1.1" 200 9436 "http://www.ville-angey.com/fr.html" "Mozilla/4.0 (compatible; MSIE 6.0; Windows NT 5.1; SV1; .NET CLR 1.1.4322)"
86.220.51.146 - - [19/Oct/2006:22:43:29 +0000] "GET /Angey/Plan_du_Site--227.html HTTP/1.1" 200 10185 "http://www.ville-angey.com/fr/decouvrir.html" "Mozilla/4.0 (compatible; MSIE 6.0; Windows NT 5.1; SV1; .NET CLR 1.1.4322)"
86.220.51.146 - - [19/Oct/2006:22:43:48 +0000] "GET /Angey--65.html HTTP/1.1" 200 20623 "" "Mozilla/4.0 (compatible; MSIE 6.0; Windows NT 5.1; SV1; .NET CLR 1.1.4322)"
74.6.65.245 - - [20/Oct/2006:00:58:15 +0000] "GET /Angey/Loisirs--70.html HTTP/1.1" 200 9430 "" "Mozilla/5.0 (compatible; Yahoo! Slurp; http://help.yahoo.com/help/us/ysearch/slurp)"
207.46.98.142 - - [20/Oct/2006:10:39:55 +0000] "GET /Angey--65.html HTTP/1.1" 200 20623 "" "msnbot/1.0 (+http://search.msn.com/msnbot.htm)"
207.46.98.142 - - [20/Oct/2006:10:39:55 +0000] "GET /Angey--65.html HTTP/1.1" 200 20623 "" "msnbot/1.0 (+http://search.msn.com/msnbot.htm)"
207.46.98.142 - - [20/Oct/2006:10:39:55 +0000] "GET /Angey--65.html HTTP/1.1" 200 20623 "" "msnbot/1.0 (+http://search.msn.com/msnbot.htm)"
207.46.98.142 - - [20/Oct/2006:10:39:57 +0000] "GET /Angey/H_bergement--72.html HTTP/1.1" 200 30605 "" "msnbot/1.0 (+http://search.msn.com/msnbot.htm)"
207.46.98.142 - - [20/Oct/2006:10:39:57 +0000] "GET /Angey/H_bergement--72.html HTTP/1.1" 200 28918 "" "msnbot/1.0 (+http://search.msn.com/msnbot.htm)"
207.46.98.142 - - [20/Oct/2006:10:39:57 +0000] "GET /Angey/H_bergement--72.html HTTP/1.1" 200 33931 "" "msnbot/1.0 (+http://search.msn.com/msnbot.htm)"
207.46.98.142 - - [20/Oct/2006:10:40:01 +0000] "GET /Angey/H_bergement--72.html HTTP/1.1" 200 28953 "" "msnbot/1.0 (+http://search.msn.com/msnbot.htm)"
207.46.98.142 - - [20/Oct/2006:10:40:07 +0000] "GET /Angey/H_bergement--72.html HTTP/1.1" 200 29170 "" "msnbot/1.0 (+http://search.msn.com/msnbot.htm)"
207.46.98.142 - - [20/Oct/2006:10:40:07 +0000] "GET /Angey/H_bergement--72.html HTTP/1.1" 200 29063 "" "msnbot/1.0 (+http://search.msn.com/msnbot.htm)"
207.46.98.142 - - [20/Oct/2006:10:40:11 +0000] "GET /Angey/H_bergement--72.html HTTP/1.1" 200 28918 "" "msnbot/1.0 (+http://search.msn.com/msnbot.htm)"
207.46.98.142 - - [20/Oct/2006:10:40:13 +0000] "GET /Angey/H_bergement--72.html HTTP/1.1" 200 29066 "" "msnbot/1.0 (+http://search.msn.com/msnbot.htm)"
207.46.98.142 - - [20/Oct/2006:10:40:48 +0000] "GET /Angey/H_bergement--72.html HTTP/1.1" 200 28913 "" "msnbot/1.0 (+http://search.msn.com/msnbot.htm)"
207.46.98.142 - - [20/Oct/2006:10:43:50 +0000] "GET /Angey/H_bergement--72.html HTTP/1.1" 200 28964 "" "msnbot/1.0 (+http://search.msn.com/msnbot.htm)"
207.46.98.142 - - [20/Oct/2006:10:48:33 +0000] "GET /Angey/H_bergement--72.html HTTP/1.1" 200 29252 "" "msnbot/1.0 (+http://search.msn.com/msnbot.htm)"
207.46.98.142 - - [20/Oct/2006:10:48:33 +0000] "GET /Angey/H_bergement--72.html HTTP/1.1" 200 32532 "" "msnbot/1.0 (+http://search.msn.com/msnbot.htm)"
207.46.98.142 - - [20/Oct/2006:10:48:49 +0000] "GET /Angey/H_bergement--72.html HTTP/1.1" 200 29190 "" "msnbot/1.0 (+http://search.msn.com/msnbot.htm)"
66.249.65.115 - - [20/Oct/2006:11:06:32 +0000] "GET /Angey--65.html HTTP/1.1" 200 20623 "" "Mozilla/5.0 (compatible; Googlebot/2.1; +http://www.google.com/bot.html)"
66.249.65.115 - - [20/Oct/2006:11:06:32 +0000] "GET /Angey/Calendrier--69.html HTTP/1.1" 200 15484 "" "Mozilla/5.0 (compatible; Googlebot/2.1; +http://www.google.com/bot.html)"
207.46.98.142 - - [20/Oct/2006:11:21:55 +0000] "GET /Angey/H_bergement--72.html HTTP/1.1" 200 28987 "" "msnbot/1.0 (+http://search.msn.com/msnbot.htm)"
207.46.98.142 - - [20/Oct/2006:12:42:28 +0000] "GET /Angey/Calendrier--69.html HTTP/1.1" 200 10425 "" "msnbot/1.0 (+http://search.msn.com/msnbot.htm)"
207.46.98.142 - - [20/Oct/2006:12:44:13 +0000] "GET /Angey/Calendrier--69.html HTTP/1.1" 200 10376 "" "msnbot/1.0 (+http://search.msn.com/msnbot.htm)"
207.46.98.142 - - [20/Oct/2006:12:49:06 +0000] "GET /Angey/Calendrier--69.html HTTP/1.1" 200 10406 "" "msnbot/1.0 (+http://search.msn.com/msnbot.htm)"
207.46.98.142 - - [20/Oct/2006:12:58:20 +0000] "GET /Angey/Calendrier--69.html HTTP/1.1" 200 15484 "" "msnbot/1.0 (+http://search.msn.com/msnbot.htm)"
207.46.98.142 - - [20/Oct/2006:13:13:17 +0000] "GET /Angey/Calendrier--69.html HTTP/1.1" 200 10384 "" "msnbot/1.0 (+http://search.msn.com/msnbot.htm)"
207.46.98.141 - - [20/Oct/2006:14:19:16 +0000] "GET /Angey--65.html HTTP/1.1" 200 20623 "" "msnbot/1.0 (+http://search.msn.com/msnbot.htm)"
207.46.98.141 - - [20/Oct/2006:14:19:16 +0000] "GET /Angey--65.html HTTP/1.1" 200 20623 "" "msnbot/1.0 (+http://search.msn.com/msnbot.htm)"
207.46.98.141 - - [20/Oct/2006:14:19:17 +0000] "GET /Angey/H_bergement--72.html HTTP/1.1" 200 28987 "" "msnbot/1.0 (+http://search.msn.com/msnbot.htm)"
207.46.98.141 - - [20/Oct/2006:14:19:17 +0000] "GET /Angey/H_bergement--72.html HTTP/1.1" 200 24866 "" "msnbot/1.0 (+http://search.msn.com/msnbot.htm)"
207.46.98.141 - - [20/Oct/2006:14:19:56 +0000] "GET /Angey/H_bergement--72.html HTTP/1.1" 200 24816 "" "msnbot/1.0 (+http://search.msn.com/msnbot.htm)"
207.46.98.141 - - [20/Oct/2006:14:20:08 +0000] "GET /Angey--65.html HTTP/1.1" 200 20623 "" "msnbot/1.0 (+http://search.msn.com/msnbot.htm)"
207.46.98.141 - - [20/Oct/2006:14:20:09 +0000] "GET /Angey/H_bergement--72.html HTTP/1.1" 200 26006 "" "msnbot/1.0 (+http://search.msn.com/msnbot.htm)"
207.46.98.141 - - [20/Oct/2006:14:22:59 +0000] "GET /Angey/H_bergement--72.html HTTP/1.1" 200 24843 "" "msnbot/1.0 (+http://search.msn.com/msnbot.htm)"
207.46.98.141 - - [20/Oct/2006:14:23:29 +0000] "GET /Angey/H_bergement--72.html HTTP/1.1" 200 25873 "" "msnbot/1.0 (+http://search.msn.com/msnbot.htm)"
207.46.98.142 - - [20/Oct/2006:15:09:06 +0000] "GET /Angey--65.html HTTP/1.1" 200 20623 "" "msnbot/1.0 (+http://search.msn.com/msnbot.htm)"
207.46.98.142 - - [20/Oct/2006:15:09:07 +0000] "GET /Angey/Calendrier--69.html HTTP/1.1" 200 10364 "" "msnbot/1.0 (+http://search.msn.com/msnbot.htm)"
90.8.44.60 - - [20/Oct/2006:15:09:51 +0000] "GET /Angey--65.html HTTP/1.1" 200 20623 "http://www.ville-champeaux.com/fr/loisirs.html" "Mozilla/4.0 (compatible; MSIE 6.0; Windows NT 5.1; SV1; .NET CLR 1.1.4322)"
90.8.44.60 - - [20/Oct/2006:15:10:00 +0000] "GET /Angey/Vie_Pratique--71.html HTTP/1.1" 200 12651 "http://www.ville-angey.com/" "Mozilla/4.0 (compatible; MSIE 6.0; Windows NT 5.1; SV1; .NET CLR 1.1.4322)"
207.46.98.142 - - [20/Oct/2006:15:32:52 +0000] "GET /Angey/Calendrier--69.html HTTP/1.1" 200 11258 "" "msnbot/1.0 (+http://search.msn.com/msnbot.htm)"
83.202.167.216 - - [20/Oct/2006:16:33:15 +0000] "GET /Angey--65.html HTTP/1.1" 200 20879 "http://www.ville-lolif.com/" "Mozilla/4.0 (compatible; MSIE 6.0; Windows NT 5.1; SV1)"
82.235.92.135 - - [20/Oct/2006:17:24:01 +0000] "GET /Angey/Vie_Pratique--71.html HTTP/1.1" 200 12912 "http://images.google.fr/imgres?imgurl=http://www.portedelabaie.com/uploads/pics/abatiale_01.jpg&imgrefurl=http://www.portedelabaie.com/index.php%3Fid%3D71&h=230&w=360&sz=16&hl=fr&start=10&tbnid=bR9DcR2hBsU2CM:&tbnh=77&tbnw=121&prev=/images%3Fq%3Dabbaye%2Bde%2Blucerne%26svnum%3D10%26hl%3Dfr%26lr%3D%26sa%3DG" "Mozilla/4.0 (compatible; MSIE 6.0; Windows NT 5.1; SV1)"
66.249.65.115 - - [20/Oct/2006:21:06:59 +0000] "GET /Angey--65.html HTTP/1.1" 200 20879 "" "Mozilla/5.0 (compatible; Googlebot/2.1; +http://www.google.com/bot.html)"
66.249.65.115 - - [20/Oct/2006:22:34:38 +0000] "GET /Angey/H_bergement--72.html HTTP/1.1" 200 25060 "" "Mozilla/5.0 (compatible; Googlebot/2.1; +http://www.google.com/bot.html)"
207.46.98.142 - - [20/Oct/2006:23:27:05 +0000] "GET /Angey--65.html HTTP/1.1" 200 20879 "" "msnbot/1.0 (+http://search.msn.com/msnbot.htm)"
66.249.65.115 - - [21/Oct/2006:00:10:33 +0000] "GET /Angey/Calendrier--69.html HTTP/1.1" 200 10672 "" "Mozilla/5.0 (compatible; Googlebot/2.1; +http://www.google.com/bot.html)"
207.46.98.142 - - [21/Oct/2006:03:57:19 +0000] "GET /Angey--65.html HTTP/1.1" 200 20879 "" "msnbot/1.0 (+http://search.msn.com/msnbot.htm)"
66.154.103.104 - - [21/Oct/2006:05:01:08 +0000] "GET /Angey/Tourisme--73.html HTTP/1.1" 200 9699 "" "Gigabot/2.0 (http://www.gigablast.com/spider.html)"
66.249.65.115 - - [21/Oct/2006:05:07:25 +0000] "GET /Angey--65.html HTTP/1.1" 200 20879 "" "Mozilla/5.0 (compatible; Googlebot/2.1; +http://www.google.com/bot.html)"
72.30.177.121 - - [21/Oct/2006:08:47:23 +0000] "GET /Angey--65.html HTTP/1.1" 200 20879 "" "Mozilla/5.0 (compatible; Yahoo! Slurp; http://help.yahoo.com/help/us/ysearch/slurp)"
74.6.75.29 - - [21/Oct/2006:08:47:26 +0000] "GET /Angey--65.html HTTP/1.1" 200 20879 "" "Mozilla/5.0 (compatible; Yahoo! Slurp; http://help.yahoo.com/help/us/ysearch/slurp)"
164.67.195.201 - - [21/Oct/2006:14:43:20 +0000] "GET /Angey--65.html HTTP/1.1" 200 20879 "" "ilial/Nutch-0.9-dev"
