66.249.66.138 - - [31/Oct/2006:17:05:34 +0000] "GET /Angey/H_bergement--72.html HTTP/1.1" 200 24393 "" "Mozilla/5.0 (compatible; Googlebot/2.1; +http://www.google.com/bot.html)"
66.249.66.138 - - [31/Oct/2006:17:07:27 +0000] "GET /Angey/H_bergement--72.html HTTP/1.1" 200 29028 "" "Mozilla/5.0 (compatible; Googlebot/2.1; +http://www.google.com/bot.html)"
66.249.66.138 - - [31/Oct/2006:17:34:45 +0000] "GET /Angey/H_bergement--72.html HTTP/1.1" 200 24163 "" "Mozilla/5.0 (compatible; Googlebot/2.1; +http://www.google.com/bot.html)"
66.249.66.138 - - [31/Oct/2006:17:36:54 +0000] "GET /Angey/H_bergement--72.html HTTP/1.1" 200 24141 "" "Mozilla/5.0 (compatible; Googlebot/2.1; +http://www.google.com/bot.html)"
66.249.66.138 - - [31/Oct/2006:18:35:53 +0000] "GET /Angey/H_bergement--72.html HTTP/1.1" 200 27679 "" "Mozilla/5.0 (compatible; Googlebot/2.1; +http://www.google.com/bot.html)"
66.249.66.138 - - [31/Oct/2006:18:45:47 +0000] "GET /Angey/H_bergement--72.html HTTP/1.1" 200 26108 "" "Mozilla/5.0 (compatible; Googlebot/2.1; +http://www.google.com/bot.html)"
66.249.66.138 - - [31/Oct/2006:18:55:39 +0000] "GET /Angey/H_bergement--72.html HTTP/1.1" 200 33209 "" "Mozilla/5.0 (compatible; Googlebot/2.1; +http://www.google.com/bot.html)"
66.249.66.138 - - [31/Oct/2006:19:04:57 +0000] "GET /Angey/H_bergement--72.html HTTP/1.1" 200 23220 "" "Mozilla/5.0 (compatible; Googlebot/2.1; +http://www.google.com/bot.html)"
66.249.66.138 - - [31/Oct/2006:19:07:35 +0000] "GET /Angey/H_bergement--72.html HTTP/1.1" 200 30507 "" "Mozilla/5.0 (compatible; Googlebot/2.1; +http://www.google.com/bot.html)"
66.249.66.138 - - [31/Oct/2006:19:35:18 +0000] "GET /Angey/H_bergement--72.html HTTP/1.1" 200 25829 "" "Mozilla/5.0 (compatible; Googlebot/2.1; +http://www.google.com/bot.html)"
66.249.66.138 - - [31/Oct/2006:19:55:12 +0000] "GET /Angey/Calendrier--69.html HTTP/1.1" 200 10550 "" "Mozilla/5.0 (compatible; Googlebot/2.1; +http://www.google.com/bot.html)"
66.249.66.138 - - [31/Oct/2006:21:12:49 +0000] "GET /Angey/H_bergement--72.html HTTP/1.1" 200 25977 "" "Mozilla/5.0 (compatible; Googlebot/2.1; +http://www.google.com/bot.html)"
66.249.66.138 - - [31/Oct/2006:21:31:35 +0000] "GET /Angey/H_bergement--72.html HTTP/1.1" 200 23090 "" "Mozilla/5.0 (compatible; Googlebot/2.1; +http://www.google.com/bot.html)"
66.249.66.138 - - [31/Oct/2006:21:34:15 +0000] "GET /Angey/Calendrier--69.html HTTP/1.1" 200 10518 "" "Mozilla/5.0 (compatible; Googlebot/2.1; +http://www.google.com/bot.html)"
66.249.66.138 - - [31/Oct/2006:21:34:16 +0000] "GET /Angey/H_bergement--72.html HTTP/1.1" 200 24373 "" "Mozilla/5.0 (compatible; Googlebot/2.1; +http://www.google.com/bot.html)"
66.249.66.138 - - [31/Oct/2006:21:36:57 +0000] "GET /Angey/H_bergement--72.html HTTP/1.1" 200 23319 "" "Mozilla/5.0 (compatible; Googlebot/2.1; +http://www.google.com/bot.html)"
66.249.66.138 - - [31/Oct/2006:21:44:10 +0000] "GET /Angey/H_bergement--72.html HTTP/1.1" 200 25858 "" "Mozilla/5.0 (compatible; Googlebot/2.1; +http://www.google.com/bot.html)"
66.249.66.138 - - [31/Oct/2006:22:15:13 +0000] "GET /Angey/H_bergement--72.html HTTP/1.1" 200 23353 "" "Mozilla/5.0 (compatible; Googlebot/2.1; +http://www.google.com/bot.html)"
66.249.66.138 - - [31/Oct/2006:22:21:23 +0000] "GET /Angey/H_bergement--72.html HTTP/1.1" 200 23271 "" "Mozilla/5.0 (compatible; Googlebot/2.1; +http://www.google.com/bot.html)"
66.249.66.138 - - [31/Oct/2006:22:23:29 +0000] "GET /Angey/H_bergement--72.html HTTP/1.1" 200 37362 "" "Mozilla/5.0 (compatible; Googlebot/2.1; +http://www.google.com/bot.html)"
66.249.66.138 - - [31/Oct/2006:23:02:19 +0000] "GET /Angey/H_bergement--72.html HTTP/1.1" 200 23081 "" "Mozilla/5.0 (compatible; Googlebot/2.1; +http://www.google.com/bot.html)"
66.249.66.138 - - [31/Oct/2006:23:16:45 +0000] "GET /Angey/H_bergement--72.html HTTP/1.1" 200 24098 "" "Mozilla/5.0 (compatible; Googlebot/2.1; +http://www.google.com/bot.html)"
66.249.66.138 - - [31/Oct/2006:23:18:11 +0000] "GET /Angey/H_bergement--72.html HTTP/1.1" 200 23074 "" "Mozilla/5.0 (compatible; Googlebot/2.1; +http://www.google.com/bot.html)"
66.249.66.138 - - [31/Oct/2006:23:19:38 +0000] "GET /Angey/H_bergement--72.html HTTP/1.1" 200 23357 "" "Mozilla/5.0 (compatible; Googlebot/2.1; +http://www.google.com/bot.html)"
66.249.66.138 - - [31/Oct/2006:23:23:18 +0000] "GET /Angey/Actualit_s--175.html HTTP/1.1" 200 10628 "" "Mozilla/5.0 (compatible; Googlebot/2.1; +http://www.google.com/bot.html)"
66.249.66.138 - - [31/Oct/2006:23:53:02 +0000] "GET /Angey/Calendrier--69.html HTTP/1.1" 200 10559 "" "Mozilla/5.0 (compatible; Googlebot/2.1; +http://www.google.com/bot.html)"
66.249.66.138 - - [01/Nov/2006:00:15:39 +0000] "GET /Angey/H_bergement--72.html HTTP/1.1" 200 25811 "" "Mozilla/5.0 (compatible; Googlebot/2.1; +http://www.google.com/bot.html)"
66.249.66.138 - - [01/Nov/2006:00:15:41 +0000] "GET /Angey/H_bergement--72.html HTTP/1.1" 200 23099 "" "Mozilla/5.0 (compatible; Googlebot/2.1; +http://www.google.com/bot.html)"
66.249.66.138 - - [01/Nov/2006:00:26:00 +0000] "GET /Angey/H_bergement--72.html HTTP/1.1" 200 25883 "" "Mozilla/5.0 (compatible; Googlebot/2.1; +http://www.google.com/bot.html)"
66.249.66.138 - - [01/Nov/2006:00:28:15 +0000] "GET /Angey/H_bergement--72.html HTTP/1.1" 200 30211 "" "Mozilla/5.0 (compatible; Googlebot/2.1; +http://www.google.com/bot.html)"
66.249.66.138 - - [01/Nov/2006:01:20:25 +0000] "GET /Angey/H_bergement--72.html HTTP/1.1" 200 24111 "" "Mozilla/5.0 (compatible; Googlebot/2.1; +http://www.google.com/bot.html)"
66.249.66.138 - - [01/Nov/2006:01:22:13 +0000] "GET /Angey/Vie_Pratique--71.html HTTP/1.1" 200 12780 "" "Mozilla/5.0 (compatible; Googlebot/2.1; +http://www.google.com/bot.html)"
66.249.66.138 - - [01/Nov/2006:02:00:59 +0000] "GET /Angey/H_bergement--72.html HTTP/1.1" 200 27247 "" "Mozilla/5.0 (compatible; Googlebot/2.1; +http://www.google.com/bot.html)"
66.249.66.138 - - [01/Nov/2006:02:30:33 +0000] "GET /Angey/H_bergement--72.html HTTP/1.1" 200 25811 "" "Mozilla/5.0 (compatible; Googlebot/2.1; +http://www.google.com/bot.html)"
66.249.66.138 - - [01/Nov/2006:02:43:20 +0000] "GET /Angey/H_bergement--72.html HTTP/1.1" 200 23253 "" "Mozilla/5.0 (compatible; Googlebot/2.1; +http://www.google.com/bot.html)"
195.113.214.204 - - [01/Nov/2006:02:52:12 +0000] "GET /Angey--65.html HTTP/1.1" 200 20757 "" "Jyxobot/1"
195.113.214.204 - - [01/Nov/2006:02:52:28 +0000] "GET /Angey--65.html HTTP/1.1" 200 20757 "" "Jyxobot/1"
66.249.66.138 - - [01/Nov/2006:02:59:36 +0000] "GET /Angey/H_bergement--72.html HTTP/1.1" 200 24155 "" "Mozilla/5.0 (compatible; Googlebot/2.1; +http://www.google.com/bot.html)"
66.249.66.138 - - [01/Nov/2006:03:01:56 +0000] "GET /Angey/H_bergement--72.html HTTP/1.1" 200 25877 "" "Mozilla/5.0 (compatible; Googlebot/2.1; +http://www.google.com/bot.html)"
66.249.66.138 - - [01/Nov/2006:03:55:17 +0000] "GET /Angey/H_bergement--72.html HTTP/1.1" 200 23266 "" "Mozilla/5.0 (compatible; Googlebot/2.1; +http://www.google.com/bot.html)"
66.249.66.138 - - [01/Nov/2006:04:01:49 +0000] "GET /Angey/H_bergement--72.html HTTP/1.1" 200 23184 "" "Mozilla/5.0 (compatible; Googlebot/2.1; +http://www.google.com/bot.html)"
66.249.66.138 - - [01/Nov/2006:04:47:18 +0000] "GET /Angey/H_bergement--72.html HTTP/1.1" 200 24226 "" "Mozilla/5.0 (compatible; Googlebot/2.1; +http://www.google.com/bot.html)"
66.249.66.138 - - [01/Nov/2006:04:49:26 +0000] "GET /Angey/H_bergement--72.html HTTP/1.1" 200 23074 "" "Mozilla/5.0 (compatible; Googlebot/2.1; +http://www.google.com/bot.html)"
66.249.66.138 - - [01/Nov/2006:05:12:45 +0000] "GET /Angey/H_bergement--72.html HTTP/1.1" 200 27314 "" "Mozilla/5.0 (compatible; Googlebot/2.1; +http://www.google.com/bot.html)"
66.249.66.138 - - [01/Nov/2006:05:34:45 +0000] "GET /Angey--65.html HTTP/1.1" 200 20757 "" "Mozilla/5.0 (compatible; Googlebot/2.1; +http://www.google.com/bot.html)"
66.249.66.138 - - [01/Nov/2006:05:34:45 +0000] "GET /Angey/H_bergement--72.html HTTP/1.1" 200 26083 "" "Mozilla/5.0 (compatible; Googlebot/2.1; +http://www.google.com/bot.html)"
66.249.66.138 - - [01/Nov/2006:05:45:06 +0000] "GET /Angey/H_bergement--72.html HTTP/1.1" 200 24310 "" "Mozilla/5.0 (compatible; Googlebot/2.1; +http://www.google.com/bot.html)"
66.249.66.138 - - [01/Nov/2006:05:45:07 +0000] "GET /Angey/H_bergement--72.html HTTP/1.1" 200 26138 "" "Mozilla/5.0 (compatible; Googlebot/2.1; +http://www.google.com/bot.html)"
74.6.74.216 - - [01/Nov/2006:06:04:17 +0000] "GET /Angey--65.html HTTP/1.1" 200 20757 "" "Mozilla/5.0 (compatible; Yahoo! Slurp; http://help.yahoo.com/help/us/ysearch/slurp)"
74.6.68.165 - - [01/Nov/2006:06:04:17 +0000] "GET /Angey/H_bergement--72.html HTTP/1.1" 200 33209 "" "Mozilla/5.0 (compatible; Yahoo! Slurp; http://help.yahoo.com/help/us/ysearch/slurp)"
66.249.66.138 - - [01/Nov/2006:06:11:26 +0000] "GET /Angey/H_bergement--72.html HTTP/1.1" 200 25802 "" "Mozilla/5.0 (compatible; Googlebot/2.1; +http://www.google.com/bot.html)"
66.249.66.138 - - [01/Nov/2006:06:25:05 +0000] "GET /Angey/H_bergement--72.html HTTP/1.1" 200 30507 "" "Mozilla/5.0 (compatible; Googlebot/2.1; +http://www.google.com/bot.html)"
66.249.66.138 - - [01/Nov/2006:06:28:39 +0000] "GET /Angey/H_bergement--72.html HTTP/1.1" 200 29085 "" "Mozilla/5.0 (compatible; Googlebot/2.1; +http://www.google.com/bot.html)"
66.249.66.138 - - [01/Nov/2006:07:16:15 +0000] "GET /Angey/H_bergement--72.html HTTP/1.1" 200 25858 "" "Mozilla/5.0 (compatible; Googlebot/2.1; +http://www.google.com/bot.html)"
66.249.66.138 - - [01/Nov/2006:07:18:26 +0000] "GET /Angey/H_bergement--72.html HTTP/1.1" 200 24728 "" "Mozilla/5.0 (compatible; Googlebot/2.1; +http://www.google.com/bot.html)"
66.249.66.138 - - [01/Nov/2006:08:15:38 +0000] "GET /Angey/H_bergement--72.html HTTP/1.1" 200 24145 "" "Mozilla/5.0 (compatible; Googlebot/2.1; +http://www.google.com/bot.html)"
66.249.66.138 - - [01/Nov/2006:08:36:47 +0000] "GET /Angey/H_bergement--72.html HTTP/1.1" 200 24301 "" "Mozilla/5.0 (compatible; Googlebot/2.1; +http://www.google.com/bot.html)"
66.249.66.138 - - [01/Nov/2006:09:10:15 +0000] "GET /Angey/H_bergement--72.html HTTP/1.1" 200 25908 "" "Mozilla/5.0 (compatible; Googlebot/2.1; +http://www.google.com/bot.html)"
66.249.66.138 - - [01/Nov/2006:09:12:52 +0000] "GET /Angey/H_bergement--72.html HTTP/1.1" 200 24167 "" "Mozilla/5.0 (compatible; Googlebot/2.1; +http://www.google.com/bot.html)"
66.249.66.138 - - [01/Nov/2006:09:15:02 +0000] "GET /Angey/H_bergement--72.html HTTP/1.1" 200 24300 "" "Mozilla/5.0 (compatible; Googlebot/2.1; +http://www.google.com/bot.html)"
66.249.66.138 - - [01/Nov/2006:10:24:01 +0000] "GET /Angey/H_bergement--72.html HTTP/1.1" 200 24122 "" "Mozilla/5.0 (compatible; Googlebot/2.1; +http://www.google.com/bot.html)"
66.249.66.138 - - [01/Nov/2006:10:30:20 +0000] "GET /Angey/H_bergement--72.html HTTP/1.1" 200 24117 "" "Mozilla/5.0 (compatible; Googlebot/2.1; +http://www.google.com/bot.html)"
66.249.66.138 - - [01/Nov/2006:10:52:47 +0000] "GET /Angey/H_bergement--72.html HTTP/1.1" 200 24145 "" "Mozilla/5.0 (compatible; Googlebot/2.1; +http://www.google.com/bot.html)"
172.186.210.33 - - [01/Nov/2006:11:01:36 +0000] "GET /Angey/Calendrier--69.html HTTP/1.1" 200 13954 "http://images.google.fr/imgres?imgurl=http://www.portedelabaie.com/typo3temp/pics/9005b70d2a.jpg&imgrefurl=http://www.portedelabaie.com/index.php%3Fid%3D69&h=193&w=160&sz=5&hl=fr&start=62&tbnid=a7cdFo7qVXmuMM:&tbnh=103&tbnw=85&prev=/images%3Fq%3Ddauphins%2Ben%2Bmer%26start%3D60%26ndsp%3D20%26svnum%3D10%26hl%3Dfr%26lr%3D%26sa%3DN" "Mozilla/4.0 (compatible; MSIE 6.0; Windows NT 5.1; SV1)"
172.186.210.33 - - [01/Nov/2006:11:01:41 +0000] "GET /Angey/Calendrier--69.html HTTP/1.1" 200 13954 "http://images.google.fr/imgres?imgurl=http://www.portedelabaie.com/typo3temp/pics/9005b70d2a.jpg&imgrefurl=http://www.portedelabaie.com/index.php%3Fid%3D69&h=193&w=160&sz=5&hl=fr&start=62&tbnid=a7cdFo7qVXmuMM:&tbnh=103&tbnw=85&prev=/images%3Fq%3Ddauphins%2Ben%2Bmer%26start%3D60%26ndsp%3D20%26svnum%3D10%26hl%3Dfr%26lr%3D%26sa%3DN" "Mozilla/4.0 (compatible; MSIE 6.0; Windows NT 5.1; SV1)"
66.249.66.138 - - [01/Nov/2006:11:55:10 +0000] "GET /Angey/H_bergement--72.html HTTP/1.1" 200 30649 "" "Mozilla/5.0 (compatible; Googlebot/2.1; +http://www.google.com/bot.html)"
66.249.66.138 - - [01/Nov/2006:11:58:06 +0000] "GET /Angey/H_bergement--72.html HTTP/1.1" 200 39163 "" "Mozilla/5.0 (compatible; Googlebot/2.1; +http://www.google.com/bot.html)"
66.249.66.138 - - [01/Nov/2006:12:52:09 +0000] "GET /Angey/H_bergement--72.html HTTP/1.1" 200 25880 "" "Mozilla/5.0 (compatible; Googlebot/2.1; +http://www.google.com/bot.html)"
66.249.66.138 - - [01/Nov/2006:12:52:12 +0000] "GET /Angey/H_bergement--72.html HTTP/1.1" 200 29028 "" "Mozilla/5.0 (compatible; Googlebot/2.1; +http://www.google.com/bot.html)"
66.249.66.138 - - [01/Nov/2006:12:52:14 +0000] "GET /Angey/H_bergement--72.html HTTP/1.1" 200 37362 "" "Mozilla/5.0 (compatible; Googlebot/2.1; +http://www.google.com/bot.html)"
66.249.66.138 - - [01/Nov/2006:12:52:16 +0000] "GET /Angey/H_bergement--72.html HTTP/1.1" 200 30507 "" "Mozilla/5.0 (compatible; Googlebot/2.1; +http://www.google.com/bot.html)"
66.249.66.138 - - [01/Nov/2006:12:53:45 +0000] "GET /Angey/H_bergement--72.html HTTP/1.1" 200 24113 "" "Mozilla/5.0 (compatible; Googlebot/2.1; +http://www.google.com/bot.html)"
66.249.66.138 - - [01/Nov/2006:12:56:42 +0000] "GET /Angey/H_bergement--72.html HTTP/1.1" 200 24113 "" "Mozilla/5.0 (compatible; Googlebot/2.1; +http://www.google.com/bot.html)"
66.249.66.138 - - [01/Nov/2006:12:59:30 +0000] "GET /Angey/H_bergement--72.html HTTP/1.1" 200 23103 "" "Mozilla/5.0 (compatible; Googlebot/2.1; +http://www.google.com/bot.html)"
66.249.66.138 - - [01/Nov/2006:13:56:58 +0000] "GET /Angey/H_bergement--72.html HTTP/1.1" 200 23101 "" "Mozilla/5.0 (compatible; Googlebot/2.1; +http://www.google.com/bot.html)"
66.249.66.138 - - [01/Nov/2006:13:56:59 +0000] "GET /Angey/Loisirs--70.html HTTP/1.1" 200 9564 "" "Mozilla/5.0 (compatible; Googlebot/2.1; +http://www.google.com/bot.html)"
66.249.66.138 - - [01/Nov/2006:13:58:01 +0000] "GET /Angey/H_bergement--72.html HTTP/1.1" 200 24313 "" "Mozilla/5.0 (compatible; Googlebot/2.1; +http://www.google.com/bot.html)"
66.249.66.138 - - [01/Nov/2006:13:59:32 +0000] "GET /Angey/H_bergement--72.html HTTP/1.1" 200 24132 "" "Mozilla/5.0 (compatible; Googlebot/2.1; +http://www.google.com/bot.html)"
66.249.66.138 - - [01/Nov/2006:14:14:39 +0000] "GET /Angey/H_bergement--72.html HTTP/1.1" 200 25883 "" "Mozilla/5.0 (compatible; Googlebot/2.1; +http://www.google.com/bot.html)"
74.6.74.216 - - [01/Nov/2006:14:55:54 +0000] "GET /Angey--65.html HTTP/1.1" 200 20757 "" "Mozilla/5.0 (compatible; Yahoo! Slurp; http://help.yahoo.com/help/us/ysearch/slurp)"
74.6.75.29 - - [01/Nov/2006:14:55:55 +0000] "GET /Angey--65.html HTTP/1.1" 200 20757 "" "Mozilla/5.0 (compatible; Yahoo! Slurp; http://help.yahoo.com/help/us/ysearch/slurp)"
66.249.66.138 - - [01/Nov/2006:15:01:36 +0000] "GET /Angey/H_bergement--72.html HTTP/1.1" 200 23105 "" "Mozilla/5.0 (compatible; Googlebot/2.1; +http://www.google.com/bot.html)"
66.249.66.138 - - [01/Nov/2006:15:12:17 +0000] "GET /Angey/H_bergement--72.html HTTP/1.1" 200 24147 "" "Mozilla/5.0 (compatible; Googlebot/2.1; +http://www.google.com/bot.html)"
66.249.66.138 - - [01/Nov/2006:15:14:01 +0000] "GET /Angey/H_bergement--72.html HTTP/1.1" 200 23388 "" "Mozilla/5.0 (compatible; Googlebot/2.1; +http://www.google.com/bot.html)"
66.249.66.138 - - [01/Nov/2006:15:15:38 +0000] "GET /Angey/H_bergement--72.html HTTP/1.1" 200 23500 "" "Mozilla/5.0 (compatible; Googlebot/2.1; +http://www.google.com/bot.html)"
66.249.66.138 - - [01/Nov/2006:16:14:45 +0000] "GET /Angey/H_bergement--72.html HTTP/1.1" 200 26138 "" "Mozilla/5.0 (compatible; Googlebot/2.1; +http://www.google.com/bot.html)"
66.249.66.138 - - [01/Nov/2006:16:16:37 +0000] "GET /Angey/H_bergement--72.html HTTP/1.1" 200 24240 "" "Mozilla/5.0 (compatible; Googlebot/2.1; +http://www.google.com/bot.html)"
66.249.66.138 - - [01/Nov/2006:17:01:08 +0000] "GET /Angey/H_bergement--72.html HTTP/1.1" 200 39163 "" "Mozilla/5.0 (compatible; Googlebot/2.1; +http://www.google.com/bot.html)"
66.249.66.138 - - [01/Nov/2006:17:02:10 +0000] "GET /Angey/H_bergement--72.html HTTP/1.1" 200 23075 "" "Mozilla/5.0 (compatible; Googlebot/2.1; +http://www.google.com/bot.html)"
66.249.66.138 - - [01/Nov/2006:17:04:01 +0000] "GET /Angey/H_bergement--72.html HTTP/1.1" 200 23233 "" "Mozilla/5.0 (compatible; Googlebot/2.1; +http://www.google.com/bot.html)"
66.249.66.138 - - [01/Nov/2006:18:19:28 +0000] "GET /Angey/H_bergement--72.html HTTP/1.1" 200 24275 "" "Mozilla/5.0 (compatible; Googlebot/2.1; +http://www.google.com/bot.html)"
66.249.66.138 - - [01/Nov/2006:18:21:43 +0000] "GET /Angey/H_bergement--72.html HTTP/1.1" 200 24273 "" "Mozilla/5.0 (compatible; Googlebot/2.1; +http://www.google.com/bot.html)"
66.249.66.138 - - [01/Nov/2006:18:23:57 +0000] "GET /Angey/H_bergement--72.html HTTP/1.1" 200 24192 "" "Mozilla/5.0 (compatible; Googlebot/2.1; +http://www.google.com/bot.html)"
66.249.66.138 - - [01/Nov/2006:19:06:05 +0000] "GET /Angey/H_bergement--72.html HTTP/1.1" 200 26111 "" "Mozilla/5.0 (compatible; Googlebot/2.1; +http://www.google.com/bot.html)"
66.249.66.138 - - [01/Nov/2006:19:08:12 +0000] "GET /Angey/H_bergement--72.html HTTP/1.1" 200 24125 "" "Mozilla/5.0 (compatible; Googlebot/2.1; +http://www.google.com/bot.html)"
81.82.123.16 - - [01/Nov/2006:19:24:42 +0000] "GET /Angey--65.html HTTP/1.1" 200 20757 "http://www.google.be/search?q=monast%C3%A8re+de+dol&hl=nl&lr=&start=10&sa=N" "Mozilla/4.0 (compatible; MSIE 6.0; Windows NT 5.1; SV1; TNET5.0NL; .NET CLR 1.1.4322; .NET CLR 2.0.50727)"
81.82.123.16 - - [01/Nov/2006:19:27:04 +0000] "GET /Angey--65.html HTTP/1.1" 200 20757 "" "Mozilla/4.0 (compatible; MSIE 6.0; Windows NT 5.1; SV1; TNET5.0NL; .NET CLR 1.1.4322; .NET CLR 2.0.50727)"
81.82.123.16 - - [01/Nov/2006:19:29:05 +0000] "GET /Angey--65.html HTTP/1.1" 200 20757 "http://www.google.be/search?q=monast%C3%A8re+de+dol&hl=nl&lr=&start=10&sa=N" "Mozilla/4.0 (compatible; MSIE 6.0; Windows NT 5.1; SV1; TNET5.0NL; .NET CLR 1.1.4322; .NET CLR 2.0.50727)"
81.82.123.16 - - [01/Nov/2006:19:29:15 +0000] "GET /Angey/Tourisme--73.html HTTP/1.1" 200 9567 "http://www.ville-angey.com/" "Mozilla/4.0 (compatible; MSIE 6.0; Windows NT 5.1; SV1; TNET5.0NL; .NET CLR 1.1.4322; .NET CLR 2.0.50727)"
66.249.66.138 - - [01/Nov/2006:19:57:17 +0000] "GET /Angey/H_bergement--72.html HTTP/1.1" 200 24176 "" "Mozilla/5.0 (compatible; Googlebot/2.1; +http://www.google.com/bot.html)"
66.249.66.138 - - [01/Nov/2006:20:01:35 +0000] "GET /Angey/H_bergement--72.html HTTP/1.1" 200 23223 "" "Mozilla/5.0 (compatible; Googlebot/2.1; +http://www.google.com/bot.html)"
66.249.66.138 - - [01/Nov/2006:20:03:06 +0000] "GET /Angey/H_bergement--72.html HTTP/1.1" 200 23083 "" "Mozilla/5.0 (compatible; Googlebot/2.1; +http://www.google.com/bot.html)"
66.249.66.138 - - [01/Nov/2006:20:05:19 +0000] "GET /Angey/H_bergement--72.html HTTP/1.1" 200 24361 "" "Mozilla/5.0 (compatible; Googlebot/2.1; +http://www.google.com/bot.html)"
151.46.120.131 - - [01/Nov/2006:20:33:49 +0000] "GET /Angey/Vie_Pratique--71.html HTTP/1.1" 200 12780 "http://images.google.it/imgres?imgurl=http://www.portedelabaie.com/uploads/pics/abatiale_01.jpg&imgrefurl=http://www.portedelabaie.com/index.php%3Fid%3D71&h=230&w=360&sz=16&hl=it&start=10&tbnid=bR9DcR2hBsU2CM:&tbnh=77&tbnw=121&prev=/images%3Fq%3Dlucerne%2Bromane%26ndsp%3D20%26svnum%3D10%26hl%3Dit%26lr%3D%26sa%3DN" "Mozilla/5.0 (Windows; U; Windows NT 5.1; it; rv:1.8.0.7) Gecko/20060909 Firefox/1.5.0.7"
66.249.66.138 - - [01/Nov/2006:20:51:20 +0000] "GET /Angey/H_bergement--72.html HTTP/1.1" 200 24393 "" "Mozilla/5.0 (compatible; Googlebot/2.1; +http://www.google.com/bot.html)"
86.209.162.173 - - [01/Nov/2006:21:08:28 +0000] "GET /Angey--65.html HTTP/1.1" 200 20757 "" "Mozilla/4.0 (compatible; MSIE 6.0; Windows NT 5.1; SV1; MSIECrawler)"
66.249.66.138 - - [01/Nov/2006:21:09:44 +0000] "GET /Angey/H_bergement--72.html HTTP/1.1" 200 24134 "" "Mozilla/5.0 (compatible; Googlebot/2.1; +http://www.google.com/bot.html)"
66.249.66.138 - - [01/Nov/2006:21:11:47 +0000] "GET /Angey/H_bergement--72.html HTTP/1.1" 200 24144 "" "Mozilla/5.0 (compatible; Googlebot/2.1; +http://www.google.com/bot.html)"
66.249.66.138 - - [01/Nov/2006:21:13:47 +0000] "GET /Angey/H_bergement--72.html HTTP/1.1" 200 24131 "" "Mozilla/5.0 (compatible; Googlebot/2.1; +http://www.google.com/bot.html)"
66.249.66.138 - - [01/Nov/2006:21:20:12 +0000] "GET /Angey/H_bergement--72.html HTTP/1.1" 200 23319 "" "Mozilla/5.0 (compatible; Googlebot/2.1; +http://www.google.com/bot.html)"
86.209.162.173 - - [01/Nov/2006:21:25:13 +0000] "GET /Angey--65.html HTTP/1.1" 200 20757 "" "Mozilla/4.0 (compatible; MSIE 6.0; Windows NT 5.1; SV1; MSIECrawler)"
86.209.162.173 - - [01/Nov/2006:21:25:13 +0000] "GET /Angey--65.html HTTP/1.1" 200 20757 "" "Mozilla/4.0 (compatible; MSIE 6.0; Windows NT 5.1; SV1; MSIECrawler)"
66.249.66.17 - - [01/Nov/2006:22:06:46 +0000] "GET /Angey/H_bergement--72.html HTTP/1.1" 200 23258 "" "Mozilla/5.0 (compatible; Googlebot/2.1; +http://www.google.com/bot.html)"
66.249.66.17 - - [01/Nov/2006:22:08:45 +0000] "GET /Angey/H_bergement--72.html HTTP/1.1" 200 25996 "" "Mozilla/5.0 (compatible; Googlebot/2.1; +http://www.google.com/bot.html)"
66.249.66.17 - - [01/Nov/2006:22:11:50 +0000] "GET /Angey/H_bergement--72.html HTTP/1.1" 200 23074 "" "Mozilla/5.0 (compatible; Googlebot/2.1; +http://www.google.com/bot.html)"
66.249.66.17 - - [01/Nov/2006:22:15:07 +0000] "GET /Angey/H_bergement--72.html HTTP/1.1" 200 23353 "" "Mozilla/5.0 (compatible; Googlebot/2.1; +http://www.google.com/bot.html)"
207.46.98.141 - - [01/Nov/2006:22:31:29 +0000] "GET /Angey--65.html HTTP/1.1" 200 20757 "" "msnbot/1.0 (+http://search.msn.com/msnbot.htm)"
207.46.98.141 - - [01/Nov/2006:22:31:29 +0000] "GET /Angey--65.html HTTP/1.1" 200 20757 "" "msnbot/1.0 (+http://search.msn.com/msnbot.htm)"
207.46.98.141 - - [01/Nov/2006:22:31:30 +0000] "GET /Angey/Actualit_s--175.html HTTP/1.1" 200 10628 "" "msnbot/1.0 (+http://search.msn.com/msnbot.htm)"
207.46.98.141 - - [01/Nov/2006:22:31:30 +0000] "GET /Angey/Tourisme--73.html HTTP/1.1" 200 9567 "" "msnbot/1.0 (+http://search.msn.com/msnbot.htm)"
157.82.254.36 - - [01/Nov/2006:22:52:49 +0000] "GET /Angey--65.html HTTP/1.1" 200 20757 "" "Shim-Crawler(Mozilla-compatible; http://www.logos.ic.i.u-tokyo.ac.jp/crawler/; crawl@logos.ic.i.u-tokyo.ac.jp)"
157.82.254.36 - - [01/Nov/2006:22:55:50 +0000] "GET /Angey--65.html HTTP/1.1" 200 20757 "" "Shim-Crawler(Mozilla-compatible; http://www.logos.ic.i.u-tokyo.ac.jp/crawler/; crawl@logos.ic.i.u-tokyo.ac.jp)"
157.82.254.36 - - [01/Nov/2006:22:57:54 +0000] "GET /Angey/Actualit_s--175.html HTTP/1.1" 200 9475 "" "Shim-Crawler(Mozilla-compatible; http://www.logos.ic.i.u-tokyo.ac.jp/crawler/; crawl@logos.ic.i.u-tokyo.ac.jp)"
157.82.254.36 - - [01/Nov/2006:22:59:56 +0000] "GET /Angey/Calendrier--69.html HTTP/1.1" 200 13957 "" "Shim-Crawler(Mozilla-compatible; http://www.logos.ic.i.u-tokyo.ac.jp/crawler/; crawl@logos.ic.i.u-tokyo.ac.jp)"
157.82.254.36 - - [01/Nov/2006:23:01:57 +0000] "GET /Angey/D_couvrir--74.html HTTP/1.1" 200 9570 "" "Shim-Crawler(Mozilla-compatible; http://www.logos.ic.i.u-tokyo.ac.jp/crawler/; crawl@logos.ic.i.u-tokyo.ac.jp)"
157.82.254.36 - - [01/Nov/2006:23:03:56 +0000] "GET /Angey/Loisirs--70.html HTTP/1.1" 200 9564 "" "Shim-Crawler(Mozilla-compatible; http://www.logos.ic.i.u-tokyo.ac.jp/crawler/; crawl@logos.ic.i.u-tokyo.ac.jp)"
66.249.66.17 - - [01/Nov/2006:23:04:18 +0000] "GET /Angey/H_bergement--72.html HTTP/1.1" 200 24153 "" "Mozilla/5.0 (compatible; Googlebot/2.1; +http://www.google.com/bot.html)"
157.82.254.36 - - [01/Nov/2006:23:05:56 +0000] "GET /Angey/Plan_du_Site--227.html HTTP/1.1" 200 10319 "" "Shim-Crawler(Mozilla-compatible; http://www.logos.ic.i.u-tokyo.ac.jp/crawler/; crawl@logos.ic.i.u-tokyo.ac.jp)"
157.82.254.36 - - [01/Nov/2006:23:06:56 +0000] "GET /Angey/Tourisme--73.html HTTP/1.1" 200 9567 "" "Shim-Crawler(Mozilla-compatible; http://www.logos.ic.i.u-tokyo.ac.jp/crawler/; crawl@logos.ic.i.u-tokyo.ac.jp)"
157.82.254.36 - - [01/Nov/2006:23:07:56 +0000] "GET /Angey/Vie_Pratique--71.html HTTP/1.1" 200 12785 "" "Shim-Crawler(Mozilla-compatible; http://www.logos.ic.i.u-tokyo.ac.jp/crawler/; crawl@logos.ic.i.u-tokyo.ac.jp)"
157.82.254.36 - - [01/Nov/2006:23:08:56 +0000] "GET /Angey--65.html HTTP/1.1" 200 20757 "" "Shim-Crawler(Mozilla-compatible; http://www.logos.ic.i.u-tokyo.ac.jp/crawler/; crawl@logos.ic.i.u-tokyo.ac.jp)"
157.82.254.36 - - [01/Nov/2006:23:09:56 +0000] "GET /Angey/H_bergement--72.html HTTP/1.1" 200 24385 "" "Shim-Crawler(Mozilla-compatible; http://www.logos.ic.i.u-tokyo.ac.jp/crawler/; crawl@logos.ic.i.u-tokyo.ac.jp)"
66.249.66.17 - - [01/Nov/2006:23:10:30 +0000] "GET /Angey/H_bergement--72.html HTTP/1.1" 200 24249 "" "Mozilla/5.0 (compatible; Googlebot/2.1; +http://www.google.com/bot.html)"
66.249.66.17 - - [01/Nov/2006:23:12:36 +0000] "GET /Angey/H_bergement--72.html HTTP/1.1" 200 25857 "" "Mozilla/5.0 (compatible; Googlebot/2.1; +http://www.google.com/bot.html)"
66.249.66.17 - - [01/Nov/2006:23:14:11 +0000] "GET /Angey/H_bergement--72.html HTTP/1.1" 200 23253 "" "Mozilla/5.0 (compatible; Googlebot/2.1; +http://www.google.com/bot.html)"
207.46.98.141 - - [01/Nov/2006:23:14:19 +0000] "GET /Angey/D_couvrir--74.html HTTP/1.1" 200 9570 "" "msnbot/1.0 (+http://search.msn.com/msnbot.htm)"
66.249.66.17 - - [01/Nov/2006:23:14:45 +0000] "GET /Angey/H_bergement--72.html HTTP/1.1" 200 23071 "" "Mozilla/5.0 (compatible; Googlebot/2.1; +http://www.google.com/bot.html)"
207.46.98.142 - - [02/Nov/2006:00:24:29 +0000] "GET /Angey--65.html HTTP/1.1" 200 20757 "" "msnbot/1.0 (+http://search.msn.com/msnbot.htm)"
66.249.66.17 - - [02/Nov/2006:00:32:43 +0000] "GET /Angey/H_bergement--72.html HTTP/1.1" 200 23058 "" "Mozilla/5.0 (compatible; Googlebot/2.1; +http://www.google.com/bot.html)"
66.249.66.17 - - [02/Nov/2006:00:34:07 +0000] "GET /Angey/H_bergement--72.html HTTP/1.1" 200 24441 "" "Mozilla/5.0 (compatible; Googlebot/2.1; +http://www.google.com/bot.html)"
66.249.66.17 - - [02/Nov/2006:00:35:55 +0000] "GET /Angey/H_bergement--72.html HTTP/1.1" 200 23111 "" "Mozilla/5.0 (compatible; Googlebot/2.1; +http://www.google.com/bot.html)"
66.249.66.17 - - [02/Nov/2006:01:13:23 +0000] "GET /Angey/H_bergement--72.html HTTP/1.1" 200 23397 "" "Mozilla/5.0 (compatible; Googlebot/2.1; +http://www.google.com/bot.html)"
74.6.72.89 - - [02/Nov/2006:01:22:53 +0000] "GET /Angey/H_bergement--72.html HTTP/1.1" 200 24385 "" "Mozilla/5.0 (compatible; Yahoo! Slurp; http://help.yahoo.com/help/us/ysearch/slurp)"
74.6.74.216 - - [02/Nov/2006:01:27:38 +0000] "GET /Angey--65.html HTTP/1.1" 200 20757 "" "Mozilla/5.0 (compatible; Yahoo! Slurp; http://help.yahoo.com/help/us/ysearch/slurp)"
74.6.67.173 - - [02/Nov/2006:01:27:38 +0000] "GET /Angey/H_bergement--72.html HTTP/1.1" 200 27314 "" "Mozilla/5.0 (compatible; Yahoo! Slurp; http://help.yahoo.com/help/us/ysearch/slurp)"
66.249.66.17 - - [02/Nov/2006:02:25:12 +0000] "GET /Angey/H_bergement--72.html HTTP/1.1" 200 23413 "" "Mozilla/5.0 (compatible; Googlebot/2.1; +http://www.google.com/bot.html)"
66.249.66.17 - - [02/Nov/2006:02:27:19 +0000] "GET /Angey/H_bergement--72.html HTTP/1.1" 200 23257 "" "Mozilla/5.0 (compatible; Googlebot/2.1; +http://www.google.com/bot.html)"
66.249.66.17 - - [02/Nov/2006:02:31:47 +0000] "GET /Angey/H_bergement--72.html HTTP/1.1" 200 25805 "" "Mozilla/5.0 (compatible; Googlebot/2.1; +http://www.google.com/bot.html)"
66.249.66.17 - - [02/Nov/2006:03:11:38 +0000] "GET /Angey/H_bergement--72.html HTTP/1.1" 200 24163 "" "Mozilla/5.0 (compatible; Googlebot/2.1; +http://www.google.com/bot.html)"
66.249.66.17 - - [02/Nov/2006:03:41:36 +0000] "GET /Angey/H_bergement--72.html HTTP/1.1" 200 24098 "" "Mozilla/5.0 (compatible; Googlebot/2.1; +http://www.google.com/bot.html)"
74.6.73.45 - - [02/Nov/2006:03:46:38 +0000] "GET /Angey/Plan_du_Site--227.html HTTP/1.1" 200 10319 "" "Mozilla/5.0 (compatible; Yahoo! Slurp; http://help.yahoo.com/help/us/ysearch/slurp)"
66.249.66.17 - - [02/Nov/2006:03:48:34 +0000] "GET /Angey/H_bergement--72.html HTTP/1.1" 200 25883 "" "Mozilla/5.0 (compatible; Googlebot/2.1; +http://www.google.com/bot.html)"
66.249.66.17 - - [02/Nov/2006:03:50:42 +0000] "GET /Angey/H_bergement--72.html HTTP/1.1" 200 23119 "" "Mozilla/5.0 (compatible; Googlebot/2.1; +http://www.google.com/bot.html)"
66.249.66.17 - - [02/Nov/2006:03:52:57 +0000] "GET /Angey/H_bergement--72.html HTTP/1.1" 200 24455 "" "Mozilla/5.0 (compatible; Googlebot/2.1; +http://www.google.com/bot.html)"
66.249.66.17 - - [02/Nov/2006:03:55:05 +0000] "GET /Angey/H_bergement--72.html HTTP/1.1" 200 23126 "" "Mozilla/5.0 (compatible; Googlebot/2.1; +http://www.google.com/bot.html)"
66.249.66.17 - - [02/Nov/2006:04:15:45 +0000] "GET /Angey/H_bergement--72.html HTTP/1.1" 200 24155 "" "Mozilla/5.0 (compatible; Googlebot/2.1; +http://www.google.com/bot.html)"
66.249.66.17 - - [02/Nov/2006:04:41:58 +0000] "GET /Angey/H_bergement--72.html HTTP/1.1" 200 24389 "" "Mozilla/5.0 (compatible; Googlebot/2.1; +http://www.google.com/bot.html)"
66.249.66.17 - - [02/Nov/2006:05:14:21 +0000] "GET /Angey/H_bergement--72.html HTTP/1.1" 200 23347 "" "Mozilla/5.0 (compatible; Googlebot/2.1; +http://www.google.com/bot.html)"
66.249.66.17 - - [02/Nov/2006:05:16:38 +0000] "GET /Angey/H_bergement--72.html HTTP/1.1" 200 39730 "" "Mozilla/5.0 (compatible; Googlebot/2.1; +http://www.google.com/bot.html)"
66.249.66.17 - - [02/Nov/2006:05:19:03 +0000] "GET /Angey/H_bergement--72.html HTTP/1.1" 200 24193 "" "Mozilla/5.0 (compatible; Googlebot/2.1; +http://www.google.com/bot.html)"
66.249.66.17 - - [02/Nov/2006:06:18:40 +0000] "GET /Angey--65.html HTTP/1.1" 200 20757 "" "Mozilla/5.0 (compatible; Googlebot/2.1; +http://www.google.com/bot.html)"
66.249.66.17 - - [02/Nov/2006:06:18:41 +0000] "GET /Angey/H_bergement--72.html HTTP/1.1" 200 24095 "" "Mozilla/5.0 (compatible; Googlebot/2.1; +http://www.google.com/bot.html)"
66.249.66.17 - - [02/Nov/2006:06:20:22 +0000] "GET /Angey/H_bergement--72.html HTTP/1.1" 200 23053 "" "Mozilla/5.0 (compatible; Googlebot/2.1; +http://www.google.com/bot.html)"
66.249.66.17 - - [02/Nov/2006:06:21:56 +0000] "GET /Angey/H_bergement--72.html HTTP/1.1" 200 24151 "" "Mozilla/5.0 (compatible; Googlebot/2.1; +http://www.google.com/bot.html)"
66.249.66.17 - - [02/Nov/2006:06:23:42 +0000] "GET /Angey/H_bergement--72.html HTTP/1.1" 200 23221 "" "Mozilla/5.0 (compatible; Googlebot/2.1; +http://www.google.com/bot.html)"
66.249.66.17 - - [02/Nov/2006:07:09:32 +0000] "GET /Angey/H_bergement--72.html HTTP/1.1" 200 24299 "" "Mozilla/5.0 (compatible; Googlebot/2.1; +http://www.google.com/bot.html)"
66.249.66.17 - - [02/Nov/2006:07:11:09 +0000] "GET /Angey/H_bergement--72.html HTTP/1.1" 200 24454 "" "Mozilla/5.0 (compatible; Googlebot/2.1; +http://www.google.com/bot.html)"
66.249.66.17 - - [02/Nov/2006:07:12:39 +0000] "GET /Angey/H_bergement--72.html HTTP/1.1" 200 25908 "" "Mozilla/5.0 (compatible; Googlebot/2.1; +http://www.google.com/bot.html)"
66.249.66.17 - - [02/Nov/2006:07:54:01 +0000] "GET /Angey/H_bergement--72.html HTTP/1.1" 200 25964 "" "Mozilla/5.0 (compatible; Googlebot/2.1; +http://www.google.com/bot.html)"
66.249.66.17 - - [02/Nov/2006:07:55:56 +0000] "GET /Angey/H_bergement--72.html HTTP/1.1" 200 24125 "" "Mozilla/5.0 (compatible; Googlebot/2.1; +http://www.google.com/bot.html)"
66.249.66.17 - - [02/Nov/2006:08:50:27 +0000] "GET /Angey/H_bergement--72.html HTTP/1.1" 200 23192 "" "Mozilla/5.0 (compatible; Googlebot/2.1; +http://www.google.com/bot.html)"
66.249.66.17 - - [02/Nov/2006:08:53:03 +0000] "GET /Angey/H_bergement--72.html HTTP/1.1" 200 24403 "" "Mozilla/5.0 (compatible; Googlebot/2.1; +http://www.google.com/bot.html)"
86.221.182.200 - - [02/Nov/2006:09:15:55 +0000] "GET /Angey--65.html HTTP/1.1" 200 20757 "http://www.portedelabaie.com/fr/communes/saint-jean-le-thomas/vie-pratique.html" "Mozilla/4.0 (compatible; MSIE 6.0; Windows NT 5.1; SV1; .NET CLR 1.1.4322)"
86.221.182.200 - - [02/Nov/2006:09:15:58 +0000] "GET /Angey/Vie_Pratique--71.html HTTP/1.1" 200 12785 "http://www.ville-angey.com/" "Mozilla/4.0 (compatible; MSIE 6.0; Windows NT 5.1; SV1; .NET CLR 1.1.4322)"
66.249.66.17 - - [02/Nov/2006:10:04:36 +0000] "GET /Angey/H_bergement--72.html HTTP/1.1" 200 24130 "" "Mozilla/5.0 (compatible; Googlebot/2.1; +http://www.google.com/bot.html)"
66.249.66.17 - - [02/Nov/2006:10:06:52 +0000] "GET /Angey/H_bergement--72.html HTTP/1.1" 200 24255 "" "Mozilla/5.0 (compatible; Googlebot/2.1; +http://www.google.com/bot.html)"
66.249.66.17 - - [02/Nov/2006:10:09:10 +0000] "GET /Angey/H_bergement--72.html HTTP/1.1" 200 23213 "" "Mozilla/5.0 (compatible; Googlebot/2.1; +http://www.google.com/bot.html)"
66.249.66.17 - - [02/Nov/2006:10:11:27 +0000] "GET /Angey/H_bergement--72.html HTTP/1.1" 200 24168 "" "Mozilla/5.0 (compatible; Googlebot/2.1; +http://www.google.com/bot.html)"
66.249.66.17 - - [02/Nov/2006:11:23:10 +0000] "GET /Angey/H_bergement--72.html HTTP/1.1" 200 23347 "" "Mozilla/5.0 (compatible; Googlebot/2.1; +http://www.google.com/bot.html)"
66.249.66.17 - - [02/Nov/2006:11:24:55 +0000] "GET /Angey/H_bergement--72.html HTTP/1.1" 200 24161 "" "Mozilla/5.0 (compatible; Googlebot/2.1; +http://www.google.com/bot.html)"
66.249.66.17 - - [02/Nov/2006:11:26:40 +0000] "GET /Angey/H_bergement--72.html HTTP/1.1" 200 23109 "" "Mozilla/5.0 (compatible; Googlebot/2.1; +http://www.google.com/bot.html)"
86.216.33.90 - - [02/Nov/2006:11:28:01 +0000] "GET /Angey--65.html HTTP/1.1" 200 20757 "" "Mozilla/4.0 (compatible; MSIE 6.0; Windows NT 5.1; SV1; MSIECrawler)"
86.216.33.90 - - [02/Nov/2006:11:39:15 +0000] "GET /Angey--65.html HTTP/1.1" 200 20757 "" "Mozilla/4.0 (compatible; MSIE 6.0; Windows NT 5.1; SV1; MSIECrawler)"
86.216.33.90 - - [02/Nov/2006:11:39:15 +0000] "GET /Angey--65.html HTTP/1.1" 200 20757 "" "Mozilla/4.0 (compatible; MSIE 6.0; Windows NT 5.1; SV1; MSIECrawler)"
66.249.66.17 - - [02/Nov/2006:11:55:26 +0000] "GET /Angey/H_bergement--72.html HTTP/1.1" 200 23100 "" "Mozilla/5.0 (compatible; Googlebot/2.1; +http://www.google.com/bot.html)"
66.249.66.17 - - [02/Nov/2006:11:58:20 +0000] "GET /Angey/H_bergement--72.html HTTP/1.1" 200 24389 "" "Mozilla/5.0 (compatible; Googlebot/2.1; +http://www.google.com/bot.html)"
66.249.66.17 - - [02/Nov/2006:12:02:40 +0000] "GET /Angey/H_bergement--72.html HTTP/1.1" 200 24234 "" "Mozilla/5.0 (compatible; Googlebot/2.1; +http://www.google.com/bot.html)"
66.249.66.17 - - [02/Nov/2006:12:04:07 +0000] "GET /Angey/H_bergement--72.html HTTP/1.1" 200 23118 "" "Mozilla/5.0 (compatible; Googlebot/2.1; +http://www.google.com/bot.html)"
66.249.66.17 - - [02/Nov/2006:12:37:14 +0000] "GET /Angey/H_bergement--72.html HTTP/1.1" 200 24161 "" "Mozilla/5.0 (compatible; Googlebot/2.1; +http://www.google.com/bot.html)"
66.249.66.17 - - [02/Nov/2006:12:39:41 +0000] "GET /Angey/H_bergement--72.html HTTP/1.1" 200 26171 "" "Mozilla/5.0 (compatible; Googlebot/2.1; +http://www.google.com/bot.html)"
66.249.66.17 - - [02/Nov/2006:12:42:08 +0000] "GET /Angey/H_bergement--72.html HTTP/1.1" 200 24142 "" "Mozilla/5.0 (compatible; Googlebot/2.1; +http://www.google.com/bot.html)"
66.249.66.17 - - [02/Nov/2006:13:13:29 +0000] "GET /Angey/H_bergement--72.html HTTP/1.1" 200 24237 "" "Mozilla/5.0 (compatible; Googlebot/2.1; +http://www.google.com/bot.html)"
66.249.66.17 - - [02/Nov/2006:13:16:33 +0000] "GET /Angey/H_bergement--72.html HTTP/1.1" 200 23151 "" "Mozilla/5.0 (compatible; Googlebot/2.1; +http://www.google.com/bot.html)"
66.249.66.17 - - [02/Nov/2006:14:13:22 +0000] "GET /Angey/H_bergement--72.html HTTP/1.1" 200 26005 "" "Mozilla/5.0 (compatible; Googlebot/2.1; +http://www.google.com/bot.html)"
66.249.66.17 - - [02/Nov/2006:14:21:33 +0000] "GET /Angey/H_bergement--72.html HTTP/1.1" 200 25942 "" "Mozilla/5.0 (compatible; Googlebot/2.1; +http://www.google.com/bot.html)"
66.249.66.17 - - [02/Nov/2006:15:07:18 +0000] "GET /Angey/H_bergement--72.html HTTP/1.1" 200 27679 "" "Mozilla/5.0 (compatible; Googlebot/2.1; +http://www.google.com/bot.html)"
66.249.66.17 - - [02/Nov/2006:15:36:37 +0000] "GET /Angey--65.html HTTP/1.1" 200 20757 "" "Mozilla/5.0 (compatible; Googlebot/2.1; +http://www.google.com/bot.html)"
66.249.66.17 - - [02/Nov/2006:15:38:21 +0000] "GET /Angey/H_bergement--72.html HTTP/1.1" 200 23075 "" "Mozilla/5.0 (compatible; Googlebot/2.1; +http://www.google.com/bot.html)"
66.249.66.17 - - [02/Nov/2006:15:41:26 +0000] "GET /Angey/H_bergement--72.html HTTP/1.1" 200 24160 "" "Mozilla/5.0 (compatible; Googlebot/2.1; +http://www.google.com/bot.html)"
66.249.66.17 - - [02/Nov/2006:15:44:56 +0000] "GET /Angey/H_bergement--72.html HTTP/1.1" 200 23412 "" "Mozilla/5.0 (compatible; Googlebot/2.1; +http://www.google.com/bot.html)"
66.249.66.17 - - [02/Nov/2006:16:01:52 +0000] "GET /Angey/Plan_du_Site--227.html HTTP/1.1" 200 10319 "" "Mozilla/5.0 (compatible; Googlebot/2.1; +http://www.google.com/bot.html)"
66.249.66.17 - - [02/Nov/2006:16:22:36 +0000] "GET /Angey/H_bergement--72.html HTTP/1.1" 200 23083 "" "Mozilla/5.0 (compatible; Googlebot/2.1; +http://www.google.com/bot.html)"
66.249.66.17 - - [02/Nov/2006:16:24:38 +0000] "GET /Angey/H_bergement--72.html HTTP/1.1" 200 23119 "" "Mozilla/5.0 (compatible; Googlebot/2.1; +http://www.google.com/bot.html)"
66.249.66.17 - - [02/Nov/2006:16:26:55 +0000] "GET /Angey/H_bergement--72.html HTTP/1.1" 200 23088 "" "Mozilla/5.0 (compatible; Googlebot/2.1; +http://www.google.com/bot.html)"
66.249.66.17 - - [02/Nov/2006:16:27:09 +0000] "GET /Angey/H_bergement--72.html HTTP/1.1" 200 23053 "" "Mozilla/5.0 (compatible; Googlebot/2.1; +http://www.google.com/bot.html)"
66.249.66.17 - - [02/Nov/2006:17:35:46 +0000] "GET /Angey/H_bergement--72.html HTTP/1.1" 200 24385 "" "Mozilla/5.0 (compatible; Googlebot/2.1; +http://www.google.com/bot.html)"
66.249.66.17 - - [02/Nov/2006:17:47:51 +0000] "GET /Angey/Calendrier--69.html HTTP/1.1" 200 10510 "" "Mozilla/5.0 (compatible; Googlebot/2.1; +http://www.google.com/bot.html)"
207.46.98.142 - - [02/Nov/2006:18:45:34 +0000] "GET /Angey--65.html HTTP/1.1" 200 20757 "" "msnbot/1.0 (+http://search.msn.com/msnbot.htm)"
207.46.98.142 - - [02/Nov/2006:18:45:35 +0000] "GET /Angey/Loisirs--70.html HTTP/1.1" 200 9564 "" "msnbot/1.0 (+http://search.msn.com/msnbot.htm)"
207.46.98.142 - - [02/Nov/2006:18:49:01 +0000] "GET /Angey/Actualit_s--175.html HTTP/1.1" 200 10628 "" "msnbot/1.0 (+http://search.msn.com/msnbot.htm)"
207.46.98.142 - - [02/Nov/2006:18:49:28 +0000] "GET /Angey/Vie_Pratique--71.html HTTP/1.1" 200 12785 "" "msnbot/1.0 (+http://search.msn.com/msnbot.htm)"
207.46.98.142 - - [02/Nov/2006:18:50:28 +0000] "GET /Angey--65.html HTTP/1.1" 200 20757 "" "msnbot/1.0 (+http://search.msn.com/msnbot.htm)"
38.113.234.180 - - [02/Nov/2006:20:20:17 +0000] "GET /Angey/Tourisme--73.html HTTP/1.1" 200 9567 "" "voyager/1.0"
66.249.66.17 - - [02/Nov/2006:23:37:32 +0000] "GET /Angey/H_bergement--72.html HTTP/1.1" 200 23388 "" "Mozilla/5.0 (compatible; Googlebot/2.1; +http://www.google.com/bot.html)"
66.249.66.17 - - [03/Nov/2006:00:18:32 +0000] "GET /Angey--65.html HTTP/1.1" 200 20757 "" "Mozilla/5.0 (compatible; Googlebot/2.1; +http://www.google.com/bot.html)"
66.249.66.17 - - [03/Nov/2006:01:13:46 +0000] "GET /Angey/H_bergement--72.html HTTP/1.1" 200 26138 "" "Mozilla/5.0 (compatible; Googlebot/2.1; +http://www.google.com/bot.html)"
66.249.66.17 - - [03/Nov/2006:01:20:24 +0000] "GET /Angey/H_bergement--72.html HTTP/1.1" 200 24132 "" "Mozilla/5.0 (compatible; Googlebot/2.1; +http://www.google.com/bot.html)"
66.249.66.17 - - [03/Nov/2006:01:24:27 +0000] "GET /Angey/H_bergement--72.html HTTP/1.1" 200 23058 "" "Mozilla/5.0 (compatible; Googlebot/2.1; +http://www.google.com/bot.html)"
66.249.66.17 - - [03/Nov/2006:01:42:41 +0000] "GET /Angey/H_bergement--72.html HTTP/1.1" 200 23105 "" "Mozilla/5.0 (compatible; Googlebot/2.1; +http://www.google.com/bot.html)"
66.249.66.17 - - [03/Nov/2006:03:05:05 +0000] "GET /Angey/H_bergement--72.html HTTP/1.1" 200 24193 "" "Mozilla/5.0 (compatible; Googlebot/2.1; +http://www.google.com/bot.html)"
66.249.66.17 - - [03/Nov/2006:03:11:11 +0000] "GET /Angey/H_bergement--72.html HTTP/1.1" 200 23111 "" "Mozilla/5.0 (compatible; Googlebot/2.1; +http://www.google.com/bot.html)"
66.249.66.17 - - [03/Nov/2006:04:00:40 +0000] "GET /Angey/H_bergement--72.html HTTP/1.1" 200 24147 "" "Mozilla/5.0 (compatible; Googlebot/2.1; +http://www.google.com/bot.html)"
66.249.66.17 - - [03/Nov/2006:04:06:54 +0000] "GET /Angey/H_bergement--72.html HTTP/1.1" 200 23101 "" "Mozilla/5.0 (compatible; Googlebot/2.1; +http://www.google.com/bot.html)"
38.113.234.180 - - [03/Nov/2006:04:11:37 +0000] "GET /Angey/H_bergement--72.html HTTP/1.1" 200 24385 "" "voyager/1.0"
66.249.66.17 - - [03/Nov/2006:04:13:09 +0000] "GET /Angey/H_bergement--72.html HTTP/1.1" 200 39163 "" "Mozilla/5.0 (compatible; Googlebot/2.1; +http://www.google.com/bot.html)"
66.249.66.17 - - [03/Nov/2006:04:50:37 +0000] "GET /Angey/H_bergement--72.html HTTP/1.1" 200 23233 "" "Mozilla/5.0 (compatible; Googlebot/2.1; +http://www.google.com/bot.html)"
66.249.66.17 - - [03/Nov/2006:04:56:54 +0000] "GET /Angey/H_bergement--72.html HTTP/1.1" 200 24273 "" "Mozilla/5.0 (compatible; Googlebot/2.1; +http://www.google.com/bot.html)"
66.249.66.17 - - [03/Nov/2006:05:34:46 +0000] "GET /Angey/H_bergement--72.html HTTP/1.1" 200 24192 "" "Mozilla/5.0 (compatible; Googlebot/2.1; +http://www.google.com/bot.html)"
66.249.66.17 - - [03/Nov/2006:05:41:08 +0000] "GET /Angey/H_bergement--72.html HTTP/1.1" 200 24176 "" "Mozilla/5.0 (compatible; Googlebot/2.1; +http://www.google.com/bot.html)"
74.6.74.216 - - [03/Nov/2006:07:24:30 +0000] "GET /Angey--65.html HTTP/1.1" 200 20757 "" "Mozilla/5.0 (compatible; Yahoo! Slurp; http://help.yahoo.com/help/us/ysearch/slurp)"
74.6.74.48 - - [03/Nov/2006:07:24:31 +0000] "GET /Angey/Vie_Pratique--71.html HTTP/1.1" 200 12780 "" "Mozilla/5.0 (compatible; Yahoo! Slurp; http://help.yahoo.com/help/us/ysearch/slurp)"
86.68.148.151 - - [03/Nov/2006:07:25:42 +0000] "GET /Angey--65.html HTTP/1.1" 200 20757 "http://www.portedelabaie.com/" "Mozilla/5.0 (Macintosh; U; Intel Mac OS X; fr) AppleWebKit/418.9 (KHTML, like Gecko) Safari/419.3"
86.68.148.151 - - [03/Nov/2006:07:25:42 +0000] "GET /Angey--65.html HTTP/1.1" 200 20757 "" "Mozilla/5.0 (Macintosh; U; Intel Mac OS X; fr) AppleWebKit/418.9 (KHTML, like Gecko) Safari/419.3"
86.68.148.151 - - [03/Nov/2006:07:25:54 +0000] "GET /Angey--65.html HTTP/1.1" 200 20757 "" "Mozilla/5.0 (Macintosh; U; Intel Mac OS X; fr) AppleWebKit/418.9 (KHTML, like Gecko) Safari/419.3"
86.68.148.151 - - [03/Nov/2006:07:26:18 +0000] "GET /Angey--65.html HTTP/1.1" 200 20757 "" "Mozilla/5.0 (Macintosh; U; Intel Mac OS X; fr) AppleWebKit/418.9 (KHTML, like Gecko) Safari/419.3"
86.68.148.151 - - [03/Nov/2006:07:26:40 +0000] "GET /Angey/D_couvrir--74.html HTTP/1.1" 200 9570 "http://www.ville-angey.com/" "Mozilla/5.0 (Macintosh; U; Intel Mac OS X; fr) AppleWebKit/418.9 (KHTML, like Gecko) Safari/419.3"
86.68.148.151 - - [03/Nov/2006:07:26:41 +0000] "GET /Angey--65.html HTTP/1.1" 200 20757 "" "Mozilla/5.0 (Macintosh; U; Intel Mac OS X; fr) AppleWebKit/418.9 (KHTML, like Gecko) Safari/419.3"
86.68.148.151 - - [03/Nov/2006:07:26:44 +0000] "GET /Angey/Tourisme--73.html HTTP/1.1" 200 9567 "http://www.ville-angey.com/" "Mozilla/5.0 (Macintosh; U; Intel Mac OS X; fr) AppleWebKit/418.9 (KHTML, like Gecko) Safari/419.3"
86.68.148.151 - - [03/Nov/2006:07:26:44 +0000] "GET /Angey--65.html HTTP/1.1" 200 20757 "" "Mozilla/5.0 (Macintosh; U; Intel Mac OS X; fr) AppleWebKit/418.9 (KHTML, like Gecko) Safari/419.3"
86.68.148.151 - - [03/Nov/2006:07:26:47 +0000] "GET /Angey/H_bergement--72.html HTTP/1.1" 200 24385 "http://www.ville-angey.com/" "Mozilla/5.0 (Macintosh; U; Intel Mac OS X; fr) AppleWebKit/418.9 (KHTML, like Gecko) Safari/419.3"
86.68.148.151 - - [03/Nov/2006:07:26:48 +0000] "GET /Angey--65.html HTTP/1.1" 200 20757 "" "Mozilla/5.0 (Macintosh; U; Intel Mac OS X; fr) AppleWebKit/418.9 (KHTML, like Gecko) Safari/419.3"
86.68.148.151 - - [03/Nov/2006:07:26:51 +0000] "GET /Angey/Vie_Pratique--71.html HTTP/1.1" 200 12785 "http://www.ville-angey.com/" "Mozilla/5.0 (Macintosh; U; Intel Mac OS X; fr) AppleWebKit/418.9 (KHTML, like Gecko) Safari/419.3"
86.68.148.151 - - [03/Nov/2006:07:26:51 +0000] "GET /Angey--65.html HTTP/1.1" 200 20757 "" "Mozilla/5.0 (Macintosh; U; Intel Mac OS X; fr) AppleWebKit/418.9 (KHTML, like Gecko) Safari/419.3"
86.68.148.151 - - [03/Nov/2006:08:37:07 +0000] "GET /Angey--65.html HTTP/1.1" 200 20757 "" "Mozilla/5.0 (Macintosh; U; Intel Mac OS X; fr) AppleWebKit/418.9 (KHTML, like Gecko) Safari/419.3"
61.7.140.212 - - [03/Nov/2006:15:20:54 +0000] "GET /Angey--65.html HTTP/1.1" 200 20747 "http://www.google.co.th/search?hl=th&q=Angey&meta=" "Mozilla/4.0 (compatible; MSIE 6.0; Windows NT 5.1; SV1; .NET CLR 2.0.50727; InfoPath.1)"
61.7.140.212 - - [03/Nov/2006:15:20:56 +0000] "GET /Angey--65.html HTTP/1.1" 200 20747 "" "Mozilla/4.0 (compatible; MSIE 6.0; Windows NT 5.1; SV1; .NET CLR 2.0.50727; InfoPath.1)"
66.249.66.17 - - [03/Nov/2006:19:36:56 +0000] "GET /Angey--65.html HTTP/1.1" 200 20747 "" "Mozilla/5.0 (compatible; Googlebot/2.1; +http://www.google.com/bot.html)"
66.249.66.17 - - [03/Nov/2006:19:36:56 +0000] "GET /Angey/H_bergement--72.html HTTP/1.1" 200 25880 "" "Mozilla/5.0 (compatible; Googlebot/2.1; +http://www.google.com/bot.html)"
65.55.213.103 - - [03/Nov/2006:20:16:39 +0000] "GET /Angey--65.html HTTP/1.1" 200 20747 "" "msnbot-media/1.0 (+http://search.msn.com/msnbot.htm)"
65.55.213.103 - - [03/Nov/2006:20:16:39 +0000] "GET /Angey--65.html HTTP/1.1" 200 20747 "" "msnbot-media/1.0 (+http://search.msn.com/msnbot.htm)"
66.249.66.17 - - [03/Nov/2006:20:36:39 +0000] "GET /Angey/D_couvrir--74.html HTTP/1.1" 200 9570 "" "Mozilla/5.0 (compatible; Googlebot/2.1; +http://www.google.com/bot.html)"
66.249.66.17 - - [03/Nov/2006:20:40:09 +0000] "GET /Angey/H_bergement--72.html HTTP/1.1" 200 24385 "" "Mozilla/5.0 (compatible; Googlebot/2.1; +http://www.google.com/bot.html)"
65.55.213.103 - - [03/Nov/2006:21:48:56 +0000] "GET /Angey--65.html HTTP/1.1" 200 20747 "" "msnbot-media/1.0 (+http://search.msn.com/msnbot.htm)"
66.249.65.3 - - [03/Nov/2006:21:57:45 +0000] "GET /Angey/Calendrier--69.html HTTP/1.1" 200 10560 "" "Mozilla/5.0 (compatible; Googlebot/2.1; +http://www.google.com/bot.html)"
66.249.65.3 - - [03/Nov/2006:22:00:38 +0000] "GET /Angey/Calendrier--69.html HTTP/1.1" 200 10501 "" "Mozilla/5.0 (compatible; Googlebot/2.1; +http://www.google.com/bot.html)"
66.249.65.3 - - [03/Nov/2006:23:36:17 +0000] "GET /Angey/H_bergement--72.html HTTP/1.1" 200 24385 "" "Mozilla/5.0 (compatible; Googlebot/2.1; +http://www.google.com/bot.html)"
74.6.74.216 - - [04/Nov/2006:00:36:14 +0000] "GET /Angey--65.html HTTP/1.1" 200 20747 "" "Mozilla/5.0 (compatible; Yahoo! Slurp; http://help.yahoo.com/help/us/ysearch/slurp)"
74.6.73.89 - - [04/Nov/2006:00:36:15 +0000] "GET /Angey/D_couvrir--74.html HTTP/1.1" 200 9570 "" "Mozilla/5.0 (compatible; Yahoo! Slurp; http://help.yahoo.com/help/us/ysearch/slurp)"
74.6.75.29 - - [04/Nov/2006:00:46:24 +0000] "GET /Angey--65.html HTTP/1.1" 200 20747 "" "Mozilla/5.0 (compatible; Yahoo! Slurp; http://help.yahoo.com/help/us/ysearch/slurp)"
74.6.74.216 - - [04/Nov/2006:01:23:21 +0000] "GET /Angey--65.html HTTP/1.1" 200 20747 "" "Mozilla/5.0 (compatible; Yahoo! Slurp; http://help.yahoo.com/help/us/ysearch/slurp)"
74.6.73.89 - - [04/Nov/2006:01:23:22 +0000] "GET /Angey/D_couvrir--74.html HTTP/1.1" 200 9570 "" "Mozilla/5.0 (compatible; Yahoo! Slurp; http://help.yahoo.com/help/us/ysearch/slurp)"
65.55.213.103 - - [04/Nov/2006:01:52:41 +0000] "GET /Angey--65.html HTTP/1.1" 200 20747 "" "msnbot-media/1.0 (+http://search.msn.com/msnbot.htm)"
207.46.98.145 - - [04/Nov/2006:01:53:03 +0000] "GET /Angey--65.html HTTP/1.1" 200 20747 "" "msnbot/1.0 (+http://search.msn.com/msnbot.htm)"
207.46.98.145 - - [04/Nov/2006:01:53:05 +0000] "GET /Angey/Calendrier--69.html HTTP/1.1" 200 10560 "" "msnbot/1.0 (+http://search.msn.com/msnbot.htm)"
207.46.98.142 - - [04/Nov/2006:02:08:36 +0000] "GET /Angey--65.html HTTP/1.1" 200 20747 "" "msnbot/1.0 (+http://search.msn.com/msnbot.htm)"
66.249.65.3 - - [04/Nov/2006:02:47:35 +0000] "GET /Angey/H_bergement--72.html HTTP/1.1" 200 24385 "" "Mozilla/5.0 (compatible; Googlebot/2.1; +http://www.google.com/bot.html)"
74.6.74.216 - - [04/Nov/2006:03:25:39 +0000] "GET /Angey--65.html HTTP/1.1" 200 20747 "" "Mozilla/5.0 (compatible; Yahoo! Slurp; http://help.yahoo.com/help/us/ysearch/slurp)"
74.6.68.73 - - [04/Nov/2006:03:25:42 +0000] "GET /Angey/H_bergement--72.html HTTP/1.1" 200 33209 "" "Mozilla/5.0 (compatible; Yahoo! Slurp; http://help.yahoo.com/help/us/ysearch/slurp)"
74.6.72.89 - - [04/Nov/2006:11:38:49 +0000] "GET /Angey/H_bergement--72.html HTTP/1.1" 200 24385 "" "Mozilla/5.0 (compatible; Yahoo! Slurp; http://help.yahoo.com/help/us/ysearch/slurp)"
217.74.99.25 - - [04/Nov/2006:13:27:23 +0000] "GET /Angey--65.html HTTP/1.1" 200 20747 "" "NG/2.0"
217.74.99.25 - - [04/Nov/2006:13:27:25 +0000] "GET /Angey/D_couvrir--74.html HTTP/1.1" 200 9570 "" "NG/2.0"
217.74.99.25 - - [04/Nov/2006:13:27:27 +0000] "GET /Angey/Tourisme--73.html HTTP/1.1" 200 9567 "" "NG/2.0"
217.74.99.25 - - [04/Nov/2006:13:27:29 +0000] "GET /Angey/H_bergement--72.html HTTP/1.1" 200 24385 "" "NG/2.0"
217.74.99.25 - - [04/Nov/2006:13:27:31 +0000] "GET /Angey/Vie_Pratique--71.html HTTP/1.1" 200 12785 "" "NG/2.0"
217.74.99.25 - - [04/Nov/2006:13:27:33 +0000] "GET /Angey/Loisirs--70.html HTTP/1.1" 200 9564 "" "NG/2.0"
217.74.99.25 - - [04/Nov/2006:13:27:35 +0000] "GET /Angey/Calendrier--69.html HTTP/1.1" 200 12802 "" "NG/2.0"
217.74.99.25 - - [04/Nov/2006:13:27:37 +0000] "GET /Angey--65.html HTTP/1.1" 200 20747 "" "NG/2.0"
217.74.99.25 - - [04/Nov/2006:13:27:39 +0000] "GET /Angey/Plan_du_Site--227.html HTTP/1.1" 200 10319 "" "NG/2.0"
217.74.99.25 - - [04/Nov/2006:13:27:41 +0000] "GET /Angey--65.html HTTP/1.1" 200 20747 "" "NG/2.0"
