65.55.213.103 - - [04/Nov/2006:17:45:05 +0000] "GET /Angey--65.html HTTP/1.1" 200 20757 "" "msnbot-media/1.0 (+http://search.msn.com/msnbot.htm)"
65.55.213.103 - - [04/Nov/2006:17:45:07 +0000] "GET /Angey/Tourisme--73.html HTTP/1.1" 200 9567 "" "msnbot-media/1.0 (+http://search.msn.com/msnbot.htm)"
65.55.213.103 - - [04/Nov/2006:17:48:40 +0000] "GET /Angey/H_bergement--72.html HTTP/1.1" 200 24385 "" "msnbot-media/1.0 (+http://search.msn.com/msnbot.htm)"
65.55.213.103 - - [04/Nov/2006:19:13:05 +0000] "GET /Angey/D_couvrir--74.html HTTP/1.1" 200 9570 "" "msnbot-media/1.0 (+http://search.msn.com/msnbot.htm)"
65.55.213.103 - - [04/Nov/2006:19:16:24 +0000] "GET /Angey/Loisirs--70.html HTTP/1.1" 200 9564 "" "msnbot-media/1.0 (+http://search.msn.com/msnbot.htm)"
65.55.213.103 - - [04/Nov/2006:19:17:56 +0000] "GET /Angey/Actualit_s--175.html HTTP/1.1" 200 10628 "" "msnbot-media/1.0 (+http://search.msn.com/msnbot.htm)"
65.55.213.103 - - [04/Nov/2006:19:20:48 +0000] "GET /Angey/Vie_Pratique--71.html HTTP/1.1" 200 12785 "" "msnbot-media/1.0 (+http://search.msn.com/msnbot.htm)"
65.55.213.103 - - [04/Nov/2006:19:25:20 +0000] "GET /Angey--65.html HTTP/1.1" 200 20757 "" "msnbot-media/1.0 (+http://search.msn.com/msnbot.htm)"
65.55.213.103 - - [04/Nov/2006:21:29:00 +0000] "GET /Angey/Calendrier--69.html HTTP/1.1" 200 12802 "" "msnbot-media/1.0 (+http://search.msn.com/msnbot.htm)"
65.55.213.103 - - [04/Nov/2006:22:25:16 +0000] "GET /Angey--65.html HTTP/1.1" 200 20757 "" "msnbot-media/1.0 (+http://search.msn.com/msnbot.htm)"
64.122.13.252 - - [05/Nov/2006:01:41:27 +0000] "GET /Angey/Actualit_s--175.html HTTP/1.1" 200 9475 "" "Mozilla/5.0 (compatible; Konqueror/3)"
64.122.13.236 - - [05/Nov/2006:01:42:51 +0000] "GET /Angey--65.html HTTP/1.1" 200 20757 "" "Mozilla/4.0 (compatible; MSIE 6.0; Windows NT 5.2)"
64.122.13.252 - - [05/Nov/2006:01:43:30 +0000] "GET /Angey/D_couvrir--74.html HTTP/1.1" 200 9570 "" "Mozilla/5.0 (compatible; Konqueror/3)"
64.122.13.252 - - [05/Nov/2006:01:44:20 +0000] "GET /Angey/Tourisme--73.html HTTP/1.1" 200 9567 "" "Mozilla/5.0 (compatible; Konqueror/3)"
64.122.13.252 - - [05/Nov/2006:01:44:51 +0000] "GET /Angey/H_bergement--72.html HTTP/1.1" 200 24385 "" "Mozilla/5.0 (compatible; Konqueror/3)"
64.122.13.196 - - [05/Nov/2006:01:45:32 +0000] "GET /Angey/Vie_Pratique--71.html HTTP/1.1" 200 12785 "" "Mozilla/5.0 (Macintosh; U; PPC Mac OS X; en-us) AppleWebKit/85 (KHTML, like Gecko) Safari/85"
64.122.13.248 - - [05/Nov/2006:01:46:11 +0000] "GET /Angey/Loisirs--70.html HTTP/1.1" 200 9564 "" "Mozilla/5.0 (Macintosh; U; PPC Mac OS X; en-US; rv:1.0.1) Gecko/20020823 Netscape/7.0"
64.122.13.196 - - [05/Nov/2006:01:46:52 +0000] "GET /Angey/Calendrier--69.html HTTP/1.1" 200 12802 "" "Mozilla/5.0 (Macintosh; U; PPC Mac OS X; en-us) AppleWebKit/85 (KHTML, like Gecko) Safari/85"
64.122.13.236 - - [05/Nov/2006:01:47:30 +0000] "GET /Angey--65.html HTTP/1.1" 200 20757 "" "Mozilla/4.0 (compatible; MSIE 6.0; Windows NT 5.2)"
64.122.13.236 - - [05/Nov/2006:01:48:11 +0000] "GET /Angey/Plan_du_Site--227.html HTTP/1.1" 200 10319 "" "Mozilla/4.0 (compatible; MSIE 6.0; Windows NT 5.2)"
131.107.0.95 - - [05/Nov/2006:02:41:07 +0000] "GET /Angey--65.html HTTP/1.1" 200 20757 "http://search.live.com/result.aspx?q=www&mrt=en-us&FORM=LVSP" "Mozilla/4.0 (compatible; MSIE 6.0; Windows NT 5.2; WOW64; SV1)"
66.249.65.3 - - [05/Nov/2006:04:19:10 +0000] "GET /Angey--65.html HTTP/1.1" 200 20757 "" "Mozilla/5.0 (compatible; Googlebot/2.1; +http://www.google.com/bot.html)"
66.249.65.3 - - [05/Nov/2006:04:19:11 +0000] "GET /Angey/Actualit_s--175.html HTTP/1.1" 200 10628 "" "Mozilla/5.0 (compatible; Googlebot/2.1; +http://www.google.com/bot.html)"
66.249.65.3 - - [05/Nov/2006:04:30:41 +0000] "GET /Angey--65.html HTTP/1.1" 200 20757 "" "Mozilla/5.0 (compatible; Googlebot/2.1; +http://www.google.com/bot.html)"
66.249.65.3 - - [05/Nov/2006:05:01:22 +0000] "GET /Angey/Vie_Pratique--71.html HTTP/1.1" 200 12785 "" "Mozilla/5.0 (compatible; Googlebot/2.1; +http://www.google.com/bot.html)"
65.55.213.103 - - [05/Nov/2006:05:41:20 +0000] "GET /Angey--65.html HTTP/1.1" 200 20757 "" "msnbot-media/1.0 (+http://search.msn.com/msnbot.htm)"
66.249.65.3 - - [05/Nov/2006:06:45:05 +0000] "GET /Angey/Calendrier--69.html HTTP/1.1" 200 10559 "" "Mozilla/5.0 (compatible; Googlebot/2.1; +http://www.google.com/bot.html)"
66.249.65.3 - - [05/Nov/2006:06:47:50 +0000] "GET /Angey/Calendrier--69.html HTTP/1.1" 200 10550 "" "Mozilla/5.0 (compatible; Googlebot/2.1; +http://www.google.com/bot.html)"
66.249.65.3 - - [05/Nov/2006:07:15:34 +0000] "GET /Angey/Vie_Pratique--71.html HTTP/1.1" 200 12780 "" "Mozilla/5.0 (compatible; Googlebot/2.1; +http://www.google.com/bot.html)"
64.242.88.60 - - [05/Nov/2006:09:25:20 +0000] "GET /Angey--65.html HTTP/1.1" 200 20757 "" "Mozilla/4.0 compatible ZyBorg/1.0 (wn-14.zyborg@looksmart.net; http://www.WISEnutbot.com)"
66.249.65.3 - - [05/Nov/2006:09:36:21 +0000] "GET /Angey/Vie_Pratique--71.html HTTP/1.1" 200 12780 "" "Mozilla/5.0 (compatible; Googlebot/2.1; +http://www.google.com/bot.html)"
74.6.69.168 - - [05/Nov/2006:11:40:44 +0000] "GET /Angey/Tourisme--73.html HTTP/1.1" 200 9567 "" "Mozilla/5.0 (compatible; Yahoo! Slurp; http://help.yahoo.com/help/us/ysearch/slurp)"
88.122.81.48 - - [05/Nov/2006:17:11:51 +0000] "GET /Angey/H_bergement--72.html HTTP/1.1" 200 24385 "http://www.google.fr/maps?hl=fr&lr=&rls=DVXA,DVXA:2005-07,DVXA:fr&q=communaut%C3%A9+de+communes&near=Sartilly+50530&sa=X&oi=local&ct=title" "Mozilla/4.0 (compatible; MSIE 6.0; Windows NT 5.1; SV1; .NET CLR 1.1.4322)"
72.14.192.13 - - [05/Nov/2006:18:02:28 +0000] "GET /Angey--65.html HTTP/1.1" 200 20747 "http://www.portedelabaie.com/no_cache/fr/calendrier.html" "Mozilla/4.0 (compatible; MSIE 6.0; Windows NT 5.1; SV1; .NET CLR 1.1.4322; .NET CLR 2.0.50727)"
65.55.235.203 - - [05/Nov/2006:22:54:49 +0000] "GET /Angey--65.html HTTP/1.1" 200 20747 "" "msnbot-media/1.0 (+http://search.msn.com/msnbot.htm)"
65.55.235.203 - - [05/Nov/2006:22:54:50 +0000] "GET /Angey--65.html HTTP/1.1" 200 20747 "" "msnbot-media/1.0 (+http://search.msn.com/msnbot.htm)"
74.6.70.43 - - [05/Nov/2006:23:30:36 +0000] "GET /Angey/Vie_Pratique--71.html HTTP/1.1" 200 12780 "" "Mozilla/5.0 (compatible; Yahoo! Slurp; http://help.yahoo.com/help/us/ysearch/slurp)"
66.249.65.3 - - [06/Nov/2006:04:09:04 +0000] "GET /Angey/Calendrier--69.html HTTP/1.1" 200 12802 "" "Mozilla/5.0 (compatible; Googlebot/2.1; +http://www.google.com/bot.html)"
66.249.65.3 - - [06/Nov/2006:04:46:15 +0000] "GET /Angey--65.html HTTP/1.1" 200 20747 "" "Mozilla/5.0 (compatible; Googlebot/2.1; +http://www.google.com/bot.html)"
66.249.65.3 - - [06/Nov/2006:04:46:15 +0000] "GET /Angey/Calendrier--69.html HTTP/1.1" 200 12854 "" "Mozilla/5.0 (compatible; Googlebot/2.1; +http://www.google.com/bot.html)"
64.4.8.121 - - [06/Nov/2006:08:56:25 +0000] "GET /Angey--65.html HTTP/1.1" 200 20747 "" "msnbot/1.0 (+http://search.msn.com/msnbot.htm)"
64.4.8.121 - - [06/Nov/2006:08:56:26 +0000] "GET /Angey--65.html HTTP/1.1" 200 20747 "" "msnbot/1.0 (+http://search.msn.com/msnbot.htm)"
207.46.98.142 - - [06/Nov/2006:09:40:36 +0000] "GET /Angey--65.html HTTP/1.1" 200 20747 "" "msnbot/1.0 (+http://search.msn.com/msnbot.htm)"
207.46.98.142 - - [06/Nov/2006:09:40:37 +0000] "GET /Angey--65.html HTTP/1.1" 200 20747 "" "msnbot/1.0 (+http://search.msn.com/msnbot.htm)"
64.4.8.121 - - [06/Nov/2006:09:57:00 +0000] "GET /Angey/H_bergement--72.html HTTP/1.1" 200 24385 "" "msnbot/1.0 (+http://search.msn.com/msnbot.htm)"
64.4.8.121 - - [06/Nov/2006:09:58:03 +0000] "GET /Angey/Tourisme--73.html HTTP/1.1" 200 9567 "" "msnbot/1.0 (+http://search.msn.com/msnbot.htm)"
64.246.165.150 - - [06/Nov/2006:10:03:45 +0000] "GET /Angey--65.html HTTP/1.1" 200 20747 "http://www.whois.sc/" "SurveyBot/2.3 (Whois Source)"
64.246.165.150 - - [06/Nov/2006:10:03:46 +0000] "GET /Angey--65.html HTTP/1.1" 200 20747 "http://www.whois.sc/ville-angey.com" "SurveyBot/2.3 (Whois Source)"
64.4.8.121 - - [06/Nov/2006:10:06:06 +0000] "GET /Angey/D_couvrir--74.html HTTP/1.1" 200 9570 "" "msnbot/1.0 (+http://search.msn.com/msnbot.htm)"
64.4.8.121 - - [06/Nov/2006:10:17:54 +0000] "GET /Angey/Vie_Pratique--71.html HTTP/1.1" 200 12785 "" "msnbot/1.0 (+http://search.msn.com/msnbot.htm)"
64.4.8.121 - - [06/Nov/2006:10:18:07 +0000] "GET /Angey/Actualit_s--175.html HTTP/1.1" 200 10628 "" "msnbot/1.0 (+http://search.msn.com/msnbot.htm)"
64.4.8.121 - - [06/Nov/2006:10:18:07 +0000] "GET /Angey/Loisirs--70.html HTTP/1.1" 200 9564 "" "msnbot/1.0 (+http://search.msn.com/msnbot.htm)"
64.4.8.121 - - [06/Nov/2006:10:31:55 +0000] "GET /Angey/Calendrier--69.html HTTP/1.1" 200 12802 "" "msnbot/1.0 (+http://search.msn.com/msnbot.htm)"
64.4.8.121 - - [06/Nov/2006:10:40:35 +0000] "GET /Angey--65.html HTTP/1.1" 200 20747 "" "msnbot/1.0 (+http://search.msn.com/msnbot.htm)"
86.195.123.169 - - [06/Nov/2006:11:06:35 +0000] "GET /Angey--65.html HTTP/1.1" 200 20747 "http://portedelabaie.com/index.php?id=65" "Mozilla/5.0 (X11; U; Linux i686; fr; rv:1.8.0.7) Gecko/20060830 Firefox/1.5.0.7 (Debian-1.5.dfsg+1.5.0.7-1)"
86.195.123.169 - - [06/Nov/2006:11:07:06 +0000] "GET /Angey/Calendrier--69.html HTTP/1.1" 200 12808 "http://portedelabaie.com/index.php?id=69" "Mozilla/5.0 (X11; U; Linux i686; fr; rv:1.8.0.7) Gecko/20060830 Firefox/1.5.0.7 (Debian-1.5.dfsg+1.5.0.7-1)"
86.195.123.169 - - [06/Nov/2006:11:07:10 +0000] "GET /Angey/Loisirs--70.html HTTP/1.1" 200 9564 "http://portedelabaie.com/index.php?id=70" "Mozilla/5.0 (X11; U; Linux i686; fr; rv:1.8.0.7) Gecko/20060830 Firefox/1.5.0.7 (Debian-1.5.dfsg+1.5.0.7-1)"
86.195.123.169 - - [06/Nov/2006:11:07:14 +0000] "GET /Angey/Vie_Pratique--71.html HTTP/1.1" 200 12780 "http://portedelabaie.com/index.php?id=71" "Mozilla/5.0 (X11; U; Linux i686; fr; rv:1.8.0.7) Gecko/20060830 Firefox/1.5.0.7 (Debian-1.5.dfsg+1.5.0.7-1)"
86.195.123.169 - - [06/Nov/2006:11:07:17 +0000] "GET /Angey/H_bergement--72.html HTTP/1.1" 200 24385 "http://portedelabaie.com/index.php?id=72" "Mozilla/5.0 (X11; U; Linux i686; fr; rv:1.8.0.7) Gecko/20060830 Firefox/1.5.0.7 (Debian-1.5.dfsg+1.5.0.7-1)"
86.195.123.169 - - [06/Nov/2006:11:07:21 +0000] "GET /Angey/Tourisme--73.html HTTP/1.1" 200 9567 "http://portedelabaie.com/index.php?id=73" "Mozilla/5.0 (X11; U; Linux i686; fr; rv:1.8.0.7) Gecko/20060830 Firefox/1.5.0.7 (Debian-1.5.dfsg+1.5.0.7-1)"
86.195.123.169 - - [06/Nov/2006:11:07:24 +0000] "GET /Angey/D_couvrir--74.html HTTP/1.1" 200 9570 "http://portedelabaie.com/index.php?id=74" "Mozilla/5.0 (X11; U; Linux i686; fr; rv:1.8.0.7) Gecko/20060830 Firefox/1.5.0.7 (Debian-1.5.dfsg+1.5.0.7-1)"
86.195.123.169 - - [06/Nov/2006:11:08:10 +0000] "GET /Angey/D_couvrir--74.html HTTP/1.1" 200 9570 "http://portedelabaie.com/index.php?id=74" "Mozilla/5.0 (X11; U; Linux i686; fr; rv:1.8.0.7) Gecko/20060830 Firefox/1.5.0.7 (Debian-1.5.dfsg+1.5.0.7-1)"
86.195.123.169 - - [06/Nov/2006:11:10:47 +0000] "GET /Angey--65.html HTTP/1.1" 200 20747 "http://213.246.39.85/sartilly/index.php?id=74" "Mozilla/5.0 (X11; U; Linux i686; fr; rv:1.8.0.7) Gecko/20060830 Firefox/1.5.0.7 (Debian-1.5.dfsg+1.5.0.7-1)"
74.6.72.89 - - [06/Nov/2006:12:21:02 +0000] "GET /Angey/H_bergement--72.html HTTP/1.1" 200 24385 "" "Mozilla/5.0 (compatible; Yahoo! Slurp; http://help.yahoo.com/help/us/ysearch/slurp)"
207.46.98.142 - - [06/Nov/2006:12:23:23 +0000] "GET /Angey/Calendrier--69.html HTTP/1.1" 200 12802 "" "msnbot/1.0 (+http://search.msn.com/msnbot.htm)"
74.6.74.216 - - [06/Nov/2006:16:56:48 +0000] "GET /Angey--65.html HTTP/1.1" 200 20747 "" "Mozilla/5.0 (compatible; Yahoo! Slurp; http://help.yahoo.com/help/us/ysearch/slurp)"
74.6.75.29 - - [06/Nov/2006:16:56:48 +0000] "GET /Angey--65.html HTTP/1.1" 200 20747 "" "Mozilla/5.0 (compatible; Yahoo! Slurp; http://help.yahoo.com/help/us/ysearch/slurp)"
74.6.74.216 - - [06/Nov/2006:18:28:55 +0000] "GET /Angey--65.html HTTP/1.1" 200 20747 "" "Mozilla/5.0 (compatible; Yahoo! Slurp; http://help.yahoo.com/help/us/ysearch/slurp)"
62.23.82.68 - - [06/Nov/2006:18:50:50 +0000] "GET /Angey--65.html HTTP/1.1" 200 20747 "http://www.portedelabaie.com/" "Mozilla/4.0 (compatible; MSIE 6.0; Windows NT 5.1; SV1)"
74.6.74.216 - - [06/Nov/2006:21:43:31 +0000] "GET /Angey--65.html HTTP/1.1" 200 20747 "" "Mozilla/5.0 (compatible; Yahoo! Slurp; http://help.yahoo.com/help/us/ysearch/slurp)"
65.55.235.203 - - [06/Nov/2006:23:17:06 +0000] "GET /Angey--65.html HTTP/1.1" 200 20747 "" "msnbot-media/1.0 (+http://search.msn.com/msnbot.htm)"
74.6.74.216 - - [07/Nov/2006:05:29:21 +0000] "GET /Angey--65.html HTTP/1.1" 200 20747 "" "Mozilla/5.0 (compatible; Yahoo! Slurp; http://help.yahoo.com/help/us/ysearch/slurp)"
66.249.65.3 - - [07/Nov/2006:08:50:06 +0000] "GET /Angey--65.html HTTP/1.1" 200 20747 "" "Mozilla/5.0 (compatible; Googlebot/2.1; +http://www.google.com/bot.html)"
66.249.65.3 - - [07/Nov/2006:08:50:06 +0000] "GET /Angey--65.html HTTP/1.1" 200 20747 "" "Mozilla/5.0 (compatible; Googlebot/2.1; +http://www.google.com/bot.html)"
66.249.65.3 - - [07/Nov/2006:09:03:57 +0000] "GET /Angey/Calendrier--69.html HTTP/1.1" 200 10540 "" "Mozilla/5.0 (compatible; Googlebot/2.1; +http://www.google.com/bot.html)"
66.249.65.3 - - [07/Nov/2006:11:08:35 +0000] "GET /Angey/H_bergement--72.html HTTP/1.1" 200 25877 "" "Mozilla/5.0 (compatible; Googlebot/2.1; +http://www.google.com/bot.html)"
213.58.92.56 - - [07/Nov/2006:12:41:30 +0000] "GET /Angey/Loisirs--70.html HTTP/1.1" 200 9564 "http://images.google.pt/imgres?imgurl=http://www.portedelabaie.com/uploads/pics/etoile_molene.jpg&imgrefurl=http://www.portedelabaie.com/index.php%3Fid%3D70&h=249&w=360&sz=16&hl=pt-PT&start=5&tbnid=rJUatXTPWFuZtM:&tbnh=84&tbnw=121&prev=/images%3Fq%3Detoile%2Bmolene%26svnum%3D10%26hl%3Dpt-PT%26lr%3D%26sa%3DG" "Mozilla/4.0 (compatible; MSIE 6.0; Windows NT 5.1; SV1; .NET CLR 1.1.4322)"
66.249.65.3 - - [07/Nov/2006:12:54:46 +0000] "GET /Angey/H_bergement--72.html HTTP/1.1" 200 27528 "" "Mozilla/5.0 (compatible; Googlebot/2.1; +http://www.google.com/bot.html)"
212.23.162.37 - - [07/Nov/2006:13:24:03 +0000] "GET /Angey--65.html HTTP/1.1" 200 20747 "http://www.portedelabaie.com/fr/plan-du-site.html" "Mozilla/4.0 (compatible; MSIE 6.0; Windows NT 5.1; SV1)"
213.156.96.64 - - [07/Nov/2006:13:28:17 +0000] "GET /Angey--65.html HTTP/1.1" 200 20747 "http://www.google.pl/search?client=firefox-a&rls=org.mozilla%3Apl-PL%3Aofficial_s&hl=pl&q=angey&lr=&btnG=Szukaj+w+Google" "Mozilla/5.0 (Windows; U; Windows NT 5.1; pl-PL; rv:1.7.12) Gecko/20050919 Firefox/1.0.7"
213.156.96.64 - - [07/Nov/2006:13:28:24 +0000] "GET /Angey--65.html HTTP/1.1" 200 20747 "" "Mozilla/5.0 (Windows; U; Windows NT 5.1; pl-PL; rv:1.7.12) Gecko/20050919 Firefox/1.0.7"
213.156.96.64 - - [07/Nov/2006:13:28:38 +0000] "GET /Angey/Tourisme--73.html HTTP/1.1" 200 9567 "http://www.ville-angey.com/" "Mozilla/5.0 (Windows; U; Windows NT 5.1; pl-PL; rv:1.7.12) Gecko/20050919 Firefox/1.0.7"
213.156.96.64 - - [07/Nov/2006:13:28:39 +0000] "GET /Angey--65.html HTTP/1.1" 200 20747 "" "Mozilla/5.0 (Windows; U; Windows NT 5.1; pl-PL; rv:1.7.12) Gecko/20050919 Firefox/1.0.7"
213.156.96.64 - - [07/Nov/2006:13:29:14 +0000] "GET /Angey--65.html HTTP/1.1" 200 20747 "" "Mozilla/5.0 (Windows; U; Windows NT 5.1; pl-PL; rv:1.7.12) Gecko/20050919 Firefox/1.0.7"
66.249.65.3 - - [07/Nov/2006:13:36:18 +0000] "GET /Angey/H_bergement--72.html HTTP/1.1" 200 27393 "" "Mozilla/5.0 (compatible; Googlebot/2.1; +http://www.google.com/bot.html)"
66.249.65.3 - - [07/Nov/2006:14:27:09 +0000] "GET /Angey/H_bergement--72.html HTTP/1.1" 200 25829 "" "Mozilla/5.0 (compatible; Googlebot/2.1; +http://www.google.com/bot.html)"
81.80.106.155 - - [07/Nov/2006:14:40:47 +0000] "GET /Angey--65.html HTTP/1.1" 200 20747 "http://www.champcey.com/fr/vie-pratique.html" "Mozilla/4.0 (compatible; MSIE 6.0; Windows NT 5.1; SV1)"
81.80.106.155 - - [07/Nov/2006:14:40:55 +0000] "GET /Angey/Vie_Pratique--71.html HTTP/1.1" 200 12785 "http://www.ville-angey.com/" "Mozilla/4.0 (compatible; MSIE 6.0; Windows NT 5.1; SV1)"
81.80.106.155 - - [07/Nov/2006:14:42:27 +0000] "GET /Angey--65.html HTTP/1.1" 200 20747 "http://www.champcey.com/fr/vie-pratique.html" "Mozilla/4.0 (compatible; MSIE 6.0; Windows NT 5.1; SV1)"
81.80.106.155 - - [07/Nov/2006:14:42:57 +0000] "GET /Angey--65.html HTTP/1.1" 200 20747 "http://www.montviron.com/fr/vie-pratique.html" "Mozilla/4.0 (compatible; MSIE 6.0; Windows NT 5.1; SV1)"
81.80.106.155 - - [07/Nov/2006:14:43:30 +0000] "GET /Angey/Vie_Pratique--71.html HTTP/1.1" 200 12785 "http://www.ville-angey.com/" "Mozilla/4.0 (compatible; MSIE 6.0; Windows NT 5.1; SV1)"
81.80.106.155 - - [07/Nov/2006:14:45:31 +0000] "GET /Angey--65.html HTTP/1.1" 200 20747 "http://www.montviron.com/fr/vie-pratique.html" "Mozilla/4.0 (compatible; MSIE 6.0; Windows NT 5.1; SV1)"
81.80.106.155 - - [07/Nov/2006:14:45:33 +0000] "GET /Angey/Vie_Pratique--71.html HTTP/1.1" 200 12785 "http://www.ville-angey.com/" "Mozilla/4.0 (compatible; MSIE 6.0; Windows NT 5.1; SV1)"
192.17.240.56 - - [07/Nov/2006:14:50:08 +0000] "GET /Angey--65.html HTTP/1.1" 200 20747 "" "MQBOT/Nutch-0.9-dev (MQBOT Nutch Crawler; http://falcon.cs.uiuc.edu; mqbot@cs.uiuc.edu)"
192.17.240.56 - - [07/Nov/2006:14:50:08 +0000] "GET /Angey--65.html HTTP/1.1" 200 20747 "" "MQBOT/Nutch-0.9-dev (MQBOT Nutch Crawler; http://falcon.cs.uiuc.edu; mqbot@cs.uiuc.edu)"
66.249.65.3 - - [07/Nov/2006:15:22:28 +0000] "GET /Angey/H_bergement--72.html HTTP/1.1" 200 26260 "" "Mozilla/5.0 (compatible; Googlebot/2.1; +http://www.google.com/bot.html)"
66.249.65.3 - - [07/Nov/2006:15:27:05 +0000] "GET /Angey/H_bergement--72.html HTTP/1.1" 200 25996 "" "Mozilla/5.0 (compatible; Googlebot/2.1; +http://www.google.com/bot.html)"
66.249.65.3 - - [07/Nov/2006:15:31:43 +0000] "GET /Angey/H_bergement--72.html HTTP/1.1" 200 25843 "" "Mozilla/5.0 (compatible; Googlebot/2.1; +http://www.google.com/bot.html)"
81.80.106.155 - - [07/Nov/2006:15:42:54 +0000] "GET /Angey--65.html HTTP/1.1" 200 20747 "http://www.champcey.com/" "Mozilla/4.0 (compatible; MSIE 6.0; Windows NT 5.1; SV1)"
81.80.106.155 - - [07/Nov/2006:15:43:03 +0000] "GET /Angey--65.html HTTP/1.1" 200 20747 "http://www.champcey.com/" "Mozilla/4.0 (compatible; MSIE 6.0; Windows NT 5.1; SV1; .NET CLR 1.1.4322)"
81.80.106.155 - - [07/Nov/2006:15:43:03 +0000] "GET /Angey--65.html HTTP/1.1" 200 20747 "http://www.portedelabaie.com/fr.html" "Mozilla/4.0 (compatible; MSIE 6.0; Windows NT 5.1; SV1)"
81.80.106.155 - - [07/Nov/2006:15:43:25 +0000] "GET /Angey/Vie_Pratique--71.html HTTP/1.1" 200 12785 "http://www.ville-angey.com/" "Mozilla/4.0 (compatible; MSIE 6.0; Windows NT 5.1; SV1)"
81.80.106.155 - - [07/Nov/2006:15:43:37 +0000] "GET /Angey--65.html HTTP/1.1" 200 20747 "http://www.portedelabaie.com/fr.html" "Mozilla/4.0 (compatible; MSIE 6.0; Windows NT 5.1; SV1)"
81.80.106.155 - - [07/Nov/2006:15:45:27 +0000] "GET /Angey--65.html HTTP/1.1" 200 20747 "http://www.portedelabaie.com/fr.html" "Mozilla/4.0 (compatible; MSIE 6.0; Windows NT 5.1; SV1)"
81.80.106.155 - - [07/Nov/2006:15:45:40 +0000] "GET /Angey/Vie_Pratique--71.html HTTP/1.1" 200 12785 "http://www.ville-angey.com/" "Mozilla/4.0 (compatible; MSIE 6.0; Windows NT 5.1; SV1)"
81.80.106.155 - - [07/Nov/2006:16:29:51 +0000] "GET /Angey--65.html HTTP/1.1" 200 20747 "http://www.portedelabaie.com/no_cache/fr/calendrier.html" "Mozilla/4.0 (compatible; MSIE 6.0; Windows NT 5.1; SV1; .NET CLR 1.1.4322)"
81.80.106.155 - - [07/Nov/2006:16:29:55 +0000] "GET /Angey/Calendrier--69.html HTTP/1.1" 200 12802 "http://www.ville-angey.com/" "Mozilla/4.0 (compatible; MSIE 6.0; Windows NT 5.1; SV1; .NET CLR 1.1.4322)"
81.80.106.155 - - [07/Nov/2006:16:32:07 +0000] "GET /Angey--65.html HTTP/1.1" 200 20747 "http://www.ville-genets.com/" "Mozilla/4.0 (compatible; MSIE 6.0; Windows NT 5.1; SV1)"
81.80.106.155 - - [07/Nov/2006:16:32:10 +0000] "GET /Angey/Vie_Pratique--71.html HTTP/1.1" 200 12785 "http://www.ville-angey.com/" "Mozilla/4.0 (compatible; MSIE 6.0; Windows NT 5.1; SV1)"
66.249.65.3 - - [07/Nov/2006:16:54:48 +0000] "GET /Angey/H_bergement--72.html HTTP/1.1" 200 25959 "" "Mozilla/5.0 (compatible; Googlebot/2.1; +http://www.google.com/bot.html)"
66.249.65.3 - - [07/Nov/2006:16:59:24 +0000] "GET /Angey/H_bergement--72.html HTTP/1.1" 200 27247 "" "Mozilla/5.0 (compatible; Googlebot/2.1; +http://www.google.com/bot.html)"
66.160.186.12 - - [07/Nov/2006:17:43:21 +0000] "GET /Angey/Vie_Pratique--71.html HTTP/1.1" 200 12785 "" "Mozilla/4.0 (compatible; MSIE 6.0; Windows NT 5.0; .NET CLR 1.1.4322)"
66.249.65.3 - - [07/Nov/2006:17:50:11 +0000] "GET /Angey/H_bergement--72.html HTTP/1.1" 200 25831 "" "Mozilla/5.0 (compatible; Googlebot/2.1; +http://www.google.com/bot.html)"
83.202.164.252 - - [07/Nov/2006:17:52:40 +0000] "GET /Angey--65.html HTTP/1.1" 200 20747 "http://www.portedelabaie.com/" "Mozilla/5.0 (X11; U; Linux i686; fr; rv:1.8.0.7) Gecko/20060830 Firefox/1.5.0.7 (Debian-1.5.dfsg+1.5.0.7-1)"
83.202.164.252 - - [07/Nov/2006:17:52:43 +0000] "GET /Angey--65.html HTTP/1.1" 200 20747 "" "Mozilla/5.0 (X11; U; Linux i686; fr; rv:1.8.0.7) Gecko/20060830 Firefox/1.5.0.7 (Debian-1.5.dfsg+1.5.0.7-1)"
83.202.164.252 - - [07/Nov/2006:17:52:59 +0000] "GET /Angey--65.html HTTP/1.1" 200 20747 "" "Mozilla/5.0 (X11; U; Linux i686; fr; rv:1.8.0.7) Gecko/20060830 Firefox/1.5.0.7 (Debian-1.5.dfsg+1.5.0.7-1)"
83.202.164.252 - - [07/Nov/2006:17:53:12 +0000] "GET /Angey/H_bergement--72.html HTTP/1.1" 200 24385 "http://www.ville-angey.com/" "Mozilla/5.0 (X11; U; Linux i686; fr; rv:1.8.0.7) Gecko/20060830 Firefox/1.5.0.7 (Debian-1.5.dfsg+1.5.0.7-1)"
66.249.65.3 - - [07/Nov/2006:17:54:48 +0000] "GET /Angey/H_bergement--72.html HTTP/1.1" 200 26108 "" "Mozilla/5.0 (compatible; Googlebot/2.1; +http://www.google.com/bot.html)"
90.8.111.128 - - [07/Nov/2006:18:05:09 +0000] "GET /Angey--65.html HTTP/1.1" 200 20747 "" "Mozilla/4.0 (compatible; MSIE 6.0; Windows NT 5.1; SV1; .NET CLR 1.1.4322)"
90.8.111.128 - - [07/Nov/2006:18:05:23 +0000] "GET /Angey/H_bergement--72.html HTTP/1.1" 200 24138 "" "Mozilla/4.0 (compatible; MSIE 6.0; Windows NT 5.1; SV1; .NET CLR 1.1.4322)"
90.8.111.128 - - [07/Nov/2006:18:05:39 +0000] "GET /Angey/H_bergement--72.html HTTP/1.1" 200 24152 "" "Mozilla/4.0 (compatible; MSIE 6.0; Windows NT 5.1; SV1; .NET CLR 1.1.4322)"
66.249.65.3 - - [07/Nov/2006:18:13:16 +0000] "GET /Angey/H_bergement--72.html HTTP/1.1" 200 37336 "" "Mozilla/5.0 (compatible; Googlebot/2.1; +http://www.google.com/bot.html)"
66.249.65.3 - - [07/Nov/2006:18:17:52 +0000] "GET /Angey/H_bergement--72.html HTTP/1.1" 200 30402 "" "Mozilla/5.0 (compatible; Googlebot/2.1; +http://www.google.com/bot.html)"
66.249.65.3 - - [07/Nov/2006:18:22:29 +0000] "GET /Angey/H_bergement--72.html HTTP/1.1" 200 30265 "" "Mozilla/5.0 (compatible; Googlebot/2.1; +http://www.google.com/bot.html)"
74.6.74.216 - - [07/Nov/2006:19:01:09 +0000] "GET /Angey--65.html HTTP/1.1" 200 20757 "" "Mozilla/5.0 (compatible; Yahoo! Slurp; http://help.yahoo.com/help/us/ysearch/slurp)"
74.6.72.49 - - [07/Nov/2006:19:01:18 +0000] "GET /Angey/H_bergement--72.html HTTP/1.1" 200 32962 "" "Mozilla/5.0 (compatible; Yahoo! Slurp; http://help.yahoo.com/help/us/ysearch/slurp)"
66.249.65.3 - - [07/Nov/2006:19:04:04 +0000] "GET /Angey/H_bergement--72.html HTTP/1.1" 200 25555 "" "Mozilla/5.0 (compatible; Googlebot/2.1; +http://www.google.com/bot.html)"
66.249.65.3 - - [07/Nov/2006:19:08:39 +0000] "GET /Angey/H_bergement--72.html HTTP/1.1" 200 25836 "" "Mozilla/5.0 (compatible; Googlebot/2.1; +http://www.google.com/bot.html)"
66.249.65.3 - - [07/Nov/2006:19:13:16 +0000] "GET /Angey/H_bergement--72.html HTTP/1.1" 200 32962 "" "Mozilla/5.0 (compatible; Googlebot/2.1; +http://www.google.com/bot.html)"
66.249.65.3 - - [07/Nov/2006:19:17:53 +0000] "GET /Angey/H_bergement--72.html HTTP/1.1" 200 25602 "" "Mozilla/5.0 (compatible; Googlebot/2.1; +http://www.google.com/bot.html)"
66.249.65.3 - - [07/Nov/2006:19:22:30 +0000] "GET /Angey/H_bergement--72.html HTTP/1.1" 200 25730 "" "Mozilla/5.0 (compatible; Googlebot/2.1; +http://www.google.com/bot.html)"
66.249.65.3 - - [07/Nov/2006:19:27:07 +0000] "GET /Angey/H_bergement--72.html HTTP/1.1" 200 25633 "" "Mozilla/5.0 (compatible; Googlebot/2.1; +http://www.google.com/bot.html)"
66.249.65.3 - - [07/Nov/2006:19:31:44 +0000] "GET /Angey/H_bergement--72.html HTTP/1.1" 200 25891 "" "Mozilla/5.0 (compatible; Googlebot/2.1; +http://www.google.com/bot.html)"
66.249.65.3 - - [07/Nov/2006:20:24:32 +0000] "GET /Angey/H_bergement--72.html HTTP/1.1" 200 28781 "" "Mozilla/5.0 (compatible; Googlebot/2.1; +http://www.google.com/bot.html)"
66.249.65.3 - - [07/Nov/2006:20:27:34 +0000] "GET /Angey/H_bergement--72.html HTTP/1.1" 200 28838 "" "Mozilla/5.0 (compatible; Googlebot/2.1; +http://www.google.com/bot.html)"
66.249.65.3 - - [07/Nov/2006:20:31:40 +0