164.67.195.201 - - [21/Oct/2006:14:43:20 +0000] "GET /Angey--65.html HTTP/1.1" 200 20879 "" "ilial/Nutch-0.9-dev"
207.46.98.141 - - [21/Oct/2006:15:46:43 +0000] "GET /Angey--65.html HTTP/1.1" 200 20879 "" "msnbot/1.0 (+http://search.msn.com/msnbot.htm)"
207.46.98.141 - - [21/Oct/2006:15:46:44 +0000] "GET /Angey/H_bergement--72.html HTTP/1.1" 200 31093 "" "msnbot/1.0 (+http://search.msn.com/msnbot.htm)"
207.46.98.141 - - [21/Oct/2006:15:47:06 +0000] "GET /Angey/H_bergement--72.html HTTP/1.1" 200 29457 "" "msnbot/1.0 (+http://search.msn.com/msnbot.htm)"
207.46.98.141 - - [21/Oct/2006:15:47:21 +0000] "GET /Angey/H_bergement--72.html HTTP/1.1" 200 31230 "" "msnbot/1.0 (+http://search.msn.com/msnbot.htm)"
207.46.98.141 - - [21/Oct/2006:15:48:16 +0000] "GET /Angey/H_bergement--72.html HTTP/1.1" 200 29312 "" "msnbot/1.0 (+http://search.msn.com/msnbot.htm)"
207.46.98.141 - - [21/Oct/2006:15:48:16 +0000] "GET /Angey/H_bergement--72.html HTTP/1.1" 200 29605 "" "msnbot/1.0 (+http://search.msn.com/msnbot.htm)"
207.46.98.141 - - [21/Oct/2006:15:48:24 +0000] "GET /Angey/H_bergement--72.html HTTP/1.1" 200 42020 "" "msnbot/1.0 (+http://search.msn.com/msnbot.htm)"
207.46.98.141 - - [21/Oct/2006:15:49:03 +0000] "GET /Angey/H_bergement--72.html HTTP/1.1" 200 42624 "" "msnbot/1.0 (+http://search.msn.com/msnbot.htm)"
207.46.98.141 - - [21/Oct/2006:15:54:57 +0000] "GET /Angey/H_bergement--72.html HTTP/1.1" 200 27330 "" "msnbot/1.0 (+http://search.msn.com/msnbot.htm)"
207.46.98.141 - - [21/Oct/2006:16:02:35 +0000] "GET /Angey/H_bergement--72.html HTTP/1.1" 200 29322 "" "msnbot/1.0 (+http://search.msn.com/msnbot.htm)"
207.46.98.141 - - [21/Oct/2006:16:02:46 +0000] "GET /Angey/Calendrier--69.html HTTP/1.1" 200 10682 "" "msnbot/1.0 (+http://search.msn.com/msnbot.htm)"
207.46.98.141 - - [21/Oct/2006:16:03:37 +0000] "GET /Angey/H_bergement--72.html HTTP/1.1" 200 27330 "" "msnbot/1.0 (+http://search.msn.com/msnbot.htm)"
207.46.98.141 - - [21/Oct/2006:16:03:37 +0000] "GET /Angey/H_bergement--72.html HTTP/1.1" 200 27330 "" "msnbot/1.0 (+http://search.msn.com/msnbot.htm)"
207.46.98.141 - - [21/Oct/2006:16:12:10 +0000] "GET /Angey/H_bergement--72.html HTTP/1.1" 200 29493 "" "msnbot/1.0 (+http://search.msn.com/msnbot.htm)"
207.46.98.141 - - [21/Oct/2006:16:12:37 +0000] "GET /Angey/H_bergement--72.html HTTP/1.1" 200 29206 "" "msnbot/1.0 (+http://search.msn.com/msnbot.htm)"
207.46.98.141 - - [21/Oct/2006:16:14:04 +0000] "GET /Angey/H_bergement--72.html HTTP/1.1" 200 29158 "" "msnbot/1.0 (+http://search.msn.com/msnbot.htm)"
207.46.98.141 - - [21/Oct/2006:16:14:10 +0000] "GET /Angey/H_bergement--72.html HTTP/1.1" 200 29154 "" "msnbot/1.0 (+http://search.msn.com/msnbot.htm)"
82.67.179.13 - - [21/Oct/2006:16:17:15 +0000] "GET /Angey--65.html HTTP/1.1" 200 20879 "" "Mozilla/4.0 (compatible; MSIE 6.0; Windows NT 5.1; FREE; SV1)"
82.67.179.13 - - [21/Oct/2006:16:20:07 +0000] "GET /Angey--65.html HTTP/1.1" 200 20879 "" "Mozilla/4.0 (compatible; MSIE 6.0; Windows NT 5.1; FREE; SV1)"
82.67.179.13 - - [21/Oct/2006:16:20:20 +0000] "GET /Angey/H_bergement--72.html HTTP/1.1" 200 27330 "http://www.ville-angey.com/" "Mozilla/4.0 (compatible; MSIE 6.0; Windows NT 5.1; FREE; SV1)"
82.67.179.13 - - [21/Oct/2006:16:20:31 +0000] "GET /Angey/H_bergement--72.html HTTP/1.1" 200 45640 "http://www.ville-angey.com/no_cache/fr/hebergement.html" "Mozilla/4.0 (compatible; MSIE 6.0; Windows NT 5.1; FREE; SV1)"
82.67.179.13 - - [21/Oct/2006:16:20:55 +0000] "GET /Angey/H_bergement--72.html HTTP/1.1" 200 26149 "http://www.ville-angey.com/index.php?id=72" "Mozilla/4.0 (compatible; MSIE 6.0; Windows NT 5.1; FREE; SV1)"
72.30.177.121 - - [21/Oct/2006:19:01:52 +0000] "GET /Angey--65.html HTTP/1.1" 200 20889 "" "Mozilla/5.0 (compatible; Yahoo! Slurp; http://help.yahoo.com/help/us/ysearch/slurp)"
74.6.73.121 - - [21/Oct/2006:19:01:54 +0000] "GET /Angey/Calendrier--69.html HTTP/1.1" 200 11516 "" "Mozilla/5.0 (compatible; Yahoo! Slurp; http://help.yahoo.com/help/us/ysearch/slurp)"
207.46.98.141 - - [21/Oct/2006:19:07:45 +0000] "GET /Angey/H_bergement--72.html HTTP/1.1" 200 25214 "" "msnbot/1.0 (+http://search.msn.com/msnbot.htm)"
207.46.98.141 - - [21/Oct/2006:19:07:45 +0000] "GET /Angey/H_bergement--72.html HTTP/1.1" 200 25056 "" "msnbot/1.0 (+http://search.msn.com/msnbot.htm)"
207.46.98.141 - - [21/Oct/2006:19:07:45 +0000] "GET /Angey/H_bergement--72.html HTTP/1.1" 200 26102 "" "msnbot/1.0 (+http://search.msn.com/msnbot.htm)"
207.46.98.141 - - [21/Oct/2006:19:08:13 +0000] "GET /Angey/H_bergement--72.html HTTP/1.1" 200 29322 "" "msnbot/1.0 (+http://search.msn.com/msnbot.htm)"
207.46.98.141 - - [21/Oct/2006:19:08:13 +0000] "GET /Angey/H_bergement--72.html HTTP/1.1" 200 29154 "" "msnbot/1.0 (+http://search.msn.com/msnbot.htm)"
207.46.98.141 - - [21/Oct/2006:19:08:43 +0000] "GET /Angey/H_bergement--72.html HTTP/1.1" 200 26406 "" "msnbot/1.0 (+http://search.msn.com/msnbot.htm)"
157.82.254.46 - - [21/Oct/2006:19:11:17 +0000] "GET /Angey--65.html HTTP/1.1" 200 20889 "" "Shim-Crawler(Mozilla-compatible; http://www.logos.ic.i.u-tokyo.ac.jp/crawler/; crawl@logos.ic.i.u-tokyo.ac.jp)"
157.82.254.46 - - [21/Oct/2006:19:12:17 +0000] "GET /Angey--65.html HTTP/1.1" 200 20889 "" "Shim-Crawler(Mozilla-compatible; http://www.logos.ic.i.u-tokyo.ac.jp/crawler/; crawl@logos.ic.i.u-tokyo.ac.jp)"
207.46.98.141 - - [21/Oct/2006:20:00:00 +0000] "GET /Angey/H_bergement--72.html HTTP/1.1" 200 25265 "" "msnbot/1.0 (+http://search.msn.com/msnbot.htm)"
207.46.98.141 - - [21/Oct/2006:20:00:00 +0000] "GET /Angey/H_bergement--72.html HTTP/1.1" 200 42020 "" "msnbot/1.0 (+http://search.msn.com/msnbot.htm)"
207.46.98.141 - - [21/Oct/2006:20:00:00 +0000] "GET /Angey/H_bergement--72.html HTTP/1.1" 200 26320 "" "msnbot/1.0 (+http://search.msn.com/msnbot.htm)"
207.46.98.141 - - [21/Oct/2006:20:00:56 +0000] "GET /Angey/H_bergement--72.html HTTP/1.1" 200 26145 "" "msnbot/1.0 (+http://search.msn.com/msnbot.htm)"
207.46.98.141 - - [21/Oct/2006:20:00:56 +0000] "GET /Angey/H_bergement--72.html HTTP/1.1" 200 26308 "" "msnbot/1.0 (+http://search.msn.com/msnbot.htm)"
207.46.98.141 - - [21/Oct/2006:20:01:58 +0000] "GET /Angey/H_bergement--72.html HTTP/1.1" 200 25093 "" "msnbot/1.0 (+http://search.msn.com/msnbot.htm)"
207.46.98.141 - - [21/Oct/2006:20:01:58 +0000] "GET /Angey/H_bergement--72.html HTTP/1.1" 200 26120 "" "msnbot/1.0 (+http://search.msn.com/msnbot.htm)"
207.46.98.141 - - [21/Oct/2006:20:49:55 +0000] "GET /Angey--65.html HTTP/1.1" 200 20889 "" "msnbot/1.0 (+http://search.msn.com/msnbot.htm)"
207.46.98.141 - - [21/Oct/2006:20:49:56 +0000] "GET /Angey/Calendrier--69.html HTTP/1.1" 200 10633 "" "msnbot/1.0 (+http://search.msn.com/msnbot.htm)"
66.249.65.115 - - [22/Oct/2006:00:50:32 +0000] "GET /Angey--65.html HTTP/1.1" 200 20889 "" "Mozilla/5.0 (compatible; Googlebot/2.1; +http://www.google.com/bot.html)"
66.249.65.115 - - [22/Oct/2006:00:50:32 +0000] "GET /Angey/D_couvrir--74.html HTTP/1.1" 200 9702 "" "Mozilla/5.0 (compatible; Googlebot/2.1; +http://www.google.com/bot.html)"
66.249.65.115 - - [22/Oct/2006:00:51:56 +0000] "GET /Angey/H_bergement--72.html HTTP/1.1" 200 27330 "" "Mozilla/5.0 (compatible; Googlebot/2.1; +http://www.google.com/bot.html)"
207.46.98.138 - - [22/Oct/2006:00:52:18 +0000] "GET /Angey--65.html HTTP/1.1" 200 20889 "" "msnbot/1.0 (+http://search.msn.com/msnbot.htm)"
207.46.98.138 - - [22/Oct/2006:00:52:19 +0000] "GET /Angey/H_bergement--72.html HTTP/1.1" 200 25507 "" "msnbot/1.0 (+http://search.msn.com/msnbot.htm)"
207.46.98.138 - - [22/Oct/2006:00:52:45 +0000] "GET /Angey/H_bergement--72.html HTTP/1.1" 200 29605 "" "msnbot/1.0 (+http://search.msn.com/msnbot.htm)"
207.46.98.138 - - [22/Oct/2006:01:01:21 +0000] "GET /Angey/H_bergement--72.html HTTP/1.1" 200 26315 "" "msnbot/1.0 (+http://search.msn.com/msnbot.htm)"
207.46.98.138 - - [22/Oct/2006:01:03:22 +0000] "GET /Angey/H_bergement--72.html HTTP/1.1" 200 26105 "" "msnbot/1.0 (+http://search.msn.com/msnbot.htm)"
207.46.98.138 - - [22/Oct/2006:01:03:22 +0000] "GET /Angey/H_bergement--72.html HTTP/1.1" 200 25110 "" "msnbot/1.0 (+http://search.msn.com/msnbot.htm)"
66.249.65.115 - - [22/Oct/2006:01:32:41 +0000] "GET /Angey/Tourisme--73.html HTTP/1.1" 200 9699 "" "Mozilla/5.0 (compatible; Googlebot/2.1; +http://www.google.com/bot.html)"
66.249.65.115 - - [22/Oct/2006:02:55:30 +0000] "GET /Angey/Calendrier--69.html HTTP/1.1" 200 10692 "" "Mozilla/5.0 (compatible; Googlebot/2.1; +http://www.google.com/bot.html)"
66.249.65.115 - - [22/Oct/2006:02:56:54 +0000] "GET /Angey/Calendrier--69.html HTTP/1.1" 200 10630 "" "Mozilla/5.0 (compatible; Googlebot/2.1; +http://www.google.com/bot.html)"
66.249.65.115 - - [22/Oct/2006:02:58:18 +0000] "GET /Angey/Calendrier--69.html HTTP/1.1" 200 10633 "" "Mozilla/5.0 (compatible; Googlebot/2.1; +http://www.google.com/bot.html)"
66.249.65.115 - - [22/Oct/2006:05:07:38 +0000] "GET /Angey/H_bergement--72.html HTTP/1.1" 200 27330 "" "Mozilla/5.0 (compatible; Googlebot/2.1; +http://www.google.com/bot.html)"
66.249.65.115 - - [22/Oct/2006:05:14:37 +0000] "GET /Angey/Calendrier--69.html HTTP/1.1" 200 10633 "" "Mozilla/5.0 (compatible; Googlebot/2.1; +http://www.google.com/bot.html)"
66.249.65.115 - - [22/Oct/2006:08:49:17 +0000] "GET /Angey--65.html HTTP/1.1" 200 20889 "" "Mozilla/5.0 (compatible; Googlebot/2.1; +http://www.google.com/bot.html)"
72.30.177.121 - - [22/Oct/2006:09:12:48 +0000] "GET /Angey--65.html HTTP/1.1" 200 20889 "" "Mozilla/5.0 (compatible; Yahoo! Slurp; http://help.yahoo.com/help/us/ysearch/slurp)"
74.6.69.151 - - [22/Oct/2006:09:12:49 +0000] "GET /Angey/Calendrier--69.html HTTP/1.1" 200 10642 "" "Mozilla/5.0 (compatible; Yahoo! Slurp; http://help.yahoo.com/help/us/ysearch/slurp)"
207.46.98.142 - - [22/Oct/2006:11:45:31 +0000] "GET /Angey--65.html HTTP/1.1" 200 20889 "" "msnbot/1.0 (+http://search.msn.com/msnbot.htm)"
207.46.98.142 - - [22/Oct/2006:11:45:32 +0000] "GET /Angey--65.html HTTP/1.1" 200 20889 "" "msnbot/1.0 (+http://search.msn.com/msnbot.htm)"
74.6.72.89 - - [22/Oct/2006:12:43:12 +0000] "GET /Angey/H_bergement--72.html HTTP/1.1" 200 27330 "" "Mozilla/5.0 (compatible; Yahoo! Slurp; http://help.yahoo.com/help/us/ysearch/slurp)"
72.30.177.121 - - [22/Oct/2006:12:48:10 +0000] "GET /Angey--65.html HTTP/1.1" 200 20889 "" "Mozilla/5.0 (compatible; Yahoo! Slurp; http://help.yahoo.com/help/us/ysearch/slurp)"
74.6.73.169 - - [22/Oct/2006:12:48:12 +0000] "GET /Angey/H_bergement--72.html HTTP/1.1" 200 27330 "" "Mozilla/5.0 (compatible; Yahoo! Slurp; http://help.yahoo.com/help/us/ysearch/slurp)"
74.6.73.166 - - [22/Oct/2006:12:48:42 +0000] "GET /Angey/H_bergement--72.html HTTP/1.1" 200 27330 "" "Mozilla/5.0 (compatible; Yahoo! Slurp; http://help.yahoo.com/help/us/ysearch/slurp)"
74.6.70.161 - - [22/Oct/2006:12:58:53 +0000] "GET /Angey/H_bergement--72.html HTTP/1.1" 200 27330 "" "Mozilla/5.0 (compatible; Yahoo! Slurp; http://help.yahoo.com/help/us/ysearch/slurp)"
207.46.98.142 - - [22/Oct/2006:13:39:43 +0000] "GET /Angey/Calendrier--69.html HTTP/1.1" 200 15698 "" "msnbot/1.0 (+http://search.msn.com/msnbot.htm)"
207.46.98.142 - - [22/Oct/2006:18:30:27 +0000] "GET /Angey--65.html HTTP/1.1" 200 20889 "" "msnbot/1.0 (+http://search.msn.com/msnbot.htm)"
66.249.65.115 - - [22/Oct/2006:18:32:44 +0000] "GET /Angey/H_bergement--72.html HTTP/1.1" 200 27330 "" "Mozilla/5.0 (compatible; Googlebot/2.1; +http://www.google.com/bot.html)"
72.30.177.121 - - [22/Oct/2006:19:39:28 +0000] "GET /Angey--65.html HTTP/1.1" 200 20889 "" "Mozilla/5.0 (compatible; Yahoo! Slurp; http://help.yahoo.com/help/us/ysearch/slurp)"
74.6.72.125 - - [22/Oct/2006:19:39:57 +0000] "GET /Angey/H_bergement--72.html HTTP/1.1" 200 34487 "" "Mozilla/5.0 (compatible; Yahoo! Slurp; http://help.yahoo.com/help/us/ysearch/slurp)"
207.46.98.142 - - [22/Oct/2006:23:38:18 +0000] "GET /Angey--65.html HTTP/1.1" 200 20889 "" "msnbot/1.0 (+http://search.msn.com/msnbot.htm)"
66.249.65.115 - - [23/Oct/2006:02:39:03 +0000] "GET /Angey--65.html HTTP/1.1" 200 20889 "" "Mozilla/5.0 (compatible; Googlebot/2.1; +http://www.google.com/bot.html)"
66.249.65.115 - - [23/Oct/2006:02:39:03 +0000] "GET /Angey/H_bergement--72.html HTTP/1.1" 200 29206 "" "Mozilla/5.0 (compatible; Googlebot/2.1; +http://www.google.com/bot.html)"
207.46.98.142 - - [23/Oct/2006:03:51:41 +0000] "GET /Angey--65.html HTTP/1.1" 200 20889 "" "msnbot/1.0 (+http://search.msn.com/msnbot.htm)"
72.30.177.121 - - [23/Oct/2006:05:37:15 +0000] "GET /Angey--65.html HTTP/1.1" 200 20889 "" "Mozilla/5.0 (compatible; Yahoo! Slurp; http://help.yahoo.com/help/us/ysearch/slurp)"
74.6.75.29 - - [23/Oct/2006:05:37:50 +0000] "GET /Angey--65.html HTTP/1.1" 200 20889 "" "Mozilla/5.0 (compatible; Yahoo! Slurp; http://help.yahoo.com/help/us/ysearch/slurp)"
66.249.65.115 - - [23/Oct/2006:05:43:07 +0000] "GET /Angey/Calendrier--69.html HTTP/1.1" 200 10682 "" "Mozilla/5.0 (compatible; Googlebot/2.1; +http://www.google.com/bot.html)"
66.249.65.115 - - [23/Oct/2006:06:15:45 +0000] "GET /Angey/Vie_Pratique--71.html HTTP/1.1" 200 12912 "" "Mozilla/5.0 (compatible; Googlebot/2.1; +http://www.google.com/bot.html)"
66.249.65.115 - - [23/Oct/2006:07:42:53 +0000] "GET /Angey/Calendrier--69.html HTTP/1.1" 200 10642 "" "Mozilla/5.0 (compatible; Googlebot/2.1; +http://www.google.com/bot.html)"
66.249.65.115 - - [23/Oct/2006:08:26:27 +0000] "GET /Angey/Calendrier--69.html HTTP/1.1" 200 10691 "" "Mozilla/5.0 (compatible; Googlebot/2.1; +http://www.google.com/bot.html)"
207.46.98.142 - - [23/Oct/2006:08:30:38 +0000] "GET /Angey--65.html HTTP/1.1" 200 20889 "" "msnbot/1.0 (+http://search.msn.com/msnbot.htm)"
216.145.5.42 - - [23/Oct/2006:08:37:04 +0000] "GET /Angey--65.html HTTP/1.1" 200 20889 "http://www.whois.sc/" "SurveyBot/2.3 (Whois Source)"
216.145.5.42 - - [23/Oct/2006:08:37:05 +0000] "GET /Angey--65.html HTTP/1.1" 200 20889 "http://www.whois.sc/ville-angey.com" "SurveyBot/2.3 (Whois Source)"
66.249.65.115 - - [23/Oct/2006:10:25:55 +0000] "GET /Angey/Vie_Pratique--71.html HTTP/1.1" 200 12912 "" "Mozilla/5.0 (compatible; Googlebot/2.1; +http://www.google.com/bot.html)"
72.30.177.121 - - [23/Oct/2006:12:01:22 +0000] "GET /Angey--65.html HTTP/1.1" 200 20889 "" "Mozilla/5.0 (compatible; Yahoo! Slurp; http://help.yahoo.com/help/us/ysearch/slurp)"
74.6.72.167 - - [23/Oct/2006:12:01:54 +0000] "GET /Angey/Calendrier--69.html HTTP/1.1" 200 10682 "" "Mozilla/5.0 (compatible; Yahoo! Slurp; http://help.yahoo.com/help/us/ysearch/slurp)"
72.30.177.121 - - [23/Oct/2006:13:21:14 +0000] "GET /Angey--65.html HTTP/1.1" 200 20889 "" "Mozilla/5.0 (compatible; Yahoo! Slurp; http://help.yahoo.com/help/us/ysearch/slurp)"
74.6.71.250 - - [23/Oct/2006:13:21:45 +0000] "GET /Angey/Calendrier--69.html HTTP/1.1" 200 10691 "" "Mozilla/5.0 (compatible; Yahoo! Slurp; http://help.yahoo.com/help/us/ysearch/slurp)"
86.220.50.40 - - [23/Oct/2006:15:24:43 +0000] "GET /Angey--65.html HTTP/1.1" 200 20889 "http://www.portedelabaie.com/fr/vie-pratique/espace-communautaire.html" "Mozilla/4.0 (compatible; MSIE 6.0; Windows NT 5.1; SV1; .NET CLR 1.1.4322)"
86.220.50.40 - - [23/Oct/2006:15:29:30 +0000] "GET /Angey--65.html HTTP/1.1" 200 20889 "http://www.portedelabaie.com/fr/vie-pratique.html" "Mozilla/4.0 (compatible; MSIE 6.0; Windows NT 5.1; SV1; .NET CLR 1.1.4322)"
86.220.50.40 - - [23/Oct/2006:15:30:01 +0000] "GET /Angey/Vie_Pratique--71.html HTTP/1.1" 200 12917 "http://www.ville-angey.com/" "Mozilla/4.0 (compatible; MSIE 6.0; Windows NT 5.1; SV1; .NET CLR 1.1.4322)"
193.47.80.94 - - [23/Oct/2006:15:33:23 +0000] "GET /Angey--65.html HTTP/1.1" 200 20889 "" "Mozilla/5.0 (compatible; Konqueror/3.4; Linux) KHTML/3.4.3 (like Gecko)"
193.47.80.94 - - [23/Oct/2006:15:33:23 +0000] "GET /Angey--65.html HTTP/1.1" 200 20889 "" "Mozilla/5.0 (compatible; Konqueror/3.4; Linux) KHTML/3.4.3 (like Gecko)"
194.3.110.116 - - [23/Oct/2006:15:36:05 +0000] "GET /Angey/Loisirs--70.html HTTP/1.1" 200 9696 "http://images.google.fr/imgres?imgurl=http://www.portedelabaie.com/uploads/pics/etoile_molene.jpg&imgrefurl=http://www.portedelabaie.com/index.php%3Fid%3D70&h=249&w=360&sz=16&hl=fr&start=5&tbnid=rJUatXTPWFuZtM:&tbnh=84&tbnw=121&prev=/images%3Fq%3D%2522%25C3%25A9toile%2Bmol%25C3%25A8ne%2522%26svnum%3D10%26hl%3Dfr%26lr%3D%26sa%3DN" "Mozilla/4.0 (compatible; MSIE 6.0; Windows NT 5.1; SV1; .NET CLR 1.1.4322)"
194.3.110.116 - - [23/Oct/2006:15:36:10 +0000] "GET /Angey/Loisirs--70.html HTTP/1.1" 200 9696 "http://images.google.fr/imgres?imgurl=http://www.portedelabaie.com/uploads/pics/etoile_molene.jpg&imgrefurl=http://www.portedelabaie.com/index.php%3Fid%3D70&h=249&w=360&sz=16&tbnid=rJUatXTPWFuZtM:&tbnh=84&tbnw=121&hl=fr&prev=/images%3Fq%3D%2522%25C3%25A9toile%2Bmol%25C3%25A8ne%2522%26svnum%3D10%26hl%3Dfr%26lr%3D%26sa%3DN&frame=small" "Mozilla/4.0 (compatible; MSIE 6.0; Windows NT 5.1; SV1; .NET CLR 1.1.4322)"
87.65.11.23 - - [23/Oct/2006:18:52:12 +0000] "GET /Angey/Loisirs--70.html HTTP/1.1" 200 9696 "http://images.google.be/imgres?imgurl=http://www.portedelabaie.com/uploads/pics/etoile_molene.jpg&imgrefurl=http://www.portedelabaie.com/index.php%3Fid%3D70&h=249&w=360&sz=16&hl=fr&start=1&tbnid=rJUatXTPWFuZtM:&tbnh=84&tbnw=121&prev=/images%3Fq%3DBateau%2B:l%2527Etoile%2BMol%25C3%25A8ne%26svnum%3D10%26hl%3Dfr%26lr%3D" "Mozilla/4.0 (compatible; MSIE 6.0; Windows NT 5.1; SV1; .NET CLR 1.1.4322)"
88.136.20.130 - - [23/Oct/2006:18:55:54 +0000] "GET /Angey/Calendrier--69.html HTTP/1.1" 200 15165 "http://images.google.fr/imgres?imgurl=http://www.portedelabaie.com/typo3temp/pics/0d27856803.jpg&imgrefurl=http://www.portedelabaie.com/index.php%3Fid%3D69&h=98&w=160&sz=3&hl=fr&start=244&tbnid=pXcPvXnfJzf3IM:&tbnh=60&tbnw=98&prev=/images%3Fq%3Ddauphins%2Banimaux%26start%3D240%26ndsp%3D20%26svnum%3D10%26hl%3Dfr%26lr%3D%26sa%3DN" "Mozilla/4.0 (compatible; MSIE 6.0; Windows NT 5.1; SV1; .NET CLR 1.1.4322)"
66.249.65.115 - - [24/Oct/2006:01:31:41 +0000] "GET /Angey/Loisirs--70.html HTTP/1.1" 200 9696 "" "Mozilla/5.0 (compatible; Googlebot/2.1; +http://www.google.com/bot.html)"
66.249.65.115 - - [24/Oct/2006:01:31:42 +0000] "GET /Angey/Calendrier--69.html HTTP/1.1" 200 15168 "" "Mozilla/5.0 (compatible; Googlebot/2.1; +http://www.google.com/bot.html)"
66.249.65.115 - - [24/Oct/2006:01:31:47 +0000] "GET /Angey--65.html HTTP/1.1" 200 20895 "" "Mozilla/5.0 (compatible; Googlebot/2.1; +http://www.google.com/bot.html)"
66.249.65.115 - - [24/Oct/2006:03:48:53 +0000] "GET /Angey--65.html HTTP/1.1" 200 20895 "" "Googlebot-Image/1.0"
66.249.65.115 - - [24/Oct/2006:04:29:26 +0000] "GET /Angey/Calendrier--69.html HTTP/1.1" 200 15220 "" "Mozilla/5.0 (compatible; Googlebot/2.1; +http://www.google.com/bot.html)"
72.30.177.88 - - [24/Oct/2006:07:38:19 +0000] "GET /Angey--65.html HTTP/1.1" 200 20895 "" "Mozilla/5.0 (compatible; Yahoo! Slurp; http://help.yahoo.com/help/us/ysearch/slurp)"
74.6.72.70 - - [24/Oct/2006:07:38:21 +0000] "GET /Angey/Calendrier--69.html HTTP/1.1" 200 10689 "" "Mozilla/5.0 (compatible; Yahoo! Slurp; http://help.yahoo.com/help/us/ysearch/slurp)"
86.220.110.134 - - [24/Oct/2006:08:46:41 +0000] "GET /Angey--65.html HTTP/1.1" 200 20895 "http://www.ville-genets.com/fr/plan-du-site.html" "Mozilla/4.0 (compatible; MSIE 6.0; Windows NT 5.1; SV1; .NET CLR 1.1.4322)"
86.220.110.134 - - [24/Oct/2006:08:46:46 +0000] "GET /Angey/Vie_Pratique--71.html HTTP/1.1" 200 12917 "http://www.ville-angey.com/" "Mozilla/4.0 (compatible; MSIE 6.0; Windows NT 5.1; SV1; .NET CLR 1.1.4322)"
86.220.110.134 - - [24/Oct/2006:08:47:03 +0000] "GET /Angey/D_couvrir--74.html HTTP/1.1" 200 9702 "http://www.ville-angey.com/fr/vie-pratique.html" "Mozilla/4.0 (compatible; MSIE 6.0; Windows NT 5.1; SV1; .NET CLR 1.1.4322)"
86.220.110.134 - - [24/Oct/2006:08:47:05 +0000] "GET /Angey/Tourisme--73.html HTTP/1.1" 200 9699 "http://www.ville-angey.com/fr/decouvrir.html" "Mozilla/4.0 (compatible; MSIE 6.0; Windows NT 5.1; SV1; .NET CLR 1.1.4322)"
86.220.110.134 - - [24/Oct/2006:08:47:06 +0000] "GET /Angey/H_bergement--72.html HTTP/1.1" 200 27330 "http://www.ville-angey.com/fr/tourisme.html" "Mozilla/4.0 (compatible; MSIE 6.0; Windows NT 5.1; SV1; .NET CLR 1.1.4322)"
86.220.110.134 - - [24/Oct/2006:08:47:09 +0000] "GET /Angey/Loisirs--70.html HTTP/1.1" 200 9696 "http://www.ville-angey.com/no_cache/fr/hebergement.html" "Mozilla/4.0 (compatible; MSIE 6.0; Windows NT 5.1; SV1; .NET CLR 1.1.4322)"
86.220.110.134 - - [24/Oct/2006:08:47:10 +0000] "GET /Angey/Calendrier--69.html HTTP/1.1" 200 15168 "http://www.ville-angey.com/fr/loisirs.html" "Mozilla/4.0 (compatible; MSIE 6.0; Windows NT 5.1; SV1; .NET CLR 1.1.4322)"
72.30.177.88 - - [24/Oct/2006:09:35:38 +0000] "GET /Angey--65.html HTTP/1.1" 200 20895 "" "Mozilla/5.0 (compatible; Yahoo! Slurp; http://help.yahoo.com/help/us/ysearch/slurp)"
74.6.71.246 - - [24/Oct/2006:09:35:42 +0000] "GET /Angey--65.html HTTP/1.1" 200 20895 "" "Mozilla/5.0 (compatible; Yahoo! Slurp; http://help.yahoo.com/help/us/ysearch/slurp)"
74.6.72.89 - - [24/Oct/2006:12:16:33 +0000] "GET /Angey/H_bergement--72.html HTTP/1.1" 200 27330 "" "Mozilla/5.0 (compatible; Yahoo! Slurp; http://help.yahoo.com/help/us/ysearch/slurp)"
72.30.177.88 - - [24/Oct/2006:12:40:49 +0000] "GET /Angey--65.html HTTP/1.1" 200 20895 "" "Mozilla/5.0 (compatible; Yahoo! Slurp; http://help.yahoo.com/help/us/ysearch/slurp)"
74.6.71.254 - - [24/Oct/2006:12:41:33 +0000] "GET /Angey/H_bergement--72.html HTTP/1.1" 200 27330 "" "Mozilla/5.0 (compatible; Yahoo! Slurp; http://help.yahoo.com/help/us/ysearch/slurp)"
64.34.145.196 - - [24/Oct/2006:14:50:00 +0000] "GET /Angey--65.html HTTP/1.1" 200 20895 "" "SBIder/0.8-dev (SBIder; http://www.sitesell.com/sbider.html; http://support.sitesell.com/contact-support.html)"
64.34.145.196 - - [24/Oct/2006:14:50:01 +0000] "GET /Angey/Calendrier--69.html HTTP/1.1" 200 15168 "" "SBIder/0.8-dev (SBIder; http://www.sitesell.com/sbider.html; http://support.sitesell.com/contact-support.html)"
64.34.145.198 - - [24/Oct/2006:16:25:58 +0000] "GET /Angey--65.html HTTP/1.1" 200 20895 "" "SBIder/0.8-dev (SBIder; http://www.sitesell.com/sbider.html; http://support.sitesell.com/contact-support.html)"
64.34.145.198 - - [24/Oct/2006:16:25:58 +0000] "GET /Angey/Plan_du_Site--227.html HTTP/1.1" 200 10451 "" "SBIder/0.8-dev (SBIder; http://www.sitesell.com/sbider.html; http://support.sitesell.com/contact-support.html)"
83.199.243.57 - - [24/Oct/2006:17:06:41 +0000] "GET /Angey--65.html HTTP/1.1" 200 20879 "" "Mozilla/4.0 (compatible; MSIE 6.0; Windows NT 5.1; SV1; .NET CLR 1.1.4322)"
83.199.243.57 - - [24/Oct/2006:17:07:03 +0000] "GET /Angey/D_couvrir--74.html HTTP/1.1" 200 9702 "" "Mozilla/4.0 (compatible; MSIE 6.0; Windows NT 5.1; SV1; .NET CLR 1.1.4322)"
83.199.243.57 - - [24/Oct/2006:17:07:13 +0000] "GET /Angey/Vie_Pratique--71.html HTTP/1.1" 200 12917 "" "Mozilla/4.0 (compatible; MSIE 6.0; Windows NT 5.1; SV1; .NET CLR 1.1.4322)"
83.199.243.57 - - [24/Oct/2006:17:07:30 +0000] "GET /Angey/Loisirs--70.html HTTP/1.1" 200 9696 "" "Mozilla/4.0 (compatible; MSIE 6.0; Windows NT 5.1; SV1; .NET CLR 1.1.4322)"
83.199.243.57 - - [24/Oct/2006:17:07:34 +0000] "GET /Angey/Calendrier--69.html HTTP/1.1" 200 15168 "" "Mozilla/4.0 (compatible; MSIE 6.0; Windows NT 5.1; SV1; .NET CLR 1.1.4322)"
89.234.160.10 - - [24/Oct/2006:18:49:31 +0000] "GET /Angey--65.html HTTP/1.1" 200 20879 "" "Mozilla/5.0 (Windows; U; Windows NT 5.1; fr; rv:1.8.0.7) Gecko/20060909 Firefox/1.5.0.7"
89.234.160.10 - - [24/Oct/2006:18:49:33 +0000] "GET /Angey--65.html HTTP/1.1" 200 20879 "" "Mozilla/5.0 (Windows; U; Windows NT 5.1; fr; rv:1.8.0.7) Gecko/20060909 Firefox/1.5.0.7"
89.234.160.10 - - [24/Oct/2006:19:20:10 +0000] "GET /Angey--65.html HTTP/1.1" 200 20879 "" "Mozilla/5.0 (Windows; U; Windows NT 5.1; fr; rv:1.8.0.7) Gecko/20060909 Firefox/1.5.0.7"
89.234.160.10 - - [24/Oct/2006:19:20:36 +0000] "GET /Angey/Loisirs--70.html HTTP/1.1" 200 9696 "http://www.ville-angey.com/" "Mozilla/5.0 (Windows; U; Windows NT 5.1; fr; rv:1.8.0.7) Gecko/20060909 Firefox/1.5.0.7"
89.234.160.10 - - [24/Oct/2006:19:20:40 +0000] "GET /Angey/Vie_Pratique--71.html HTTP/1.1" 200 12917 "http://www.ville-angey.com/fr/loisirs.html" "Mozilla/5.0 (Windows; U; Windows NT 5.1; fr; rv:1.8.0.7) Gecko/20060909 Firefox/1.5.0.7"
213.103.230.238 - - [24/Oct/2006:20:15:28 +0000] "GET /Angey--65.html HTTP/1.1" 200 20879 "http://www.ville-genets.com/fr.html" "Mozilla/5.0 (Windows; U; Win 9x 4.90; fr; rv:1.8.0.7) Gecko/20060909 Firefox/1.5.0.7"
213.103.230.238 - - [24/Oct/2006:20:15:30 +0000] "GET /Angey--65.html HTTP/1.1" 200 20879 "" "Mozilla/5.0 (Windows; U; Win 9x 4.90; fr; rv:1.8.0.7) Gecko/20060909 Firefox/1.5.0.7"
72.30.177.88 - - [25/Oct/2006:00:24:30 +0000] "GET /Angey--65.html HTTP/1.1" 200 20879 "" "Mozilla/5.0 (compatible; Yahoo! Slurp; http://help.yahoo.com/help/us/ysearch/slurp)"
74.6.75.29 - - [25/Oct/2006:00:24:31 +0000] "GET /Angey--65.html HTTP/1.1" 200 20879 "" "Mozilla/5.0 (compatible; Yahoo! Slurp; http://help.yahoo.com/help/us/ysearch/slurp)"
64.34.145.197 - - [25/Oct/2006:02:20:06 +0000] "GET /Angey--65.html HTTP/1.1" 200 20879 "" "SBIder/0.8-dev (SBIder; http://www.sitesell.com/sbider.html; http://support.sitesell.com/contact-support.html)"
64.34.145.197 - - [25/Oct/2006:02:20:06 +0000] "GET /Angey/Loisirs--70.html HTTP/1.1" 200 9696 "" "SBIder/0.8-dev (SBIder; http://www.sitesell.com/sbider.html; http://support.sitesell.com/contact-support.html)"
66.249.65.115 - - [25/Oct/2006:10:33:22 +0000] "GET /Angey--65.html HTTP/1.1" 200 20879 "" "Googlebot-Image/1.0"
66.249.65.115 - - [25/Oct/2006:11:12:29 +0000] "GET /Angey--65.html HTTP/1.1" 200 20879 "" "Mozilla/5.0 (compatible; Googlebot/2.1; +http://www.google.com/bot.html)"
66.249.65.115 - - [25/Oct/2006:11:53:41 +0000] "GET /Angey/H_bergement--72.html HTTP/1.1" 200 25060 "" "Mozilla/5.0 (compatible; Googlebot/2.1; +http://www.google.com/bot.html)"
84.6.85.177 - - [25/Oct/2006:16:23:16 +0000] "GET /Angey/H_bergement--72.html HTTP/1.1" 200 42180 "http://fr.search.yahoo.com/search?fr=ieas&p=la+feuilleraie+Dragey" "Mozilla/4.0 (compatible; MSIE 6.0; Windows NT 5.1; SV1; .NET CLR 1.1.4322)"
84.6.85.177 - - [25/Oct/2006:16:23:17 +0000] "GET /Angey--65.html HTTP/1.1" 200 20879 "" "Mozilla/4.0 (compatible; MSIE 6.0; Windows NT 5.1; SV1; .NET CLR 1.1.4322)"
84.6.85.177 - - [25/Oct/2006:16:23:23 +0000] "GET /Angey/H_bergement--72.html HTTP/1.1" 200 27330 "http://www.ville-angey.com/no_cache/fr/hebergement.html?tx_travelguide_pi1[scat]=4&tx_travelguide_pi1[sloc]=4" "Mozilla/4.0 (compatible; MSIE 6.0; Windows NT 5.1; SV1; .NET CLR 1.1.4322)"
84.6.85.177 - - [25/Oct/2006:16:23:28 +0000] "GET /Angey/H_bergement--72.html HTTP/1.1" 200 29605 "http://www.ville-angey.com/no_cache/fr/hebergement.html" "Mozilla/4.0 (compatible; MSIE 6.0; Windows NT 5.1; SV1; .NET CLR 1.1.4322)"
84.6.85.177 - - [25/Oct/2006:16:23:40 +0000] "GET /Angey/H_bergement--72.html HTTP/1.1" 200 34501 "http://www.ville-angey.com/no_cache/fr/hebergement.html?tx_travelguide_pi1%5Bscat%5D=4&tx_travelguide_pi1%5Bsloc%5D=1" "Mozilla/4.0 (compatible; MSIE 6.0; Windows NT 5.1; SV1; .NET CLR 1.1.4322)"
66.249.65.115 - - [25/Oct/2006:17:49:00 +0000] "GET /Angey/Plan_du_Site--227.html HTTP/1.1" 200 10451 "" "Mozilla/5.0 (compatible; Googlebot/2.1; +http://www.google.com/bot.html)"
66.249.65.115 - - [25/Oct/2006:17:54:11 +0000] "GET /Angey--65.html HTTP/1.1" 200 20879 "" "Mozilla/5.0 (compatible; Googlebot/2.1; +http://www.google.com/bot.html)"
66.160.186.29 - - [25/Oct/2006:20:12:54 +0000] "GET /Angey/H_bergement--72.html HTTP/1.1" 200 42180 "" "Mozilla/4.0 (compatible; MSIE 6.0; Windows NT 5.0; .NET CLR 1.1.4322)"
66.160.186.29 - - [25/Oct/2006:20:12:54 +0000] "GET /Angey/H_bergement--72.html HTTP/1.1" 200 34627 "" "Mozilla/4.0 (compatible; MSIE 6.0; Windows NT 5.0; .NET CLR 1.1.4322)"
66.160.186.29 - - [25/Oct/2006:20:13:00 +0000] "GET /Angey/H_bergement--72.html HTTP/1.1" 200 25060 "" "Mozilla/4.0 (compatible; MSIE 6.0; Windows NT 5.0; .NET CLR 1.1.4322)"
68.250.3.205 - - [26/Oct/2006:03:20:24 +0000] "GET /Angey/H_bergement--72.html HTTP/1.1" 200 29456 "http://search.yahoo.com/search?p=HEBERGEMENT+MONTVIRON&fr=yfp-t-501&toggle=1&cop=mss&ei=UTF-8" "Mozilla/4.0 (compatible; MSIE 6.0; Windows NT 5.1; SV1; .NET CLR 1.0.3705; .NET CLR 1.1.4322; Media Center PC 4.0; .NET CLR 2.0.50727)"
68.250.3.205 - - [26/Oct/2006:03:20:28 +0000] "GET /Angey--65.html HTTP/1.1" 200 20890 "" ""
68.250.3.205 - - [26/Oct/2006:03:20:41 +0000] "GET /Angey/H_bergement--72.html HTTP/1.1" 200 29456 "http://search.yahoo.com/search?p=HEBERGEMENT+MONTVIRON&fr=yfp-t-501&toggle=1&cop=mss&ei=UTF-8" "Mozilla/4.0 (compatible; MSIE 6.0; Windows NT 5.1; SV1; .NET CLR 1.0.3705; .NET CLR 1.1.4322; Media Center PC 4.0; .NET CLR 2.0.50727)"
74.6.70.43 - - [26/Oct/2006:05:39:10 +0000] "GET /Angey/Vie_Pratique--71.html HTTP/1.1" 200 12912 "" "Mozilla/5.0 (compatible; Yahoo! Slurp; http://help.yahoo.com/help/us/ysearch/slurp)"
64.4.8.137 - - [26/Oct/2006:07:42:25 +0000] "GET /Angey--65.html HTTP/1.1" 200 20890 "" "msnbot/1.0 (+http://search.msn.com/msnbot.htm)"
64.4.8.137 - - [26/Oct/2006:07:42:26 +0000] "GET /Angey--65.html HTTP/1.1" 200 20890 "" "msnbot/1.0 (+http://search.msn.com/msnbot.htm)"
67.162.138.161 - - [26/Oct/2006:08:46:52 +0000] "GET /Angey--65.html HTTP/1.1" 200 20890 "http://www.ville-angey.com/" "Mozilla/5.0 (compatible; heritrix/1.8.0 +http://crawlerx51.com)"
67.162.138.161 - - [26/Oct/2006:08:46:58 +0000] "GET /Angey--65.html HTTP/1.1" 200 20890 "http://www.portedelabaie.com/robots.txt" "Mozilla/5.0 (compatible; heritrix/1.8.0 +http://crawlerx51.com)"
90.17.1.51 - - [26/Oct/2006:09:18:55 +0000] "GET /Angey--65.html HTTP/1.1" 200 20890 "http://www.ville-sartilly.com/fr/vie-pratique.html" "Mozilla/4.0 (compatible; MSIE 6.0; Windows NT 5.1; SV1; .NET CLR 1.1.4322)"
90.17.1.51 - - [26/Oct/2006:09:18:59 +0000] "GET /Angey/Vie_Pratique--71.html HTTP/1.1" 200 12917 "http://www.ville-angey.com/" "Mozilla/4.0 (compatible; MSIE 6.0; Windows NT 5.1; SV1; .NET CLR 1.1.4322)"
90.4.51.122 - - [26/Oct/2006:09:31:42 +0000] "GET /Angey--65.html HTTP/1.1" 200 20890 "http://www.portedelabaie.com/fr/decouvrir.html" "Mozilla/5.0 (Windows; U; Windows NT 5.1; fr; rv:1.8.0.7) Gecko/20060909 Firefox/1.5.0.7"
90.4.51.122 - - [26/Oct/2006:09:31:44 +0000] "GET /Angey--65.html HTTP/1.1" 200 20890 "" "Mozilla/5.0 (Windows; U; Windows NT 5.1; fr; rv:1.8.0.7) Gecko/20060909 Firefox/1.5.0.7"
207.46.98.141 - - [26/Oct/2006:11:11:53 +0000] "GET /Angey--65.html HTTP/1.1" 200 20890 "" "msnbot/1.0 (+http://search.msn.com/msnbot.htm)"
207.46.98.141 - - [26/Oct/2006:11:11:54 +0000] "GET /Angey/H_bergement--72.html HTTP/1.1" 200 27330 "" "msnbot/1.0 (+http://search.msn.com/msnbot.htm)"
207.46.98.142 - - [26/Oct/2006:13:01:48 +0000] "GET /Angey--65.html HTTP/1.1" 200 20890 "" "msnbot/1.0 (+http://search.msn.com/msnbot.htm)"
207.46.98.138 - - [26/Oct/2006:15:31:51 +0000] "GET /Angey--65.html HTTP/1.1" 200 20890 "" "msnbot/1.0 (+http://search.msn.com/msnbot.htm)"
207.46.98.138 - - [26/Oct/2006:15:31:52 +0000] "GET /Angey/H_bergement--72.html HTTP/1.1" 200 29184 "" "msnbot/1.0 (+http://search.msn.com/msnbot.htm)"
207.46.98.138 - - [26/Oct/2006:15:32:22 +0000] "GET /Angey/H_bergement--72.html HTTP/1.1" 200 29387 "" "msnbot/1.0 (+http://search.msn.com/msnbot.htm)"
207.46.98.138 - - [26/Oct/2006:15:32:23 +0000] "GET /Angey/H_bergement--72.html HTTP/1.1" 200 29318 "" "msnbot/1.0 (+http://search.msn.com/msnbot.htm)"
207.46.98.138 - - [26/Oct/2006:15:33:01 +0000] "GET /Angey/H_bergement--72.html HTTP/1.1" 200 37750 "" "msnbot/1.0 (+http://search.msn.com/msnbot.htm)"
207.46.98.138 - - [26/Oct/2006:15:33:18 +0000] "GET /Angey/H_bergement--72.html HTTP/1.1" 200 32916 "" "msnbot/1.0 (+http://search.msn.com/msnbot.htm)"
207.46.98.138 - - [26/Oct/2006:15:33:23 +0000] "GET /Angey/H_bergement--72.html HTTP/1.1" 200 31005 "" "msnbot/1.0 (+http://search.msn.com/msnbot.htm)"
207.46.98.138 - - [26/Oct/2006:15:33:24 +0000] "GET /Angey/H_bergement--72.html HTTP/1.1" 200 29245 "" "msnbot/1.0 (+http://search.msn.com/msnbot.htm)"
207.46.98.138 - - [26/Oct/2006:15:33:49 +0000] "GET /Angey/H_bergement--72.html HTTP/1.1" 200 34711 "" "msnbot/1.0 (+http://search.msn.com/msnbot.htm)"
207.46.98.138 - - [26/Oct/2006:15:35:44 +0000] "GET /Angey/H_bergement--72.html HTTP/1.1" 200 30845 "" "msnbot/1.0 (+http://search.msn.com/msnbot.htm)"
207.46.98.138 - - [26/Oct/2006:15:35:47 +0000] "GET /Angey/H_bergement--72.html HTTP/1.1" 200 30857 "" "msnbot/1.0 (+http://search.msn.com/msnbot.htm)"
207.46.98.138 - - [26/Oct/2006:15:35:51 +0000] "GET /Angey/H_bergement--72.html HTTP/1.1" 200 29206 "" "msnbot/1.0 (+http://search.msn.com/msnbot.htm)"
207.46.98.138 - - [26/Oct/2006:15:35:59 +0000] "GET /Angey/H_bergement--72.html HTTP/1.1" 200 34585 "" "msnbot/1.0 (+http://search.msn.com/msnbot.htm)"
207.46.98.138 - - [26/Oct/2006:15:35:59 +0000] "GET /Angey/H_bergement--72.html HTTP/1.1" 200 34571 "" "msnbot/1.0 (+http://search.msn.com/msnbot.htm)"
207.46.98.138 - - [26/Oct/2006:15:36:08 +0000] "GET /Angey/H_bergement--72.html HTTP/1.1" 200 31381 "" "msnbot/1.0 (+http://search.msn.com/msnbot.htm)"
207.46.98.138 - - [26/Oct/2006:15:36:08 +0000] "GET /Angey/H_bergement--72.html HTTP/1.1" 200 44741 "" "msnbot/1.0 (+http://search.msn.com/msnbot.htm)"
207.46.98.138 - - [26/Oct/2006:15:37:21 +0000] "GET /Angey/H_bergement--72.html HTTP/1.1" 200 27330 "" "msnbot/1.0 (+http://search.msn.com/msnbot.htm)"
207.46.98.138 - - [26/Oct/2006:15:44:07 +0000] "GET /Angey/H_bergement--72.html HTTP/1.1" 200 29217 "" "msnbot/1.0 (+http://search.msn.com/msnbot.htm)"
207.46.98.138 - - [26/Oct/2006:15:44:59 +0000] "GET /Angey/H_bergement--72.html HTTP/1.1" 200 29201 "" "msnbot/1.0 (+http://search.msn.com/msnbot.htm)"
207.46.98.138 - - [26/Oct/2006:16:52:25 +0000] "GET /Angey/H_bergement--72.html HTTP/1.1" 200 25226 "" "msnbot/1.0 (+http://search.msn.com/msnbot.htm)"
207.46.98.142 - - [26/Oct/2006:17:05:00 +0000] "GET /Angey--65.html HTTP/1.1" 200 20890 "" "msnbot/1.0 (+http://search.msn.com/msnbot.htm)"
207.46.98.142 - - [26/Oct/2006:17:05:00 +0000] "GET /Angey--65.html HTTP/1.1" 200 20890 "" "msnbot/1.0 (+http://search.msn.com/msnbot.htm)"
207.46.98.142 - - [26/Oct/2006:17:05:01 +0000] "GET /Angey/H_bergement--72.html HTTP/1.1" 200 26143 "" "msnbot/1.0 (+http://search.msn.com/msnbot.htm)"
207.46.98.142 - - [26/Oct/2006:17:05:01 +0000] "GET /Angey/H_bergement--72.html HTTP/1.1" 200 26145 "" "msnbot/1.0 (+http://search.msn.com/msnbot.htm)"
207.46.98.142 - - [26/Oct/2006:17:05:58 +0000] "GET /Angey/H_bergement--72.html HTTP/1.1" 200 30857 "" "msnbot/1.0 (+http://search.msn.com/msnbot.htm)"
207.46.98.142 - - [26/Oct/2006:17:06:01 +0000] "GET /Angey/H_bergement--72.html HTTP/1.1" 200 25126 "" "msnbot/1.0 (+http://search.msn.com/msnbot.htm)"
207.46.98.142 - - [26/Oct/2006:17:06:58 +0000] "GET /Angey/H_bergement--72.html HTTP/1.1" 200 26183 "" "msnbot/1.0 (+http://search.msn.com/msnbot.htm)"
207.46.98.142 - - [26/Oct/2006:17:07:58 +0000] "GET /Angey/H_bergement--72.html HTTP/1.1" 200 26254 "" "msnbot/1.0 (+http://search.msn.com/msnbot.htm)"
207.46.98.142 - - [26/Oct/2006:17:08:15 +0000] "GET /Angey/H_bergement--72.html HTTP/1.1" 200 34571 "" "msnbot/1.0 (+http://search.msn.com/msnbot.htm)"
207.46.98.142 - - [26/Oct/2006:17:08:57 +0000] "GET /Angey/H_bergement--72.html HTTP/1.1" 200 26430 "" "msnbot/1.0 (+http://search.msn.com/msnbot.htm)"
207.46.98.142 - - [26/Oct/2006:17:10:01 +0000] "GET /Angey/H_bergement--72.html HTTP/1.1" 200 26285 "" "msnbot/1.0 (+http://search.msn.com/msnbot.htm)"
207.46.98.142 - - [26/Oct/2006:17:10:01 +0000] "GET /Angey/H_bergement--72.html HTTP/1.1" 200 26154 "" "msnbot/1.0 (+http://search.msn.com/msnbot.htm)"
207.46.98.142 - - [26/Oct/2006:17:10:01 +0000] "GET /Angey/H_bergement--72.html HTTP/1.1" 200 44741 "" "msnbot/1.0 (+http://search.msn.com/msnbot.htm)"
207.46.98.142 - - [26/Oct/2006:17:10:26 +0000] "GET /Angey/H_bergement--72.html HTTP/1.1" 200 25112 "" "msnbot/1.0 (+http://search.msn.com/msnbot.htm)"
207.46.98.142 - - [26/Oct/2006:17:10:57 +0000] "GET /Angey/H_bergement--72.html HTTP/1.1" 200 25128 "" "msnbot/1.0 (+http://search.msn.com/msnbot.htm)"
86.195.58.121 - - [26/Oct/2006:17:47:45 +0000] "GET /Angey--65.html HTTP/1.1" 200 20879 "http://www.portedelabaie.com/no_cache/fr/hebergement/liste/hotel-restaurant/saint-jean-le-thomas.html" "Mozilla/5.0 (X11; U; Linux i686; fr; rv:1.7.10) Gecko/20060902 Firefox/1.0.4 (Debian package 1.0.4-2sarge11)"
86.195.58.121 - - [26/Oct/2006:17:47:46 +0000] "GET /Angey--65.html HTTP/1.1" 200 20879 "" "Mozilla/5.0 (X11; U; Linux i686; fr; rv:1.7.10) Gecko/20060902 Firefox/1.0.4 (Debian package 1.0.4-2sarge11)"
86.195.58.121 - - [26/Oct/2006:17:47:48 +0000] "GET /Angey/H_bergement--72.html HTTP/1.1" 200 24517 "http://www.ville-angey.com/" "Mozilla/5.0 (X11; U; Linux i686; fr; rv:1.7.10) Gecko/20060902 Firefox/1.0.4 (Debian package 1.0.4-2sarge11)"
86.195.58.121 - - [26/Oct/2006:17:47:49 +0000] "GET /Angey--65.html HTTP/1.1" 200 20879 "" "Mozilla/5.0 (X11; U; Linux i686; fr; rv:1.7.10) Gecko/20060902 Firefox/1.0.4 (Debian package 1.0.4-2sarge11)"
86.195.58.121 - - [26/Oct/2006:17:47:53 +0000] "GET /Angey/H_bergement--72.html HTTP/1.1" 200 25961 "http://www.ville-angey.com/no_cache/fr/hebergement.html" "Mozilla/5.0 (X11; U; Linux i686; fr; rv:1.7.10) Gecko/20060902 Firefox/1.0.4 (Debian package 1.0.4-2sarge11)"
86.195.58.121 - - [26/Oct/2006:17:47:54 +0000] "GET /Angey--65.html HTTP/1.1" 200 20879 "" "Mozilla/5.0 (X11; U; Linux i686; fr; rv:1.7.10) Gecko/20060902 Firefox/1.0.4 (Debian package 1.0.4-2sarge11)"
207.46.98.138 - - [26/Oct/2006:17:53:54 +0000] "GET /Angey/H_bergement--72.html HTTP/1.1" 200 24232 "" "msnbot/1.0 (+http://search.msn.com/msnbot.htm)"
207.46.98.138 - - [26/Oct/2006:17:53:54 +0000] "GET /Angey/H_bergement--72.html HTTP/1.1" 200 23212 "" "msnbot/1.0 (+http://search.msn.com/msnbot.htm)"
207.46.98.138 - - [26/Oct/2006:17:54:55 +0000] "GET /Angey/H_bergement--72.html HTTP/1.1" 200 23485 "" "msnbot/1.0 (+http://search.msn.com/msnbot.htm)"
207.46.98.138 - - [26/Oct/2006:17:56:55 +0000] "GET /Angey/H_bergement--72.html HTTP/1.1" 200 23228 "" "msnbot/1.0 (+http://search.msn.com/msnbot.htm)"
207.46.98.138 - - [26/Oct/2006:17:56:55 +0000] "GET /Angey/H_bergement--72.html HTTP/1.1" 200 24269 "" "msnbot/1.0 (+http://search.msn.com/msnbot.htm)"
207.46.98.138 - - [26/Oct/2006:17:56:55 +0000] "GET /Angey/H_bergement--72.html HTTP/1.1" 200 23369 "" "msnbot/1.0 (+http://search.msn.com/msnbot.htm)"
207.46.98.138 - - [26/Oct/2006:17:57:53 +0000] "GET /Angey/H_bergement--72.html HTTP/1.1" 200 23227 "" "msnbot/1.0 (+http://search.msn.com/msnbot.htm)"
207.46.98.138 - - [26/Oct/2006:17:58:15 +0000] "GET /Angey/H_bergement--72.html HTTP/1.1" 200 24270 "" "msnbot/1.0 (+http://search.msn.com/msnbot.htm)"
207.46.98.138 - - [26/Oct/2006:18:00:55 +0000] "GET /Angey/H_bergement--72.html HTTP/1.1" 200 23207 "" "msnbot/1.0 (+http://search.msn.com/msnbot.htm)"
207.46.98.138 - - [26/Oct/2006:18:01:52 +0000] "GET /Angey/H_bergement--72.html HTTP/1.1" 200 24324 "" "msnbot/1.0 (+http://search.msn.com/msnbot.htm)"
207.46.98.138 - - [26/Oct/2006:18:02:15 +0000] "GET /Angey/H_bergement--72.html HTTP/1.1" 200 23221 "" "msnbot/1.0 (+http://search.msn.com/msnbot.htm)"
207.46.98.142 - - [26/Oct/2006:18:38:18 +0000] "GET /Angey/H_bergement--72.html HTTP/1.1" 200 25989 "" "msnbot/1.0 (+http://search.msn.com/msnbot.htm)"
207.46.98.142 - - [26/Oct/2006:18:39:15 +0000] "GET /Angey/H_bergement--72.html HTTP/1.1" 200 23203 "" "msnbot/1.0 (+http://search.msn.com/msnbot.htm)"
207.46.98.142 - - [26/Oct/2006:18:40:16 +0000] "GET /Angey/H_bergement--72.html HTTP/1.1" 200 25963 "" "msnbot/1.0 (+http://search.msn.com/msnbot.htm)"
86.195.58.121 - - [26/Oct/2006:19:00:57 +0000] "GET /Angey/H_bergement--72.html HTTP/1.1" 200 27379 "http://www.ville-angey.com/no_cache/fr/hebergement/liste/camping/carolles.html" "Mozilla/5.0 (X11; U; Linux i686; fr; rv:1.7.10) Gecko/20060902 Firefox/1.0.4 (Debian package 1.0.4-2sarge11)"
86.195.58.121 - - [26/Oct/2006:19:00:58 +0000] "GET /Angey--65.html HTTP/1.1" 200 20879 "" "Mozilla/5.0 (X11; U; Linux i686; fr; rv:1.7.10) Gecko/20060902 Firefox/1.0.4 (Debian package 1.0.4-2sarge11)"
74.6.72.89 - - [26/Oct/2006:22:11:12 +0000] "GET /Angey/H_bergement--72.html HTTP/1.1" 200 24517 "" "Mozilla/5.0 (compatible; Yahoo! Slurp; http://help.yahoo.com/help/us/ysearch/slurp)"
74.6.74.232 - - [26/Oct/2006:22:14:26 +0000] "GET /Angey--65.html HTTP/1.1" 200 20879 "" "Mozilla/5.0 (compatible; Yahoo! Slurp; http://help.yahoo.com/help/us/ysearch/slurp)"
74.6.72.159 - - [26/Oct/2006:22:14:27 +0000] "GET /Angey/H_bergement--72.html HTTP/1.1" 200 37494 "" "Mozilla/5.0 (compatible; Yahoo! Slurp; http://help.yahoo.com/help/us/ysearch/slurp)"
74.6.74.200 - - [26/Oct/2006:22:14:48 +0000] "GET /Angey/H_bergement--72.html HTTP/1.1" 200 26096 "" "Mozilla/5.0 (compatible; Yahoo! Slurp; http://help.yahoo.com/help/us/ysearch/slurp)"
74.6.69.171 - - [26/Oct/2006:22:15:46 +0000] "GET /Angey/H_bergement--72.html HTTP/1.1" 200 26012 "" "Mozilla/5.0 (compatible; Yahoo! Slurp; http://help.yahoo.com/help/us/ysearch/slurp)"
74.6.72.231 - - [26/Oct/2006:22:16:47 +0000] "GET /Angey/H_bergement--72.html HTTP/1.1" 200 26240 "" "Mozilla/5.0 (compatible; Yahoo! Slurp; http://help.yahoo.com/help/us/ysearch/slurp)"
74.6.71.29 - - [26/Oct/2006:22:16:51 +0000] "GET /Angey/H_bergement--72.html HTTP/1.1" 200 30644 "" "Mozilla/5.0 (compatible; Yahoo! Slurp; http://help.yahoo.com/help/us/ysearch/slurp)"
74.6.72.243 - - [26/Oct/2006:22:16:55 +0000] "GET /Angey/H_bergement--72.html HTTP/1.1" 200 25934 "" "Mozilla/5.0 (compatible; Yahoo! Slurp; http://help.yahoo.com/help/us/ysearch/slurp)"
74.6.72.188 - - [26/Oct/2006:22:17:25 +0000] "GET /Angey/H_bergement--72.html HTTP/1.1" 200 27379 "" "Mozilla/5.0 (compatible; Yahoo! Slurp; http://help.yahoo.com/help/us/ysearch/slurp)"
72.30.226.168 - - [26/Oct/2006:22:17:49 +0000] "GET /Angey/H_bergement--72.html HTTP/1.1" 200 39295 "" "Mozilla/5.0 (compatible; Yahoo! Slurp; http://help.yahoo.com/help/us/ysearch/slurp)"
74.6.68.213 - - [26/Oct/2006:22:20:04 +0000] "GET /Angey/H_bergement--72.html HTTP/1.1" 200 25975 "" "Mozilla/5.0 (compatible; Yahoo! Slurp; http://help.yahoo.com/help/us/ysearch/slurp)"
74.6.74.232 - - [26/Oct/2006:23:25:33 +0000] "GET /Angey--65.html HTTP/1.1" 200 20879 "" "Mozilla/5.0 (compatible; Yahoo! Slurp; http://help.yahoo.com/help/us/ysearch/slurp)"
74.6.71.42 - - [26/Oct/2006:23:25:34 +0000] "GET /Angey/H_bergement--72.html HTTP/1.1" 200 26040 "" "Mozilla/5.0 (compatible; Yahoo! Slurp; http://help.yahoo.com/help/us/ysearch/slurp)"
74.6.74.232 - - [27/Oct/2006:01:00:35 +0000] "GET /Angey--65.html HTTP/1.1" 200 20879 "" "Mozilla/5.0 (compatible; Yahoo! Slurp; http://help.yahoo.com/help/us/ysearch/slurp)"
74.6.72.53 - - [27/Oct/2006:01:00:36 +0000] "GET /Angey/H_bergement--72.html HTTP/1.1" 200 27929 "" "Mozilla/5.0 (compatible; Yahoo! Slurp; http://help.yahoo.com/help/us/ysearch/slurp)"
74.6.74.232 - - [27/Oct/2006:02:03:38 +0000] "GET /Angey--65.html HTTP/1.1" 200 20879 "" "Mozilla/5.0 (compatible; Yahoo! Slurp; http://help.yahoo.com/help/us/ysearch/slurp)"
74.6.73.90 - - [27/Oct/2006:02:03:38 +0000] "GET /Angey/H_bergement--72.html HTTP/1.1" 200 26074 "" "Mozilla/5.0 (compatible; Yahoo! Slurp; http://help.yahoo.com/help/us/ysearch/slurp)"
74.6.74.232 - - [27/Oct/2006:03:46:32 +0000] "GET /Angey--65.html HTTP/1.1" 200 20879 "" "Mozilla/5.0 (compatible; Yahoo! Slurp; http://help.yahoo.com/help/us/ysearch/slurp)"
74.6.69.156 - - [27/Oct/2006:03:46:32 +0000] "GET /Angey/H_bergement--72.html HTTP/1.1" 200 26091 "" "Mozilla/5.0 (compatible; Yahoo! Slurp; http://help.yahoo.com/help/us/ysearch/slurp)"
74.6.74.232 - - [27/Oct/2006:04:16:54 +0000] "GET /Angey--65.html HTTP/1.1" 200 20879 "" "Mozilla/5.0 (compatible; Yahoo! Slurp; http://help.yahoo.com/help/us/ysearch/slurp)"
74.6.72.77 - - [27/Oct/2006:04:16:55 +0000] "GET /Angey/Calendrier--69.html HTTP/1.1" 200 10652 "" "Mozilla/5.0 (compatible; Yahoo! Slurp; http://help.yahoo.com/help/us/ysearch/slurp)"
74.6.70.237 - - [27/Oct/2006:04:30:10 +0000] "GET /Angey/Calendrier--69.html HTTP/1.1" 200 15216 "" "Mozilla/5.0 (compatible; Yahoo! Slurp; http://help.yahoo.com/help/us/ysearch/slurp)"
74.6.74.232 - - [27/Oct/2006:05:16:58 +0000] "GET /Angey--65.html HTTP/1.1" 200 20879 "" "Mozilla/5.0 (compatible; Yahoo! Slurp; http://help.yahoo.com/help/us/ysearch/slurp)"
74.6.71.83 - - [27/Oct/2006:05:16:59 +0000] "GET /Angey/Calendrier--69.html HTTP/1.1" 200 10633 "" "Mozilla/5.0 (compatible; Yahoo! Slurp; http://help.yahoo.com/help/us/ysearch/slurp)"
82.127.31.248 - - [27/Oct/2006:08:12:05 +0000] "GET /Angey--65.html HTTP/1.1" 200 20879 "http://www.portedelabaie.com/" "Mozilla/4.0 (compatible; MSIE 6.0; Windows NT 5.1; SV1)"
74.6.74.232 - - [27/Oct/2006:11:59:43 +0000] "GET /Angey--65.html HTTP/1.1" 200 20757 "" "Mozilla/5.0 (compatible; Yahoo! Slurp; http://help.yahoo.com/help/us/ysearch/slurp)"
74.6.72.171 - - [27/Oct/2006:11:59:45 +0000] "GET /Angey/Calendrier--69.html HTTP/1.1" 200 10560 "" "Mozilla/5.0 (compatible; Yahoo! Slurp; http://help.yahoo.com/help/us/ysearch/slurp)"
60.28.17.43 - - [27/Oct/2006:13:02:35 +0000] "GET /Angey--65.html HTTP/1.1" 200 20757 "" "Baiduspider+(+http://www.baidu.com/search/spider.htm)"
87.91.113.49 - - [27/Oct/2006:13:47:12 +0000] "GET /Angey--65.html HTTP/1.1" 200 20757 "" "Mozilla/4.0 (compatible; MSIE 6.0; Windows NT 5.1; .NET CLR 1.1.4322)"
87.91.113.49 - - [27/Oct/2006:13:47:12 +0000] "GET /Angey--65.html HTTP/1.1" 200 20757 "" "Mozilla/4.0 (compatible; MSIE 6.0; Windows NT 5.1; .NET CLR 1.1.4322)"
74.6.74.232 - - [27/Oct/2006:14:33:33 +0000] "GET /Angey--65.html HTTP/1.1" 200 20757 "" "Mozilla/5.0 (compatible; Yahoo! Slurp; http://help.yahoo.com/help/us/ysearch/slurp)"
74.6.72.179 - - [27/Oct/2006:14:33:37 +0000] "GET /Angey/H_bergement--72.html HTTP/1.1" 200 25977 "" "Mozilla/5.0 (compatible; Yahoo! Slurp; http://help.yahoo.com/help/us/ysearch/slurp)"
74.6.74.232 - - [27/Oct/2006:15:32:17 +0000] "GET /Angey--65.html HTTP/1.1" 200 20757 "" "Mozilla/5.0 (compatible; Yahoo! Slurp; http://help.yahoo.com/help/us/ysearch/slurp)"
74.6.71.187 - - [27/Oct/2006:15:32:18 +0000] "GET /Angey/H_bergement--72.html HTTP/1.1" 200 25857 "" "Mozilla/5.0 (compatible; Yahoo! Slurp; http://help.yahoo.com/help/us/ysearch/slurp)"
74.6.74.232 - - [27/Oct/2006:17:31:51 +0000] "GET /Angey--65.html HTTP/1.1" 200 20757 "" "Mozilla/5.0 (compatible; Yahoo! Slurp; http://help.yahoo.com/help/us/ysearch/slurp)"
72.30.177.246 - - [27/Oct/2006:17:31:52 +0000] "GET /Angey/H_bergement--72.html HTTP/1.1" 200 33209 "" "Mozilla/5.0 (compatible; Yahoo! Slurp; http://help.yahoo.com/help/us/ysearch/slurp)"
74.6.74.232 - - [27/Oct/2006:17:59:10 +0000] "GET /Angey--65.html HTTP/1.1" 200 20757 "" "Mozilla/5.0 (compatible; Yahoo! Slurp; http://help.yahoo.com/help/us/ysearch/slurp)"
74.6.72.92 - - [27/Oct/2006:17:59:11 +0000] "GET /Angey/H_bergement--72.html HTTP/1.1" 200 26083 "" "Mozilla/5.0 (compatible; Yahoo! Slurp; http://help.yahoo.com/help/us/ysearch/slurp)"
74.6.74.232 - - [27/Oct/2006:19:14:53 +0000] "GET /Angey--65.html HTTP/1.1" 200 20757 "" "Mozilla/5.0 (compatible; Yahoo! Slurp; http://help.yahoo.com/help/us/ysearch/slurp)"
74.6.69.145 - - [27/Oct/2006:19:14:54 +0000] "GET /Angey/H_bergement--72.html HTTP/1.1" 200 30507 "" "Mozilla/5.0 (compatible; Yahoo! Slurp; http://help.yahoo.com/help/us/ysearch/slurp)"
66.249.66.138 - - [27/Oct/2006:20:48:47 +0000] "GET /Angey/Tourisme--73.html HTTP/1.1" 200 9567 "" "Mozilla/5.0 (compatible; Googlebot/2.1; +http://www.google.com/bot.html)"
74.6.74.232 - - [27/Oct/2006:20:53:32 +0000] "GET /Angey--65.html HTTP/1.1" 200 20757 "" "Mozilla/5.0 (compatible; Yahoo! Slurp; http://help.yahoo.com/help/us/ysearch/slurp)"
74.6.73.162 - - [27/Oct/2006:20:53:32 +0000] "GET /Angey/H_bergement--72.html HTTP/1.1" 200 25811 "" "Mozilla/5.0 (compatible; Yahoo! Slurp; http://help.yahoo.com/help/us/ysearch/slurp)"
217.67.229.133 - - [28/Oct/2006:02:55:48 +0000] "GET /Angey--65.html HTTP/1.1" 200 20757 "" "Drupal (+http://drupal.org/)"
66.249.66.138 - - [28/Oct/2006:04:31:34 +0000] "GET /Angey--65.html HTTP/1.1" 200 20757 "" "Mozilla/5.0 (compatible; Googlebot/2.1; +http://www.google.com/bot.html)"
66.249.66.138 - - [28/Oct/2006:04:31:36 +0000] "GET /Angey/H_bergement--72.html HTTP/1.1" 200 25877 "" "Mozilla/5.0 (compatible; Googlebot/2.1; +http://www.google.com/bot.html)"
66.249.66.138 - - [28/Oct/2006:04:31:37 +0000] "GET /Angey/H_bergement--72.html HTTP/1.1" 200 27528 "" "Mozilla/5.0 (compatible; Googlebot/2.1; +http://www.google.com/bot.html)"
66.249.66.138 - - [28/Oct/2006:04:37:29 +0000] "GET /Angey/H_bergement--72.html HTTP/1.1" 200 29028 "" "Mozilla/5.0 (compatible; Googlebot/2.1; +http://www.google.com/bot.html)"
66.249.66.138 - - [28/Oct/2006:04:40:34 +0000] "GET /Angey/H_bergement--72.html HTTP/1.1" 200 25829 "" "Mozilla/5.0 (compatible; Googlebot/2.1; +http://www.google.com/bot.html)"
66.249.66.138 - - [28/Oct/2006:04:40:46 +0000] "GET /Angey/Vie_Pratique--71.html HTTP/1.1" 200 12785 "" "Mozilla/5.0 (compatible; Googlebot/2.1; +http://www.google.com/bot.html)"
66.249.66.138 - - [28/Oct/2006:04:40:56 +0000] "GET /Angey/H_bergement--72.html HTTP/1.1" 200 30507 "" "Mozilla/5.0 (compatible; Googlebot/2.1; +http://www.google.com/bot.html)"
66.249.66.138 - - [28/Oct/2006:04:41:00 +0000] "GET /Angey/Actualit_s--175.html HTTP/1.1" 200 10628 "" "Mozilla/5.0 (compatible; Googlebot/2.1; +http://www.google.com/bot.html)"
66.249.66.138 - - [28/Oct/2006:04:42:26 +0000] "GET /Angey/H_bergement--72.html HTTP/1.1" 200 29085 "" "Mozilla/5.0 (compatible; Googlebot/2.1; +http://www.google.com/bot.html)"
66.249.66.138 - - [28/Oct/2006:04:43:22 +0000] "GET /Angey/H_bergement--72.html HTTP/1.1" 200 25977 "" "Mozilla/5.0 (compatible; Googlebot/2.1; +http://www.google.com/bot.html)"
66.249.66.138 - - [28/Oct/2006:04:43:41 +0000] "GET /Angey/H_bergement--72.html HTTP/1.1" 200 25843 "" "Mozilla/5.0 (compatible; Googlebot/2.1; +http://www.google.com/bot.html)"
66.249.66.138 - - [28/Oct/2006:05:31:10 +0000] "GET /Angey/H_bergement--72.html HTTP/1.1" 200 37583 "" "Mozilla/5.0 (compatible; Googlebot/2.1; +http://www.google.com/bot.html)"
